May 17 12:37:43.026006 n-d-768509-19 devstack@n-api.service[94462]: warnings.warn(msg)
May 17 12:37:43.039324 n-d-768509-19 devstack@n-api.service[94462]: INFO nova.api.openstack.requestlog [None req-f2e51996-4d27-4b86-9b0a-532f4656f7f4 tempest-QuotaClassesAdminTestJSON-1612858789 tempest-QuotaClassesAdminTestJSON-1612858789-project-admin] 10.222.0.78 "GET /compute/v2.1/os-quota-class-sets/default" status: 200 len: 307 microversion: 2.1 time: 0.023778
May 17 12:37:43.040461 n-d-768509-19 devstack@n-api.service[94462]: [pid: 94462|app: 0|req: 18/38] 10.222.0.78 () {58 vars in 1185 bytes} [Mon May 17 12:37:43 2021] GET /compute/v2.1/os-quota-class-sets/default => generated 307 bytes in 25 msecs (HTTP/1.1 200) 9 headers in 357 bytes (1 switches on core 0)
May 17 12:37:43.045457 n-d-768509-19 devstack@n-api.service[94462]: DEBUG nova.api.openstack.wsgi [None req-fb2bfa38-60ee-487b-a88a-d51c20971bae tempest-AggregatesAdminTestV241-1224466432 tempest-AggregatesAdminTestV241-1224466432-project-admin] Action: 'action', calling method: >, body: {"remove_host": {"host": "n-h2-768509-19"}} {{(pid=94462) _process_stack /opt/stack/nova/nova/api/openstack/wsgi.py:511}}
May 17 12:37:43.047160 n-d-768509-19 devstack@n-api.service[94462]: /usr/local/lib/python3.8/dist-packages/oslo_policy/policy.py:1064: UserWarning: Policy os_compute_api:os-aggregates:remove_host failed scope check. The token used to make the request was project scoped but the policy requires ['system'] scope. This behavior may change in the future where using the intended scope is required
May 17 12:37:43.047160 n-d-768509-19 devstack@n-api.service[94462]: warnings.warn(msg)
May 17 12:37:43.058015 n-d-768509-19 devstack@n-api.service[94462]: DEBUG oslo_concurrency.lockutils [None req-fb2bfa38-60ee-487b-a88a-d51c20971bae tempest-AggregatesAdminTestV241-1224466432 tempest-AggregatesAdminTestV241-1224466432-project-admin] Lock "7f0f4583-acc8-43cb-9354-7985ac4fa880" acquired by "nova.context.set_target_cell..get_or_set_cached_cell_and_set_connections" :: waited 0.000s {{(pid=94462) inner /usr/local/lib/python3.8/dist-packages/oslo_concurrency/lockutils.py:355}}
May 17 12:37:43.058751 n-d-768509-19 devstack@n-api.service[94462]: DEBUG oslo_concurrency.lockutils [None req-fb2bfa38-60ee-487b-a88a-d51c20971bae tempest-AggregatesAdminTestV241-1224466432 tempest-AggregatesAdminTestV241-1224466432-project-admin] Lock "7f0f4583-acc8-43cb-9354-7985ac4fa880" released by "nova.context.set_target_cell..get_or_set_cached_cell_and_set_connections" :: held 0.001s {{(pid=94462) inner /usr/local/lib/python3.8/dist-packages/oslo_concurrency/lockutils.py:367}}
May 17 12:37:43.258605 n-d-768509-19 devstack@n-api.service[94463]: DEBUG nova.policy [None req-daa739ad-ed20-4021-acbf-0ef77741e25a tempest-DeleteServersAdminTestJSON-1696086818 tempest-DeleteServersAdminTestJSON-1696086818-project] Policy check for os_compute_api:os-extended-server-attributes failed with credentials {'is_admin': False, 'user_id': '244fef3b02934f24b4ff713365638a8d', 'user_domain_id': 'default', 'system_scope': None, 'domain_id': None, 'project_id': '60264fde5b91438a8da8c9e319f417c6', 'project_domain_id': 'default', 'roles': ['reader', 'member'], 'is_admin_project': True, 'service_user_id': None, 'service_user_domain_id': None, 'service_project_id': None, 'service_project_domain_id': None, 'service_roles': []} {{(pid=94463) authorize /opt/stack/nova/nova/policy.py:199}}
May 17 12:37:43.277312 n-d-768509-19 devstack@n-api.service[94463]: INFO nova.api.openstack.requestlog [None req-daa739ad-ed20-4021-acbf-0ef77741e25a tempest-DeleteServersAdminTestJSON-1696086818 tempest-DeleteServersAdminTestJSON-1696086818-project] 10.222.0.78 "GET /compute/v2.1/servers/60cfb753-a5f0-4532-ac9b-5fa5f5598773" status: 200 len: 1224 microversion: 2.1 time: 0.286275
May 17 12:37:43.282248 n-d-768509-19 devstack@n-api.service[94463]: [pid: 94463|app: 0|req: 21/39] 10.222.0.78 () {58 vars in 1236 bytes} [Mon May 17 12:37:42 2021] GET /compute/v2.1/servers/60cfb753-a5f0-4532-ac9b-5fa5f5598773 => generated 1224 bytes in 292 msecs (HTTP/1.1 200) 9 headers in 358 bytes (1 switches on core 0)
May 17 12:37:43.294911 n-d-768509-19 devstack@n-api.service[94463]: DEBUG nova.api.openstack.wsgi [None req-89630272-0bc7-455f-8214-3ad264cd924c tempest-FlavorsAdminTestJSON-168706439 tempest-FlavorsAdminTestJSON-168706439-project-admin] Calling method '>' {{(pid=94463) _process_stack /opt/stack/nova/nova/api/openstack/wsgi.py:513}}
May 17 12:37:43.295275 n-d-768509-19 devstack@n-api.service[94462]: INFO nova.api.openstack.requestlog [None req-fb2bfa38-60ee-487b-a88a-d51c20971bae tempest-AggregatesAdminTestV241-1224466432 tempest-AggregatesAdminTestV241-1224466432-project-admin] 10.222.0.78 "POST /compute/v2.1/os-aggregates/3/action" status: 200 len: 299 microversion: 2.41 time: 0.253515
May 17 12:37:43.296310 n-d-768509-19 devstack@n-api.service[94462]: [pid: 94462|app: 0|req: 19/40] 10.222.0.78 () {62 vars in 1232 bytes} [Mon May 17 12:37:43 2021] POST /compute/v2.1/os-aggregates/3/action => generated 299 bytes in 255 msecs (HTTP/1.1 200) 9 headers in 359 bytes (1 switches on core 0)
May 17 12:37:43.302044 n-d-768509-19 devstack@n-api.service[94463]: /usr/local/lib/python3.8/dist-packages/oslo_policy/policy.py:1064: UserWarning: Policy os_compute_api:os-flavor-manage:delete failed scope check. The token used to make the request was project scoped but the policy requires ['system'] scope. This behavior may change in the future where using the intended scope is required
May 17 12:37:43.302044 n-d-768509-19 devstack@n-api.service[94463]: warnings.warn(msg)
May 17 12:37:43.309316 n-d-768509-19 devstack@n-api.service[94462]: DEBUG nova.api.openstack.wsgi [None req-893bd451-e3c7-46eb-b22b-9c180a88ebc0 tempest-AggregatesAdminNegativeTestJSON-1793947297 tempest-AggregatesAdminNegativeTestJSON-1793947297-project-admin] Calling method '>' {{(pid=94462) _process_stack /opt/stack/nova/nova/api/openstack/wsgi.py:513}}
May 17 12:37:43.310967 n-d-768509-19 devstack@n-api.service[94462]: /usr/local/lib/python3.8/dist-packages/oslo_policy/policy.py:1064: UserWarning: Policy os_compute_api:os-aggregates:delete failed scope check. The token used to make the request was project scoped but the policy requires ['system'] scope. This behavior may change in the future where using the intended scope is required
May 17 12:37:43.310967 n-d-768509-19 devstack@n-api.service[94462]: warnings.warn(msg)
May 17 12:37:43.335192 n-d-768509-19 devstack@n-api.service[94463]: INFO nova.api.openstack.requestlog [None req-89630272-0bc7-455f-8214-3ad264cd924c tempest-FlavorsAdminTestJSON-168706439 tempest-FlavorsAdminTestJSON-168706439-project-admin] 10.222.0.78 "DELETE /compute/v2.1/flavors/2028632732" status: 202 len: 0 microversion: 2.1 time: 0.049251
May 17 12:37:43.338886 n-d-768509-19 devstack@n-api.service[94463]: [pid: 94463|app: 0|req: 22/41] 10.222.0.78 () {58 vars in 1161 bytes} [Mon May 17 12:37:43 2021] DELETE /compute/v2.1/flavors/2028632732 => generated 0 bytes in 51 msecs (HTTP/1.1 202) 9 headers in 361 bytes (1 switches on core 0)
May 17 12:37:43.341050 n-d-768509-19 devstack@n-api.service[94463]: DEBUG nova.api.openstack.wsgi [None req-ac5dc0ad-e734-472b-bbf3-d9d927d12260 tempest-FlavorsExtraSpecsTestJSON-513184257 tempest-FlavorsExtraSpecsTestJSON-513184257-project-admin] Calling method '>' {{(pid=94463) _process_stack /opt/stack/nova/nova/api/openstack/wsgi.py:513}}
May 17 12:37:43.360803 n-d-768509-19 devstack@n-api.service[94462]: INFO nova.api.openstack.requestlog [None req-893bd451-e3c7-46eb-b22b-9c180a88ebc0 tempest-AggregatesAdminNegativeTestJSON-1793947297 tempest-AggregatesAdminNegativeTestJSON-1793947297-project-admin] 10.222.0.78 "DELETE /compute/v2.1/os-aggregates/4" status: 200 len: 0 microversion: 2.1 time: 0.063182
May 17 12:37:43.361814 n-d-768509-19 devstack@n-api.service[94462]: [pid: 94462|app: 0|req: 20/42] 10.222.0.78 () {58 vars in 1152 bytes} [Mon May 17 12:37:43 2021] DELETE /compute/v2.1/os-aggregates/4 => generated 0 bytes in 65 msecs (HTTP/1.1 200) 9 headers in 355 bytes (1 switches on core 0)
May 17 12:37:43.367192 n-d-768509-19 devstack@n-api.service[94462]: DEBUG nova.api.openstack.wsgi [None req-55da4529-5b84-4215-bfe5-ff47b63490a4 tempest-QuotaClassesAdminTestJSON-1612858789 tempest-QuotaClassesAdminTestJSON-1612858789-project-admin] Action: 'update', calling method: .version_select at 0x7f60e448dc10>, body: {"quota_class_set": {"cores": 20, "fixed_ips": -1, "floating_ips": -1, "injected_file_content_bytes": 10240, "injected_file_path_bytes": 255, "injected_files": 5, "instances": 10, "key_pairs": 100, "metadata_items": 128, "ram": 51200, "security_group_rules": -1, "security_groups": -1}} {{(pid=94462) _process_stack /opt/stack/nova/nova/api/openstack/wsgi.py:511}}
May 17 12:37:43.369742 n-d-768509-19 devstack@n-api.service[94462]: /usr/local/lib/python3.8/dist-packages/oslo_policy/policy.py:1064: UserWarning: Policy os_compute_api:os-quota-class-sets:update failed scope check. The token used to make the request was project scoped but the policy requires ['system'] scope. This behavior may change in the future where using the intended scope is required
May 17 12:37:43.369742 n-d-768509-19 devstack@n-api.service[94462]: warnings.warn(msg)
May 17 12:37:43.380428 n-d-768509-19 devstack@n-api.service[94463]: INFO nova.api.openstack.requestlog [None req-ac5dc0ad-e734-472b-bbf3-d9d927d12260 tempest-FlavorsExtraSpecsTestJSON-513184257 tempest-FlavorsExtraSpecsTestJSON-513184257-project-admin] 10.222.0.78 "GET /compute/v2.1/flavors/538303975/os-extra_specs" status: 200 len: 66 microversion: 2.1 time: 0.043315
May 17 12:37:43.381331 n-d-768509-19 devstack@n-api.service[94463]: [pid: 94463|app: 0|req: 23/43] 10.222.0.78 () {58 vars in 1200 bytes} [Mon May 17 12:37:43 2021] GET /compute/v2.1/flavors/538303975/os-extra_specs => generated 66 bytes in 45 msecs (HTTP/1.1 200) 9 headers in 356 bytes (1 switches on core 0)
May 17 12:37:43.386001 n-d-768509-19 devstack@n-api.service[94463]: DEBUG nova.api.openstack.wsgi [None req-35f3047e-6e47-44f3-b9e5-04441c15205c tempest-AggregatesAdminTestV241-1224466432 tempest-AggregatesAdminTestV241-1224466432-project-admin] Calling method '>' {{(pid=94463) _process_stack /opt/stack/nova/nova/api/openstack/wsgi.py:513}}
May 17 12:37:43.386831 n-d-768509-19 devstack@n-api.service[94463]: /usr/local/lib/python3.8/dist-packages/oslo_policy/policy.py:1064: UserWarning: Policy os_compute_api:os-aggregates:delete failed scope check. The token used to make the request was project scoped but the policy requires ['system'] scope. This behavior may change in the future where using the intended scope is required
May 17 12:37:43.386831 n-d-768509-19 devstack@n-api.service[94463]: warnings.warn(msg)
May 17 12:37:43.425925 n-d-768509-19 devstack@n-api.service[94463]: INFO nova.api.openstack.requestlog [None req-35f3047e-6e47-44f3-b9e5-04441c15205c tempest-AggregatesAdminTestV241-1224466432 tempest-AggregatesAdminTestV241-1224466432-project-admin] 10.222.0.78 "DELETE /compute/v2.1/os-aggregates/3" status: 200 len: 0 microversion: 2.41 time: 0.042874
May 17 12:37:43.426522 n-d-768509-19 devstack@n-api.service[94463]: [pid: 94463|app: 0|req: 24/44] 10.222.0.78 () {60 vars in 1193 bytes} [Mon May 17 12:37:43 2021] DELETE /compute/v2.1/os-aggregates/3 => generated 0 bytes in 45 msecs (HTTP/1.1 200) 9 headers in 357 bytes (1 switches on core 0)
May 17 12:37:43.437913 n-d-768509-19 devstack@n-api.service[94463]: DEBUG nova.api.openstack.wsgi [None req-d37e4c36-8cb1-49b7-85bd-6f708c889153 tempest-FlavorsAdminTestJSON-168706439 tempest-FlavorsAdminTestJSON-168706439-project-admin] Calling method '>' {{(pid=94463) _process_stack /opt/stack/nova/nova/api/openstack/wsgi.py:513}}
May 17 12:37:43.504214 n-d-768509-19 devstack@n-api.service[94463]: INFO nova.api.openstack.requestlog [None req-d37e4c36-8cb1-49b7-85bd-6f708c889153 tempest-FlavorsAdminTestJSON-168706439 tempest-FlavorsAdminTestJSON-168706439-project-admin] 10.222.0.78 "GET /compute/v2.1/flavors/detail" status: 200 len: 5393 microversion: 2.1 time: 0.076573
May 17 12:37:43.513718 n-d-768509-19 devstack@n-api.service[94463]: [pid: 94463|app: 0|req: 25/45] 10.222.0.78 () {58 vars in 1146 bytes} [Mon May 17 12:37:43 2021] GET /compute/v2.1/flavors/detail => generated 5393 bytes in 79 msecs (HTTP/1.1 200) 9 headers in 358 bytes (1 switches on core 0)
May 17 12:37:43.513718 n-d-768509-19 devstack@n-api.service[94463]: DEBUG nova.api.openstack.wsgi [None req-5ed989f0-7f58-44d9-a47f-13dfa7b65072 tempest-AggregatesAdminNegativeTestJSON-1793947297 tempest-AggregatesAdminNegativeTestJSON-1793947297-project-admin] Action: 'create', calling method: >, body: {"aggregate": {"name": "aaaaaaaaaaaaaaaaaaaaaaaaaaaaaaaaaaaaaaaaaaaaaaaaaaaaaaaaaaaaaaaaaaaaaaaaaaaaaaaaaaaaaaaaaaaaaaaaaaaaaaaaaaaaaaaaaaaaaaaaaaaaaaaaaaaaaaaaaaaaaaaaaaaaaaaaaaaaaaaaaaaaaaaaaaaaaaaaaaaaaaaaaaaaaaaaaaaaaaaaaaaaaaaaaaaaaaaaaaaaaaaaaaaaaaaaaaaaaaaaaaaaaaaaaaaaaaaa"}} {{(pid=94463) _process_stack /opt/stack/nova/nova/api/openstack/wsgi.py:511}}
May 17 12:37:43.514771 n-d-768509-19 devstack@n-api.service[94463]: DEBUG nova.api.openstack.wsgi [None req-5ed989f0-7f58-44d9-a47f-13dfa7b65072 tempest-AggregatesAdminNegativeTestJSON-1793947297 tempest-AggregatesAdminNegativeTestJSON-1793947297-project-admin] Returning 400 to user: Invalid input for field/attribute name. Value: aaaaaaaaaaaaaaaaaaaaaaaaaaaaaaaaaaaaaaaaaaaaaaaaaaaaaaaaaaaaaaaaaaaaaaaaaaaaaaaaaaaaaaaaaaaaaaaaaaaaaaaaaaaaaaaaaaaaaaaaaaaaaaaaaaaaaaaaaaaaaaaaaaaaaaaaaaaaaaaaaaaaaaaaaaaaaaaaaaaaaaaaaaaaaaaaaaaaaaaaaaaaaaaaaaaaaaaaaaaaaaaaaaaaaaaaaaaaaaaaaaaaaaaaaaaaaaaa. 'aaaaaaaaaaaaaaaaaaaaaaaaaaaaaaaaaaaaaaaaaaaaaaaaaaaaaaaaaaaaaaaaaaaaaaaaaaaaaaaaaaaaaaaaaaaaaaaaaaaaaaaaaaaaaaaaaaaaaaaaaaaaaaaaaaaaaaaaaaaaaaaaaaaaaaaaaaaaaaaaaaaaaaaaaaaaaaaaaaaaaaaaaaaaaaaaaaaaaaaaaaaaaaaaaaaaaaaaaaaaaaaaaaaaaaaaaaaaaaaaaaaaaaaaaaaaaaaa' is too long {{(pid=94463) __call__ /opt/stack/nova/nova/api/openstack/wsgi.py:927}}
May 17 12:37:43.515640 n-d-768509-19 devstack@n-api.service[94463]: INFO nova.api.openstack.requestlog [None req-5ed989f0-7f58-44d9-a47f-13dfa7b65072 tempest-AggregatesAdminNegativeTestJSON-1793947297 tempest-AggregatesAdminNegativeTestJSON-1793947297-project-admin] 10.222.0.78 "POST /compute/v2.1/os-aggregates" status: 400 len: 619 microversion: 2.1 time: 0.008460
May 17 12:37:43.520157 n-d-768509-19 devstack@n-api.service[94463]: [pid: 94463|app: 0|req: 26/46] 10.222.0.78 () {60 vars in 1165 bytes} [Mon May 17 12:37:43 2021] POST /compute/v2.1/os-aggregates => generated 619 bytes in 10 msecs (HTTP/1.1 400) 9 headers in 381 bytes (1 switches on core 0)
May 17 12:37:43.527169 n-d-768509-19 devstack@n-api.service[94463]: DEBUG nova.api.openstack.wsgi [None req-76376bd7-c69e-4978-8bcb-b4eb354ec6b8 tempest-FlavorsExtraSpecsTestJSON-513184257 tempest-FlavorsExtraSpecsTestJSON-513184257-project-admin] Calling method '>' {{(pid=94463) _process_stack /opt/stack/nova/nova/api/openstack/wsgi.py:513}}
May 17 12:37:43.534014 n-d-768509-19 devstack@n-api.service[94463]: /usr/local/lib/python3.8/dist-packages/oslo_policy/policy.py:1064: UserWarning: Policy os_compute_api:os-flavor-extra-specs:delete failed scope check. The token used to make the request was project scoped but the policy requires ['system'] scope. This behavior may change in the future where using the intended scope is required
May 17 12:37:43.534014 n-d-768509-19 devstack@n-api.service[94463]: warnings.warn(msg)
May 17 12:37:43.563002 n-d-768509-19 devstack@n-api.service[94462]: INFO nova.api.openstack.requestlog [None req-55da4529-5b84-4215-bfe5-ff47b63490a4 tempest-QuotaClassesAdminTestJSON-1612858789 tempest-QuotaClassesAdminTestJSON-1612858789-project-admin] 10.222.0.78 "PUT /compute/v2.1/os-quota-class-sets/default" status: 200 len: 286 microversion: 2.1 time: 0.189382
May 17 12:37:43.564005 n-d-768509-19 devstack@n-api.service[94462]: [pid: 94462|app: 0|req: 21/47] 10.222.0.78 () {60 vars in 1206 bytes} [Mon May 17 12:37:43 2021] PUT /compute/v2.1/os-quota-class-sets/default => generated 286 bytes in 201 msecs (HTTP/1.1 200) 9 headers in 357 bytes (1 switches on core 0)
May 17 12:37:43.569677 n-d-768509-19 devstack@n-api.service[94462]: DEBUG nova.api.openstack.wsgi [None req-1caf16de-a27f-448b-8af1-ee88cb215224 tempest-AggregatesAdminTestJSON-958225874 tempest-AggregatesAdminTestJSON-958225874-project-admin] Action: 'create', calling method: >, body: {"aggregate": {"availability_zone": "tempest-test_az-660876999", "name": "tempest-test_aggregate-254915166"}} {{(pid=94462) _process_stack /opt/stack/nova/nova/api/openstack/wsgi.py:511}}
May 17 12:37:43.618620 n-d-768509-19 devstack@n-api.service[94462]: /usr/local/lib/python3.8/dist-packages/oslo_policy/policy.py:1064: UserWarning: Policy os_compute_api:os-aggregates:create failed scope check. The token used to make the request was project scoped but the policy requires ['system'] scope. This behavior may change in the future where using the intended scope is required
May 17 12:37:43.618620 n-d-768509-19 devstack@n-api.service[94462]: warnings.warn(msg)
May 17 12:37:43.620090 n-d-768509-19 devstack@n-api.service[94462]: DEBUG nova.objects.aggregate [None req-1caf16de-a27f-448b-8af1-ee88cb215224 tempest-AggregatesAdminTestJSON-958225874 tempest-AggregatesAdminTestJSON-958225874-project-admin] Generated uuid 1a6aa77f-56d2-4ad3-8272-a4b2550a5ff6 for aggregate {{(pid=94462) create /opt/stack/nova/nova/objects/aggregate.py:299}}
May 17 12:37:43.627255 n-d-768509-19 devstack@n-api.service[94463]: INFO nova.api.openstack.requestlog [None req-76376bd7-c69e-4978-8bcb-b4eb354ec6b8 tempest-FlavorsExtraSpecsTestJSON-513184257 tempest-FlavorsExtraSpecsTestJSON-513184257-project-admin] 10.222.0.78 "DELETE /compute/v2.1/flavors/538303975/os-extra_specs/hw:numa_nodes" status: 200 len: 0 microversion: 2.1 time: 0.109466
May 17 12:37:43.631149 n-d-768509-19 devstack@n-api.service[94463]: [pid: 94463|app: 0|req: 27/48] 10.222.0.78 () {58 vars in 1245 bytes} [Mon May 17 12:37:43 2021] DELETE /compute/v2.1/flavors/538303975/os-extra_specs/hw:numa_nodes => generated 0 bytes in 111 msecs (HTTP/1.1 200) 9 headers in 355 bytes (1 switches on core 0)
May 17 12:37:43.634793 n-d-768509-19 devstack@n-api.service[94463]: DEBUG nova.api.openstack.wsgi [None req-5f49db1f-1aaf-4f64-86ac-6015df185f54 tempest-FlavorsAdminTestJSON-168706439 tempest-FlavorsAdminTestJSON-168706439-project-admin] Action: 'create', calling method: >, body: {"flavor": {"ram": 512, "vcpus": 1, "disk": 10, "name": "tempest-FlavorsAdminTestJSON-flavor-1212138723", "id": null, "os-flavor-access:is_public": "True"}} {{(pid=94463) _process_stack /opt/stack/nova/nova/api/openstack/wsgi.py:511}}
May 17 12:37:43.636385 n-d-768509-19 devstack@n-api.service[94463]: /usr/local/lib/python3.8/dist-packages/oslo_policy/policy.py:1064: UserWarning: Policy os_compute_api:os-flavor-manage:create failed scope check. The token used to make the request was project scoped but the policy requires ['system'] scope. This behavior may change in the future where using the intended scope is required
May 17 12:37:43.636385 n-d-768509-19 devstack@n-api.service[94463]: warnings.warn(msg)
May 17 12:37:43.727271 n-d-768509-19 devstack@n-api.service[94462]: INFO nova.api.openstack.requestlog [None req-1caf16de-a27f-448b-8af1-ee88cb215224 tempest-AggregatesAdminTestJSON-958225874 tempest-AggregatesAdminTestJSON-958225874-project-admin] 10.222.0.78 "POST /compute/v2.1/os-aggregates" status: 200 len: 220 microversion: 2.1 time: 0.162143
May 17 12:37:43.733569 n-d-768509-19 devstack@n-api.service[94462]: [pid: 94462|app: 0|req: 22/49] 10.222.0.78 () {60 vars in 1165 bytes} [Mon May 17 12:37:43 2021] POST /compute/v2.1/os-aggregates => generated 220 bytes in 168 msecs (HTTP/1.1 200) 9 headers in 357 bytes (1 switches on core 0)
May 17 12:37:43.734577 n-d-768509-19 devstack@n-api.service[94463]: INFO nova.api.openstack.requestlog [None req-5f49db1f-1aaf-4f64-86ac-6015df185f54 tempest-FlavorsAdminTestJSON-168706439 tempest-FlavorsAdminTestJSON-168706439-project-admin] 10.222.0.78 "POST /compute/v2.1/flavors" status: 200 len: 507 microversion: 2.1 time: 0.105357
May 17 12:37:43.735959 n-d-768509-19 devstack@n-api.service[94463]: [pid: 94463|app: 0|req: 28/50] 10.222.0.78 () {60 vars in 1147 bytes} [Mon May 17 12:37:43 2021] POST /compute/v2.1/flavors => generated 507 bytes in 107 msecs (HTTP/1.1 200) 9 headers in 357 bytes (1 switches on core 0)
May 17 12:37:43.738478 n-d-768509-19 devstack@n-api.service[94462]: DEBUG nova.api.openstack.wsgi [None req-ae0a31a0-8217-4c1a-8755-89c15e1d10eb tempest-AggregatesAdminNegativeTestJSON-1793947297 tempest-AggregatesAdminNegativeTestJSON-1793947297-project-admin] Action: 'create', calling method: >, body: {"aggregate": {"name": ""}} {{(pid=94462) _process_stack /opt/stack/nova/nova/api/openstack/wsgi.py:511}}
May 17 12:37:43.739707 n-d-768509-19 devstack@n-api.service[94462]: DEBUG nova.api.openstack.wsgi [None req-ae0a31a0-8217-4c1a-8755-89c15e1d10eb tempest-AggregatesAdminNegativeTestJSON-1793947297 tempest-AggregatesAdminNegativeTestJSON-1793947297-project-admin] Returning 400 to user: Invalid input for field/attribute name. Value: . '' is too short {{(pid=94462) __call__ /opt/stack/nova/nova/api/openstack/wsgi.py:927}}
May 17 12:37:43.740501 n-d-768509-19 devstack@n-api.service[94462]: INFO nova.api.openstack.requestlog [None req-ae0a31a0-8217-4c1a-8755-89c15e1d10eb tempest-AggregatesAdminNegativeTestJSON-1793947297 tempest-AggregatesAdminNegativeTestJSON-1793947297-project-admin] 10.222.0.78 "POST /compute/v2.1/os-aggregates" status: 400 len: 108 microversion: 2.1 time: 0.005909
May 17 12:37:43.741887 n-d-768509-19 devstack@n-api.service[94463]: DEBUG nova.api.openstack.wsgi [None req-9af7d640-10c7-4fc7-a039-59685adfcf63 tempest-FlavorsExtraSpecsTestJSON-513184257 tempest-FlavorsExtraSpecsTestJSON-513184257-project-admin] Calling method '>' {{(pid=94463) _process_stack /opt/stack/nova/nova/api/openstack/wsgi.py:513}}
May 17 12:37:43.746592 n-d-768509-19 devstack@n-api.service[94462]: [pid: 94462|app: 0|req: 23/51] 10.222.0.78 () {60 vars in 1164 bytes} [Mon May 17 12:37:43 2021] POST /compute/v2.1/os-aggregates => generated 108 bytes in 12 msecs (HTTP/1.1 400) 9 headers in 381 bytes (1 switches on core 0)
May 17 12:37:43.752662 n-d-768509-19 devstack@n-api.service[94462]: DEBUG nova.api.openstack.wsgi [None req-a988f93e-3ca6-4bd0-84fa-974ce8b3ffc3 tempest-AggregatesAdminTestJSON-958225874 tempest-AggregatesAdminTestJSON-958225874-project-admin] Calling method '>' {{(pid=94462) _process_stack /opt/stack/nova/nova/api/openstack/wsgi.py:513}}
May 17 12:37:43.752662 n-d-768509-19 devstack@n-api.service[94462]: /usr/local/lib/python3.8/dist-packages/oslo_policy/policy.py:1064: UserWarning: Policy os_compute_api:os-aggregates:index failed scope check. The token used to make the request was project scoped but the policy requires ['system'] scope. This behavior may change in the future where using the intended scope is required
May 17 12:37:43.752662 n-d-768509-19 devstack@n-api.service[94462]: warnings.warn(msg)
May 17 12:37:43.766301 n-d-768509-19 devstack@n-api.service[94462]: INFO nova.api.openstack.requestlog [None req-a988f93e-3ca6-4bd0-84fa-974ce8b3ffc3 tempest-AggregatesAdminTestJSON-958225874 tempest-AggregatesAdminTestJSON-958225874-project-admin] 10.222.0.78 "GET /compute/v2.1/os-aggregates" status: 200 len: 300 microversion: 2.1 time: 0.017973
May 17 12:37:43.771928 n-d-768509-19 devstack@n-api.service[94462]: [pid: 94462|app: 0|req: 24/52] 10.222.0.78 () {58 vars in 1143 bytes} [Mon May 17 12:37:43 2021] GET /compute/v2.1/os-aggregates => generated 300 bytes in 20 msecs (HTTP/1.1 200) 9 headers in 357 bytes (1 switches on core 0)
May 17 12:37:43.784274 n-d-768509-19 devstack@n-api.service[94462]: DEBUG nova.api.openstack.wsgi [None req-2c80284b-c837-4924-84c5-8b64d6782c33 tempest-FlavorsAdminTestJSON-168706439 tempest-FlavorsAdminTestJSON-168706439-project-admin] Calling method '>' {{(pid=94462) _process_stack /opt/stack/nova/nova/api/openstack/wsgi.py:513}}
May 17 12:37:43.785572 n-d-768509-19 devstack@n-api.service[94462]: /usr/local/lib/python3.8/dist-packages/oslo_policy/policy.py:1064: UserWarning: Policy os_compute_api:os-flavor-manage:delete failed scope check. The token used to make the request was project scoped but the policy requires ['system'] scope. This behavior may change in the future where using the intended scope is required
May 17 12:37:43.785572 n-d-768509-19 devstack@n-api.service[94462]: warnings.warn(msg)
May 17 12:37:43.816878 n-d-768509-19 devstack@n-api.service[94462]: INFO nova.api.openstack.requestlog [None req-2c80284b-c837-4924-84c5-8b64d6782c33 tempest-FlavorsAdminTestJSON-168706439 tempest-FlavorsAdminTestJSON-168706439-project-admin] 10.222.0.78 "DELETE /compute/v2.1/flavors/60bf9685-801b-42aa-b3ed-80ae042970f7" status: 202 len: 0 microversion: 2.1 time: 0.048912
May 17 12:37:43.817850 n-d-768509-19 devstack@n-api.service[94462]: [pid: 94462|app: 0|req: 25/53] 10.222.0.78 () {58 vars in 1239 bytes} [Mon May 17 12:37:43 2021] DELETE /compute/v2.1/flavors/60bf9685-801b-42aa-b3ed-80ae042970f7 => generated 0 bytes in 50 msecs (HTTP/1.1 202) 9 headers in 361 bytes (1 switches on core 0)
May 17 12:37:43.822602 n-d-768509-19 devstack@n-api.service[94462]: DEBUG nova.api.openstack.wsgi [None req-22bdbe99-dd4c-4948-9271-38fb487c5942 tempest-AggregatesAdminNegativeTestJSON-896654807 tempest-AggregatesAdminNegativeTestJSON-896654807-project] Action: 'create', calling method: >, body: {"aggregate": {"name": "tempest-test_aggregate-130024663"}} {{(pid=94462) _process_stack /opt/stack/nova/nova/api/openstack/wsgi.py:511}}
May 17 12:37:43.823890 n-d-768509-19 devstack@n-api.service[94462]: /usr/local/lib/python3.8/dist-packages/oslo_policy/policy.py:1064: UserWarning: Policy os_compute_api:os-aggregates:create failed scope check. The token used to make the request was project scoped but the policy requires ['system'] scope. This behavior may change in the future where using the intended scope is required
May 17 12:37:43.823890 n-d-768509-19 devstack@n-api.service[94462]: warnings.warn(msg)
May 17 12:37:43.824829 n-d-768509-19 devstack@n-api.service[94462]: DEBUG nova.policy [None req-22bdbe99-dd4c-4948-9271-38fb487c5942 tempest-AggregatesAdminNegativeTestJSON-896654807 tempest-AggregatesAdminNegativeTestJSON-896654807-project] Policy check for os_compute_api:os-aggregates:create failed with credentials {'is_admin': False, 'user_id': 'a44ca1123f4c42f49dfc4a389a92d768', 'user_domain_id': 'default', 'system_scope': None, 'domain_id': None, 'project_id': '4e39cc3a446d4ce58c8f1dd7c12d5ae0', 'project_domain_id': 'default', 'roles': ['reader', 'member'], 'is_admin_project': True, 'service_user_id': None, 'service_user_domain_id': None, 'service_project_id': None, 'service_project_domain_id': None, 'service_roles': []} {{(pid=94462) authorize /opt/stack/nova/nova/policy.py:199}}
May 17 12:37:43.827658 n-d-768509-19 devstack@n-api.service[94462]: DEBUG nova.api.openstack.wsgi [None req-22bdbe99-dd4c-4948-9271-38fb487c5942 tempest-AggregatesAdminNegativeTestJSON-896654807 tempest-AggregatesAdminNegativeTestJSON-896654807-project] Returning 403 to user: Policy doesn't allow os_compute_api:os-aggregates:create to be performed. {{(pid=94462) __call__ /opt/stack/nova/nova/api/openstack/wsgi.py:927}}
May 17 12:37:43.828521 n-d-768509-19 devstack@n-api.service[94462]: INFO nova.api.openstack.requestlog [None req-22bdbe99-dd4c-4948-9271-38fb487c5942 tempest-AggregatesAdminNegativeTestJSON-896654807 tempest-AggregatesAdminNegativeTestJSON-896654807-project] 10.222.0.78 "POST /compute/v2.1/os-aggregates" status: 403 len: 116 microversion: 2.1 time: 0.009630
May 17 12:37:43.829087 n-d-768509-19 devstack@n-api.service[94462]: [pid: 94462|app: 0|req: 26/54] 10.222.0.78 () {60 vars in 1164 bytes} [Mon May 17 12:37:43 2021] POST /compute/v2.1/os-aggregates => generated 116 bytes in 11 msecs (HTTP/1.1 403) 9 headers in 379 bytes (1 switches on core 0)
May 17 12:37:43.830337 n-d-768509-19 devstack@n-api.service[94463]: INFO nova.api.openstack.requestlog [None req-9af7d640-10c7-4fc7-a039-59685adfcf63 tempest-FlavorsExtraSpecsTestJSON-513184257 tempest-FlavorsExtraSpecsTestJSON-513184257-project-admin] 10.222.0.78 "DELETE /compute/v2.1/flavors/538303975/os-extra_specs/hw:cpu_policy" status: 200 len: 0 microversion: 2.1 time: 0.093239
May 17 12:37:43.832385 n-d-768509-19 devstack@n-api.service[94463]: [pid: 94463|app: 0|req: 29/55] 10.222.0.78 () {58 vars in 1245 bytes} [Mon May 17 12:37:43 2021] DELETE /compute/v2.1/flavors/538303975/os-extra_specs/hw:cpu_policy => generated 0 bytes in 96 msecs (HTTP/1.1 200) 9 headers in 355 bytes (1 switches on core 0)
May 17 12:37:43.839046 n-d-768509-19 devstack@n-api.service[94463]: DEBUG nova.api.openstack.wsgi [None req-f669b95a-004f-489d-b960-ad0570ba17ec tempest-FlavorsAdminTestJSON-168706439 tempest-FlavorsAdminTestJSON-168706439-project-admin] Calling method '>' {{(pid=94463) _process_stack /opt/stack/nova/nova/api/openstack/wsgi.py:513}}
May 17 12:37:43.841599 n-d-768509-19 devstack@n-api.service[94462]: DEBUG nova.api.openstack.wsgi [None req-47e2558a-8233-4962-8d2e-626a07b91ea3 tempest-AggregatesAdminTestJSON-958225874 tempest-AggregatesAdminTestJSON-958225874-project-admin] Action: 'action', calling method: >, body: {"add_host": {"host": "n-h2-768509-19"}} {{(pid=94462) _process_stack /opt/stack/nova/nova/api/openstack/wsgi.py:511}}
May 17 12:37:43.842870 n-d-768509-19 devstack@n-api.service[94462]: /usr/local/lib/python3.8/dist-packages/oslo_policy/policy.py:1064: UserWarning: Policy os_compute_api:os-aggregates:add_host failed scope check. The token used to make the request was project scoped but the policy requires ['system'] scope. This behavior may change in the future where using the intended scope is required
May 17 12:37:43.842870 n-d-768509-19 devstack@n-api.service[94462]: warnings.warn(msg)
May 17 12:37:43.858200 n-d-768509-19 devstack@n-api.service[94462]: DEBUG oslo_concurrency.lockutils [None req-47e2558a-8233-4962-8d2e-626a07b91ea3 tempest-AggregatesAdminTestJSON-958225874 tempest-AggregatesAdminTestJSON-958225874-project-admin] Lock "7f0f4583-acc8-43cb-9354-7985ac4fa880" acquired by "nova.context.set_target_cell..get_or_set_cached_cell_and_set_connections" :: waited 0.000s {{(pid=94462) inner /usr/local/lib/python3.8/dist-packages/oslo_concurrency/lockutils.py:355}}
May 17 12:37:43.858652 n-d-768509-19 devstack@n-api.service[94462]: DEBUG oslo_concurrency.lockutils [None req-47e2558a-8233-4962-8d2e-626a07b91ea3 tempest-AggregatesAdminTestJSON-958225874 tempest-AggregatesAdminTestJSON-958225874-project-admin] Lock "7f0f4583-acc8-43cb-9354-7985ac4fa880" released by "nova.context.set_target_cell..get_or_set_cached_cell_and_set_connections" :: held 0.001s {{(pid=94462) inner /usr/local/lib/python3.8/dist-packages/oslo_concurrency/lockutils.py:367}}
May 17 12:37:43.909458 n-d-768509-19 devstack@n-api.service[94463]: INFO nova.api.openstack.requestlog [None req-f669b95a-004f-489d-b960-ad0570ba17ec tempest-FlavorsAdminTestJSON-168706439 tempest-FlavorsAdminTestJSON-168706439-project-admin] 10.222.0.78 "GET /compute/v2.1/flavors/detail" status: 200 len: 5393 microversion: 2.1 time: 0.075736
May 17 12:37:43.911219 n-d-768509-19 devstack@n-api.service[94463]: [pid: 94463|app: 0|req: 30/56] 10.222.0.78 () {58 vars in 1146 bytes} [Mon May 17 12:37:43 2021] GET /compute/v2.1/flavors/detail => generated 5393 bytes in 78 msecs (HTTP/1.1 200) 9 headers in 358 bytes (1 switches on core 0)
May 17 12:37:43.917105 n-d-768509-19 devstack@n-api.service[94463]: DEBUG nova.api.openstack.wsgi [None req-a7a090f7-302c-466b-bd43-f531f117e668 tempest-AggregatesAdminNegativeTestJSON-1793947297 tempest-AggregatesAdminNegativeTestJSON-1793947297-project-admin] Action: 'create', calling method: >, body: {"aggregate": {"name": "tempest-test_aggregate-144013796"}} {{(pid=94463) _process_stack /opt/stack/nova/nova/api/openstack/wsgi.py:511}}
May 17 12:37:43.918673 n-d-768509-19 devstack@n-api.service[94463]: /usr/local/lib/python3.8/dist-packages/oslo_policy/policy.py:1064: UserWarning: Policy os_compute_api:os-aggregates:create failed scope check. The token used to make the request was project scoped but the policy requires ['system'] scope. This behavior may change in the future where using the intended scope is required
May 17 12:37:43.918673 n-d-768509-19 devstack@n-api.service[94463]: warnings.warn(msg)
May 17 12:37:43.920565 n-d-768509-19 devstack@n-api.service[94463]: DEBUG nova.objects.aggregate [None req-a7a090f7-302c-466b-bd43-f531f117e668 tempest-AggregatesAdminNegativeTestJSON-1793947297 tempest-AggregatesAdminNegativeTestJSON-1793947297-project-admin] Generated uuid 54f4a592-afc5-434b-ad66-50af99721092 for aggregate {{(pid=94463) create /opt/stack/nova/nova/objects/aggregate.py:299}}
May 17 12:37:43.954029 n-d-768509-19 devstack@n-api.service[94463]: INFO nova.api.openstack.requestlog [None req-a7a090f7-302c-466b-bd43-f531f117e668 tempest-AggregatesAdminNegativeTestJSON-1793947297 tempest-AggregatesAdminNegativeTestJSON-1793947297-project-admin] 10.222.0.78 "POST /compute/v2.1/os-aggregates" status: 200 len: 197 microversion: 2.1 time: 0.041124
May 17 12:37:43.955105 n-d-768509-19 devstack@n-api.service[94463]: [pid: 94463|app: 0|req: 31/57] 10.222.0.78 () {60 vars in 1164 bytes} [Mon May 17 12:37:43 2021] POST /compute/v2.1/os-aggregates => generated 197 bytes in 43 msecs (HTTP/1.1 200) 9 headers in 357 bytes (1 switches on core 0)
May 17 12:37:43.962231 n-d-768509-19 devstack@n-api.service[94463]: DEBUG nova.api.openstack.wsgi [None req-9f0ff43b-9ee4-4166-a582-545ce0ad73a6 tempest-FlavorsExtraSpecsTestJSON-513184257 tempest-FlavorsExtraSpecsTestJSON-513184257-project-admin] Calling method '>' {{(pid=94463) _process_stack /opt/stack/nova/nova/api/openstack/wsgi.py:513}}
May 17 12:37:43.982307 n-d-768509-19 devstack@n-api.service[94463]: INFO nova.api.openstack.requestlog [None req-9f0ff43b-9ee4-4166-a582-545ce0ad73a6 tempest-FlavorsExtraSpecsTestJSON-513184257 tempest-FlavorsExtraSpecsTestJSON-513184257-project-admin] 10.222.0.78 "GET /compute/v2.1/flavors/538303975/os-extra_specs" status: 200 len: 19 microversion: 2.1 time: 0.025847
May 17 12:37:43.988082 n-d-768509-19 devstack@n-api.service[94463]: [pid: 94463|app: 0|req: 32/58] 10.222.0.78 () {58 vars in 1200 bytes} [Mon May 17 12:37:43 2021] GET /compute/v2.1/flavors/538303975/os-extra_specs => generated 19 bytes in 32 msecs (HTTP/1.1 200) 9 headers in 356 bytes (1 switches on core 0)
May 17 12:37:43.992845 n-d-768509-19 devstack@n-api.service[94463]: DEBUG nova.api.openstack.wsgi [None req-cb88ecde-1735-4b26-9bd4-a9d290638d71 tempest-FlavorsAdminTestJSON-168706439 tempest-FlavorsAdminTestJSON-168706439-project-admin] Action: 'create', calling method: >, body: {"flavor": {"ram": 512, "vcpus": 1, "disk": 10, "name": "tempest-FlavorsAdminTestJSON-flavor-1932649212", "id": "1ddbee94-94ea-4e43-8376-e7d680626bdb", "os-flavor-access:is_public": "True"}} {{(pid=94463) _process_stack /opt/stack/nova/nova/api/openstack/wsgi.py:511}}
May 17 12:37:43.994789 n-d-768509-19 devstack@n-api.service[94463]: /usr/local/lib/python3.8/dist-packages/oslo_policy/policy.py:1064: UserWarning: Policy os_compute_api:os-flavor-manage:create failed scope check. The token used to make the request was project scoped but the policy requires ['system'] scope. This behavior may change in the future where using the intended scope is required
May 17 12:37:43.994789 n-d-768509-19 devstack@n-api.service[94463]: warnings.warn(msg)
May 17 12:37:44.030610 n-d-768509-19 devstack@n-api.service[94463]: INFO nova.api.openstack.requestlog [None req-cb88ecde-1735-4b26-9bd4-a9d290638d71 tempest-FlavorsAdminTestJSON-168706439 tempest-FlavorsAdminTestJSON-168706439-project-admin] 10.222.0.78 "POST /compute/v2.1/flavors" status: 200 len: 507 microversion: 2.1 time: 0.041267
May 17 12:37:44.036792 n-d-768509-19 devstack@n-api.service[94463]: [pid: 94463|app: 0|req: 33/59] 10.222.0.78 () {60 vars in 1147 bytes} [Mon May 17 12:37:43 2021] POST /compute/v2.1/flavors => generated 507 bytes in 48 msecs (HTTP/1.1 200) 9 headers in 357 bytes (1 switches on core 0)
May 17 12:37:44.041953 n-d-768509-19 devstack@n-api.service[94463]: DEBUG nova.api.openstack.wsgi [None req-adbc5f98-5140-4e09-b9bb-d79b7767c5ff tempest-AggregatesAdminNegativeTestJSON-1793947297 tempest-AggregatesAdminNegativeTestJSON-1793947297-project-admin] Action: 'create', calling method: >, body: {"aggregate": {"name": "tempest-test_aggregate-144013796"}} {{(pid=94463) _process_stack /opt/stack/nova/nova/api/openstack/wsgi.py:511}}
May 17 12:37:44.044189 n-d-768509-19 devstack@n-api.service[94463]: /usr/local/lib/python3.8/dist-packages/oslo_policy/policy.py:1064: UserWarning: Policy os_compute_api:os-aggregates:create failed scope check. The token used to make the request was project scoped but the policy requires ['system'] scope. This behavior may change in the future where using the intended scope is required
May 17 12:37:44.044189 n-d-768509-19 devstack@n-api.service[94463]: warnings.warn(msg)
May 17 12:37:44.045177 n-d-768509-19 devstack@n-api.service[94463]: DEBUG nova.objects.aggregate [None req-adbc5f98-5140-4e09-b9bb-d79b7767c5ff tempest-AggregatesAdminNegativeTestJSON-1793947297 tempest-AggregatesAdminNegativeTestJSON-1793947297-project-admin] Generated uuid 068a24b4-bdb3-42cd-af5d-ef756f42ce95 for aggregate {{(pid=94463) create /opt/stack/nova/nova/objects/aggregate.py:299}}
May 17 12:37:44.056011 n-d-768509-19 devstack@n-api.service[94463]: INFO nova.api.openstack.wsgi [None req-adbc5f98-5140-4e09-b9bb-d79b7767c5ff tempest-AggregatesAdminNegativeTestJSON-1793947297 tempest-AggregatesAdminNegativeTestJSON-1793947297-project-admin] HTTP exception thrown: Aggregate tempest-test_aggregate-144013796 already exists.
May 17 12:37:44.056474 n-d-768509-19 devstack@n-api.service[94463]: DEBUG nova.api.openstack.wsgi [None req-adbc5f98-5140-4e09-b9bb-d79b7767c5ff tempest-AggregatesAdminNegativeTestJSON-1793947297 tempest-AggregatesAdminNegativeTestJSON-1793947297-project-admin] Returning 409 to user: Aggregate tempest-test_aggregate-144013796 already exists. {{(pid=94463) __call__ /opt/stack/nova/nova/api/openstack/wsgi.py:927}}
May 17 12:37:44.058943 n-d-768509-19 devstack@n-api.service[94463]: INFO nova.api.openstack.requestlog [None req-adbc5f98-5140-4e09-b9bb-d79b7767c5ff tempest-AggregatesAdminNegativeTestJSON-1793947297 tempest-AggregatesAdminNegativeTestJSON-1793947297-project-admin] 10.222.0.78 "POST /compute/v2.1/os-aggregates" status: 409 len: 110 microversion: 2.1 time: 0.021106
May 17 12:37:44.064137 n-d-768509-19 devstack@n-api.service[94463]: [pid: 94463|app: 0|req: 34/60] 10.222.0.78 () {60 vars in 1164 bytes} [Mon May 17 12:37:44 2021] POST /compute/v2.1/os-aggregates => generated 110 bytes in 24 msecs (HTTP/1.1 409) 9 headers in 378 bytes (1 switches on core 0)
May 17 12:37:44.068808 n-d-768509-19 devstack@n-api.service[94463]: DEBUG nova.api.openstack.wsgi [None req-f4c82dfb-1d95-4388-b685-456547af07ad tempest-FlavorsExtraSpecsTestJSON-513184257 tempest-FlavorsExtraSpecsTestJSON-513184257-project-admin] Calling method '>' {{(pid=94463) _process_stack /opt/stack/nova/nova/api/openstack/wsgi.py:513}}
May 17 12:37:44.070006 n-d-768509-19 devstack@n-api.service[94463]: /usr/local/lib/python3.8/dist-packages/oslo_policy/policy.py:1064: UserWarning: Policy os_compute_api:os-flavor-manage:delete failed scope check. The token used to make the request was project scoped but the policy requires ['system'] scope. This behavior may change in the future where using the intended scope is required
May 17 12:37:44.070006 n-d-768509-19 devstack@n-api.service[94463]: warnings.warn(msg)
May 17 12:37:44.093327 n-d-768509-19 devstack@n-api.service[94463]: INFO nova.api.openstack.requestlog [None req-f4c82dfb-1d95-4388-b685-456547af07ad tempest-FlavorsExtraSpecsTestJSON-513184257 tempest-FlavorsExtraSpecsTestJSON-513184257-project-admin] 10.222.0.78 "DELETE /compute/v2.1/flavors/538303975" status: 202 len: 0 microversion: 2.1 time: 0.030278
May 17 12:37:44.093718 n-d-768509-19 devstack@n-api.service[94463]: [pid: 94463|app: 0|req: 35/61] 10.222.0.78 () {58 vars in 1158 bytes} [Mon May 17 12:37:44 2021] DELETE /compute/v2.1/flavors/538303975 => generated 0 bytes in 32 msecs (HTTP/1.1 202) 9 headers in 361 bytes (1 switches on core 0)
May 17 12:37:44.103220 n-d-768509-19 devstack@n-api.service[94463]: DEBUG nova.api.openstack.wsgi [None req-2648d084-f67d-48b7-8f74-e3298eef960d tempest-FlavorsAdminTestJSON-168706439 tempest-FlavorsAdminTestJSON-168706439-project-admin] Calling method '>' {{(pid=94463) _process_stack /opt/stack/nova/nova/api/openstack/wsgi.py:513}}
May 17 12:37:44.104955 n-d-768509-19 devstack@n-api.service[94462]: INFO nova.api.openstack.requestlog [None req-47e2558a-8233-4962-8d2e-626a07b91ea3 tempest-AggregatesAdminTestJSON-958225874 tempest-AggregatesAdminTestJSON-958225874-project-admin] 10.222.0.78 "POST /compute/v2.1/os-aggregates/5/action" status: 200 len: 313 microversion: 2.1 time: 0.268223
May 17 12:37:44.107783 n-d-768509-19 devstack@n-api.service[94462]: [pid: 94462|app: 0|req: 27/62] 10.222.0.78 () {60 vars in 1191 bytes} [Mon May 17 12:37:43 2021] POST /compute/v2.1/os-aggregates/5/action => generated 313 bytes in 278 msecs (HTTP/1.1 200) 9 headers in 357 bytes (1 switches on core 0)
May 17 12:37:44.122639 n-d-768509-19 devstack@n-api.service[94462]: DEBUG nova.api.openstack.wsgi [None req-d9373505-e535-483c-9a51-7d00b355bf4b tempest-AggregatesAdminNegativeTestJSON-1793947297 tempest-AggregatesAdminNegativeTestJSON-1793947297-project-admin] Calling method '>' {{(pid=94462) _process_stack /opt/stack/nova/nova/api/openstack/wsgi.py:513}}
May 17 12:37:44.123441 n-d-768509-19 devstack@n-api.service[94462]: /usr/local/lib/python3.8/dist-packages/oslo_policy/policy.py:1064: UserWarning: Policy os_compute_api:os-aggregates:delete failed scope check. The token used to make the request was project scoped but the policy requires ['system'] scope. This behavior may change in the future where using the intended scope is required
May 17 12:37:44.123441 n-d-768509-19 devstack@n-api.service[94462]: warnings.warn(msg)
May 17 12:37:44.139575 n-d-768509-19 devstack@n-api.service[94463]: INFO nova.api.openstack.requestlog [None req-2648d084-f67d-48b7-8f74-e3298eef960d tempest-FlavorsAdminTestJSON-168706439 tempest-FlavorsAdminTestJSON-168706439-project-admin] 10.222.0.78 "DELETE /compute/v2.1/flavors/1ddbee94-94ea-4e43-8376-e7d680626bdb" status: 202 len: 0 microversion: 2.1 time: 0.039294
May 17 12:37:44.141250 n-d-768509-19 devstack@n-api.service[94463]: [pid: 94463|app: 0|req: 36/63] 10.222.0.78 () {58 vars in 1239 bytes} [Mon May 17 12:37:44 2021] DELETE /compute/v2.1/flavors/1ddbee94-94ea-4e43-8376-e7d680626bdb => generated 0 bytes in 47 msecs (HTTP/1.1 202) 9 headers in 361 bytes (1 switches on core 0)
May 17 12:37:44.160305 n-d-768509-19 devstack@n-api.service[94463]: DEBUG nova.api.openstack.wsgi [None req-1a91bb92-4c1c-40b6-9dc2-51f52fa3b0ed tempest-FlavorsExtraSpecsTestJSON-513184257 tempest-FlavorsExtraSpecsTestJSON-513184257-project-admin] Calling method '>' {{(pid=94463) _process_stack /opt/stack/nova/nova/api/openstack/wsgi.py:513}}
May 17 12:37:44.176961 n-d-768509-19 devstack@n-api.service[94462]: INFO nova.api.openstack.requestlog [None req-d9373505-e535-483c-9a51-7d00b355bf4b tempest-AggregatesAdminNegativeTestJSON-1793947297 tempest-AggregatesAdminNegativeTestJSON-1793947297-project-admin] 10.222.0.78 "DELETE /compute/v2.1/os-aggregates/6" status: 200 len: 0 microversion: 2.1 time: 0.067884
May 17 12:37:44.184033 n-d-768509-19 devstack@n-api.service[94462]: [pid: 94462|app: 0|req: 28/64] 10.222.0.78 () {58 vars in 1152 bytes} [Mon May 17 12:37:44 2021] DELETE /compute/v2.1/os-aggregates/6 => generated 0 bytes in 75 msecs (HTTP/1.1 200) 9 headers in 355 bytes (1 switches on core 0)
May 17 12:37:44.196546 n-d-768509-19 devstack@n-api.service[94462]: DEBUG nova.api.openstack.wsgi [None req-6041e373-4907-44ac-9fd1-266f3390a505 tempest-FlavorsAdminTestJSON-168706439 tempest-FlavorsAdminTestJSON-168706439-project-admin] Calling method '>' {{(pid=94462) _process_stack /opt/stack/nova/nova/api/openstack/wsgi.py:513}}
May 17 12:37:44.238488 n-d-768509-19 devstack@n-api.service[94463]: INFO nova.api.openstack.requestlog [None req-1a91bb92-4c1c-40b6-9dc2-51f52fa3b0ed tempest-FlavorsExtraSpecsTestJSON-513184257 tempest-FlavorsExtraSpecsTestJSON-513184257-project-admin] 10.222.0.78 "GET /compute/v2.1/flavors/detail" status: 200 len: 4991 microversion: 2.1 time: 0.092294
May 17 12:37:44.254273 n-d-768509-19 devstack@n-api.service[94463]: [pid: 94463|app: 0|req: 37/65] 10.222.0.78 () {58 vars in 1146 bytes} [Mon May 17 12:37:44 2021] GET /compute/v2.1/flavors/detail => generated 4991 bytes in 109 msecs (HTTP/1.1 200) 9 headers in 358 bytes (1 switches on core 0)
May 17 12:37:44.260491 n-d-768509-19 devstack@n-api.service[94462]: INFO nova.api.openstack.requestlog [None req-6041e373-4907-44ac-9fd1-266f3390a505 tempest-FlavorsAdminTestJSON-168706439 tempest-FlavorsAdminTestJSON-168706439-project-admin] 10.222.0.78 "GET /compute/v2.1/flavors/detail" status: 200 len: 4991 microversion: 2.1 time: 0.069071
May 17 12:37:44.261708 n-d-768509-19 devstack@n-api.service[94462]: [pid: 94462|app: 0|req: 29/66] 10.222.0.78 () {58 vars in 1146 bytes} [Mon May 17 12:37:44 2021] GET /compute/v2.1/flavors/detail => generated 4991 bytes in 77 msecs (HTTP/1.1 200) 9 headers in 358 bytes (1 switches on core 0)
May 17 12:37:44.274745 n-d-768509-19 devstack@n-api.service[94463]: DEBUG nova.api.openstack.wsgi [None req-2c2c6bde-2d3f-4fbe-b5f0-7a69c8f463a9 tempest-AggregatesAdminNegativeTestJSON-1793947297 tempest-AggregatesAdminNegativeTestJSON-1793947297-project-admin] Action: 'create', calling method: >, body: {"aggregate": {"name": "tempest-test_aggregate-1110394766"}} {{(pid=94463) _process_stack /opt/stack/nova/nova/api/openstack/wsgi.py:511}}
May 17 12:37:44.276310 n-d-768509-19 devstack@n-api.service[94463]: /usr/local/lib/python3.8/dist-packages/oslo_policy/policy.py:1064: UserWarning: Policy os_compute_api:os-aggregates:create failed scope check. The token used to make the request was project scoped but the policy requires ['system'] scope. This behavior may change in the future where using the intended scope is required
May 17 12:37:44.276310 n-d-768509-19 devstack@n-api.service[94463]: warnings.warn(msg)
May 17 12:37:44.279703 n-d-768509-19 devstack@n-api.service[94462]: DEBUG nova.api.openstack.wsgi [None req-fe63a11c-647e-4f58-bc2d-b3d1cc773d0f tempest-FlavorsAdminTestJSON-168706439 tempest-FlavorsAdminTestJSON-168706439-project-admin] Action: 'create', calling method: >, body: {"flavor": {"ram": 512, "vcpus": 1, "disk": 10, "name": "tempest-test_flavor_-211669813", "id": 999556090, "os-flavor-access:is_public": "True"}} {{(pid=94462) _process_stack /opt/stack/nova/nova/api/openstack/wsgi.py:511}}
May 17 12:37:44.282694 n-d-768509-19 devstack@n-api.service[94462]: /usr/local/lib/python3.8/dist-packages/oslo_policy/policy.py:1064: UserWarning: Policy os_compute_api:os-flavor-manage:create failed scope check. The token used to make the request was project scoped but the policy requires ['system'] scope. This behavior may change in the future where using the intended scope is required
May 17 12:37:44.282694 n-d-768509-19 devstack@n-api.service[94462]: warnings.warn(msg)
May 17 12:37:44.285216 n-d-768509-19 devstack@n-api.service[94463]: DEBUG nova.objects.aggregate [None req-2c2c6bde-2d3f-4fbe-b5f0-7a69c8f463a9 tempest-AggregatesAdminNegativeTestJSON-1793947297 tempest-AggregatesAdminNegativeTestJSON-1793947297-project-admin] Generated uuid 45248e14-af95-40b5-a678-5daddb0b4a07 for aggregate {{(pid=94463) create /opt/stack/nova/nova/objects/aggregate.py:299}}
May 17 12:37:44.323978 n-d-768509-19 devstack@n-api.service[94463]: INFO nova.api.openstack.requestlog [None req-2c2c6bde-2d3f-4fbe-b5f0-7a69c8f463a9 tempest-AggregatesAdminNegativeTestJSON-1793947297 tempest-AggregatesAdminNegativeTestJSON-1793947297-project-admin] 10.222.0.78 "POST /compute/v2.1/os-aggregates" status: 200 len: 198 microversion: 2.1 time: 0.068476
May 17 12:37:44.324813 n-d-768509-19 devstack@n-api.service[94463]: [pid: 94463|app: 0|req: 38/67] 10.222.0.78 () {60 vars in 1164 bytes} [Mon May 17 12:37:44 2021] POST /compute/v2.1/os-aggregates => generated 198 bytes in 70 msecs (HTTP/1.1 200) 9 headers in 357 bytes (1 switches on core 0)
May 17 12:37:44.333712 n-d-768509-19 devstack@n-api.service[94462]: INFO nova.api.openstack.requestlog [None req-fe63a11c-647e-4f58-bc2d-b3d1cc773d0f tempest-FlavorsAdminTestJSON-168706439 tempest-FlavorsAdminTestJSON-168706439-project-admin] 10.222.0.78 "POST /compute/v2.1/flavors" status: 200 len: 410 microversion: 2.1 time: 0.058483
May 17 12:37:44.334882 n-d-768509-19 devstack@n-api.service[94462]: [pid: 94462|app: 0|req: 30/68] 10.222.0.78 () {60 vars in 1147 bytes} [Mon May 17 12:37:44 2021] POST /compute/v2.1/flavors => generated 410 bytes in 60 msecs (HTTP/1.1 200) 9 headers in 357 bytes (2 switches on core 0)
May 17 12:37:44.341363 n-d-768509-19 devstack@n-api.service[94463]: DEBUG nova.api.openstack.wsgi [None req-8e12797d-03e2-4501-a328-4affe1d78e24 tempest-DeleteServersAdminTestJSON-1696086818 tempest-DeleteServersAdminTestJSON-1696086818-project] Calling method '>' {{(pid=94463) _process_stack /opt/stack/nova/nova/api/openstack/wsgi.py:513}}
May 17 12:37:44.342880 n-d-768509-19 devstack@n-api.service[94463]: DEBUG nova.compute.api [None req-8e12797d-03e2-4501-a328-4affe1d78e24 tempest-DeleteServersAdminTestJSON-1696086818 tempest-DeleteServersAdminTestJSON-1696086818-project] [instance: 60cfb753-a5f0-4532-ac9b-5fa5f5598773] Fetching instance by UUID {{(pid=94463) get /opt/stack/nova/nova/compute/api.py:2790}}
