Apr 30 06:51:49.069627 n-d-768509-17 devstack@placement-api.service[75681]: INFO placement.requestlog [req-722e6820-9f0a-448b-9361-42ae95013794 req-aafb3bc4-b505-4e86-977b-c84d102c61fb service placement] 10.222.0.55 "GET /placement/allocation_candidates?limit=1000&resources=DISK_GB%3A1%2CMEMORY_MB%3A1024%2CVCPU%3A1&root_required=%21COMPUTE_STATUS_DISABLED" status: 200 len: 1309 microversion: 1.35
Apr 30 06:51:49.070670 n-d-768509-17 devstack@placement-api.service[75681]: [pid: 75681|app: 0|req: 49/94] 10.222.0.55 () {60 vars in 1506 bytes} [Fri Apr 30 06:51:48 2021] GET /placement/allocation_candidates?limit=1000&resources=DISK_GB%3A1%2CMEMORY_MB%3A1024%2CVCPU%3A1&root_required=%21COMPUTE_STATUS_DISABLED => generated 1309 bytes in 154 msecs (HTTP/1.1 200) 8 headers in 297 bytes (1 switches on core 0)
Apr 30 06:51:49.192424 n-d-768509-17 devstack@placement-api.service[75680]: DEBUG placement.requestlog [req-722e6820-9f0a-448b-9361-42ae95013794 req-64705737-f75a-4db6-ae97-467550963d51 None None] Starting request: 10.222.0.55 "GET /placement/allocations/e45ce718-16ce-4c10-a097-664b623f8597" {{(pid=75680) __call__ /opt/stack/placement/placement/requestlog.py:55}}
Apr 30 06:51:49.208045 n-d-768509-17 devstack@placement-api.service[75680]: INFO placement.requestlog [req-722e6820-9f0a-448b-9361-42ae95013794 req-64705737-f75a-4db6-ae97-467550963d51 service placement] 10.222.0.55 "GET /placement/allocations/e45ce718-16ce-4c10-a097-664b623f8597" status: 200 len: 19 microversion: 1.28
Apr 30 06:51:49.208280 n-d-768509-17 devstack@placement-api.service[75680]: [pid: 75680|app: 0|req: 46/95] 10.222.0.55 () {60 vars in 1380 bytes} [Fri Apr 30 06:51:49 2021] GET /placement/allocations/e45ce718-16ce-4c10-a097-664b623f8597 => generated 19 bytes in 16 msecs (HTTP/1.1 200) 8 headers in 295 bytes (1 switches on core 0)
Apr 30 06:51:49.214619 n-d-768509-17 devstack@placement-api.service[75681]: DEBUG placement.requestlog [req-722e6820-9f0a-448b-9361-42ae95013794 req-73795c73-860b-4dcb-90b7-2a73a7b61f6c None None] Starting request: 10.222.0.55 "PUT /placement/allocations/e45ce718-16ce-4c10-a097-664b623f8597" {{(pid=75681) __call__ /opt/stack/placement/placement/requestlog.py:55}}
Apr 30 06:51:49.513521 n-d-768509-17 devstack@placement-api.service[75681]: DEBUG placement.handlers.allocation [req-722e6820-9f0a-448b-9361-42ae95013794 req-73795c73-860b-4dcb-90b7-2a73a7b61f6c service placement] Successfully wrote allocations [, , ] {{(pid=75681) _create_allocations /opt/stack/placement/placement/handlers/allocation.py:435}}
Apr 30 06:51:49.514712 n-d-768509-17 devstack@placement-api.service[75681]: INFO placement.requestlog [req-722e6820-9f0a-448b-9361-42ae95013794 req-73795c73-860b-4dcb-90b7-2a73a7b61f6c service placement] 10.222.0.55 "PUT /placement/allocations/e45ce718-16ce-4c10-a097-664b623f8597" status: 204 len: 0 microversion: 1.35
Apr 30 06:51:49.514712 n-d-768509-17 devstack@placement-api.service[75681]: [pid: 75681|app: 0|req: 50/96] 10.222.0.55 () {64 vars in 1433 bytes} [Fri Apr 30 06:51:49 2021] PUT /placement/allocations/e45ce718-16ce-4c10-a097-664b623f8597 => generated 0 bytes in 300 msecs (HTTP/1.1 204) 5 headers in 199 bytes (1 switches on core 0)
Apr 30 06:51:49.915671 n-d-768509-17 devstack@placement-api.service[75680]: DEBUG placement.requestlog [req-bdf2ff75-7e3c-48c0-88ec-ed04004871fc req-c08d032a-3bcb-4aff-8610-c2c760e2c40c None None] Starting request: 10.222.0.55 "GET /placement/resource_providers?name=n-h1-768509-17" {{(pid=75680) __call__ /opt/stack/placement/placement/requestlog.py:55}}
Apr 30 06:51:49.943303 n-d-768509-17 devstack@placement-api.service[75680]: INFO placement.requestlog [req-bdf2ff75-7e3c-48c0-88ec-ed04004871fc req-c08d032a-3bcb-4aff-8610-c2c760e2c40c service placement] 10.222.0.55 "GET /placement/resource_providers?name=n-h1-768509-17" status: 200 len: 442 microversion: 1.0
Apr 30 06:51:49.943543 n-d-768509-17 devstack@placement-api.service[75680]: [pid: 75680|app: 0|req: 47/97] 10.222.0.55 () {58 vars in 1276 bytes} [Fri Apr 30 06:51:49 2021] GET /placement/resource_providers?name=n-h1-768509-17 => generated 442 bytes in 28 msecs (HTTP/1.1 200) 6 headers in 224 bytes (1 switches on core 0)
Apr 30 06:51:49.950338 n-d-768509-17 devstack@placement-api.service[75681]: DEBUG placement.requestlog [req-bdf2ff75-7e3c-48c0-88ec-ed04004871fc req-0efa98c0-2bdc-408b-9174-327f96415e49 None None] Starting request: 10.222.0.55 "GET /placement/resource_providers/7655d215-0e16-4957-bcc5-28026efab4e2/aggregates" {{(pid=75681) __call__ /opt/stack/placement/placement/requestlog.py:55}}
Apr 30 06:51:49.974816 n-d-768509-17 devstack@placement-api.service[75681]: INFO placement.requestlog [req-bdf2ff75-7e3c-48c0-88ec-ed04004871fc req-0efa98c0-2bdc-408b-9174-327f96415e49 service placement] 10.222.0.55 "GET /placement/resource_providers/7655d215-0e16-4957-bcc5-28026efab4e2/aggregates" status: 200 len: 92 microversion: 1.19
Apr 30 06:51:49.982459 n-d-768509-17 devstack@placement-api.service[75681]: [pid: 75681|app: 0|req: 51/98] 10.222.0.55 () {60 vars in 1425 bytes} [Fri Apr 30 06:51:49 2021] GET /placement/resource_providers/7655d215-0e16-4957-bcc5-28026efab4e2/aggregates => generated 92 bytes in 25 msecs (HTTP/1.1 200) 8 headers in 295 bytes (1 switches on core 0)
Apr 30 06:51:49.984067 n-d-768509-17 devstack@placement-api.service[75680]: DEBUG placement.requestlog [req-bdf2ff75-7e3c-48c0-88ec-ed04004871fc req-d862f1e0-3fa3-4495-acaa-cd68a49dede3 None None] Starting request: 10.222.0.55 "PUT /placement/resource_providers/7655d215-0e16-4957-bcc5-28026efab4e2/aggregates" {{(pid=75680) __call__ /opt/stack/placement/placement/requestlog.py:55}}
Apr 30 06:51:50.004556 n-d-768509-17 devstack@placement-api.service[75680]: DEBUG placement.objects.resource_provider [req-bdf2ff75-7e3c-48c0-88ec-ed04004871fc req-d862f1e0-3fa3-4495-acaa-cd68a49dede3 service placement] Setting aggregates for provider 7655d215-0e16-4957-bcc5-28026efab4e2. Successfully disassociated aggregate eb4446c4-30c2-46d1-8a93-31a1b876b19a. {{(pid=75680) _set_aggregates /opt/stack/placement/placement/objects/resource_provider.py:402}}
Apr 30 06:51:50.066336 n-d-768509-17 devstack@placement-api.service[75680]: INFO placement.requestlog [req-bdf2ff75-7e3c-48c0-88ec-ed04004871fc req-d862f1e0-3fa3-4495-acaa-cd68a49dede3 service placement] 10.222.0.55 "PUT /placement/resource_providers/7655d215-0e16-4957-bcc5-28026efab4e2/aggregates" status: 200 len: 54 microversion: 1.19
Apr 30 06:51:50.067146 n-d-768509-17 devstack@placement-api.service[75680]: [pid: 75680|app: 0|req: 48/99] 10.222.0.55 () {64 vars in 1477 bytes} [Fri Apr 30 06:51:49 2021] PUT /placement/resource_providers/7655d215-0e16-4957-bcc5-28026efab4e2/aggregates => generated 54 bytes in 84 msecs (HTTP/1.1 200) 8 headers in 295 bytes (1 switches on core 0)
Apr 30 06:51:50.577389 n-d-768509-17 devstack@placement-api.service[75681]: DEBUG placement.requestlog [req-722e6820-9f0a-448b-9361-42ae95013794 req-0b0839bb-8eb3-4351-b3cf-773893e696fc None None] Starting request: 10.222.0.58 "GET /placement/allocations/e45ce718-16ce-4c10-a097-664b623f8597" {{(pid=75681) __call__ /opt/stack/placement/placement/requestlog.py:55}}
Apr 30 06:51:50.603929 n-d-768509-17 devstack@placement-api.service[75681]: INFO placement.requestlog [req-722e6820-9f0a-448b-9361-42ae95013794 req-0b0839bb-8eb3-4351-b3cf-773893e696fc service placement] 10.222.0.58 "GET /placement/allocations/e45ce718-16ce-4c10-a097-664b623f8597" status: 200 len: 259 microversion: 1.28
Apr 30 06:51:50.605271 n-d-768509-17 devstack@placement-api.service[75681]: [pid: 75681|app: 0|req: 52/100] 10.222.0.58 () {60 vars in 1378 bytes} [Fri Apr 30 06:51:50 2021] GET /placement/allocations/e45ce718-16ce-4c10-a097-664b623f8597 => generated 259 bytes in 28 msecs (HTTP/1.1 200) 8 headers in 296 bytes (1 switches on core 0)
Apr 30 06:51:52.579190 n-d-768509-17 devstack@placement-api.service[75680]: DEBUG placement.requestlog [req-3094be18-118f-4850-aa2a-db6bd94a56ac req-e70bfe68-0ff5-488f-895a-cd6699bfbbe0 None None] Starting request: 10.222.0.46 "GET /placement/allocations/430aa2dd-c92c-4c4f-a4b9-a4a0c8204e74" {{(pid=75680) __call__ /opt/stack/placement/placement/requestlog.py:55}}
Apr 30 06:51:52.604650 n-d-768509-17 devstack@placement-api.service[75680]: INFO placement.requestlog [req-3094be18-118f-4850-aa2a-db6bd94a56ac req-e70bfe68-0ff5-488f-895a-cd6699bfbbe0 service placement] 10.222.0.46 "GET /placement/allocations/430aa2dd-c92c-4c4f-a4b9-a4a0c8204e74" status: 200 len: 258 microversion: 1.28
Apr 30 06:51:52.606945 n-d-768509-17 devstack@placement-api.service[75680]: [pid: 75680|app: 0|req: 49/101] 10.222.0.46 () {60 vars in 1378 bytes} [Fri Apr 30 06:51:52 2021] GET /placement/allocations/430aa2dd-c92c-4c4f-a4b9-a4a0c8204e74 => generated 258 bytes in 28 msecs (HTTP/1.1 200) 8 headers in 296 bytes (1 switches on core 0)
Apr 30 06:51:55.222495 n-d-768509-17 devstack@placement-api.service[75681]: DEBUG placement.requestlog [req-3707af49-aa3f-497e-8fdb-c9d0614fe712 req-71de1d07-e360-43f6-929a-a3f51221eb86 None None] Starting request: 10.222.0.55 "GET /placement/allocation_candidates?limit=1000&resources=DISK_GB%3A1%2CMEMORY_MB%3A1024%2CVCPU%3A1&root_required=%21COMPUTE_STATUS_DISABLED" {{(pid=75681) __call__ /opt/stack/placement/placement/requestlog.py:55}}
Apr 30 06:51:55.266382 n-d-768509-17 devstack@placement-api.service[75681]: DEBUG placement.objects.research_context [req-3707af49-aa3f-497e-8fdb-c9d0614fe712 req-71de1d07-e360-43f6-929a-a3f51221eb86 service placement] getting providers with 1 DISK_GB {{(pid=75681) __init__ /opt/stack/placement/placement/objects/research_context.py:126}}
Apr 30 06:51:55.274417 n-d-768509-17 devstack@placement-api.service[75681]: DEBUG placement.objects.research_context [req-3707af49-aa3f-497e-8fdb-c9d0614fe712 req-71de1d07-e360-43f6-929a-a3f51221eb86 service placement] getting providers with 1024 MEMORY_MB {{(pid=75681) __init__ /opt/stack/placement/placement/objects/research_context.py:126}}
Apr 30 06:51:55.283468 n-d-768509-17 devstack@placement-api.service[75681]: DEBUG placement.objects.research_context [req-3707af49-aa3f-497e-8fdb-c9d0614fe712 req-71de1d07-e360-43f6-929a-a3f51221eb86 service placement] getting providers with 1 VCPU {{(pid=75681) __init__ /opt/stack/placement/placement/objects/research_context.py:126}}
Apr 30 06:51:55.291137 n-d-768509-17 devstack@placement-api.service[75681]: DEBUG placement.objects.research_context [req-3707af49-aa3f-497e-8fdb-c9d0614fe712 req-71de1d07-e360-43f6-929a-a3f51221eb86 service placement] found 2 providers with available 1 DISK_GB {{(pid=75681) get_provider_ids_matching /opt/stack/placement/placement/objects/research_context.py:549}}
Apr 30 06:51:55.291799 n-d-768509-17 devstack@placement-api.service[75681]: DEBUG placement.objects.research_context [req-3707af49-aa3f-497e-8fdb-c9d0614fe712 req-71de1d07-e360-43f6-929a-a3f51221eb86 service placement] found 2 providers with available 1024 MEMORY_MB {{(pid=75681) get_provider_ids_matching /opt/stack/placement/placement/objects/research_context.py:549}}
Apr 30 06:51:55.292313 n-d-768509-17 devstack@placement-api.service[75681]: DEBUG placement.objects.research_context [req-3707af49-aa3f-497e-8fdb-c9d0614fe712 req-71de1d07-e360-43f6-929a-a3f51221eb86 service placement] found 2 providers after filtering by previous result {{(pid=75681) get_provider_ids_matching /opt/stack/placement/placement/objects/research_context.py:580}}
Apr 30 06:51:55.292816 n-d-768509-17 devstack@placement-api.service[75681]: DEBUG placement.objects.research_context [req-3707af49-aa3f-497e-8fdb-c9d0614fe712 req-71de1d07-e360-43f6-929a-a3f51221eb86 service placement] found 2 providers with available 1 VCPU {{(pid=75681) get_provider_ids_matching /opt/stack/placement/placement/objects/research_context.py:549}}
Apr 30 06:51:55.293367 n-d-768509-17 devstack@placement-api.service[75681]: DEBUG placement.objects.research_context [req-3707af49-aa3f-497e-8fdb-c9d0614fe712 req-71de1d07-e360-43f6-929a-a3f51221eb86 service placement] found 2 providers after filtering by previous result {{(pid=75681) get_provider_ids_matching /opt/stack/placement/placement/objects/research_context.py:580}}
Apr 30 06:51:55.309803 n-d-768509-17 devstack@placement-api.service[75681]: DEBUG placement.objects.allocation_candidate [req-3707af49-aa3f-497e-8fdb-c9d0614fe712 req-71de1d07-e360-43f6-929a-a3f51221eb86 service placement] RequestGroup(use_same_provider=False, resources={DISK_GB:1, MEMORY_MB:1024, VCPU:1}, traits=[], aggregates=[]) (suffix '') returned 2 matches {{(pid=75681) _get_by_requests /opt/stack/placement/placement/objects/allocation_candidate.py:145}}
Apr 30 06:51:55.310193 n-d-768509-17 devstack@placement-api.service[75681]: DEBUG placement.objects.allocation_candidate [req-3707af49-aa3f-497e-8fdb-c9d0614fe712 req-71de1d07-e360-43f6-929a-a3f51221eb86 service placement] Merging candidates yields 2 allocation requests and 2 provider summaries {{(pid=75681) _merge_candidates /opt/stack/placement/placement/objects/allocation_candidate.py:783}}
Apr 30 06:51:55.313178 n-d-768509-17 devstack@placement-api.service[75681]: INFO placement.requestlog [req-3707af49-aa3f-497e-8fdb-c9d0614fe712 req-71de1d07-e360-43f6-929a-a3f51221eb86 service placement] 10.222.0.55 "GET /placement/allocation_candidates?limit=1000&resources=DISK_GB%3A1%2CMEMORY_MB%3A1024%2CVCPU%3A1&root_required=%21COMPUTE_STATUS_DISABLED" status: 200 len: 1309 microversion: 1.35
Apr 30 06:51:55.314506 n-d-768509-17 devstack@placement-api.service[75681]: [pid: 75681|app: 0|req: 53/102] 10.222.0.55 () {60 vars in 1506 bytes} [Fri Apr 30 06:51:55 2021] GET /placement/allocation_candidates?limit=1000&resources=DISK_GB%3A1%2CMEMORY_MB%3A1024%2CVCPU%3A1&root_required=%21COMPUTE_STATUS_DISABLED => generated 1309 bytes in 92 msecs (HTTP/1.1 200) 8 headers in 297 bytes (1 switches on core 0)
Apr 30 06:51:55.403792 n-d-768509-17 devstack@placement-api.service[75680]: DEBUG placement.requestlog [req-3707af49-aa3f-497e-8fdb-c9d0614fe712 req-24726508-306b-44bd-9a36-226713b54249 None None] Starting request: 10.222.0.55 "GET /placement/allocations/02d2dcda-5a33-43d4-8cbc-afc0f6d853d1" {{(pid=75680) __call__ /opt/stack/placement/placement/requestlog.py:55}}
Apr 30 06:51:55.415906 n-d-768509-17 devstack@placement-api.service[75680]: INFO placement.requestlog [req-3707af49-aa3f-497e-8fdb-c9d0614fe712 req-24726508-306b-44bd-9a36-226713b54249 service placement] 10.222.0.55 "GET /placement/allocations/02d2dcda-5a33-43d4-8cbc-afc0f6d853d1" status: 200 len: 19 microversion: 1.28
Apr 30 06:51:55.419879 n-d-768509-17 devstack@placement-api.service[75680]: [pid: 75680|app: 0|req: 50/103] 10.222.0.55 () {60 vars in 1380 bytes} [Fri Apr 30 06:51:55 2021] GET /placement/allocations/02d2dcda-5a33-43d4-8cbc-afc0f6d853d1 => generated 19 bytes in 16 msecs (HTTP/1.1 200) 8 headers in 295 bytes (1 switches on core 0)
Apr 30 06:51:55.424005 n-d-768509-17 devstack@placement-api.service[75681]: DEBUG placement.requestlog [req-3707af49-aa3f-497e-8fdb-c9d0614fe712 req-196639c7-104c-4b1d-8853-8cc9586a61ea None None] Starting request: 10.222.0.55 "PUT /placement/allocations/02d2dcda-5a33-43d4-8cbc-afc0f6d853d1" {{(pid=75681) __call__ /opt/stack/placement/placement/requestlog.py:55}}
Apr 30 06:51:55.871876 n-d-768509-17 devstack@placement-api.service[75681]: DEBUG placement.handlers.allocation [req-3707af49-aa3f-497e-8fdb-c9d0614fe712 req-196639c7-104c-4b1d-8853-8cc9586a61ea service placement] Successfully wrote allocations [, , ] {{(pid=75681) _create_allocations /opt/stack/placement/placement/handlers/allocation.py:435}}
Apr 30 06:51:55.872555 n-d-768509-17 devstack@placement-api.service[75681]: INFO placement.requestlog [req-3707af49-aa3f-497e-8fdb-c9d0614fe712 req-196639c7-104c-4b1d-8853-8cc9586a61ea service placement] 10.222.0.55 "PUT /placement/allocations/02d2dcda-5a33-43d4-8cbc-afc0f6d853d1" status: 204 len: 0 microversion: 1.35
Apr 30 06:51:55.873022 n-d-768509-17 devstack@placement-api.service[75681]: [pid: 75681|app: 0|req: 54/104] 10.222.0.55 () {64 vars in 1433 bytes} [Fri Apr 30 06:51:55 2021] PUT /placement/allocations/02d2dcda-5a33-43d4-8cbc-afc0f6d853d1 => generated 0 bytes in 450 msecs (HTTP/1.1 204) 5 headers in 199 bytes (1 switches on core 0)
Apr 30 06:51:57.470603 n-d-768509-17 devstack@placement-api.service[75680]: DEBUG placement.requestlog [req-3707af49-aa3f-497e-8fdb-c9d0614fe712 req-1fe6713d-60c3-4d51-841b-5b2759b396c3 None None] Starting request: 10.222.0.46 "GET /placement/allocations/02d2dcda-5a33-43d4-8cbc-afc0f6d853d1" {{(pid=75680) __call__ /opt/stack/placement/placement/requestlog.py:55}}
Apr 30 06:51:57.493798 n-d-768509-17 devstack@placement-api.service[75680]: INFO placement.requestlog [req-3707af49-aa3f-497e-8fdb-c9d0614fe712 req-1fe6713d-60c3-4d51-841b-5b2759b396c3 service placement] 10.222.0.46 "GET /placement/allocations/02d2dcda-5a33-43d4-8cbc-afc0f6d853d1" status: 200 len: 258 microversion: 1.28
Apr 30 06:51:57.494049 n-d-768509-17 devstack@placement-api.service[75680]: [pid: 75680|app: 0|req: 51/105] 10.222.0.46 () {60 vars in 1378 bytes} [Fri Apr 30 06:51:57 2021] GET /placement/allocations/02d2dcda-5a33-43d4-8cbc-afc0f6d853d1 => generated 258 bytes in 24 msecs (HTTP/1.1 200) 8 headers in 296 bytes (1 switches on core 0)
Apr 30 06:51:58.031713 n-d-768509-17 devstack@placement-api.service[75681]: DEBUG placement.requestlog [req-45faf8f1-a071-4bd9-a315-d2289599b40b req-3f5f6be9-0f15-46d1-a315-eac5c4d844a6 None None] Starting request: 10.222.0.55 "GET /placement/allocation_candidates?limit=1000&resources=DISK_GB%3A1%2CMEMORY_MB%3A1024%2CVCPU%3A1&root_required=%21COMPUTE_STATUS_DISABLED" {{(pid=75681) __call__ /opt/stack/placement/placement/requestlog.py:55}}
Apr 30 06:51:58.118192 n-d-768509-17 devstack@placement-api.service[75681]: DEBUG placement.objects.research_context [req-45faf8f1-a071-4bd9-a315-d2289599b40b req-3f5f6be9-0f15-46d1-a315-eac5c4d844a6 service placement] getting providers with 1 DISK_GB {{(pid=75681) __init__ /opt/stack/placement/placement/objects/research_context.py:126}}
Apr 30 06:51:58.131477 n-d-768509-17 devstack@placement-api.service[75681]: DEBUG placement.objects.research_context [req-45faf8f1-a071-4bd9-a315-d2289599b40b req-3f5f6be9-0f15-46d1-a315-eac5c4d844a6 service placement] getting providers with 1024 MEMORY_MB {{(pid=75681) __init__ /opt/stack/placement/placement/objects/research_context.py:126}}
Apr 30 06:51:58.157509 n-d-768509-17 devstack@placement-api.service[75681]: DEBUG placement.objects.research_context [req-45faf8f1-a071-4bd9-a315-d2289599b40b req-3f5f6be9-0f15-46d1-a315-eac5c4d844a6 service placement] getting providers with 1 VCPU {{(pid=75681) __init__ /opt/stack/placement/placement/objects/research_context.py:126}}
Apr 30 06:51:58.169587 n-d-768509-17 devstack@placement-api.service[75681]: DEBUG placement.objects.research_context [req-45faf8f1-a071-4bd9-a315-d2289599b40b req-3f5f6be9-0f15-46d1-a315-eac5c4d844a6 service placement] found 2 providers with available 1 DISK_GB {{(pid=75681) get_provider_ids_matching /opt/stack/placement/placement/objects/research_context.py:549}}
Apr 30 06:51:58.169868 n-d-768509-17 devstack@placement-api.service[75681]: DEBUG placement.objects.research_context [req-45faf8f1-a071-4bd9-a315-d2289599b40b req-3f5f6be9-0f15-46d1-a315-eac5c4d844a6 service placement] found 2 providers with available 1024 MEMORY_MB {{(pid=75681) get_provider_ids_matching /opt/stack/placement/placement/objects/research_context.py:549}}
Apr 30 06:51:58.171395 n-d-768509-17 devstack@placement-api.service[75681]: DEBUG placement.objects.research_context [req-45faf8f1-a071-4bd9-a315-d2289599b40b req-3f5f6be9-0f15-46d1-a315-eac5c4d844a6 service placement] found 2 providers after filtering by previous result {{(pid=75681) get_provider_ids_matching /opt/stack/placement/placement/objects/research_context.py:580}}
Apr 30 06:51:58.171823 n-d-768509-17 devstack@placement-api.service[75681]: DEBUG placement.objects.research_context [req-45faf8f1-a071-4bd9-a315-d2289599b40b req-3f5f6be9-0f15-46d1-a315-eac5c4d844a6 service placement] found 2 providers with available 1 VCPU {{(pid=75681) get_provider_ids_matching /opt/stack/placement/placement/objects/research_context.py:549}}
Apr 30 06:51:58.172827 n-d-768509-17 devstack@placement-api.service[75681]: DEBUG placement.objects.research_context [req-45faf8f1-a071-4bd9-a315-d2289599b40b req-3f5f6be9-0f15-46d1-a315-eac5c4d844a6 service placement] found 2 providers after filtering by previous result {{(pid=75681) get_provider_ids_matching /opt/stack/placement/placement/objects/research_context.py:580}}
Apr 30 06:51:58.212483 n-d-768509-17 devstack@placement-api.service[75681]: DEBUG placement.objects.allocation_candidate [req-45faf8f1-a071-4bd9-a315-d2289599b40b req-3f5f6be9-0f15-46d1-a315-eac5c4d844a6 service placement] RequestGroup(use_same_provider=False, resources={DISK_GB:1, MEMORY_MB:1024, VCPU:1}, traits=[], aggregates=[]) (suffix '') returned 2 matches {{(pid=75681) _get_by_requests /opt/stack/placement/placement/objects/allocation_candidate.py:145}}
Apr 30 06:51:58.213746 n-d-768509-17 devstack@placement-api.service[75681]: DEBUG placement.objects.allocation_candidate [req-45faf8f1-a071-4bd9-a315-d2289599b40b req-3f5f6be9-0f15-46d1-a315-eac5c4d844a6 service placement] Merging candidates yields 2 allocation requests and 2 provider summaries {{(pid=75681) _merge_candidates /opt/stack/placement/placement/objects/allocation_candidate.py:783}}
Apr 30 06:51:58.217411 n-d-768509-17 devstack@placement-api.service[75681]: INFO placement.requestlog [req-45faf8f1-a071-4bd9-a315-d2289599b40b req-3f5f6be9-0f15-46d1-a315-eac5c4d844a6 service placement] 10.222.0.55 "GET /placement/allocation_candidates?limit=1000&resources=DISK_GB%3A1%2CMEMORY_MB%3A1024%2CVCPU%3A1&root_required=%21COMPUTE_STATUS_DISABLED" status: 200 len: 1309 microversion: 1.35
Apr 30 06:51:58.223126 n-d-768509-17 devstack@placement-api.service[75681]: [pid: 75681|app: 0|req: 55/106] 10.222.0.55 () {60 vars in 1506 bytes} [Fri Apr 30 06:51:58 2021] GET /placement/allocation_candidates?limit=1000&resources=DISK_GB%3A1%2CMEMORY_MB%3A1024%2CVCPU%3A1&root_required=%21COMPUTE_STATUS_DISABLED => generated 1309 bytes in 191 msecs (HTTP/1.1 200) 8 headers in 297 bytes (1 switches on core 0)
Apr 30 06:51:58.309224 n-d-768509-17 devstack@placement-api.service[75680]: DEBUG placement.requestlog [req-45faf8f1-a071-4bd9-a315-d2289599b40b req-a010e039-19f8-4df5-bd9c-a6abb3c73c94 None None] Starting request: 10.222.0.55 "GET /placement/allocations/64179f32-09ed-4f0f-bbe3-936bd8a30954" {{(pid=75680) __call__ /opt/stack/placement/placement/requestlog.py:55}}
Apr 30 06:51:58.321336 n-d-768509-17 devstack@placement-api.service[75680]: INFO placement.requestlog [req-45faf8f1-a071-4bd9-a315-d2289599b40b req-a010e039-19f8-4df5-bd9c-a6abb3c73c94 service placement] 10.222.0.55 "GET /placement/allocations/64179f32-09ed-4f0f-bbe3-936bd8a30954" status: 200 len: 19 microversion: 1.28
Apr 30 06:51:58.323852 n-d-768509-17 devstack@placement-api.service[75680]: [pid: 75680|app: 0|req: 52/107] 10.222.0.55 () {60 vars in 1380 bytes} [Fri Apr 30 06:51:58 2021] GET /placement/allocations/64179f32-09ed-4f0f-bbe3-936bd8a30954 => generated 19 bytes in 15 msecs (HTTP/1.1 200) 8 headers in 295 bytes (1 switches on core 0)
Apr 30 06:51:58.328959 n-d-768509-17 devstack@placement-api.service[75681]: DEBUG placement.requestlog [req-45faf8f1-a071-4bd9-a315-d2289599b40b req-2d2b1585-ba0e-41c2-a18b-9ae520365044 None None] Starting request: 10.222.0.55 "PUT /placement/allocations/64179f32-09ed-4f0f-bbe3-936bd8a30954" {{(pid=75681) __call__ /opt/stack/placement/placement/requestlog.py:55}}
Apr 30 06:51:58.603822 n-d-768509-17 devstack@placement-api.service[75681]: DEBUG placement.handlers.allocation [req-45faf8f1-a071-4bd9-a315-d2289599b40b req-2d2b1585-ba0e-41c2-a18b-9ae520365044 service placement] Successfully wrote allocations [, , ] {{(pid=75681) _create_allocations /opt/stack/placement/placement/handlers/allocation.py:435}}
Apr 30 06:51:58.607476 n-d-768509-17 devstack@placement-api.service[75681]: INFO placement.requestlog [req-45faf8f1-a071-4bd9-a315-d2289599b40b req-2d2b1585-ba0e-41c2-a18b-9ae520365044 service placement] 10.222.0.55 "PUT /placement/allocations/64179f32-09ed-4f0f-bbe3-936bd8a30954" status: 204 len: 0 microversion: 1.35
Apr 30 06:51:58.612538 n-d-768509-17 devstack@placement-api.service[75681]: [pid: 75681|app: 0|req: 56/108] 10.222.0.55 () {64 vars in 1433 bytes} [Fri Apr 30 06:51:58 2021] PUT /placement/allocations/64179f32-09ed-4f0f-bbe3-936bd8a30954 => generated 0 bytes in 280 msecs (HTTP/1.1 204) 5 headers in 199 bytes (1 switches on core 0)
Apr 30 06:52:00.139540 n-d-768509-17 devstack@placement-api.service[75680]: DEBUG placement.requestlog [req-45faf8f1-a071-4bd9-a315-d2289599b40b req-fb9328b4-3ce8-45df-9e94-4bafd881c193 None None] Starting request: 10.222.0.58 "GET /placement/allocations/64179f32-09ed-4f0f-bbe3-936bd8a30954" {{(pid=75680) __call__ /opt/stack/placement/placement/requestlog.py:55}}
Apr 30 06:52:00.184182 n-d-768509-17 devstack@placement-api.service[75680]: INFO placement.requestlog [req-45faf8f1-a071-4bd9-a315-d2289599b40b req-fb9328b4-3ce8-45df-9e94-4bafd881c193 service placement] 10.222.0.58 "GET /placement/allocations/64179f32-09ed-4f0f-bbe3-936bd8a30954" status: 200 len: 259 microversion: 1.28
Apr 30 06:52:00.184747 n-d-768509-17 devstack@placement-api.service[75680]: [pid: 75680|app: 0|req: 53/109] 10.222.0.58 () {60 vars in 1378 bytes} [Fri Apr 30 06:52:00 2021] GET /placement/allocations/64179f32-09ed-4f0f-bbe3-936bd8a30954 => generated 259 bytes in 45 msecs (HTTP/1.1 200) 8 headers in 296 bytes (2 switches on core 0)
Apr 30 06:52:01.932979 n-d-768509-17 devstack@placement-api.service[75681]: DEBUG placement.requestlog [req-daa7090b-43a3-4ce6-9e39-b5941d8bf794 req-c74c3b2b-41bd-4280-b696-f0e0f15c3ed1 None None] Starting request: 10.222.0.55 "GET /placement/allocation_candidates?limit=1000&resources=DISK_GB%3A1%2CMEMORY_MB%3A1024%2CVCPU%3A1&root_required=%21COMPUTE_STATUS_DISABLED" {{(pid=75681) __call__ /opt/stack/placement/placement/requestlog.py:55}}
Apr 30 06:52:01.984216 n-d-768509-17 devstack@placement-api.service[75681]: DEBUG placement.objects.research_context [req-daa7090b-43a3-4ce6-9e39-b5941d8bf794 req-c74c3b2b-41bd-4280-b696-f0e0f15c3ed1 service placement] getting providers with 1 DISK_GB {{(pid=75681) __init__ /opt/stack/placement/placement/objects/research_context.py:126}}
Apr 30 06:52:01.992779 n-d-768509-17 devstack@placement-api.service[75681]: DEBUG placement.objects.research_context [req-daa7090b-43a3-4ce6-9e39-b5941d8bf794 req-c74c3b2b-41bd-4280-b696-f0e0f15c3ed1 service placement] getting providers with 1024 MEMORY_MB {{(pid=75681) __init__ /opt/stack/placement/placement/objects/research_context.py:126}}
Apr 30 06:52:02.000263 n-d-768509-17 devstack@placement-api.service[75681]: DEBUG placement.objects.research_context [req-daa7090b-43a3-4ce6-9e39-b5941d8bf794 req-c74c3b2b-41bd-4280-b696-f0e0f15c3ed1 service placement] getting providers with 1 VCPU {{(pid=75681) __init__ /opt/stack/placement/placement/objects/research_context.py:126}}
Apr 30 06:52:02.008358 n-d-768509-17 devstack@placement-api.service[75681]: DEBUG placement.objects.research_context [req-daa7090b-43a3-4ce6-9e39-b5941d8bf794 req-c74c3b2b-41bd-4280-b696-f0e0f15c3ed1 service placement] found 2 providers with available 1 DISK_GB {{(pid=75681) get_provider_ids_matching /opt/stack/placement/placement/objects/research_context.py:549}}
Apr 30 06:52:02.008836 n-d-768509-17 devstack@placement-api.service[75681]: DEBUG placement.objects.research_context [req-daa7090b-43a3-4ce6-9e39-b5941d8bf794 req-c74c3b2b-41bd-4280-b696-f0e0f15c3ed1 service placement] found 2 providers with available 1024 MEMORY_MB {{(pid=75681) get_provider_ids_matching /opt/stack/placement/placement/objects/research_context.py:549}}
Apr 30 06:52:02.009379 n-d-768509-17 devstack@placement-api.service[75681]: DEBUG placement.objects.research_context [req-daa7090b-43a3-4ce6-9e39-b5941d8bf794 req-c74c3b2b-41bd-4280-b696-f0e0f15c3ed1 service placement] found 2 providers after filtering by previous result {{(pid=75681) get_provider_ids_matching /opt/stack/placement/placement/objects/research_context.py:580}}
Apr 30 06:52:02.009797 n-d-768509-17 devstack@placement-api.service[75681]: DEBUG placement.objects.research_context [req-daa7090b-43a3-4ce6-9e39-b5941d8bf794 req-c74c3b2b-41bd-4280-b696-f0e0f15c3ed1 service placement] found 2 providers with available 1 VCPU {{(pid=75681) get_provider_ids_matching /opt/stack/placement/placement/objects/research_context.py:549}}
Apr 30 06:52:02.010270 n-d-768509-17 devstack@placement-api.service[75681]: DEBUG placement.objects.research_context [req-daa7090b-43a3-4ce6-9e39-b5941d8bf794 req-c74c3b2b-41bd-4280-b696-f0e0f15c3ed1 service placement] found 2 providers after filtering by previous result {{(pid=75681) get_provider_ids_matching /opt/stack/placement/placement/objects/research_context.py:580}}
Apr 30 06:52:02.025058 n-d-768509-17 devstack@placement-api.service[75681]: DEBUG placement.objects.allocation_candidate [req-daa7090b-43a3-4ce6-9e39-b5941d8bf794 req-c74c3b2b-41bd-4280-b696-f0e0f15c3ed1 service placement] RequestGroup(use_same_provider=False, resources={DISK_GB:1, MEMORY_MB:1024, VCPU:1}, traits=[], aggregates=[]) (suffix '') returned 2 matches {{(pid=75681) _get_by_requests /opt/stack/placement/placement/objects/allocation_candidate.py:145}}
Apr 30 06:52:02.025885 n-d-768509-17 devstack@placement-api.service[75681]: DEBUG placement.objects.allocation_candidate [req-daa7090b-43a3-4ce6-9e39-b5941d8bf794 req-c74c3b2b-41bd-4280-b696-f0e0f15c3ed1 service placement] Merging candidates yields 2 allocation requests and 2 provider summaries {{(pid=75681) _merge_candidates /opt/stack/placement/placement/objects/allocation_candidate.py:783}}
Apr 30 06:52:02.027569 n-d-768509-17 devstack@placement-api.service[75681]: INFO placement.requestlog [req-daa7090b-43a3-4ce6-9e39-b5941d8bf794 req-c74c3b2b-41bd-4280-b696-f0e0f15c3ed1 service placement] 10.222.0.55 "GET /placement/allocation_candidates?limit=1000&resources=DISK_GB%3A1%2CMEMORY_MB%3A1024%2CVCPU%3A1&root_required=%21COMPUTE_STATUS_DISABLED" status: 200 len: 1309 microversion: 1.35
Apr 30 06:52:02.027975 n-d-768509-17 devstack@placement-api.service[75681]: [pid: 75681|app: 0|req: 57/110] 10.222.0.55 () {60 vars in 1506 bytes} [Fri Apr 30 06:52:01 2021] GET /placement/allocation_candidates?limit=1000&resources=DISK_GB%3A1%2CMEMORY_MB%3A1024%2CVCPU%3A1&root_required=%21COMPUTE_STATUS_DISABLED => generated 1309 bytes in 96 msecs (HTTP/1.1 200) 8 headers in 297 bytes (1 switches on core 0)
Apr 30 06:52:02.117012 n-d-768509-17 devstack@placement-api.service[75680]: DEBUG placement.requestlog [req-daa7090b-43a3-4ce6-9e39-b5941d8bf794 req-f2827d1e-cc92-4d06-8084-78b7d4472b25 None None] Starting request: 10.222.0.55 "GET /placement/allocations/a9853206-c5f2-4ccc-b1aa-9b5fb77e992b" {{(pid=75680) __call__ /opt/stack/placement/placement/requestlog.py:55}}
Apr 30 06:52:02.136616 n-d-768509-17 devstack@placement-api.service[75680]: INFO placement.requestlog [req-daa7090b-43a3-4ce6-9e39-b5941d8bf794 req-f2827d1e-cc92-4d06-8084-78b7d4472b25 service placement] 10.222.0.55 "GET /placement/allocations/a9853206-c5f2-4ccc-b1aa-9b5fb77e992b" status: 200 len: 19 microversion: 1.28
Apr 30 06:52:02.140170 n-d-768509-17 devstack@placement-api.service[75680]: [pid: 75680|app: 0|req: 54/111] 10.222.0.55 () {60 vars in 1380 bytes} [Fri Apr 30 06:52:02 2021] GET /placement/allocations/a9853206-c5f2-4ccc-b1aa-9b5fb77e992b => generated 19 bytes in 23 msecs (HTTP/1.1 200) 8 headers in 295 bytes (1 switches on core 0)
Apr 30 06:52:02.146990 n-d-768509-17 devstack@placement-api.service[75681]: DEBUG placement.requestlog [req-daa7090b-43a3-4ce6-9e39-b5941d8bf794 req-e422aa2c-24d2-4dec-a909-56a10f967a4e None None] Starting request: 10.222.0.55 "PUT /placement/allocations/a9853206-c5f2-4ccc-b1aa-9b5fb77e992b" {{(pid=75681) __call__ /opt/stack/placement/placement/requestlog.py:55}}
Apr 30 06:52:02.335027 n-d-768509-17 devstack@placement-api.service[75680]: DEBUG placement.requestlog [req-731e65ac-42a8-4465-8440-51071288b6ba req-06edee82-98e0-44cb-8416-97db56495c84 None None] Starting request: 10.222.0.58 "GET /placement/allocations/c2b78dae-e105-4099-8539-70fc12f1d4c4" {{(pid=75680) __call__ /opt/stack/placement/placement/requestlog.py:55}}
Apr 30 06:52:02.354293 n-d-768509-17 devstack@placement-api.service[75680]: INFO placement.requestlog [req-731e65ac-42a8-4465-8440-51071288b6ba req-06edee82-98e0-44cb-8416-97db56495c84 service placement] 10.222.0.58 "GET /placement/allocations/c2b78dae-e105-4099-8539-70fc12f1d4c4" status: 200 len: 259 microversion: 1.28
Apr 30 06:52:02.354843 n-d-768509-17 devstack@placement-api.service[75680]: [pid: 75680|app: 0|req: 55/112] 10.222.0.58 () {60 vars in 1378 bytes} [Fri Apr 30 06:52:02 2021] GET /placement/allocations/c2b78dae-e105-4099-8539-70fc12f1d4c4 => generated 259 bytes in 20 msecs (HTTP/1.1 200) 8 headers in 296 bytes (2 switches on core 0)
Apr 30 06:52:02.361867 n-d-768509-17 devstack@placement-api.service[75680]: DEBUG placement.requestlog [req-731e65ac-42a8-4465-8440-51071288b6ba req-a5f5ce7c-21e5-42b8-921e-a730cc5d4060 None None] Starting request: 10.222.0.58 "PUT /placement/allocations/c2b78dae-e105-4099-8539-70fc12f1d4c4" {{(pid=75680) __call__ /opt/stack/placement/placement/requestlog.py:55}}
Apr 30 06:52:02.467966 n-d-768509-17 devstack@placement-api.service[75680]: DEBUG placement.handlers.allocation [req-731e65ac-42a8-4465-8440-51071288b6ba req-a5f5ce7c-21e5-42b8-921e-a730cc5d4060 service placement] Successfully wrote allocations [, , ] {{(pid=75680) _create_allocations /opt/stack/placement/placement/handlers/allocation.py:435}}
Apr 30 06:52:02.467966 n-d-768509-17 devstack@placement-api.service[75680]: INFO placement.requestlog [req-731e65ac-42a8-4465-8440-51071288b6ba req-a5f5ce7c-21e5-42b8-921e-a730cc5d4060 service placement] 10.222.0.58 "PUT /placement/allocations/c2b78dae-e105-4099-8539-70fc12f1d4c4" status: 204 len: 0 microversion: 1.28
Apr 30 06:52:02.467966 n-d-768509-17 devstack@placement-api.service[75680]: [pid: 75680|app: 0|req: 56/113] 10.222.0.58 () {64 vars in 1431 bytes} [Fri Apr 30 06:52:02 2021] PUT /placement/allocations/c2b78dae-e105-4099-8539-70fc12f1d4c4 => generated 0 bytes in 106 msecs (HTTP/1.1 204) 5 headers in 199 bytes (2 switches on core 0)
Apr 30 06:52:02.609415 n-d-768509-17 devstack@placement-api.service[75681]: DEBUG placement.handlers.allocation [req-daa7090b-43a3-4ce6-9e39-b5941d8bf794 req-e422aa2c-24d2-4dec-a909-56a10f967a4e service placement] Successfully wrote allocations [, , ] {{(pid=75681) _create_allocations /opt/stack/placement/placement/handlers/allocation.py:435}}
Apr 30 06:52:02.611017 n-d-768509-17 devstack@placement-api.service[75681]: INFO placement.requestlog [req-daa7090b-43a3-4ce6-9e39-b5941d8bf794 req-e422aa2c-24d2-4dec-a909-56a10f967a4e service placement] 10.222.0.55 "PUT /placement/allocations/a9853206-c5f2-4ccc-b1aa-9b5fb77e992b" status: 204 len: 0 microversion: 1.35
Apr 30 06:52:02.612508 n-d-768509-17 devstack@placement-api.service[75681]: [pid: 75681|app: 0|req: 58/114] 10.222.0.55 () {64 vars in 1433 bytes} [Fri Apr 30 06:52:02 2021] PUT /placement/allocations/a9853206-c5f2-4ccc-b1aa-9b5fb77e992b => generated 0 bytes in 465 msecs (HTTP/1.1 204) 5 headers in 199 bytes (2 switches on core 0)
Apr 30 06:52:03.477921 n-d-768509-17 devstack@placement-api.service[75680]: DEBUG placement.requestlog [req-cf6ad9a8-c11b-4d9a-9697-d5aafb3aada7 req-21f711ca-dbad-47c7-9745-a7a8ee103180 None None] Starting request: 10.222.0.55 "GET /placement/resource_providers?name=n-h1-768509-17" {{(pid=75680) __call__ /opt/stack/placement/placement/requestlog.py:55}}
Apr 30 06:52:03.495234 n-d-768509-17 devstack@placement-api.service[75680]: INFO placement.requestlog [req-cf6ad9a8-c11b-4d9a-9697-d5aafb3aada7 req-21f711ca-dbad-47c7-9745-a7a8ee103180 service placement] 10.222.0.55 "GET /placement/resource_providers?name=n-h1-768509-17" status: 200 len: 442 microversion: 1.0
Apr 30 06:52:03.500277 n-d-768509-17 devstack@placement-api.service[75680]: [pid: 75680|app: 0|req: 57/115] 10.222.0.55 () {58 vars in 1276 bytes} [Fri Apr 30 06:52:03 2021] GET /placement/resource_providers?name=n-h1-768509-17 => generated 442 bytes in 21 msecs (HTTP/1.1 200) 6 headers in 224 bytes (1 switches on core 0)
Apr 30 06:52:03.505823 n-d-768509-17 devstack@placement-api.service[75681]: DEBUG placement.requestlog [req-cf6ad9a8-c11b-4d9a-9697-d5aafb3aada7 req-87326e37-a0c8-4627-bae0-25eb1ddb7a68 None None] Starting request: 10.222.0.55 "GET /placement/resource_providers/7655d215-0e16-4957-bcc5-28026efab4e2/aggregates" {{(pid=75681) __call__ /opt/stack/placement/placement/requestlog.py:55}}
Apr 30 06:52:03.527478 n-d-768509-17 devstack@placement-api.service[75681]: INFO placement.requestlog [req-cf6ad9a8-c11b-4d9a-9697-d5aafb3aada7 req-87326e37-a0c8-4627-bae0-25eb1ddb7a68 service placement] 10.222.0.55 "GET /placement/resource_providers/7655d215-0e16-4957-bcc5-28026efab4e2/aggregates" status: 200 len: 54 microversion: 1.19
Apr 30 06:52:03.528151 n-d-768509-17 devstack@placement-api.service[75681]: [pid: 75681|app: 0|req: 59/116] 10.222.0.55 () {60 vars in 1425 bytes} [Fri Apr 30 06:52:03 2021] GET /placement/resource_providers/7655d215-0e16-4957-bcc5-28026efab4e2/aggregates => generated 54 bytes in 23 msecs (HTTP/1.1 200) 8 headers in 295 bytes (2 switches on core 0)
Apr 30 06:52:03.535733 n-d-768509-17 devstack@placement-api.service[75680]: DEBUG placement.requestlog [req-cf6ad9a8-c11b-4d9a-9697-d5aafb3aada7 req-ec87d3c1-d474-45a8-b6c6-77e2f8d02c3e None None] Starting request: 10.222.0.55 "PUT /placement/resource_providers/7655d215-0e16-4957-bcc5-28026efab4e2/aggregates" {{(pid=75680) __call__ /opt/stack/placement/placement/requestlog.py:55}}
Apr 30 06:52:03.567054 n-d-768509-17 devstack@placement-api.service[75680]: DEBUG placement.objects.resource_provider [req-cf6ad9a8-c11b-4d9a-9697-d5aafb3aada7 req-ec87d3c1-d474-45a8-b6c6-77e2f8d02c3e service placement] _ensure_aggregate() did not find aggregate 1eab4cf8-9b36-4ca3-813b-07ad776ec68d. Attempting to create it. {{(pid=75680) _ensure_aggregate /opt/stack/placement/placement/objects/resource_provider.py:319}}
Apr 30 06:52:03.568592 n-d-768509-17 devstack@placement-api.service[75680]: DEBUG placement.objects.resource_provider [req-cf6ad9a8-c11b-4d9a-9697-d5aafb3aada7 req-ec87d3c1-d474-45a8-b6c6-77e2f8d02c3e service placement] _ensure_aggregate() created new aggregate 1eab4cf8-9b36-4ca3-813b-07ad776ec68d (id=7). {{(pid=75680) _ensure_aggregate /opt/stack/placement/placement/objects/resource_provider.py:325}}
Apr 30 06:52:03.570248 n-d-768509-17 devstack@placement-api.service[75680]: DEBUG placement.objects.resource_provider [req-cf6ad9a8-c11b-4d9a-9697-d5aafb3aada7 req-ec87d3c1-d474-45a8-b6c6-77e2f8d02c3e service placement] Setting aggregates for provider 7655d215-0e16-4957-bcc5-28026efab4e2. Successfully associated aggregate 1eab4cf8-9b36-4ca3-813b-07ad776ec68d. {{(pid=75680) _set_aggregates /opt/stack/placement/placement/objects/resource_provider.py:387}}
Apr 30 06:52:03.633404 n-d-768509-17 devstack@placement-api.service[75680]: INFO placement.requestlog [req-cf6ad9a8-c11b-4d9a-9697-d5aafb3aada7 req-ec87d3c1-d474-45a8-b6c6-77e2f8d02c3e service placement] 10.222.0.55 "PUT /placement/resource_providers/7655d215-0e16-4957-bcc5-28026efab4e2/aggregates" status: 200 len: 92 microversion: 1.19
Apr 30 06:52:03.634128 n-d-768509-17 devstack@placement-api.service[75680]: [pid: 75680|app: 0|req: 58/117] 10.222.0.55 () {64 vars in 1477 bytes} [Fri Apr 30 06:52:03 2021] PUT /placement/resource_providers/7655d215-0e16-4957-bcc5-28026efab4e2/aggregates => generated 92 bytes in 98 msecs (HTTP/1.1 200) 8 headers in 295 bytes (2 switches on core 0)
Apr 30 06:52:03.811136 n-d-768509-17 devstack@placement-api.service[75681]: DEBUG placement.requestlog [req-8c8c5c57-952a-4b82-8340-680252dfdd3b req-d9f4cfe4-3b72-4a61-9283-1e8e7ff2b4c6 None None] Starting request: 10.222.0.55 "GET /placement/resource_providers?name=n-h1-768509-17" {{(pid=75681) __call__ /opt/stack/placement/placement/requestlog.py:55}}
Apr 30 06:52:03.829338 n-d-768509-17 devstack@placement-api.service[75681]: INFO placement.requestlog [req-8c8c5c57-952a-4b82-8340-680252dfdd3b req-d9f4cfe4-3b72-4a61-9283-1e8e7ff2b4c6 service placement] 10.222.0.55 "GET /placement/resource_providers?name=n-h1-768509-17" status: 200 len: 442 microversion: 1.0
Apr 30 06:52:03.833541 n-d-768509-17 devstack@placement-api.service[75681]: [pid: 75681|app: 0|req: 60/118] 10.222.0.55 () {58 vars in 1276 bytes} [Fri Apr 30 06:52:03 2021] GET /placement/resource_providers?name=n-h1-768509-17 => generated 442 bytes in 23 msecs (HTTP/1.1 200) 6 headers in 224 bytes (1 switches on core 0)
Apr 30 06:52:03.837681 n-d-768509-17 devstack@placement-api.service[75680]: DEBUG placement.requestlog [req-8c8c5c57-952a-4b82-8340-680252dfdd3b req-37a9c8f7-32dd-4aee-8f02-085b6f2c9e19 None None] Starting request: 10.222.0.55 "GET /placement/resource_providers/7655d215-0e16-4957-bcc5-28026efab4e2/aggregates" {{(pid=75680) __call__ /opt/stack/placement/placement/requestlog.py:55}}
Apr 30 06:52:03.858794 n-d-768509-17 devstack@placement-api.service[75680]: INFO placement.requestlog [req-8c8c5c57-952a-4b82-8340-680252dfdd3b req-37a9c8f7-32dd-4aee-8f02-085b6f2c9e19 service placement] 10.222.0.55 "GET /placement/resource_providers/7655d215-0e16-4957-bcc5-28026efab4e2/aggregates" status: 200 len: 92 microversion: 1.19
Apr 30 06:52:03.859362 n-d-768509-17 devstack@placement-api.service[75680]: [pid: 75680|app: 0|req: 59/119] 10.222.0.55 () {60 vars in 1425 bytes} [Fri Apr 30 06:52:03 2021] GET /placement/resource_providers/7655d215-0e16-4957-bcc5-28026efab4e2/aggregates => generated 92 bytes in 22 msecs (HTTP/1.1 200) 8 headers in 295 bytes (1 switches on core 0)
Apr 30 06:52:03.867995 n-d-768509-17 devstack@placement-api.service[75681]: DEBUG placement.requestlog [req-8c8c5c57-952a-4b82-8340-680252dfdd3b req-f3137b4d-8781-4b0e-9dab-58633b71cfdd None None] Starting request: 10.222.0.55 "PUT /placement/resource_providers/7655d215-0e16-4957-bcc5-28026efab4e2/aggregates" {{(pid=75681) __call__ /opt/stack/placement/placement/requestlog.py:55}}
Apr 30 06:52:03.883393 n-d-768509-17 devstack@placement-api.service[75681]: DEBUG placement.objects.resource_provider [req-8c8c5c57-952a-4b82-8340-680252dfdd3b req-f3137b4d-8781-4b0e-9dab-58633b71cfdd service placement] Setting aggregates for provider 7655d215-0e16-4957-bcc5-28026efab4e2. Successfully disassociated aggregate 1eab4cf8-9b36-4ca3-813b-07ad776ec68d. {{(pid=75681) _set_aggregates /opt/stack/placement/placement/objects/resource_provider.py:402}}
Apr 30 06:52:03.959959 n-d-768509-17 devstack@placement-api.service[75680]: DEBUG placement.requestlog [req-daa7090b-43a3-4ce6-9e39-b5941d8bf794 req-9e0b8398-912e-41c4-aa9d-09f019e38510 None None] Starting request: 10.222.0.46 "GET /placement/allocations/a9853206-c5f2-4ccc-b1aa-9b5fb77e992b" {{(pid=75680) __call__ /opt/stack/placement/placement/requestlog.py:55}}
Apr 30 06:52:03.981823 n-d-768509-17 devstack@placement-api.service[75680]: INFO placement.requestlog [req-daa7090b-43a3-4ce6-9e39-b5941d8bf794 req-9e0b8398-912e-41c4-aa9d-09f019e38510 service placement] 10.222.0.46 "GET /placement/allocations/a9853206-c5f2-4ccc-b1aa-9b5fb77e992b" status: 200 len: 258 microversion: 1.28
Apr 30 06:52:03.994365 n-d-768509-17 devstack@placement-api.service[75680]: [pid: 75680|app: 0|req: 60/120] 10.222.0.46 () {60 vars in 1378 bytes} [Fri Apr 30 06:52:03 2021] GET /placement/allocations/a9853206-c5f2-4ccc-b1aa-9b5fb77e992b => generated 258 bytes in 23 msecs (HTTP/1.1 200) 8 headers in 296 bytes (2 switches on core 0)
Apr 30 06:52:04.028230 n-d-768509-17 devstack@placement-api.service[75681]: INFO placement.requestlog [req-8c8c5c57-952a-4b82-8340-680252dfdd3b req-f3137b4d-8781-4b0e-9dab-58633b71cfdd service placement] 10.222.0.55 "PUT /placement/resource_providers/7655d215-0e16-4957-bcc5-28026efab4e2/aggregates" status: 200 len: 54 microversion: 1.19
Apr 30 06:52:04.028753 n-d-768509-17 devstack@placement-api.service[75681]: [pid: 75681|app: 0|req: 61/121] 10.222.0.55 () {64 vars in 1477 bytes} [Fri Apr 30 06:52:03 2021] PUT /placement/resource_providers/7655d215-0e16-4957-bcc5-28026efab4e2/aggregates => generated 54 bytes in 161 msecs (HTTP/1.1 200) 8 headers in 295 bytes (1 switches on core 0)
Apr 30 06:52:05.079027 n-d-768509-17 devstack@placement-api.service[75680]: DEBUG placement.requestlog [req-da41dcb1-9b69-4efd-ac42-54522ebf22d5 req-9783268d-8d55-4f40-8ba6-cac8f319b4ab None None] Starting request: 10.222.0.55 "GET /placement/allocation_candidates?limit=1000&resources=DISK_GB%3A1%2CMEMORY_MB%3A1024%2CVCPU%3A1&root_required=%21COMPUTE_STATUS_DISABLED" {{(pid=75680) __call__ /opt/stack/placement/placement/requestlog.py:55}}
Apr 30 06:52:05.135812 n-d-768509-17 devstack@placement-api.service[75680]: DEBUG placement.objects.research_context [req-da41dcb1-9b69-4efd-ac42-54522ebf22d5 req-9783268d-8d55-4f40-8ba6-cac8f319b4ab service placement] getting providers with 1 DISK_GB {{(pid=75680) __init__ /opt/stack/placement/placement/objects/research_context.py:126}}
Apr 30 06:52:05.152271 n-d-768509-17 devstack@placement-api.service[75680]: DEBUG placement.objects.research_context [req-da41dcb1-9b69-4efd-ac42-54522ebf22d5 req-9783268d-8d55-4f40-8ba6-cac8f319b4ab service placement] getting providers with 1024 MEMORY_MB {{(pid=75680) __init__ /opt/stack/placement/placement/objects/research_context.py:126}}
Apr 30 06:52:05.167118 n-d-768509-17 devstack@placement-api.service[75680]: DEBUG placement.objects.research_context [req-da41dcb1-9b69-4efd-ac42-54522ebf22d5 req-9783268d-8d55-4f40-8ba6-cac8f319b4ab service placement] getting providers with 1 VCPU {{(pid=75680) __init__ /opt/stack/placement/placement/objects/research_context.py:126}}
Apr 30 06:52:05.175890 n-d-768509-17 devstack@placement-api.service[75680]: DEBUG placement.objects.research_context [req-da41dcb1-9b69-4efd-ac42-54522ebf22d5 req-9783268d-8d55-4f40-8ba6-cac8f319b4ab service placement] found 2 providers with available 1 DISK_GB {{(pid=75680) get_provider_ids_matching /opt/stack/placement/placement/objects/research_context.py:549}}
Apr 30 06:52:05.178617 n-d-768509-17 devstack@placement-api.service[75680]: DEBUG placement.objects.research_context [req-da41dcb1-9b69-4efd-ac42-54522ebf22d5 req-9783268d-8d55-4f40-8ba6-cac8f319b4ab service placement] found 2 providers with available 1024 MEMORY_MB {{(pid=75680) get_provider_ids_matching /opt/stack/placement/placement/objects/research_context.py:549}}
Apr 30 06:52:05.178617 n-d-768509-17 devstack@placement-api.service[75680]: DEBUG placement.objects.research_context [req-da41dcb1-9b69-4efd-ac42-54522ebf22d5 req-9783268d-8d55-4f40-8ba6-cac8f319b4ab service placement] found 2 providers after filtering by previous result {{(pid=75680) get_provider_ids_matching /opt/stack/placement/placement/objects/research_context.py:580}}
Apr 30 06:52:05.178617 n-d-768509-17 devstack@placement-api.service[75680]: DEBUG placement.objects.research_context [req-da41dcb1-9b69-4efd-ac42-54522ebf22d5 req-9783268d-8d55-4f40-8ba6-cac8f319b4ab service placement] found 2 providers with available 1 VCPU {{(pid=75680) get_provider_ids_matching /opt/stack/placement/placement/objects/research_context.py:549}}
Apr 30 06:52:05.178617 n-d-768509-17 devstack@placement-api.service[75680]: DEBUG placement.objects.research_context [req-da41dcb1-9b69-4efd-ac42-54522ebf22d5 req-9783268d-8d55-4f40-8ba6-cac8f319b4ab service placement] found 2 providers after filtering by previous result {{(pid=75680) get_provider_ids_matching /opt/stack/placement/placement/objects/research_context.py:580}}
Apr 30 06:52:05.200979 n-d-768509-17 devstack@placement-api.service[75680]: DEBUG placement.objects.allocation_candidate [req-da41dcb1-9b69-4efd-ac42-54522ebf22d5 req-9783268d-8d55-4f40-8ba6-cac8f319b4ab service placement] RequestGroup(use_same_provider=False, resources={DISK_GB:1, MEMORY_MB:1024, VCPU:1}, traits=[], aggregates=[]) (suffix '') returned 2 matches {{(pid=75680) _get_by_requests /opt/stack/placement/placement/objects/allocation_candidate.py:145}}
Apr 30 06:52:05.201626 n-d-768509-17 devstack@placement-api.service[75680]: DEBUG placement.objects.allocation_candidate [req-da41dcb1-9b69-4efd-ac42-54522ebf22d5 req-9783268d-8d55-4f40-8ba6-cac8f319b4ab service placement] Merging candidates yields 2 allocation requests and 2 provider summaries {{(pid=75680) _merge_candidates /opt/stack/placement/placement/objects/allocation_candidate.py:783}}
Apr 30 06:52:05.203507 n-d-768509-17 devstack@placement-api.service[75680]: INFO placement.requestlog [req-da41dcb1-9b69-4efd-ac42-54522ebf22d5 req-9783268d-8d55-4f40-8ba6-cac8f319b4ab service placement] 10.222.0.55 "GET /placement/allocation_candidates?limit=1000&resources=DISK_GB%3A1%2CMEMORY_MB%3A1024%2CVCPU%3A1&root_required=%21COMPUTE_STATUS_DISABLED" status: 200 len: 1309 microversion: 1.35
Apr 30 06:52:05.204772 n-d-768509-17 devstack@placement-api.service[75680]: [pid: 75680|app: 0|req: 61/122] 10.222.0.55 () {60 vars in 1506 bytes} [Fri Apr 30 06:52:05 2021] GET /placement/allocation_candidates?limit=1000&resources=DISK_GB%3A1%2CMEMORY_MB%3A1024%2CVCPU%3A1&root_required=%21COMPUTE_STATUS_DISABLED => generated 1309 bytes in 126 msecs (HTTP/1.1 200) 8 headers in 297 bytes (1 switches on core 0)
Apr 30 06:52:05.326763 n-d-768509-17 devstack@placement-api.service[75681]: DEBUG placement.requestlog [req-da41dcb1-9b69-4efd-ac42-54522ebf22d5 req-ccb0a45b-65bd-410f-8e25-42ffcf653d8e None None] Starting request: 10.222.0.55 "GET /placement/allocations/d89c639a-0faa-48ff-9c7e-3b6d6de4ca27" {{(pid=75681) __call__ /opt/stack/placement/placement/requestlog.py:55}}
