Apr 30 06:53:41.801962 n-d-768509-17 devstack@placement-api.service[75680]: DEBUG placement.requestlog [req-dd3a5da6-a436-4fd0-b719-ce0c171ab7c9 req-d072903f-a5ff-4f74-ad3b-ec81157c1a01 None None] Starting request: 10.222.0.58 "GET /placement/resource_providers?in_tree=7655d215-0e16-4957-bcc5-28026efab4e2" {{(pid=75680) __call__ /opt/stack/placement/placement/requestlog.py:55}}
Apr 30 06:53:41.846941 n-d-768509-17 devstack@placement-api.service[75680]: INFO placement.requestlog [req-dd3a5da6-a436-4fd0-b719-ce0c171ab7c9 req-d072903f-a5ff-4f74-ad3b-ec81157c1a01 service placement] 10.222.0.58 "GET /placement/resource_providers?in_tree=7655d215-0e16-4957-bcc5-28026efab4e2" status: 200 len: 864 microversion: 1.14
Apr 30 06:53:41.847338 n-d-768509-17 devstack@placement-api.service[75680]: [pid: 75680|app: 0|req: 94/187] 10.222.0.58 () {60 vars in 1377 bytes} [Fri Apr 30 06:53:41 2021] GET /placement/resource_providers?in_tree=7655d215-0e16-4957-bcc5-28026efab4e2 => generated 864 bytes in 46 msecs (HTTP/1.1 200) 6 headers in 225 bytes (1 switches on core 0)
Apr 30 06:53:41.865863 n-d-768509-17 devstack@placement-api.service[75681]: DEBUG placement.requestlog [req-dd3a5da6-a436-4fd0-b719-ce0c171ab7c9 req-996fb1a9-394c-4e9c-ba3f-6235da937213 None None] Starting request: 10.222.0.58 "GET /placement/resource_providers/7655d215-0e16-4957-bcc5-28026efab4e2/inventories" {{(pid=75681) __call__ /opt/stack/placement/placement/requestlog.py:55}}
Apr 30 06:53:41.901628 n-d-768509-17 devstack@placement-api.service[75681]: INFO placement.requestlog [req-dd3a5da6-a436-4fd0-b719-ce0c171ab7c9 req-996fb1a9-394c-4e9c-ba3f-6235da937213 service placement] 10.222.0.58 "GET /placement/resource_providers/7655d215-0e16-4957-bcc5-28026efab4e2/inventories" status: 200 len: 398 microversion: 1.0
Apr 30 06:53:41.902273 n-d-768509-17 devstack@placement-api.service[75681]: [pid: 75681|app: 0|req: 94/188] 10.222.0.58 () {58 vars in 1391 bytes} [Fri Apr 30 06:53:41 2021] GET /placement/resource_providers/7655d215-0e16-4957-bcc5-28026efab4e2/inventories => generated 398 bytes in 43 msecs (HTTP/1.1 200) 6 headers in 224 bytes (1 switches on core 0)
Apr 30 06:53:41.910345 n-d-768509-17 devstack@placement-api.service[75680]: DEBUG placement.requestlog [req-dd3a5da6-a436-4fd0-b719-ce0c171ab7c9 req-cd05cea8-95e0-4fad-ab3c-acdf8beaa9f2 None None] Starting request: 10.222.0.58 "GET /placement/resource_providers/7655d215-0e16-4957-bcc5-28026efab4e2/aggregates" {{(pid=75680) __call__ /opt/stack/placement/placement/requestlog.py:55}}
Apr 30 06:53:41.928027 n-d-768509-17 devstack@placement-api.service[75680]: INFO placement.requestlog [req-dd3a5da6-a436-4fd0-b719-ce0c171ab7c9 req-cd05cea8-95e0-4fad-ab3c-acdf8beaa9f2 service placement] 10.222.0.58 "GET /placement/resource_providers/7655d215-0e16-4957-bcc5-28026efab4e2/aggregates" status: 200 len: 54 microversion: 1.19
Apr 30 06:53:41.930331 n-d-768509-17 devstack@placement-api.service[75680]: [pid: 75680|app: 0|req: 95/189] 10.222.0.58 () {60 vars in 1432 bytes} [Fri Apr 30 06:53:41 2021] GET /placement/resource_providers/7655d215-0e16-4957-bcc5-28026efab4e2/aggregates => generated 54 bytes in 20 msecs (HTTP/1.1 200) 8 headers in 295 bytes (1 switches on core 0)
Apr 30 06:53:41.937124 n-d-768509-17 devstack@placement-api.service[75681]: DEBUG placement.requestlog [req-dd3a5da6-a436-4fd0-b719-ce0c171ab7c9 req-e917d262-ff7b-4953-909f-3f258e77b9e0 None None] Starting request: 10.222.0.58 "GET /placement/resource_providers/7655d215-0e16-4957-bcc5-28026efab4e2/traits" {{(pid=75681) __call__ /opt/stack/placement/placement/requestlog.py:55}}
Apr 30 06:53:41.964230 n-d-768509-17 devstack@placement-api.service[75681]: INFO placement.requestlog [req-dd3a5da6-a436-4fd0-b719-ce0c171ab7c9 req-e917d262-ff7b-4953-909f-3f258e77b9e0 service placement] 10.222.0.58 "GET /placement/resource_providers/7655d215-0e16-4957-bcc5-28026efab4e2/traits" status: 200 len: 212 microversion: 1.6
Apr 30 06:53:41.964961 n-d-768509-17 devstack@placement-api.service[75681]: [pid: 75681|app: 0|req: 95/190] 10.222.0.58 () {60 vars in 1419 bytes} [Fri Apr 30 06:53:41 2021] GET /placement/resource_providers/7655d215-0e16-4957-bcc5-28026efab4e2/traits => generated 212 bytes in 28 msecs (HTTP/1.1 200) 6 headers in 224 bytes (1 switches on core 0)
Apr 30 06:53:42.072003 n-d-768509-17 devstack@placement-api.service[75680]: DEBUG placement.requestlog [req-1ce5ff78-0d5c-4385-bbb7-5f680e9995f2 req-f15ccdda-d647-427a-a755-8d90e812d3e3 None None] Starting request: 10.222.0.46 "GET /placement/resource_providers/9073becf-ee3e-485c-934c-11441bb96b58/allocations" {{(pid=75680) __call__ /opt/stack/placement/placement/requestlog.py:55}}
Apr 30 06:53:42.384362 n-d-768509-17 devstack@placement-api.service[75680]: INFO placement.requestlog [req-1ce5ff78-0d5c-4385-bbb7-5f680e9995f2 req-f15ccdda-d647-427a-a755-8d90e812d3e3 service placement] 10.222.0.46 "GET /placement/resource_providers/9073becf-ee3e-485c-934c-11441bb96b58/allocations" status: 200 len: 558 microversion: 1.0
Apr 30 06:53:42.385362 n-d-768509-17 devstack@placement-api.service[75680]: [pid: 75680|app: 0|req: 96/191] 10.222.0.46 () {58 vars in 1391 bytes} [Fri Apr 30 06:53:42 2021] GET /placement/resource_providers/9073becf-ee3e-485c-934c-11441bb96b58/allocations => generated 558 bytes in 314 msecs (HTTP/1.1 200) 6 headers in 224 bytes (1 switches on core 0)
Apr 30 06:53:42.488759 n-d-768509-17 devstack@placement-api.service[75681]: DEBUG placement.requestlog [req-1ce5ff78-0d5c-4385-bbb7-5f680e9995f2 req-eb633c6d-d85c-4a4b-8160-644a55c2910b None None] Starting request: 10.222.0.46 "GET /placement/resource_providers?in_tree=9073becf-ee3e-485c-934c-11441bb96b58" {{(pid=75681) __call__ /opt/stack/placement/placement/requestlog.py:55}}
Apr 30 06:53:42.513366 n-d-768509-17 devstack@placement-api.service[75681]: INFO placement.requestlog [req-1ce5ff78-0d5c-4385-bbb7-5f680e9995f2 req-eb633c6d-d85c-4a4b-8160-644a55c2910b service placement] 10.222.0.46 "GET /placement/resource_providers?in_tree=9073becf-ee3e-485c-934c-11441bb96b58" status: 200 len: 864 microversion: 1.14
Apr 30 06:53:42.513366 n-d-768509-17 devstack@placement-api.service[75681]: [pid: 75681|app: 0|req: 96/192] 10.222.0.46 () {60 vars in 1377 bytes} [Fri Apr 30 06:53:42 2021] GET /placement/resource_providers?in_tree=9073becf-ee3e-485c-934c-11441bb96b58 => generated 864 bytes in 25 msecs (HTTP/1.1 200) 6 headers in 225 bytes (1 switches on core 0)
Apr 30 06:53:42.521265 n-d-768509-17 devstack@placement-api.service[75680]: DEBUG placement.requestlog [req-1ce5ff78-0d5c-4385-bbb7-5f680e9995f2 req-f6f308ce-6358-4717-94b8-c8015b60b2f6 None None] Starting request: 10.222.0.46 "GET /placement/resource_providers/9073becf-ee3e-485c-934c-11441bb96b58/inventories" {{(pid=75680) __call__ /opt/stack/placement/placement/requestlog.py:55}}
Apr 30 06:53:42.542813 n-d-768509-17 devstack@placement-api.service[75680]: INFO placement.requestlog [req-1ce5ff78-0d5c-4385-bbb7-5f680e9995f2 req-f6f308ce-6358-4717-94b8-c8015b60b2f6 service placement] 10.222.0.46 "GET /placement/resource_providers/9073becf-ee3e-485c-934c-11441bb96b58/inventories" status: 200 len: 398 microversion: 1.0
Apr 30 06:53:42.543613 n-d-768509-17 devstack@placement-api.service[75680]: [pid: 75680|app: 0|req: 97/193] 10.222.0.46 () {58 vars in 1391 bytes} [Fri Apr 30 06:53:42 2021] GET /placement/resource_providers/9073becf-ee3e-485c-934c-11441bb96b58/inventories => generated 398 bytes in 23 msecs (HTTP/1.1 200) 6 headers in 224 bytes (1 switches on core 0)
Apr 30 06:53:42.554474 n-d-768509-17 devstack@placement-api.service[75681]: DEBUG placement.requestlog [req-1ce5ff78-0d5c-4385-bbb7-5f680e9995f2 req-8568cf93-1eb7-4710-b453-a0052b438acc None None] Starting request: 10.222.0.46 "GET /placement/resource_providers/9073becf-ee3e-485c-934c-11441bb96b58/aggregates" {{(pid=75681) __call__ /opt/stack/placement/placement/requestlog.py:55}}
Apr 30 06:53:42.578039 n-d-768509-17 devstack@placement-api.service[75681]: INFO placement.requestlog [req-1ce5ff78-0d5c-4385-bbb7-5f680e9995f2 req-8568cf93-1eb7-4710-b453-a0052b438acc service placement] 10.222.0.46 "GET /placement/resource_providers/9073becf-ee3e-485c-934c-11441bb96b58/aggregates" status: 200 len: 54 microversion: 1.19
Apr 30 06:53:42.579307 n-d-768509-17 devstack@placement-api.service[75681]: [pid: 75681|app: 0|req: 97/194] 10.222.0.46 () {60 vars in 1432 bytes} [Fri Apr 30 06:53:42 2021] GET /placement/resource_providers/9073becf-ee3e-485c-934c-11441bb96b58/aggregates => generated 54 bytes in 26 msecs (HTTP/1.1 200) 8 headers in 295 bytes (1 switches on core 0)
Apr 30 06:53:42.586798 n-d-768509-17 devstack@placement-api.service[75680]: DEBUG placement.requestlog [req-1ce5ff78-0d5c-4385-bbb7-5f680e9995f2 req-3ce21fa1-eb45-4569-a8de-137c24546c7f None None] Starting request: 10.222.0.46 "GET /placement/resource_providers/9073becf-ee3e-485c-934c-11441bb96b58/traits" {{(pid=75680) __call__ /opt/stack/placement/placement/requestlog.py:55}}
Apr 30 06:53:42.615107 n-d-768509-17 devstack@placement-api.service[75680]: INFO placement.requestlog [req-1ce5ff78-0d5c-4385-bbb7-5f680e9995f2 req-3ce21fa1-eb45-4569-a8de-137c24546c7f service placement] 10.222.0.46 "GET /placement/resource_providers/9073becf-ee3e-485c-934c-11441bb96b58/traits" status: 200 len: 212 microversion: 1.6
Apr 30 06:53:42.615621 n-d-768509-17 devstack@placement-api.service[75680]: [pid: 75680|app: 0|req: 98/195] 10.222.0.46 () {60 vars in 1419 bytes} [Fri Apr 30 06:53:42 2021] GET /placement/resource_providers/9073becf-ee3e-485c-934c-11441bb96b58/traits => generated 212 bytes in 29 msecs (HTTP/1.1 200) 6 headers in 224 bytes (2 switches on core 0)
Apr 30 06:53:53.093228 n-d-768509-17 devstack@placement-api.service[75681]: DEBUG placement.requestlog [req-52f5e17c-4500-4c87-a9b1-532931cecf70 req-c9b84474-b02b-4ba0-8115-d7c14cec9a97 None None] Starting request: 10.222.0.55 "GET /placement/allocation_candidates?resources=DISK_GB%3A1%2CMEMORY_MB%3A1024%2CVCPU%3A1&root_required=%21COMPUTE_STATUS_DISABLED" {{(pid=75681) __call__ /opt/stack/placement/placement/requestlog.py:55}}
Apr 30 06:53:53.170463 n-d-768509-17 devstack@placement-api.service[75681]: DEBUG placement.objects.research_context [req-52f5e17c-4500-4c87-a9b1-532931cecf70 req-c9b84474-b02b-4ba0-8115-d7c14cec9a97 service placement] getting providers with 1 DISK_GB {{(pid=75681) __init__ /opt/stack/placement/placement/objects/research_context.py:126}}
Apr 30 06:53:53.204702 n-d-768509-17 devstack@placement-api.service[75681]: DEBUG placement.objects.research_context [req-52f5e17c-4500-4c87-a9b1-532931cecf70 req-c9b84474-b02b-4ba0-8115-d7c14cec9a97 service placement] getting providers with 1024 MEMORY_MB {{(pid=75681) __init__ /opt/stack/placement/placement/objects/research_context.py:126}}
Apr 30 06:53:53.223847 n-d-768509-17 devstack@placement-api.service[75681]: DEBUG placement.objects.research_context [req-52f5e17c-4500-4c87-a9b1-532931cecf70 req-c9b84474-b02b-4ba0-8115-d7c14cec9a97 service placement] getting providers with 1 VCPU {{(pid=75681) __init__ /opt/stack/placement/placement/objects/research_context.py:126}}
Apr 30 06:53:53.251096 n-d-768509-17 devstack@placement-api.service[75681]: DEBUG placement.objects.research_context [req-52f5e17c-4500-4c87-a9b1-532931cecf70 req-c9b84474-b02b-4ba0-8115-d7c14cec9a97 service placement] found 2 providers with available 1 DISK_GB {{(pid=75681) get_provider_ids_matching /opt/stack/placement/placement/objects/research_context.py:549}}
Apr 30 06:53:53.252525 n-d-768509-17 devstack@placement-api.service[75681]: DEBUG placement.objects.research_context [req-52f5e17c-4500-4c87-a9b1-532931cecf70 req-c9b84474-b02b-4ba0-8115-d7c14cec9a97 service placement] found 2 providers with available 1024 MEMORY_MB {{(pid=75681) get_provider_ids_matching /opt/stack/placement/placement/objects/research_context.py:549}}
Apr 30 06:53:53.252999 n-d-768509-17 devstack@placement-api.service[75681]: DEBUG placement.objects.research_context [req-52f5e17c-4500-4c87-a9b1-532931cecf70 req-c9b84474-b02b-4ba0-8115-d7c14cec9a97 service placement] found 2 providers after filtering by previous result {{(pid=75681) get_provider_ids_matching /opt/stack/placement/placement/objects/research_context.py:580}}
Apr 30 06:53:53.254781 n-d-768509-17 devstack@placement-api.service[75681]: DEBUG placement.objects.research_context [req-52f5e17c-4500-4c87-a9b1-532931cecf70 req-c9b84474-b02b-4ba0-8115-d7c14cec9a97 service placement] found 2 providers with available 1 VCPU {{(pid=75681) get_provider_ids_matching /opt/stack/placement/placement/objects/research_context.py:549}}
Apr 30 06:53:53.256316 n-d-768509-17 devstack@placement-api.service[75681]: DEBUG placement.objects.research_context [req-52f5e17c-4500-4c87-a9b1-532931cecf70 req-c9b84474-b02b-4ba0-8115-d7c14cec9a97 service placement] found 2 providers after filtering by previous result {{(pid=75681) get_provider_ids_matching /opt/stack/placement/placement/objects/research_context.py:580}}
Apr 30 06:53:53.299058 n-d-768509-17 devstack@placement-api.service[75681]: DEBUG placement.objects.allocation_candidate [req-52f5e17c-4500-4c87-a9b1-532931cecf70 req-c9b84474-b02b-4ba0-8115-d7c14cec9a97 service placement] RequestGroup(use_same_provider=False, resources={DISK_GB:1, MEMORY_MB:1024, VCPU:1}, traits=[], aggregates=[]) (suffix '') returned 2 matches {{(pid=75681) _get_by_requests /opt/stack/placement/placement/objects/allocation_candidate.py:145}}
Apr 30 06:53:53.299357 n-d-768509-17 devstack@placement-api.service[75681]: DEBUG placement.objects.allocation_candidate [req-52f5e17c-4500-4c87-a9b1-532931cecf70 req-c9b84474-b02b-4ba0-8115-d7c14cec9a97 service placement] Merging candidates yields 2 allocation requests and 2 provider summaries {{(pid=75681) _merge_candidates /opt/stack/placement/placement/objects/allocation_candidate.py:783}}
Apr 30 06:53:53.306602 n-d-768509-17 devstack@placement-api.service[75681]: INFO placement.requestlog [req-52f5e17c-4500-4c87-a9b1-532931cecf70 req-c9b84474-b02b-4ba0-8115-d7c14cec9a97 service placement] 10.222.0.55 "GET /placement/allocation_candidates?resources=DISK_GB%3A1%2CMEMORY_MB%3A1024%2CVCPU%3A1&root_required=%21COMPUTE_STATUS_DISABLED" status: 200 len: 1309 microversion: 1.35
Apr 30 06:53:53.323143 n-d-768509-17 devstack@placement-api.service[75681]: [pid: 75681|app: 0|req: 98/196] 10.222.0.55 () {60 vars in 1484 bytes} [Fri Apr 30 06:53:53 2021] GET /placement/allocation_candidates?resources=DISK_GB%3A1%2CMEMORY_MB%3A1024%2CVCPU%3A1&root_required=%21COMPUTE_STATUS_DISABLED => generated 1309 bytes in 230 msecs (HTTP/1.1 200) 8 headers in 297 bytes (1 switches on core 0)
Apr 30 06:53:53.370138 n-d-768509-17 devstack@placement-api.service[75680]: DEBUG placement.requestlog [req-52f5e17c-4500-4c87-a9b1-532931cecf70 req-be4698f7-bf1e-4d4c-94bd-e4a4032eaa8f None None] Starting request: 10.222.0.55 "GET /placement/allocations/0c28c88c-bb70-4d6f-a2e0-1e2fd82cc3f1" {{(pid=75680) __call__ /opt/stack/placement/placement/requestlog.py:55}}
Apr 30 06:53:53.389889 n-d-768509-17 devstack@placement-api.service[75680]: INFO placement.requestlog [req-52f5e17c-4500-4c87-a9b1-532931cecf70 req-be4698f7-bf1e-4d4c-94bd-e4a4032eaa8f service placement] 10.222.0.55 "GET /placement/allocations/0c28c88c-bb70-4d6f-a2e0-1e2fd82cc3f1" status: 200 len: 19 microversion: 1.28
Apr 30 06:53:53.390411 n-d-768509-17 devstack@placement-api.service[75680]: [pid: 75680|app: 0|req: 99/197] 10.222.0.55 () {60 vars in 1380 bytes} [Fri Apr 30 06:53:53 2021] GET /placement/allocations/0c28c88c-bb70-4d6f-a2e0-1e2fd82cc3f1 => generated 19 bytes in 20 msecs (HTTP/1.1 200) 8 headers in 295 bytes (1 switches on core 0)
Apr 30 06:53:53.397466 n-d-768509-17 devstack@placement-api.service[75681]: DEBUG placement.requestlog [req-52f5e17c-4500-4c87-a9b1-532931cecf70 req-550f81d3-4fd1-4fbb-b48f-80281cd4319c None None] Starting request: 10.222.0.55 "PUT /placement/allocations/0c28c88c-bb70-4d6f-a2e0-1e2fd82cc3f1" {{(pid=75681) __call__ /opt/stack/placement/placement/requestlog.py:55}}
Apr 30 06:53:53.670806 n-d-768509-17 devstack@placement-api.service[75681]: DEBUG placement.handlers.allocation [req-52f5e17c-4500-4c87-a9b1-532931cecf70 req-550f81d3-4fd1-4fbb-b48f-80281cd4319c service placement] Successfully wrote allocations [, , ] {{(pid=75681) _create_allocations /opt/stack/placement/placement/handlers/allocation.py:435}}
Apr 30 06:53:53.671327 n-d-768509-17 devstack@placement-api.service[75681]: INFO placement.requestlog [req-52f5e17c-4500-4c87-a9b1-532931cecf70 req-550f81d3-4fd1-4fbb-b48f-80281cd4319c service placement] 10.222.0.55 "PUT /placement/allocations/0c28c88c-bb70-4d6f-a2e0-1e2fd82cc3f1" status: 204 len: 0 microversion: 1.35
Apr 30 06:53:53.675309 n-d-768509-17 devstack@placement-api.service[75681]: [pid: 75681|app: 0|req: 99/198] 10.222.0.55 () {64 vars in 1433 bytes} [Fri Apr 30 06:53:53 2021] PUT /placement/allocations/0c28c88c-bb70-4d6f-a2e0-1e2fd82cc3f1 => generated 0 bytes in 275 msecs (HTTP/1.1 204) 5 headers in 199 bytes (2 switches on core 0)
Apr 30 06:53:55.036900 n-d-768509-17 devstack@placement-api.service[75680]: DEBUG placement.requestlog [req-52f5e17c-4500-4c87-a9b1-532931cecf70 req-c3b70459-8529-47a4-a899-16427e4b0be1 None None] Starting request: 10.222.0.58 "GET /placement/allocations/0c28c88c-bb70-4d6f-a2e0-1e2fd82cc3f1" {{(pid=75680) __call__ /opt/stack/placement/placement/requestlog.py:55}}
Apr 30 06:53:55.062447 n-d-768509-17 devstack@placement-api.service[75680]: INFO placement.requestlog [req-52f5e17c-4500-4c87-a9b1-532931cecf70 req-c3b70459-8529-47a4-a899-16427e4b0be1 service placement] 10.222.0.58 "GET /placement/allocations/0c28c88c-bb70-4d6f-a2e0-1e2fd82cc3f1" status: 200 len: 259 microversion: 1.28
Apr 30 06:53:55.063183 n-d-768509-17 devstack@placement-api.service[75680]: [pid: 75680|app: 0|req: 100/199] 10.222.0.58 () {60 vars in 1378 bytes} [Fri Apr 30 06:53:55 2021] GET /placement/allocations/0c28c88c-bb70-4d6f-a2e0-1e2fd82cc3f1 => generated 259 bytes in 27 msecs (HTTP/1.1 200) 8 headers in 296 bytes (1 switches on core 0)
Apr 30 06:53:59.687980 n-d-768509-17 devstack@placement-api.service[75681]: DEBUG placement.requestlog [None req-712f1562-389f-4349-903e-9bb98024e1b5 None None] Starting request: 10.222.0.55 "GET /placement/" {{(pid=75681) __call__ /opt/stack/placement/placement/requestlog.py:55}}
Apr 30 06:53:59.691663 n-d-768509-17 devstack@placement-api.service[75681]: INFO placement.requestlog [None req-712f1562-389f-4349-903e-9bb98024e1b5 None None] 10.222.0.55 "GET /placement/" status: 200 len: 136 microversion: 1.0
Apr 30 06:53:59.691663 n-d-768509-17 devstack@placement-api.service[75681]: [pid: 75681|app: 0|req: 100/200] 10.222.0.55 () {54 vars in 915 bytes} [Fri Apr 30 06:53:59 2021] GET /placement => generated 136 bytes in 2 msecs (HTTP/1.1 200) 6 headers in 224 bytes (1 switches on core 0)
Apr 30 06:53:59.705047 n-d-768509-17 devstack@placement-api.service[75680]: DEBUG placement.requestlog [req-9430c54f-2958-496e-9058-4ecf71062fdb req-9fea8a73-c976-4359-b677-3b05c114c965 None None] Starting request: 10.222.0.55 "GET /placement/allocations/87aff647-bb62-4fd3-9e39-dd2c6e14e792" {{(pid=75680) __call__ /opt/stack/placement/placement/requestlog.py:55}}
Apr 30 06:53:59.808863 n-d-768509-17 devstack@placement-api.service[75680]: INFO placement.requestlog [req-9430c54f-2958-496e-9058-4ecf71062fdb req-9fea8a73-c976-4359-b677-3b05c114c965 service placement] 10.222.0.55 "GET /placement/allocations/87aff647-bb62-4fd3-9e39-dd2c6e14e792" status: 200 len: 259 microversion: 1.28
Apr 30 06:53:59.814917 n-d-768509-17 devstack@placement-api.service[75681]: DEBUG placement.requestlog [req-9430c54f-2958-496e-9058-4ecf71062fdb req-96105e84-49fa-4458-a975-cba4b3751eee None None] Starting request: 10.222.0.55 "GET /placement/allocations/87aff647-bb62-4fd3-9e39-dd2c6e14e792" {{(pid=75681) __call__ /opt/stack/placement/placement/requestlog.py:55}}
Apr 30 06:53:59.825701 n-d-768509-17 devstack@placement-api.service[75680]: [pid: 75680|app: 0|req: 101/201] 10.222.0.55 () {60 vars in 1380 bytes} [Fri Apr 30 06:53:59 2021] GET /placement/allocations/87aff647-bb62-4fd3-9e39-dd2c6e14e792 => generated 259 bytes in 111 msecs (HTTP/1.1 200) 8 headers in 296 bytes (2 switches on core 0)
Apr 30 06:53:59.832474 n-d-768509-17 devstack@placement-api.service[75681]: INFO placement.requestlog [req-9430c54f-2958-496e-9058-4ecf71062fdb req-96105e84-49fa-4458-a975-cba4b3751eee service placement] 10.222.0.55 "GET /placement/allocations/87aff647-bb62-4fd3-9e39-dd2c6e14e792" status: 200 len: 259 microversion: 1.28
Apr 30 06:53:59.842210 n-d-768509-17 devstack@placement-api.service[75680]: DEBUG placement.requestlog [req-9430c54f-2958-496e-9058-4ecf71062fdb req-00c1cac7-92fe-4988-b08f-0984017761d2 None None] Starting request: 10.222.0.55 "GET /placement/allocations/f8164bae-8cf8-4179-9c3d-a43985fbf466" {{(pid=75680) __call__ /opt/stack/placement/placement/requestlog.py:55}}
Apr 30 06:53:59.849850 n-d-768509-17 devstack@placement-api.service[75681]: [pid: 75681|app: 0|req: 101/202] 10.222.0.55 () {60 vars in 1380 bytes} [Fri Apr 30 06:53:59 2021] GET /placement/allocations/87aff647-bb62-4fd3-9e39-dd2c6e14e792 => generated 259 bytes in 35 msecs (HTTP/1.1 200) 8 headers in 296 bytes (2 switches on core 0)
Apr 30 06:53:59.855307 n-d-768509-17 devstack@placement-api.service[75680]: INFO placement.requestlog [req-9430c54f-2958-496e-9058-4ecf71062fdb req-00c1cac7-92fe-4988-b08f-0984017761d2 service placement] 10.222.0.55 "GET /placement/allocations/f8164bae-8cf8-4179-9c3d-a43985fbf466" status: 200 len: 19 microversion: 1.28
Apr 30 06:53:59.861593 n-d-768509-17 devstack@placement-api.service[75681]: DEBUG placement.requestlog [req-9430c54f-2958-496e-9058-4ecf71062fdb req-32dd1897-0572-415b-9fba-b8162ea05798 None None] Starting request: 10.222.0.55 "POST /placement/allocations" {{(pid=75681) __call__ /opt/stack/placement/placement/requestlog.py:55}}
Apr 30 06:53:59.867488 n-d-768509-17 devstack@placement-api.service[75680]: [pid: 75680|app: 0|req: 102/203] 10.222.0.55 () {60 vars in 1380 bytes} [Fri Apr 30 06:53:59 2021] GET /placement/allocations/f8164bae-8cf8-4179-9c3d-a43985fbf466 => generated 19 bytes in 26 msecs (HTTP/1.1 200) 8 headers in 295 bytes (1 switches on core 0)
Apr 30 06:54:00.156844 n-d-768509-17 devstack@placement-api.service[75681]: DEBUG placement.handlers.allocation [req-9430c54f-2958-496e-9058-4ecf71062fdb req-32dd1897-0572-415b-9fba-b8162ea05798 service placement] Successfully wrote allocations [, , , , , ] {{(pid=75681) _create_allocations /opt/stack/placement/placement/handlers/allocation.py:524}}
Apr 30 06:54:00.157650 n-d-768509-17 devstack@placement-api.service[75681]: INFO placement.requestlog [req-9430c54f-2958-496e-9058-4ecf71062fdb req-32dd1897-0572-415b-9fba-b8162ea05798 service placement] 10.222.0.55 "POST /placement/allocations" status: 204 len: 0 microversion: 1.28
Apr 30 06:54:00.158283 n-d-768509-17 devstack@placement-api.service[75681]: [pid: 75681|app: 0|req: 102/204] 10.222.0.55 () {64 vars in 1323 bytes} [Fri Apr 30 06:53:59 2021] POST /placement/allocations => generated 0 bytes in 297 msecs (HTTP/1.1 204) 5 headers in 199 bytes (2 switches on core 0)
Apr 30 06:54:00.203721 n-d-768509-17 devstack@placement-api.service[75680]: DEBUG placement.requestlog [req-9430c54f-2958-496e-9058-4ecf71062fdb req-e77faf26-b4a3-4a59-b29a-27c6bd846fd3 None None] Starting request: 10.222.0.55 "GET /placement/allocation_candidates?limit=1000&resources=DISK_GB%3A1%2CMEMORY_MB%3A512%2CVCPU%3A1&root_required=%21COMPUTE_STATUS_DISABLED" {{(pid=75680) __call__ /opt/stack/placement/placement/requestlog.py:55}}
Apr 30 06:54:00.283835 n-d-768509-17 devstack@placement-api.service[75680]: DEBUG placement.objects.research_context [req-9430c54f-2958-496e-9058-4ecf71062fdb req-e77faf26-b4a3-4a59-b29a-27c6bd846fd3 service placement] getting providers with 1 DISK_GB {{(pid=75680) __init__ /opt/stack/placement/placement/objects/research_context.py:126}}
Apr 30 06:54:00.304813 n-d-768509-17 devstack@placement-api.service[75680]: DEBUG placement.objects.research_context [req-9430c54f-2958-496e-9058-4ecf71062fdb req-e77faf26-b4a3-4a59-b29a-27c6bd846fd3 service placement] getting providers with 512 MEMORY_MB {{(pid=75680) __init__ /opt/stack/placement/placement/objects/research_context.py:126}}
Apr 30 06:54:00.319951 n-d-768509-17 devstack@placement-api.service[75680]: DEBUG placement.objects.research_context [req-9430c54f-2958-496e-9058-4ecf71062fdb req-e77faf26-b4a3-4a59-b29a-27c6bd846fd3 service placement] getting providers with 1 VCPU {{(pid=75680) __init__ /opt/stack/placement/placement/objects/research_context.py:126}}
Apr 30 06:54:00.336340 n-d-768509-17 devstack@placement-api.service[75680]: DEBUG placement.objects.research_context [req-9430c54f-2958-496e-9058-4ecf71062fdb req-e77faf26-b4a3-4a59-b29a-27c6bd846fd3 service placement] found 2 providers with available 1 DISK_GB {{(pid=75680) get_provider_ids_matching /opt/stack/placement/placement/objects/research_context.py:549}}
Apr 30 06:54:00.338417 n-d-768509-17 devstack@placement-api.service[75680]: DEBUG placement.objects.research_context [req-9430c54f-2958-496e-9058-4ecf71062fdb req-e77faf26-b4a3-4a59-b29a-27c6bd846fd3 service placement] found 2 providers with available 512 MEMORY_MB {{(pid=75680) get_provider_ids_matching /opt/stack/placement/placement/objects/research_context.py:549}}
Apr 30 06:54:00.338715 n-d-768509-17 devstack@placement-api.service[75680]: DEBUG placement.objects.research_context [req-9430c54f-2958-496e-9058-4ecf71062fdb req-e77faf26-b4a3-4a59-b29a-27c6bd846fd3 service placement] found 2 providers after filtering by previous result {{(pid=75680) get_provider_ids_matching /opt/stack/placement/placement/objects/research_context.py:580}}
Apr 30 06:54:00.342999 n-d-768509-17 devstack@placement-api.service[75680]: DEBUG placement.objects.research_context [req-9430c54f-2958-496e-9058-4ecf71062fdb req-e77faf26-b4a3-4a59-b29a-27c6bd846fd3 service placement] found 2 providers with available 1 VCPU {{(pid=75680) get_provider_ids_matching /opt/stack/placement/placement/objects/research_context.py:549}}
Apr 30 06:54:00.343310 n-d-768509-17 devstack@placement-api.service[75680]: DEBUG placement.objects.research_context [req-9430c54f-2958-496e-9058-4ecf71062fdb req-e77faf26-b4a3-4a59-b29a-27c6bd846fd3 service placement] found 2 providers after filtering by previous result {{(pid=75680) get_provider_ids_matching /opt/stack/placement/placement/objects/research_context.py:580}}
Apr 30 06:54:00.386248 n-d-768509-17 devstack@placement-api.service[75680]: DEBUG placement.objects.allocation_candidate [req-9430c54f-2958-496e-9058-4ecf71062fdb req-e77faf26-b4a3-4a59-b29a-27c6bd846fd3 service placement] RequestGroup(use_same_provider=False, resources={DISK_GB:1, MEMORY_MB:512, VCPU:1}, traits=[], aggregates=[]) (suffix '') returned 2 matches {{(pid=75680) _get_by_requests /opt/stack/placement/placement/objects/allocation_candidate.py:145}}
Apr 30 06:54:00.386704 n-d-768509-17 devstack@placement-api.service[75680]: DEBUG placement.objects.allocation_candidate [req-9430c54f-2958-496e-9058-4ecf71062fdb req-e77faf26-b4a3-4a59-b29a-27c6bd846fd3 service placement] Merging candidates yields 2 allocation requests and 2 provider summaries {{(pid=75680) _merge_candidates /opt/stack/placement/placement/objects/allocation_candidate.py:783}}
Apr 30 06:54:00.390472 n-d-768509-17 devstack@placement-api.service[75680]: INFO placement.requestlog [req-9430c54f-2958-496e-9058-4ecf71062fdb req-e77faf26-b4a3-4a59-b29a-27c6bd846fd3 service placement] 10.222.0.55 "GET /placement/allocation_candidates?limit=1000&resources=DISK_GB%3A1%2CMEMORY_MB%3A512%2CVCPU%3A1&root_required=%21COMPUTE_STATUS_DISABLED" status: 200 len: 1307 microversion: 1.35
Apr 30 06:54:00.390919 n-d-768509-17 devstack@placement-api.service[75680]: [pid: 75680|app: 0|req: 103/205] 10.222.0.55 () {60 vars in 1504 bytes} [Fri Apr 30 06:54:00 2021] GET /placement/allocation_candidates?limit=1000&resources=DISK_GB%3A1%2CMEMORY_MB%3A512%2CVCPU%3A1&root_required=%21COMPUTE_STATUS_DISABLED => generated 1307 bytes in 187 msecs (HTTP/1.1 200) 8 headers in 297 bytes (1 switches on core 0)
Apr 30 06:54:00.489415 n-d-768509-17 devstack@placement-api.service[75681]: DEBUG placement.requestlog [req-9430c54f-2958-496e-9058-4ecf71062fdb req-aa07bd07-22dc-48e5-a1b6-1d470e48aa33 None None] Starting request: 10.222.0.55 "GET /placement/allocations/87aff647-bb62-4fd3-9e39-dd2c6e14e792" {{(pid=75681) __call__ /opt/stack/placement/placement/requestlog.py:55}}
Apr 30 06:54:00.506232 n-d-768509-17 devstack@placement-api.service[75681]: INFO placement.requestlog [req-9430c54f-2958-496e-9058-4ecf71062fdb req-aa07bd07-22dc-48e5-a1b6-1d470e48aa33 service placement] 10.222.0.55 "GET /placement/allocations/87aff647-bb62-4fd3-9e39-dd2c6e14e792" status: 200 len: 19 microversion: 1.28
Apr 30 06:54:00.512836 n-d-768509-17 devstack@placement-api.service[75681]: [pid: 75681|app: 0|req: 103/206] 10.222.0.55 () {60 vars in 1380 bytes} [Fri Apr 30 06:54:00 2021] GET /placement/allocations/87aff647-bb62-4fd3-9e39-dd2c6e14e792 => generated 19 bytes in 24 msecs (HTTP/1.1 200) 8 headers in 295 bytes (1 switches on core 0)
Apr 30 06:54:00.514878 n-d-768509-17 devstack@placement-api.service[75680]: DEBUG placement.requestlog [req-9430c54f-2958-496e-9058-4ecf71062fdb req-2d02a3b8-3640-4609-a075-7ef0b00769ef None None] Starting request: 10.222.0.55 "PUT /placement/allocations/87aff647-bb62-4fd3-9e39-dd2c6e14e792" {{(pid=75680) __call__ /opt/stack/placement/placement/requestlog.py:55}}
Apr 30 06:54:00.790680 n-d-768509-17 devstack@placement-api.service[75680]: DEBUG placement.handlers.allocation [req-9430c54f-2958-496e-9058-4ecf71062fdb req-2d02a3b8-3640-4609-a075-7ef0b00769ef service placement] Successfully wrote allocations [, , ] {{(pid=75680) _create_allocations /opt/stack/placement/placement/handlers/allocation.py:435}}
Apr 30 06:54:00.791332 n-d-768509-17 devstack@placement-api.service[75680]: INFO placement.requestlog [req-9430c54f-2958-496e-9058-4ecf71062fdb req-2d02a3b8-3640-4609-a075-7ef0b00769ef service placement] 10.222.0.55 "PUT /placement/allocations/87aff647-bb62-4fd3-9e39-dd2c6e14e792" status: 204 len: 0 microversion: 1.35
Apr 30 06:54:00.791673 n-d-768509-17 devstack@placement-api.service[75680]: [pid: 75680|app: 0|req: 104/207] 10.222.0.55 () {64 vars in 1433 bytes} [Fri Apr 30 06:54:00 2021] PUT /placement/allocations/87aff647-bb62-4fd3-9e39-dd2c6e14e792 => generated 0 bytes in 277 msecs (HTTP/1.1 204) 5 headers in 199 bytes (2 switches on core 0)
Apr 30 06:54:01.542113 n-d-768509-17 devstack@placement-api.service[75681]: DEBUG placement.requestlog [req-9430c54f-2958-496e-9058-4ecf71062fdb req-f812576f-1631-4930-937f-5238cbf27b6c None None] Starting request: 10.222.0.46 "GET /placement/allocations/87aff647-bb62-4fd3-9e39-dd2c6e14e792" {{(pid=75681) __call__ /opt/stack/placement/placement/requestlog.py:55}}
Apr 30 06:54:01.631907 n-d-768509-17 devstack@placement-api.service[75681]: INFO placement.requestlog [req-9430c54f-2958-496e-9058-4ecf71062fdb req-f812576f-1631-4930-937f-5238cbf27b6c service placement] 10.222.0.46 "GET /placement/allocations/87aff647-bb62-4fd3-9e39-dd2c6e14e792" status: 200 len: 258 microversion: 1.28
Apr 30 06:54:01.632187 n-d-768509-17 devstack@placement-api.service[75681]: [pid: 75681|app: 0|req: 104/208] 10.222.0.46 () {60 vars in 1378 bytes} [Fri Apr 30 06:54:01 2021] GET /placement/allocations/87aff647-bb62-4fd3-9e39-dd2c6e14e792 => generated 258 bytes in 90 msecs (HTTP/1.1 200) 8 headers in 296 bytes (1 switches on core 0)
Apr 30 06:54:10.811656 n-d-768509-17 devstack@placement-api.service[75680]: DEBUG placement.requestlog [req-143c52de-067e-47b6-b8b9-0737b82f3885 req-1dcd8a53-430f-4d0f-a66c-93ee2b79b89c None None] Starting request: 10.222.0.55 "GET /placement/allocation_candidates?limit=1000&resources=DISK_GB%3A1%2CMEMORY_MB%3A1024%2CVCPU%3A1&root_required=%21COMPUTE_STATUS_DISABLED" {{(pid=75680) __call__ /opt/stack/placement/placement/requestlog.py:55}}
Apr 30 06:54:10.919890 n-d-768509-17 devstack@placement-api.service[75680]: DEBUG placement.objects.research_context [req-143c52de-067e-47b6-b8b9-0737b82f3885 req-1dcd8a53-430f-4d0f-a66c-93ee2b79b89c service placement] getting providers with 1 DISK_GB {{(pid=75680) __init__ /opt/stack/placement/placement/objects/research_context.py:126}}
Apr 30 06:54:10.937988 n-d-768509-17 devstack@placement-api.service[75680]: DEBUG placement.objects.research_context [req-143c52de-067e-47b6-b8b9-0737b82f3885 req-1dcd8a53-430f-4d0f-a66c-93ee2b79b89c service placement] getting providers with 1024 MEMORY_MB {{(pid=75680) __init__ /opt/stack/placement/placement/objects/research_context.py:126}}
Apr 30 06:54:10.946143 n-d-768509-17 devstack@placement-api.service[75680]: DEBUG placement.objects.research_context [req-143c52de-067e-47b6-b8b9-0737b82f3885 req-1dcd8a53-430f-4d0f-a66c-93ee2b79b89c service placement] getting providers with 1 VCPU {{(pid=75680) __init__ /opt/stack/placement/placement/objects/research_context.py:126}}
Apr 30 06:54:10.957569 n-d-768509-17 devstack@placement-api.service[75680]: DEBUG placement.objects.research_context [req-143c52de-067e-47b6-b8b9-0737b82f3885 req-1dcd8a53-430f-4d0f-a66c-93ee2b79b89c service placement] found 2 providers with available 1 DISK_GB {{(pid=75680) get_provider_ids_matching /opt/stack/placement/placement/objects/research_context.py:549}}
Apr 30 06:54:10.958234 n-d-768509-17 devstack@placement-api.service[75680]: DEBUG placement.objects.research_context [req-143c52de-067e-47b6-b8b9-0737b82f3885 req-1dcd8a53-430f-4d0f-a66c-93ee2b79b89c service placement] found 2 providers with available 1024 MEMORY_MB {{(pid=75680) get_provider_ids_matching /opt/stack/placement/placement/objects/research_context.py:549}}
Apr 30 06:54:10.958706 n-d-768509-17 devstack@placement-api.service[75680]: DEBUG placement.objects.research_context [req-143c52de-067e-47b6-b8b9-0737b82f3885 req-1dcd8a53-430f-4d0f-a66c-93ee2b79b89c service placement] found 2 providers after filtering by previous result {{(pid=75680) get_provider_ids_matching /opt/stack/placement/placement/objects/research_context.py:580}}
Apr 30 06:54:10.959871 n-d-768509-17 devstack@placement-api.service[75680]: DEBUG placement.objects.research_context [req-143c52de-067e-47b6-b8b9-0737b82f3885 req-1dcd8a53-430f-4d0f-a66c-93ee2b79b89c service placement] found 2 providers with available 1 VCPU {{(pid=75680) get_provider_ids_matching /opt/stack/placement/placement/objects/research_context.py:549}}
Apr 30 06:54:10.964708 n-d-768509-17 devstack@placement-api.service[75680]: DEBUG placement.objects.research_context [req-143c52de-067e-47b6-b8b9-0737b82f3885 req-1dcd8a53-430f-4d0f-a66c-93ee2b79b89c service placement] found 2 providers after filtering by previous result {{(pid=75680) get_provider_ids_matching /opt/stack/placement/placement/objects/research_context.py:580}}
Apr 30 06:54:10.987491 n-d-768509-17 devstack@placement-api.service[75680]: DEBUG placement.objects.allocation_candidate [req-143c52de-067e-47b6-b8b9-0737b82f3885 req-1dcd8a53-430f-4d0f-a66c-93ee2b79b89c service placement] RequestGroup(use_same_provider=False, resources={DISK_GB:1, MEMORY_MB:1024, VCPU:1}, traits=[], aggregates=[]) (suffix '') returned 2 matches {{(pid=75680) _get_by_requests /opt/stack/placement/placement/objects/allocation_candidate.py:145}}
Apr 30 06:54:10.988202 n-d-768509-17 devstack@placement-api.service[75680]: DEBUG placement.objects.allocation_candidate [req-143c52de-067e-47b6-b8b9-0737b82f3885 req-1dcd8a53-430f-4d0f-a66c-93ee2b79b89c service placement] Merging candidates yields 2 allocation requests and 2 provider summaries {{(pid=75680) _merge_candidates /opt/stack/placement/placement/objects/allocation_candidate.py:783}}
Apr 30 06:54:10.992305 n-d-768509-17 devstack@placement-api.service[75680]: INFO placement.requestlog [req-143c52de-067e-47b6-b8b9-0737b82f3885 req-1dcd8a53-430f-4d0f-a66c-93ee2b79b89c service placement] 10.222.0.55 "GET /placement/allocation_candidates?limit=1000&resources=DISK_GB%3A1%2CMEMORY_MB%3A1024%2CVCPU%3A1&root_required=%21COMPUTE_STATUS_DISABLED" status: 200 len: 1309 microversion: 1.35
Apr 30 06:54:10.993333 n-d-768509-17 devstack@placement-api.service[75680]: [pid: 75680|app: 0|req: 105/209] 10.222.0.55 () {60 vars in 1506 bytes} [Fri Apr 30 06:54:10 2021] GET /placement/allocation_candidates?limit=1000&resources=DISK_GB%3A1%2CMEMORY_MB%3A1024%2CVCPU%3A1&root_required=%21COMPUTE_STATUS_DISABLED => generated 1309 bytes in 182 msecs (HTTP/1.1 200) 8 headers in 297 bytes (1 switches on core 0)
Apr 30 06:54:11.060231 n-d-768509-17 devstack@placement-api.service[75681]: DEBUG placement.requestlog [req-143c52de-067e-47b6-b8b9-0737b82f3885 req-64e39ddc-6e24-4e39-8e50-c755271586dc None None] Starting request: 10.222.0.55 "GET /placement/allocations/f4d12a19-f5c6-4ec5-aa05-0d4cce8684ed" {{(pid=75681) __call__ /opt/stack/placement/placement/requestlog.py:55}}
Apr 30 06:54:11.081080 n-d-768509-17 devstack@placement-api.service[75681]: INFO placement.requestlog [req-143c52de-067e-47b6-b8b9-0737b82f3885 req-64e39ddc-6e24-4e39-8e50-c755271586dc service placement] 10.222.0.55 "GET /placement/allocations/f4d12a19-f5c6-4ec5-aa05-0d4cce8684ed" status: 200 len: 19 microversion: 1.28
Apr 30 06:54:11.081937 n-d-768509-17 devstack@placement-api.service[75681]: [pid: 75681|app: 0|req: 105/210] 10.222.0.55 () {60 vars in 1380 bytes} [Fri Apr 30 06:54:11 2021] GET /placement/allocations/f4d12a19-f5c6-4ec5-aa05-0d4cce8684ed => generated 19 bytes in 22 msecs (HTTP/1.1 200) 8 headers in 295 bytes (1 switches on core 0)
Apr 30 06:54:11.089192 n-d-768509-17 devstack@placement-api.service[75680]: DEBUG placement.requestlog [req-143c52de-067e-47b6-b8b9-0737b82f3885 req-90018c9e-cb58-4675-b28b-3d3d8f8b271f None None] Starting request: 10.222.0.55 "PUT /placement/allocations/f4d12a19-f5c6-4ec5-aa05-0d4cce8684ed" {{(pid=75680) __call__ /opt/stack/placement/placement/requestlog.py:55}}
Apr 30 06:54:11.550338 n-d-768509-17 devstack@placement-api.service[75680]: DEBUG placement.handlers.allocation [req-143c52de-067e-47b6-b8b9-0737b82f3885 req-90018c9e-cb58-4675-b28b-3d3d8f8b271f service placement] Successfully wrote allocations [, , ] {{(pid=75680) _create_allocations /opt/stack/placement/placement/handlers/allocation.py:435}}
Apr 30 06:54:11.551312 n-d-768509-17 devstack@placement-api.service[75680]: INFO placement.requestlog [req-143c52de-067e-47b6-b8b9-0737b82f3885 req-90018c9e-cb58-4675-b28b-3d3d8f8b271f service placement] 10.222.0.55 "PUT /placement/allocations/f4d12a19-f5c6-4ec5-aa05-0d4cce8684ed" status: 204 len: 0 microversion: 1.35
Apr 30 06:54:11.551652 n-d-768509-17 devstack@placement-api.service[75680]: [pid: 75680|app: 0|req: 106/211] 10.222.0.55 () {64 vars in 1433 bytes} [Fri Apr 30 06:54:11 2021] PUT /placement/allocations/f4d12a19-f5c6-4ec5-aa05-0d4cce8684ed => generated 0 bytes in 462 msecs (HTTP/1.1 204) 5 headers in 199 bytes (2 switches on core 0)
Apr 30 06:54:13.639395 n-d-768509-17 devstack@placement-api.service[75681]: DEBUG placement.requestlog [req-143c52de-067e-47b6-b8b9-0737b82f3885 req-0f322bb7-bdcd-422d-8092-74e66143ddf4 None None] Starting request: 10.222.0.46 "GET /placement/allocations/f4d12a19-f5c6-4ec5-aa05-0d4cce8684ed" {{(pid=75681) __call__ /opt/stack/placement/placement/requestlog.py:55}}
Apr 30 06:54:13.656372 n-d-768509-17 devstack@placement-api.service[75681]: INFO placement.requestlog [req-143c52de-067e-47b6-b8b9-0737b82f3885 req-0f322bb7-bdcd-422d-8092-74e66143ddf4 service placement] 10.222.0.46 "GET /placement/allocations/f4d12a19-f5c6-4ec5-aa05-0d4cce8684ed" status: 200 len: 259 microversion: 1.28
Apr 30 06:54:13.657039 n-d-768509-17 devstack@placement-api.service[75681]: [pid: 75681|app: 0|req: 106/212] 10.222.0.46 () {60 vars in 1378 bytes} [Fri Apr 30 06:54:13 2021] GET /placement/allocations/f4d12a19-f5c6-4ec5-aa05-0d4cce8684ed => generated 259 bytes in 20 msecs (HTTP/1.1 200) 8 headers in 296 bytes (2 switches on core 0)
Apr 30 06:54:17.254614 n-d-768509-17 devstack@placement-api.service[75680]: DEBUG placement.requestlog [req-5a65147d-1ba0-4621-9068-8b83cb8a2a45 req-74df8a59-e362-4e91-903d-18d5ee019577 None None] Starting request: 10.222.0.55 "GET /placement/allocation_candidates?resources=DISK_GB%3A1%2CMEMORY_MB%3A1024%2CVCPU%3A1&root_required=%21COMPUTE_STATUS_DISABLED" {{(pid=75680) __call__ /opt/stack/placement/placement/requestlog.py:55}}
Apr 30 06:54:17.299870 n-d-768509-17 devstack@placement-api.service[75680]: DEBUG placement.objects.research_context [req-5a65147d-1ba0-4621-9068-8b83cb8a2a45 req-74df8a59-e362-4e91-903d-18d5ee019577 service placement] getting providers with 1 DISK_GB {{(pid=75680) __init__ /opt/stack/placement/placement/objects/research_context.py:126}}
Apr 30 06:54:17.308601 n-d-768509-17 devstack@placement-api.service[75680]: DEBUG placement.objects.research_context [req-5a65147d-1ba0-4621-9068-8b83cb8a2a45 req-74df8a59-e362-4e91-903d-18d5ee019577 service placement] getting providers with 1024 MEMORY_MB {{(pid=75680) __init__ /opt/stack/placement/placement/objects/research_context.py:126}}
Apr 30 06:54:17.315909 n-d-768509-17 devstack@placement-api.service[75680]: DEBUG placement.objects.research_context [req-5a65147d-1ba0-4621-9068-8b83cb8a2a45 req-74df8a59-e362-4e91-903d-18d5ee019577 service placement] getting providers with 1 VCPU {{(pid=75680) __init__ /opt/stack/placement/placement/objects/research_context.py:126}}
Apr 30 06:54:17.323272 n-d-768509-17 devstack@placement-api.service[75680]: DEBUG placement.objects.research_context [req-5a65147d-1ba0-4621-9068-8b83cb8a2a45 req-74df8a59-e362-4e91-903d-18d5ee019577 service placement] found 2 providers with available 1 DISK_GB {{(pid=75680) get_provider_ids_matching /opt/stack/placement/placement/objects/research_context.py:549}}
Apr 30 06:54:17.325413 n-d-768509-17 devstack@placement-api.service[75680]: DEBUG placement.objects.research_context [req-5a65147d-1ba0-4621-9068-8b83cb8a2a45 req-74df8a59-e362-4e91-903d-18d5ee019577 service placement] found 2 providers with available 1024 MEMORY_MB {{(pid=75680) get_provider_ids_matching /opt/stack/placement/placement/objects/research_context.py:549}}
Apr 30 06:54:17.325413 n-d-768509-17 devstack@placement-api.service[75680]: DEBUG placement.objects.research_context [req-5a65147d-1ba0-4621-9068-8b83cb8a2a45 req-74df8a59-e362-4e91-903d-18d5ee019577 service placement] found 2 providers after filtering by previous result {{(pid=75680) get_provider_ids_matching /opt/stack/placement/placement/objects/research_context.py:580}}
Apr 30 06:54:17.325413 n-d-768509-17 devstack@placement-api.service[75680]: DEBUG placement.objects.research_context [req-5a65147d-1ba0-4621-9068-8b83cb8a2a45 req-74df8a59-e362-4e91-903d-18d5ee019577 service placement] found 2 providers with available 1 VCPU {{(pid=75680) get_provider_ids_matching /opt/stack/placement/placement/objects/research_context.py:549}}
Apr 30 06:54:17.325413 n-d-768509-17 devstack@placement-api.service[75680]: DEBUG placement.objects.research_context [req-5a65147d-1ba0-4621-9068-8b83cb8a2a45 req-74df8a59-e362-4e91-903d-18d5ee019577 service placement] found 2 providers after filtering by previous result {{(pid=75680) get_provider_ids_matching /opt/stack/placement/placement/objects/research_context.py:580}}
Apr 30 06:54:17.337863 n-d-768509-17 devstack@placement-api.service[75680]: DEBUG placement.objects.allocation_candidate [req-5a65147d-1ba0-4621-9068-8b83cb8a2a45 req-74df8a59-e362-4e91-903d-18d5ee019577 service placement] RequestGroup(use_same_provider=False, resources={DISK_GB:1, MEMORY_MB:1024, VCPU:1}, traits=[], aggregates=[]) (suffix '') returned 2 matches {{(pid=75680) _get_by_requests /opt/stack/placement/placement/objects/allocation_candidate.py:145}}
Apr 30 06:54:17.338687 n-d-768509-17 devstack@placement-api.service[75680]: DEBUG placement.objects.allocation_candidate [req-5a65147d-1ba0-4621-9068-8b83cb8a2a45 req-74df8a59-e362-4e91-903d-18d5ee019577 service placement] Merging candidates yields 2 allocation requests and 2 provider summaries {{(pid=75680) _merge_candidates /opt/stack/placement/placement/objects/allocation_candidate.py:783}}
Apr 30 06:54:17.340220 n-d-768509-17 devstack@placement-api.service[75680]: INFO placement.requestlog [req-5a65147d-1ba0-4621-9068-8b83cb8a2a45 req-74df8a59-e362-4e91-903d-18d5ee019577 service placement] 10.222.0.55 "GET /placement/allocation_candidates?resources=DISK_GB%3A1%2CMEMORY_MB%3A1024%2CVCPU%3A1&root_required=%21COMPUTE_STATUS_DISABLED" status: 200 len: 1309 microversion: 1.35
Apr 30 06:54:17.344739 n-d-768509-17 devstack@placement-api.service[75680]: [pid: 75680|app: 0|req: 107/213] 10.222.0.55 () {60 vars in 1484 bytes} [Fri Apr 30 06:54:17 2021] GET /placement/allocation_candidates?resources=DISK_GB%3A1%2CMEMORY_MB%3A1024%2CVCPU%3A1&root_required=%21COMPUTE_STATUS_DISABLED => generated 1309 bytes in 90 msecs (HTTP/1.1 200) 8 headers in 297 bytes (2 switches on core 0)
Apr 30 06:54:17.394402 n-d-768509-17 devstack@placement-api.service[75681]: DEBUG placement.requestlog [req-5a65147d-1ba0-4621-9068-8b83cb8a2a45 req-c38be9e4-06f4-496b-852a-f2771b6e6b91 None None] Starting request: 10.222.0.55 "GET /placement/allocations/a4063ed3-5e2e-4120-b585-b230bfb4037c" {{(pid=75681) __call__ /opt/stack/placement/placement/requestlog.py:55}}
Apr 30 06:54:17.409579 n-d-768509-17 devstack@placement-api.service[75681]: INFO placement.requestlog [req-5a65147d-1ba0-4621-9068-8b83cb8a2a45 req-c38be9e4-06f4-496b-852a-f2771b6e6b91 service placement] 10.222.0.55 "GET /placement/allocations/a4063ed3-5e2e-4120-b585-b230bfb4037c" status: 200 len: 19 microversion: 1.28
Apr 30 06:54:17.414395 n-d-768509-17 devstack@placement-api.service[75681]: [pid: 75681|app: 0|req: 107/214] 10.222.0.55 () {60 vars in 1380 bytes} [Fri Apr 30 06:54:17 2021] GET /placement/allocations/a4063ed3-5e2e-4120-b585-b230bfb4037c => generated 19 bytes in 20 msecs (HTTP/1.1 200) 8 headers in 295 bytes (1 switches on core 0)
Apr 30 06:54:17.417082 n-d-768509-17 devstack@placement-api.service[75680]: DEBUG placement.requestlog [req-5a65147d-1ba0-4621-9068-8b83cb8a2a45 req-94297aff-9a07-4035-8301-54059da34173 None None] Starting request: 10.222.0.55 "PUT /placement/allocations/a4063ed3-5e2e-4120-b585-b230bfb4037c" {{(pid=75680) __call__ /opt/stack/placement/placement/requestlog.py:55}}
Apr 30 06:54:17.629992 n-d-768509-17 devstack@placement-api.service[75680]: DEBUG placement.handlers.allocation [req-5a65147d-1ba0-4621-9068-8b83cb8a2a45 req-94297aff-9a07-4035-8301-54059da34173 service placement] Successfully wrote allocations [, , ] {{(pid=75680) _create_allocations /opt/stack/placement/placement/handlers/allocation.py:435}}
Apr 30 06:54:17.631488 n-d-768509-17 devstack@placement-api.service[75680]: INFO placement.requestlog [req-5a65147d-1ba0-4621-9068-8b83cb8a2a45 req-94297aff-9a07-4035-8301-54059da34173 service placement] 10.222.0.55 "PUT /placement/allocations/a4063ed3-5e2e-4120-b585-b230bfb4037c" status: 204 len: 0 microversion: 1.35
Apr 30 06:54:17.632620 n-d-768509-17 devstack@placement-api.service[75680]: [pid: 75680|app: 0|req: 108/215] 10.222.0.55 () {64 vars in 1433 bytes} [Fri Apr 30 06:54:17 2021] PUT /placement/allocations/a4063ed3-5e2e-4120-b585-b230bfb4037c => generated 0 bytes in 216 msecs (HTTP/1.1 204) 5 headers in 199 bytes (2 switches on core 0)
Apr 30 06:54:18.963105 n-d-768509-17 devstack@placement-api.service[75681]: DEBUG placement.requestlog [req-5a65147d-1ba0-4621-9068-8b83cb8a2a45 req-5667ba2c-b734-4ba4-8bb1-add0b8c8e145 None None] Starting request: 10.222.0.58 "GET /placement/allocations/a4063ed3-5e2e-4120-b585-b230bfb4037c" {{(pid=75681) __call__ /opt/stack/placement/placement/requestlog.py:55}}
Apr 30 06:54:18.987072 n-d-768509-17 devstack@placement-api.service[75681]: INFO placement.requestlog [req-5a65147d-1ba0-4621-9068-8b83cb8a2a45 req-5667ba2c-b734-4ba4-8bb1-add0b8c8e145 service placement] 10.222.0.58 "GET /placement/allocations/a4063ed3-5e2e-4120-b585-b230bfb4037c" status: 200 len: 259 microversion: 1.28
Apr 30 06:54:18.996726 n-d-768509-17 devstack@placement-api.service[75681]: [pid: 75681|app: 0|req: 108/216] 10.222.0.58 () {60 vars in 1378 bytes} [Fri Apr 30 06:54:18 2021] GET /placement/allocations/a4063ed3-5e2e-4120-b585-b230bfb4037c => generated 259 bytes in 25 msecs (HTTP/1.1 200) 8 headers in 296 bytes (1 switches on core 0)
Apr 30 06:54:29.466859 n-d-768509-17 devstack@placement-api.service[75680]: DEBUG placement.requestlog [req-9430c54f-2958-496e-9058-4ecf71062fdb req-a4018c03-57cb-4dad-8990-8245415e0b76 None None] Starting request: 10.222.0.46 "GET /placement/allocations/87aff647-bb62-4fd3-9e39-dd2c6e14e792" {{(pid=75680) __call__ /opt/stack/placement/placement/requestlog.py:55}}
Apr 30 06:54:29.484524 n-d-768509-17 devstack@placement-api.service[75680]: INFO placement.requestlog [req-9430c54f-2958-496e-9058-4ecf71062fdb req-a4018c03-57cb-4dad-8990-8245415e0b76 service placement] 10.222.0.46 "GET /placement/allocations/87aff647-bb62-4fd3-9e39-dd2c6e14e792" status: 200 len: 258 microversion: 1.28
Apr 30 06:54:29.485668 n-d-768509-17 devstack@placement-api.service[75680]: [pid: 75680|app: 0|req: 109/217] 10.222.0.46 () {60 vars in 1378 bytes} [Fri Apr 30 06:54:29 2021] GET /placement/allocations/87aff647-bb62-4fd3-9e39-dd2c6e14e792 => generated 258 bytes in 19 msecs (HTTP/1.1 200) 8 headers in 296 bytes (1 switches on core 0)
Apr 30 06:54:31.889270 n-d-768509-17 devstack@placement-api.service[75681]: DEBUG placement.requestlog [req-389142f2-14cc-40d1-bba6-317d2d2c9f80 req-e9fde3df-940e-4bec-a6e9-43c7157e1371 None None] Starting request: 10.222.0.55 "GET /placement/allocation_candidates?limit=1000&resources=DISK_GB%3A1%2CMEMORY_MB%3A1024%2CVCPU%3A1&root_required=%21COMPUTE_STATUS_DISABLED" {{(pid=75681) __call__ /opt/stack/placement/placement/requestlog.py:55}}
