Jul 14 14:27:54.541987 n-d-767704-28 devstack@placement-api.service[105397]: [pid: 105397|app: 0|req: 93/186] 10.222.0.95 () {60 vars in 1431 bytes} [Thu Jul 14 14:27:54 2022] GET /placement/resource_providers/63702b9c-21dc-4f2e-8822-0dbe405dddc1/aggregates => generated 54 bytes in 92 msecs (HTTP/1.1 200) 8 headers in 295 bytes (1 switches on core 0)
Jul 14 14:27:54.549536 n-d-767704-28 devstack@placement-api.service[105396]: DEBUG placement.requestlog [req-f83fb98b-6ae9-4d27-a477-5df6b4787008 req-b821f4ca-2439-4a5b-82f5-fbb878ddc240 None None] Starting request: 10.222.0.95 "GET /placement/resource_providers/63702b9c-21dc-4f2e-8822-0dbe405dddc1/traits" {{(pid=105396) __call__ /opt/stack/placement/placement/requestlog.py:55}}
Jul 14 14:27:54.670701 n-d-767704-28 devstack@placement-api.service[105396]: INFO placement.requestlog [req-f83fb98b-6ae9-4d27-a477-5df6b4787008 req-b821f4ca-2439-4a5b-82f5-fbb878ddc240 service placement] 10.222.0.95 "GET /placement/resource_providers/63702b9c-21dc-4f2e-8822-0dbe405dddc1/traits" status: 200 len: 212 microversion: 1.6
Jul 14 14:27:54.672057 n-d-767704-28 devstack@placement-api.service[105396]: [pid: 105396|app: 0|req: 94/187] 10.222.0.95 () {60 vars in 1418 bytes} [Thu Jul 14 14:27:54 2022] GET /placement/resource_providers/63702b9c-21dc-4f2e-8822-0dbe405dddc1/traits => generated 212 bytes in 123 msecs (HTTP/1.1 200) 6 headers in 224 bytes (1 switches on core 0)
Jul 14 14:27:59.431949 n-d-767704-28 devstack@placement-api.service[105397]: DEBUG placement.requestlog [req-acf16294-4a00-4193-af60-25c302a86ee4 req-cb56be16-6156-4355-bb09-50d923e36dec None None] Starting request: 10.222.0.96 "GET /placement/allocations/19bb6d1e-7771-41fd-b903-dc300ba97d6f" {{(pid=105397) __call__ /opt/stack/placement/placement/requestlog.py:55}}
Jul 14 14:27:59.465838 n-d-767704-28 devstack@placement-api.service[105397]: INFO placement.requestlog [req-acf16294-4a00-4193-af60-25c302a86ee4 req-cb56be16-6156-4355-bb09-50d923e36dec service placement] 10.222.0.96 "GET /placement/allocations/19bb6d1e-7771-41fd-b903-dc300ba97d6f" status: 200 len: 258 microversion: 1.28
Jul 14 14:27:59.467772 n-d-767704-28 devstack@placement-api.service[105397]: [pid: 105397|app: 0|req: 94/188] 10.222.0.96 () {60 vars in 1377 bytes} [Thu Jul 14 14:27:59 2022] GET /placement/allocations/19bb6d1e-7771-41fd-b903-dc300ba97d6f => generated 258 bytes in 36 msecs (HTTP/1.1 200) 8 headers in 296 bytes (1 switches on core 0)
Jul 14 14:28:02.115141 n-d-767704-28 devstack@placement-api.service[105396]: DEBUG placement.requestlog [None req-89064a13-384c-40e1-ade8-ade01fa0fc4a None None] Starting request: 10.222.0.81 "GET /placement/" {{(pid=105396) __call__ /opt/stack/placement/placement/requestlog.py:55}}
Jul 14 14:28:02.118024 n-d-767704-28 devstack@placement-api.service[105396]: INFO placement.requestlog [None req-89064a13-384c-40e1-ade8-ade01fa0fc4a None None] 10.222.0.81 "GET /placement/" status: 200 len: 136 microversion: 1.0
Jul 14 14:28:02.118972 n-d-767704-28 devstack@placement-api.service[105396]: [pid: 105396|app: 0|req: 95/189] 10.222.0.81 () {54 vars in 916 bytes} [Thu Jul 14 14:28:02 2022] GET /placement => generated 136 bytes in 4 msecs (HTTP/1.1 200) 6 headers in 224 bytes (1 switches on core 0)
Jul 14 14:28:02.134352 n-d-767704-28 devstack@placement-api.service[105397]: DEBUG placement.requestlog [req-4a2cb578-81b2-4546-bc0c-257d711df29f req-bd3b62e0-f016-4a8b-81ad-94321ab0a2ff None None] Starting request: 10.222.0.81 "GET /placement/allocations/037d7f27-c02b-4c2e-8039-2efba995484d" {{(pid=105397) __call__ /opt/stack/placement/placement/requestlog.py:55}}
Jul 14 14:28:02.281443 n-d-767704-28 devstack@placement-api.service[105397]: INFO placement.requestlog [req-4a2cb578-81b2-4546-bc0c-257d711df29f req-bd3b62e0-f016-4a8b-81ad-94321ab0a2ff service placement] 10.222.0.81 "GET /placement/allocations/037d7f27-c02b-4c2e-8039-2efba995484d" status: 200 len: 259 microversion: 1.28
Jul 14 14:28:02.290905 n-d-767704-28 devstack@placement-api.service[105396]: DEBUG placement.requestlog [req-4a2cb578-81b2-4546-bc0c-257d711df29f req-1b45b029-5dd1-4c81-b6c4-f55572485635 None None] Starting request: 10.222.0.81 "GET /placement/allocations/037d7f27-c02b-4c2e-8039-2efba995484d" {{(pid=105396) __call__ /opt/stack/placement/placement/requestlog.py:55}}
Jul 14 14:28:02.301298 n-d-767704-28 devstack@placement-api.service[105397]: [pid: 105397|app: 0|req: 95/190] 10.222.0.81 () {60 vars in 1380 bytes} [Thu Jul 14 14:28:02 2022] GET /placement/allocations/037d7f27-c02b-4c2e-8039-2efba995484d => generated 259 bytes in 167 msecs (HTTP/1.1 200) 8 headers in 296 bytes (1 switches on core 0)
Jul 14 14:28:02.302781 n-d-767704-28 devstack@placement-api.service[105396]: DEBUG dbcounter [-] [105396] Writing DB stats placement:INSERT=5,placement:UPDATE=6,placement:SELECT=81,placement:DELETE=5 {{(pid=105396) stat_writer /usr/local/lib/python3.8/dist-packages/dbcounter.py:114}}
Jul 14 14:28:02.333076 n-d-767704-28 devstack@placement-api.service[105396]: INFO placement.requestlog [req-4a2cb578-81b2-4546-bc0c-257d711df29f req-1b45b029-5dd1-4c81-b6c4-f55572485635 service placement] 10.222.0.81 "GET /placement/allocations/037d7f27-c02b-4c2e-8039-2efba995484d" status: 200 len: 259 microversion: 1.28
Jul 14 14:28:02.333836 n-d-767704-28 devstack@placement-api.service[105396]: [pid: 105396|app: 0|req: 96/191] 10.222.0.81 () {60 vars in 1380 bytes} [Thu Jul 14 14:28:02 2022] GET /placement/allocations/037d7f27-c02b-4c2e-8039-2efba995484d => generated 259 bytes in 44 msecs (HTTP/1.1 200) 8 headers in 296 bytes (2 switches on core 0)
Jul 14 14:28:02.341594 n-d-767704-28 devstack@placement-api.service[105397]: DEBUG placement.requestlog [req-4a2cb578-81b2-4546-bc0c-257d711df29f req-0f3cc93a-8a08-48fa-8141-28c94c2b48a8 None None] Starting request: 10.222.0.81 "GET /placement/allocations/6f29c2e5-c3ad-4f62-abb9-f314c271db4c" {{(pid=105397) __call__ /opt/stack/placement/placement/requestlog.py:55}}
Jul 14 14:28:02.362107 n-d-767704-28 devstack@placement-api.service[105397]: INFO placement.requestlog [req-4a2cb578-81b2-4546-bc0c-257d711df29f req-0f3cc93a-8a08-48fa-8141-28c94c2b48a8 service placement] 10.222.0.81 "GET /placement/allocations/6f29c2e5-c3ad-4f62-abb9-f314c271db4c" status: 200 len: 19 microversion: 1.28
Jul 14 14:28:02.370439 n-d-767704-28 devstack@placement-api.service[105396]: DEBUG placement.requestlog [req-4a2cb578-81b2-4546-bc0c-257d711df29f req-326f59f4-0b8d-472e-b078-e21f74671bc1 None None] Starting request: 10.222.0.81 "POST /placement/allocations" {{(pid=105396) __call__ /opt/stack/placement/placement/requestlog.py:55}}
Jul 14 14:28:02.383447 n-d-767704-28 devstack@placement-api.service[105397]: [pid: 105397|app: 0|req: 96/192] 10.222.0.81 () {60 vars in 1380 bytes} [Thu Jul 14 14:28:02 2022] GET /placement/allocations/6f29c2e5-c3ad-4f62-abb9-f314c271db4c => generated 19 bytes in 42 msecs (HTTP/1.1 200) 8 headers in 295 bytes (1 switches on core 0)
Jul 14 14:28:02.519117 n-d-767704-28 devstack@placement-api.service[105396]: DEBUG placement.handlers.allocation [req-4a2cb578-81b2-4546-bc0c-257d711df29f req-326f59f4-0b8d-472e-b078-e21f74671bc1 service placement] Successfully wrote allocations [, , , , , ] {{(pid=105396) _update_consumers_and_create_allocations /opt/stack/placement/placement/handlers/allocation.py:572}}
Jul 14 14:28:02.530311 n-d-767704-28 devstack@placement-api.service[105396]: INFO placement.requestlog [req-4a2cb578-81b2-4546-bc0c-257d711df29f req-326f59f4-0b8d-472e-b078-e21f74671bc1 service placement] 10.222.0.81 "POST /placement/allocations" status: 204 len: 0 microversion: 1.28
Jul 14 14:28:02.546753 n-d-767704-28 devstack@placement-api.service[105396]: [pid: 105396|app: 0|req: 97/193] 10.222.0.81 () {64 vars in 1323 bytes} [Thu Jul 14 14:28:02 2022] POST /placement/allocations => generated 0 bytes in 161 msecs (HTTP/1.1 204) 5 headers in 199 bytes (2 switches on core 0)
Jul 14 14:28:02.577390 n-d-767704-28 devstack@placement-api.service[105397]: DEBUG placement.requestlog [req-4a2cb578-81b2-4546-bc0c-257d711df29f req-c261b48b-e697-4fb4-a051-bb3df4db21dd None None] Starting request: 10.222.0.81 "GET /placement/allocations/037d7f27-c02b-4c2e-8039-2efba995484d" {{(pid=105397) __call__ /opt/stack/placement/placement/requestlog.py:55}}
Jul 14 14:28:02.594411 n-d-767704-28 devstack@placement-api.service[105397]: INFO placement.requestlog [req-4a2cb578-81b2-4546-bc0c-257d711df29f req-c261b48b-e697-4fb4-a051-bb3df4db21dd service placement] 10.222.0.81 "GET /placement/allocations/037d7f27-c02b-4c2e-8039-2efba995484d" status: 200 len: 19 microversion: 1.28
Jul 14 14:28:02.608195 n-d-767704-28 devstack@placement-api.service[105397]: [pid: 105397|app: 0|req: 97/194] 10.222.0.81 () {60 vars in 1380 bytes} [Thu Jul 14 14:28:02 2022] GET /placement/allocations/037d7f27-c02b-4c2e-8039-2efba995484d => generated 19 bytes in 31 msecs (HTTP/1.1 200) 8 headers in 295 bytes (1 switches on core 0)
Jul 14 14:28:02.611388 n-d-767704-28 devstack@placement-api.service[105396]: DEBUG placement.requestlog [req-4a2cb578-81b2-4546-bc0c-257d711df29f req-471a9321-08cd-4857-b8f9-a5c1ed9a750b None None] Starting request: 10.222.0.81 "PUT /placement/allocations/037d7f27-c02b-4c2e-8039-2efba995484d" {{(pid=105396) __call__ /opt/stack/placement/placement/requestlog.py:55}}
Jul 14 14:28:02.751439 n-d-767704-28 devstack@placement-api.service[105396]: DEBUG placement.handlers.allocation [req-4a2cb578-81b2-4546-bc0c-257d711df29f req-471a9321-08cd-4857-b8f9-a5c1ed9a750b service placement] Successfully wrote allocations [, , ] {{(pid=105396) _update_consumers_and_create_allocations /opt/stack/placement/placement/handlers/allocation.py:462}}
Jul 14 14:28:02.769926 n-d-767704-28 devstack@placement-api.service[105396]: INFO placement.requestlog [req-4a2cb578-81b2-4546-bc0c-257d711df29f req-471a9321-08cd-4857-b8f9-a5c1ed9a750b service placement] 10.222.0.81 "PUT /placement/allocations/037d7f27-c02b-4c2e-8039-2efba995484d" status: 204 len: 0 microversion: 1.28
Jul 14 14:28:02.789644 n-d-767704-28 devstack@placement-api.service[105396]: [pid: 105396|app: 0|req: 98/195] 10.222.0.81 () {64 vars in 1433 bytes} [Thu Jul 14 14:28:02 2022] PUT /placement/allocations/037d7f27-c02b-4c2e-8039-2efba995484d => generated 0 bytes in 162 msecs (HTTP/1.1 204) 5 headers in 199 bytes (1 switches on core 0)
Jul 14 14:28:02.991550 n-d-767704-28 devstack@placement-api.service[105397]: DEBUG placement.requestlog [req-4a2cb578-81b2-4546-bc0c-257d711df29f req-1ad15c51-de80-4f98-a239-bfb8aac26c42 None None] Starting request: 10.222.0.96 "GET /placement/allocations/037d7f27-c02b-4c2e-8039-2efba995484d" {{(pid=105397) __call__ /opt/stack/placement/placement/requestlog.py:55}}
Jul 14 14:28:03.056771 n-d-767704-28 devstack@placement-api.service[105397]: INFO placement.requestlog [req-4a2cb578-81b2-4546-bc0c-257d711df29f req-1ad15c51-de80-4f98-a239-bfb8aac26c42 service placement] 10.222.0.96 "GET /placement/allocations/037d7f27-c02b-4c2e-8039-2efba995484d" status: 200 len: 259 microversion: 1.28
Jul 14 14:28:03.060347 n-d-767704-28 devstack@placement-api.service[105397]: [pid: 105397|app: 0|req: 98/196] 10.222.0.96 () {60 vars in 1377 bytes} [Thu Jul 14 14:28:02 2022] GET /placement/allocations/037d7f27-c02b-4c2e-8039-2efba995484d => generated 259 bytes in 68 msecs (HTTP/1.1 200) 8 headers in 296 bytes (1 switches on core 0)
Jul 14 14:28:04.000242 n-d-767704-28 devstack@placement-api.service[105396]: DEBUG placement.requestlog [req-29fb4fc5-618e-4c8a-9efe-ab21b6444031 req-c5e559d7-cb5c-44af-9034-7c2de3271653 None None] Starting request: 10.222.0.96 "GET /placement/resource_providers/1894a0e2-7c68-47c3-9943-1c55131a6d05/allocations" {{(pid=105396) __call__ /opt/stack/placement/placement/requestlog.py:55}}
Jul 14 14:28:04.110280 n-d-767704-28 devstack@placement-api.service[105396]: INFO placement.requestlog [req-29fb4fc5-618e-4c8a-9efe-ab21b6444031 req-c5e559d7-cb5c-44af-9034-7c2de3271653 service placement] 10.222.0.96 "GET /placement/resource_providers/1894a0e2-7c68-47c3-9943-1c55131a6d05/allocations" status: 200 len: 759 microversion: 1.0
Jul 14 14:28:04.112439 n-d-767704-28 devstack@placement-api.service[105396]: [pid: 105396|app: 0|req: 99/197] 10.222.0.96 () {58 vars in 1390 bytes} [Thu Jul 14 14:28:03 2022] GET /placement/resource_providers/1894a0e2-7c68-47c3-9943-1c55131a6d05/allocations => generated 759 bytes in 112 msecs (HTTP/1.1 200) 6 headers in 224 bytes (1 switches on core 0)
Jul 14 14:28:07.048379 n-d-767704-28 devstack@placement-api.service[105397]: DEBUG placement.requestlog [req-eb97010c-f72b-41c0-a3ac-6380a48953fe req-84bf916b-ff42-43a0-b251-42cba9decb51 None None] Starting request: 10.222.0.95 "DELETE /placement/allocations/32c5728e-50ec-43f4-bd4e-8d7b9217bb69" {{(pid=105397) __call__ /opt/stack/placement/placement/requestlog.py:55}}
Jul 14 14:28:07.094548 n-d-767704-28 devstack@placement-api.service[105397]: DEBUG placement.handlers.allocation [req-eb97010c-f72b-41c0-a3ac-6380a48953fe req-84bf916b-ff42-43a0-b251-42cba9decb51 service placement] Successfully deleted allocations [, , ] {{(pid=105397) delete_allocations /opt/stack/placement/placement/handlers/allocation.py:627}}
Jul 14 14:28:07.095719 n-d-767704-28 devstack@placement-api.service[105397]: INFO placement.requestlog [req-eb97010c-f72b-41c0-a3ac-6380a48953fe req-84bf916b-ff42-43a0-b251-42cba9decb51 service placement] 10.222.0.95 "DELETE /placement/allocations/32c5728e-50ec-43f4-bd4e-8d7b9217bb69" status: 204 len: 0 microversion: 1.0
Jul 14 14:28:07.096583 n-d-767704-28 devstack@placement-api.service[105397]: [pid: 105397|app: 0|req: 99/198] 10.222.0.95 () {60 vars in 1355 bytes} [Thu Jul 14 14:28:07 2022] DELETE /placement/allocations/32c5728e-50ec-43f4-bd4e-8d7b9217bb69 => generated 0 bytes in 48 msecs (HTTP/1.1 204) 5 headers in 198 bytes (1 switches on core 0)
Jul 14 14:28:09.580439 n-d-767704-28 devstack@placement-api.service[105396]: DEBUG placement.requestlog [req-02cb1364-b2e4-4a1d-9190-43264f15965e req-56645d8a-7d0a-47dc-8c42-9fb1b2f8ebbf None None] Starting request: 10.222.0.81 "GET /placement/allocation_candidates?limit=1000&resources=DISK_GB%3A1%2CMEMORY_MB%3A1024%2CVCPU%3A1&root_required=%21COMPUTE_STATUS_DISABLED" {{(pid=105396) __call__ /opt/stack/placement/placement/requestlog.py:55}}
Jul 14 14:28:09.678719 n-d-767704-28 devstack@placement-api.service[105396]: DEBUG placement.objects.research_context [req-02cb1364-b2e4-4a1d-9190-43264f15965e req-56645d8a-7d0a-47dc-8c42-9fb1b2f8ebbf service placement] getting providers with 1 DISK_GB {{(pid=105396) __init__ /opt/stack/placement/placement/objects/research_context.py:136}}
Jul 14 14:28:09.720201 n-d-767704-28 devstack@placement-api.service[105396]: DEBUG placement.objects.research_context [req-02cb1364-b2e4-4a1d-9190-43264f15965e req-56645d8a-7d0a-47dc-8c42-9fb1b2f8ebbf service placement] getting providers with 1024 MEMORY_MB {{(pid=105396) __init__ /opt/stack/placement/placement/objects/research_context.py:136}}
Jul 14 14:28:09.743651 n-d-767704-28 devstack@placement-api.service[105396]: DEBUG placement.objects.research_context [req-02cb1364-b2e4-4a1d-9190-43264f15965e req-56645d8a-7d0a-47dc-8c42-9fb1b2f8ebbf service placement] getting providers with 1 VCPU {{(pid=105396) __init__ /opt/stack/placement/placement/objects/research_context.py:136}}
Jul 14 14:28:09.775155 n-d-767704-28 devstack@placement-api.service[105396]: DEBUG placement.objects.research_context [req-02cb1364-b2e4-4a1d-9190-43264f15965e req-56645d8a-7d0a-47dc-8c42-9fb1b2f8ebbf service placement] found 2 providers with available 1 DISK_GB {{(pid=105396) get_provider_ids_matching /opt/stack/placement/placement/objects/research_context.py:563}}
Jul 14 14:28:09.777217 n-d-767704-28 devstack@placement-api.service[105396]: DEBUG placement.objects.research_context [req-02cb1364-b2e4-4a1d-9190-43264f15965e req-56645d8a-7d0a-47dc-8c42-9fb1b2f8ebbf service placement] found 2 providers with available 1024 MEMORY_MB {{(pid=105396) get_provider_ids_matching /opt/stack/placement/placement/objects/research_context.py:563}}
Jul 14 14:28:09.777880 n-d-767704-28 devstack@placement-api.service[105396]: DEBUG placement.objects.research_context [req-02cb1364-b2e4-4a1d-9190-43264f15965e req-56645d8a-7d0a-47dc-8c42-9fb1b2f8ebbf service placement] found 2 providers after filtering by previous result {{(pid=105396) get_provider_ids_matching /opt/stack/placement/placement/objects/research_context.py:594}}
Jul 14 14:28:09.778983 n-d-767704-28 devstack@placement-api.service[105396]: DEBUG placement.objects.research_context [req-02cb1364-b2e4-4a1d-9190-43264f15965e req-56645d8a-7d0a-47dc-8c42-9fb1b2f8ebbf service placement] found 2 providers with available 1 VCPU {{(pid=105396) get_provider_ids_matching /opt/stack/placement/placement/objects/research_context.py:563}}
Jul 14 14:28:09.780006 n-d-767704-28 devstack@placement-api.service[105396]: DEBUG placement.objects.research_context [req-02cb1364-b2e4-4a1d-9190-43264f15965e req-56645d8a-7d0a-47dc-8c42-9fb1b2f8ebbf service placement] found 2 providers after filtering by previous result {{(pid=105396) get_provider_ids_matching /opt/stack/placement/placement/objects/research_context.py:594}}
Jul 14 14:28:09.821283 n-d-767704-28 devstack@placement-api.service[105396]: DEBUG placement.objects.allocation_candidate [req-02cb1364-b2e4-4a1d-9190-43264f15965e req-56645d8a-7d0a-47dc-8c42-9fb1b2f8ebbf service placement] RequestGroup(use_same_provider=False, resources={DISK_GB:1, MEMORY_MB:1024, VCPU:1}, traits=(), aggregates=[]) (suffix '') returned 2 matches {{(pid=105396) _get_by_requests /opt/stack/placement/placement/objects/allocation_candidate.py:156}}
Jul 14 14:28:09.821832 n-d-767704-28 devstack@placement-api.service[105396]: DEBUG placement.objects.allocation_candidate [req-02cb1364-b2e4-4a1d-9190-43264f15965e req-56645d8a-7d0a-47dc-8c42-9fb1b2f8ebbf service placement] Merging candidates yields 2 allocation requests and 2 provider summaries {{(pid=105396) _merge_candidates /opt/stack/placement/placement/objects/allocation_candidate.py:809}}
Jul 14 14:28:09.823698 n-d-767704-28 devstack@placement-api.service[105396]: INFO placement.requestlog [req-02cb1364-b2e4-4a1d-9190-43264f15965e req-56645d8a-7d0a-47dc-8c42-9fb1b2f8ebbf service placement] 10.222.0.81 "GET /placement/allocation_candidates?limit=1000&resources=DISK_GB%3A1%2CMEMORY_MB%3A1024%2CVCPU%3A1&root_required=%21COMPUTE_STATUS_DISABLED" status: 200 len: 1309 microversion: 1.36
Jul 14 14:28:09.839011 n-d-767704-28 devstack@placement-api.service[105396]: [pid: 105396|app: 0|req: 100/199] 10.222.0.81 () {60 vars in 1506 bytes} [Thu Jul 14 14:28:09 2022] GET /placement/allocation_candidates?limit=1000&resources=DISK_GB%3A1%2CMEMORY_MB%3A1024%2CVCPU%3A1&root_required=%21COMPUTE_STATUS_DISABLED => generated 1309 bytes in 249 msecs (HTTP/1.1 200) 8 headers in 297 bytes (1 switches on core 0)
Jul 14 14:28:09.860129 n-d-767704-28 devstack@placement-api.service[105397]: DEBUG placement.requestlog [req-431f7b8e-f747-4439-b597-a298e7ebe5ed req-f71bf10e-914d-474f-9d3d-3b99c1539f7a None None] Starting request: 10.222.0.96 "GET /placement/resource_providers?in_tree=1894a0e2-7c68-47c3-9943-1c55131a6d05" {{(pid=105397) __call__ /opt/stack/placement/placement/requestlog.py:55}}
Jul 14 14:28:09.957422 n-d-767704-28 devstack@placement-api.service[105396]: DEBUG placement.requestlog [req-02cb1364-b2e4-4a1d-9190-43264f15965e req-d88c476b-e88f-4ab9-ab7c-b62fa7e27d91 None None] Starting request: 10.222.0.81 "GET /placement/allocations/ab65834e-bbdc-4716-8ae0-f8dbbc461b03" {{(pid=105396) __call__ /opt/stack/placement/placement/requestlog.py:55}}
Jul 14 14:28:09.980443 n-d-767704-28 devstack@placement-api.service[105396]: INFO placement.requestlog [req-02cb1364-b2e4-4a1d-9190-43264f15965e req-d88c476b-e88f-4ab9-ab7c-b62fa7e27d91 service placement] 10.222.0.81 "GET /placement/allocations/ab65834e-bbdc-4716-8ae0-f8dbbc461b03" status: 200 len: 19 microversion: 1.28
Jul 14 14:28:09.989678 n-d-767704-28 devstack@placement-api.service[105396]: [pid: 105396|app: 0|req: 101/200] 10.222.0.81 () {60 vars in 1380 bytes} [Thu Jul 14 14:28:09 2022] GET /placement/allocations/ab65834e-bbdc-4716-8ae0-f8dbbc461b03 => generated 19 bytes in 32 msecs (HTTP/1.1 200) 8 headers in 295 bytes (1 switches on core 0)
Jul 14 14:28:09.990472 n-d-767704-28 devstack@placement-api.service[105396]: DEBUG placement.requestlog [req-02cb1364-b2e4-4a1d-9190-43264f15965e req-89f353f5-6ee2-4499-ab34-1ccf11f2831f None None] Starting request: 10.222.0.81 "PUT /placement/allocations/ab65834e-bbdc-4716-8ae0-f8dbbc461b03" {{(pid=105396) __call__ /opt/stack/placement/placement/requestlog.py:55}}
Jul 14 14:28:10.115536 n-d-767704-28 devstack@placement-api.service[105396]: DEBUG placement.handlers.allocation [req-02cb1364-b2e4-4a1d-9190-43264f15965e req-89f353f5-6ee2-4499-ab34-1ccf11f2831f service placement] Successfully wrote allocations [, , ] {{(pid=105396) _update_consumers_and_create_allocations /opt/stack/placement/placement/handlers/allocation.py:462}}
Jul 14 14:28:10.119861 n-d-767704-28 devstack@placement-api.service[105397]: INFO placement.requestlog [req-431f7b8e-f747-4439-b597-a298e7ebe5ed req-f71bf10e-914d-474f-9d3d-3b99c1539f7a service placement] 10.222.0.96 "GET /placement/resource_providers?in_tree=1894a0e2-7c68-47c3-9943-1c55131a6d05" status: 200 len: 864 microversion: 1.14
Jul 14 14:28:10.121544 n-d-767704-28 devstack@placement-api.service[105397]: [pid: 105397|app: 0|req: 100/201] 10.222.0.96 () {60 vars in 1376 bytes} [Thu Jul 14 14:28:09 2022] GET /placement/resource_providers?in_tree=1894a0e2-7c68-47c3-9943-1c55131a6d05 => generated 864 bytes in 262 msecs (HTTP/1.1 200) 6 headers in 225 bytes (1 switches on core 0)
Jul 14 14:28:10.122872 n-d-767704-28 devstack@placement-api.service[105396]: INFO placement.requestlog [req-02cb1364-b2e4-4a1d-9190-43264f15965e req-89f353f5-6ee2-4499-ab34-1ccf11f2831f service placement] 10.222.0.81 "PUT /placement/allocations/ab65834e-bbdc-4716-8ae0-f8dbbc461b03" status: 204 len: 0 microversion: 1.36
Jul 14 14:28:10.123424 n-d-767704-28 devstack@placement-api.service[105396]: [pid: 105396|app: 0|req: 102/202] 10.222.0.81 () {64 vars in 1433 bytes} [Thu Jul 14 14:28:09 2022] PUT /placement/allocations/ab65834e-bbdc-4716-8ae0-f8dbbc461b03 => generated 0 bytes in 133 msecs (HTTP/1.1 204) 5 headers in 199 bytes (1 switches on core 0)
Jul 14 14:28:10.147207 n-d-767704-28 devstack@placement-api.service[105397]: DEBUG placement.requestlog [req-431f7b8e-f747-4439-b597-a298e7ebe5ed req-4a1761e9-c3d6-434c-bc78-31ab2259ab6e None None] Starting request: 10.222.0.96 "GET /placement/resource_providers/1894a0e2-7c68-47c3-9943-1c55131a6d05/inventories" {{(pid=105397) __call__ /opt/stack/placement/placement/requestlog.py:55}}
Jul 14 14:28:10.186856 n-d-767704-28 devstack@placement-api.service[105397]: DEBUG dbcounter [-] [105397] Writing DB stats placement:SELECT=84,placement:DELETE=6,placement:UPDATE=4,placement:INSERT=6 {{(pid=105397) stat_writer /usr/local/lib/python3.8/dist-packages/dbcounter.py:114}}
Jul 14 14:28:10.194830 n-d-767704-28 devstack@placement-api.service[105397]: INFO placement.requestlog [req-431f7b8e-f747-4439-b597-a298e7ebe5ed req-4a1761e9-c3d6-434c-bc78-31ab2259ab6e service placement] 10.222.0.96 "GET /placement/resource_providers/1894a0e2-7c68-47c3-9943-1c55131a6d05/inventories" status: 200 len: 398 microversion: 1.0
Jul 14 14:28:10.196049 n-d-767704-28 devstack@placement-api.service[105397]: [pid: 105397|app: 0|req: 101/203] 10.222.0.96 () {58 vars in 1390 bytes} [Thu Jul 14 14:28:10 2022] GET /placement/resource_providers/1894a0e2-7c68-47c3-9943-1c55131a6d05/inventories => generated 398 bytes in 50 msecs (HTTP/1.1 200) 6 headers in 224 bytes (1 switches on core 0)
Jul 14 14:28:10.229778 n-d-767704-28 devstack@placement-api.service[105396]: DEBUG placement.requestlog [req-431f7b8e-f747-4439-b597-a298e7ebe5ed req-90cab91c-a905-446a-a7d7-3ddfe2fc5a4d None None] Starting request: 10.222.0.96 "GET /placement/resource_providers/1894a0e2-7c68-47c3-9943-1c55131a6d05/aggregates" {{(pid=105396) __call__ /opt/stack/placement/placement/requestlog.py:55}}
Jul 14 14:28:10.263004 n-d-767704-28 devstack@placement-api.service[105396]: DEBUG dbcounter [-] [105396] Writing DB stats placement:SELECT=74,placement:INSERT=12,placement:DELETE=7,placement:UPDATE=7 {{(pid=105396) stat_writer /usr/local/lib/python3.8/dist-packages/dbcounter.py:114}}
Jul 14 14:28:10.280895 n-d-767704-28 devstack@placement-api.service[105396]: INFO placement.requestlog [req-431f7b8e-f747-4439-b597-a298e7ebe5ed req-90cab91c-a905-446a-a7d7-3ddfe2fc5a4d service placement] 10.222.0.96 "GET /placement/resource_providers/1894a0e2-7c68-47c3-9943-1c55131a6d05/aggregates" status: 200 len: 54 microversion: 1.19
Jul 14 14:28:10.281950 n-d-767704-28 devstack@placement-api.service[105396]: [pid: 105396|app: 0|req: 103/204] 10.222.0.96 () {60 vars in 1431 bytes} [Thu Jul 14 14:28:10 2022] GET /placement/resource_providers/1894a0e2-7c68-47c3-9943-1c55131a6d05/aggregates => generated 54 bytes in 53 msecs (HTTP/1.1 200) 8 headers in 295 bytes (1 switches on core 0)
Jul 14 14:28:10.305355 n-d-767704-28 devstack@placement-api.service[105397]: DEBUG placement.requestlog [req-431f7b8e-f747-4439-b597-a298e7ebe5ed req-a7b29e18-5521-41c6-8c14-2eb4836b7dee None None] Starting request: 10.222.0.96 "GET /placement/resource_providers/1894a0e2-7c68-47c3-9943-1c55131a6d05/traits" {{(pid=105397) __call__ /opt/stack/placement/placement/requestlog.py:55}}
Jul 14 14:28:10.361908 n-d-767704-28 devstack@placement-api.service[105397]: INFO placement.requestlog [req-431f7b8e-f747-4439-b597-a298e7ebe5ed req-a7b29e18-5521-41c6-8c14-2eb4836b7dee service placement] 10.222.0.96 "GET /placement/resource_providers/1894a0e2-7c68-47c3-9943-1c55131a6d05/traits" status: 200 len: 212 microversion: 1.6
Jul 14 14:28:10.363454 n-d-767704-28 devstack@placement-api.service[105397]: [pid: 105397|app: 0|req: 102/205] 10.222.0.96 () {60 vars in 1418 bytes} [Thu Jul 14 14:28:10 2022] GET /placement/resource_providers/1894a0e2-7c68-47c3-9943-1c55131a6d05/traits => generated 212 bytes in 59 msecs (HTTP/1.1 200) 6 headers in 224 bytes (1 switches on core 0)
Jul 14 14:28:10.615682 n-d-767704-28 devstack@placement-api.service[105396]: DEBUG placement.requestlog [req-02cb1364-b2e4-4a1d-9190-43264f15965e req-4c3ef40c-0f04-476f-8df8-6f1c817d1e05 None None] Starting request: 10.222.0.95 "GET /placement/allocations/ab65834e-bbdc-4716-8ae0-f8dbbc461b03" {{(pid=105396) __call__ /opt/stack/placement/placement/requestlog.py:55}}
Jul 14 14:28:10.669232 n-d-767704-28 devstack@placement-api.service[105396]: INFO placement.requestlog [req-02cb1364-b2e4-4a1d-9190-43264f15965e req-4c3ef40c-0f04-476f-8df8-6f1c817d1e05 service placement] 10.222.0.95 "GET /placement/allocations/ab65834e-bbdc-4716-8ae0-f8dbbc461b03" status: 200 len: 259 microversion: 1.28
Jul 14 14:28:10.675611 n-d-767704-28 devstack@placement-api.service[105396]: [pid: 105396|app: 0|req: 104/206] 10.222.0.95 () {60 vars in 1377 bytes} [Thu Jul 14 14:28:10 2022] GET /placement/allocations/ab65834e-bbdc-4716-8ae0-f8dbbc461b03 => generated 259 bytes in 60 msecs (HTTP/1.1 200) 8 headers in 296 bytes (1 switches on core 0)
Jul 14 14:28:10.916030 n-d-767704-28 devstack@placement-api.service[105397]: DEBUG placement.requestlog [req-431f7b8e-f747-4439-b597-a298e7ebe5ed req-16fa547f-8d1d-4996-a59f-8e4929536c78 None None] Starting request: 10.222.0.96 "GET /placement/allocations/88e935a8-465d-4cd9-9b7e-6abd17c12033" {{(pid=105397) __call__ /opt/stack/placement/placement/requestlog.py:55}}
Jul 14 14:28:10.944778 n-d-767704-28 devstack@placement-api.service[105397]: INFO placement.requestlog [req-431f7b8e-f747-4439-b597-a298e7ebe5ed req-16fa547f-8d1d-4996-a59f-8e4929536c78 service placement] 10.222.0.96 "GET /placement/allocations/88e935a8-465d-4cd9-9b7e-6abd17c12033" status: 200 len: 259 microversion: 1.28
Jul 14 14:28:10.945683 n-d-767704-28 devstack@placement-api.service[105397]: [pid: 105397|app: 0|req: 103/207] 10.222.0.96 () {60 vars in 1377 bytes} [Thu Jul 14 14:28:10 2022] GET /placement/allocations/88e935a8-465d-4cd9-9b7e-6abd17c12033 => generated 259 bytes in 30 msecs (HTTP/1.1 200) 8 headers in 296 bytes (1 switches on core 0)
Jul 14 14:28:10.962494 n-d-767704-28 devstack@placement-api.service[105396]: DEBUG placement.requestlog [req-431f7b8e-f747-4439-b597-a298e7ebe5ed req-72c0c8ca-0b44-4b12-afbf-42a5206c5f76 None None] Starting request: 10.222.0.96 "PUT /placement/allocations/88e935a8-465d-4cd9-9b7e-6abd17c12033" {{(pid=105396) __call__ /opt/stack/placement/placement/requestlog.py:55}}
Jul 14 14:28:11.084666 n-d-767704-28 devstack@placement-api.service[105396]: DEBUG placement.handlers.allocation [req-431f7b8e-f747-4439-b597-a298e7ebe5ed req-72c0c8ca-0b44-4b12-afbf-42a5206c5f76 service placement] Successfully wrote allocations [, , ] {{(pid=105396) _update_consumers_and_create_allocations /opt/stack/placement/placement/handlers/allocation.py:462}}
Jul 14 14:28:11.091400 n-d-767704-28 devstack@placement-api.service[105396]: INFO placement.requestlog [req-431f7b8e-f747-4439-b597-a298e7ebe5ed req-72c0c8ca-0b44-4b12-afbf-42a5206c5f76 service placement] 10.222.0.96 "PUT /placement/allocations/88e935a8-465d-4cd9-9b7e-6abd17c12033" status: 204 len: 0 microversion: 1.28
Jul 14 14:28:11.092366 n-d-767704-28 devstack@placement-api.service[105396]: [pid: 105396|app: 0|req: 105/208] 10.222.0.96 () {64 vars in 1430 bytes} [Thu Jul 14 14:28:10 2022] PUT /placement/allocations/88e935a8-465d-4cd9-9b7e-6abd17c12033 => generated 0 bytes in 130 msecs (HTTP/1.1 204) 5 headers in 199 bytes (1 switches on core 0)
Jul 14 14:28:15.841730 n-d-767704-28 devstack@placement-api.service[105397]: DEBUG placement.requestlog [req-7d4bfc4d-56ef-44a0-b2e3-d18646386d3e req-2a427400-9080-44cd-9af3-1de8e76a25de None None] Starting request: 10.222.0.81 "GET /placement/allocation_candidates?limit=1000&resources=DISK_GB%3A1%2CMEMORY_MB%3A1024%2CVCPU%3A1&root_required=%21COMPUTE_STATUS_DISABLED" {{(pid=105397) __call__ /opt/stack/placement/placement/requestlog.py:55}}
Jul 14 14:28:15.908018 n-d-767704-28 devstack@placement-api.service[105397]: DEBUG placement.objects.research_context [req-7d4bfc4d-56ef-44a0-b2e3-d18646386d3e req-2a427400-9080-44cd-9af3-1de8e76a25de service placement] getting providers with 1 DISK_GB {{(pid=105397) __init__ /opt/stack/placement/placement/objects/research_context.py:136}}
Jul 14 14:28:15.916833 n-d-767704-28 devstack@placement-api.service[105397]: DEBUG placement.objects.research_context [req-7d4bfc4d-56ef-44a0-b2e3-d18646386d3e req-2a427400-9080-44cd-9af3-1de8e76a25de service placement] getting providers with 1024 MEMORY_MB {{(pid=105397) __init__ /opt/stack/placement/placement/objects/research_context.py:136}}
Jul 14 14:28:15.939306 n-d-767704-28 devstack@placement-api.service[105397]: DEBUG placement.objects.research_context [req-7d4bfc4d-56ef-44a0-b2e3-d18646386d3e req-2a427400-9080-44cd-9af3-1de8e76a25de service placement] getting providers with 1 VCPU {{(pid=105397) __init__ /opt/stack/placement/placement/objects/research_context.py:136}}
Jul 14 14:28:15.955217 n-d-767704-28 devstack@placement-api.service[105397]: DEBUG placement.objects.research_context [req-7d4bfc4d-56ef-44a0-b2e3-d18646386d3e req-2a427400-9080-44cd-9af3-1de8e76a25de service placement] found 2 providers with available 1 DISK_GB {{(pid=105397) get_provider_ids_matching /opt/stack/placement/placement/objects/research_context.py:563}}
Jul 14 14:28:15.955810 n-d-767704-28 devstack@placement-api.service[105397]: DEBUG placement.objects.research_context [req-7d4bfc4d-56ef-44a0-b2e3-d18646386d3e req-2a427400-9080-44cd-9af3-1de8e76a25de service placement] found 2 providers with available 1024 MEMORY_MB {{(pid=105397) get_provider_ids_matching /opt/stack/placement/placement/objects/research_context.py:563}}
Jul 14 14:28:15.956292 n-d-767704-28 devstack@placement-api.service[105397]: DEBUG placement.objects.research_context [req-7d4bfc4d-56ef-44a0-b2e3-d18646386d3e req-2a427400-9080-44cd-9af3-1de8e76a25de service placement] found 2 providers after filtering by previous result {{(pid=105397) get_provider_ids_matching /opt/stack/placement/placement/objects/research_context.py:594}}
Jul 14 14:28:15.956748 n-d-767704-28 devstack@placement-api.service[105397]: DEBUG placement.objects.research_context [req-7d4bfc4d-56ef-44a0-b2e3-d18646386d3e req-2a427400-9080-44cd-9af3-1de8e76a25de service placement] found 2 providers with available 1 VCPU {{(pid=105397) get_provider_ids_matching /opt/stack/placement/placement/objects/research_context.py:563}}
Jul 14 14:28:15.957225 n-d-767704-28 devstack@placement-api.service[105397]: DEBUG placement.objects.research_context [req-7d4bfc4d-56ef-44a0-b2e3-d18646386d3e req-2a427400-9080-44cd-9af3-1de8e76a25de service placement] found 2 providers after filtering by previous result {{(pid=105397) get_provider_ids_matching /opt/stack/placement/placement/objects/research_context.py:594}}
Jul 14 14:28:15.995416 n-d-767704-28 devstack@placement-api.service[105397]: DEBUG placement.objects.allocation_candidate [req-7d4bfc4d-56ef-44a0-b2e3-d18646386d3e req-2a427400-9080-44cd-9af3-1de8e76a25de service placement] RequestGroup(use_same_provider=False, resources={DISK_GB:1, MEMORY_MB:1024, VCPU:1}, traits=(), aggregates=[]) (suffix '') returned 2 matches {{(pid=105397) _get_by_requests /opt/stack/placement/placement/objects/allocation_candidate.py:156}}
Jul 14 14:28:15.996212 n-d-767704-28 devstack@placement-api.service[105397]: DEBUG placement.objects.allocation_candidate [req-7d4bfc4d-56ef-44a0-b2e3-d18646386d3e req-2a427400-9080-44cd-9af3-1de8e76a25de service placement] Merging candidates yields 2 allocation requests and 2 provider summaries {{(pid=105397) _merge_candidates /opt/stack/placement/placement/objects/allocation_candidate.py:809}}
Jul 14 14:28:15.998779 n-d-767704-28 devstack@placement-api.service[105397]: INFO placement.requestlog [req-7d4bfc4d-56ef-44a0-b2e3-d18646386d3e req-2a427400-9080-44cd-9af3-1de8e76a25de service placement] 10.222.0.81 "GET /placement/allocation_candidates?limit=1000&resources=DISK_GB%3A1%2CMEMORY_MB%3A1024%2CVCPU%3A1&root_required=%21COMPUTE_STATUS_DISABLED" status: 200 len: 1309 microversion: 1.36
Jul 14 14:28:15.999279 n-d-767704-28 devstack@placement-api.service[105397]: [pid: 105397|app: 0|req: 104/209] 10.222.0.81 () {60 vars in 1506 bytes} [Thu Jul 14 14:28:15 2022] GET /placement/allocation_candidates?limit=1000&resources=DISK_GB%3A1%2CMEMORY_MB%3A1024%2CVCPU%3A1&root_required=%21COMPUTE_STATUS_DISABLED => generated 1309 bytes in 158 msecs (HTTP/1.1 200) 8 headers in 297 bytes (1 switches on core 0)
Jul 14 14:28:16.131341 n-d-767704-28 devstack@placement-api.service[105396]: DEBUG placement.requestlog [req-7d4bfc4d-56ef-44a0-b2e3-d18646386d3e req-2e171ea1-78f7-4334-91a0-f75006bfa6a5 None None] Starting request: 10.222.0.81 "GET /placement/allocations/428925c9-c52e-4728-ac68-5e6c7a9932c7" {{(pid=105396) __call__ /opt/stack/placement/placement/requestlog.py:55}}
Jul 14 14:28:16.155260 n-d-767704-28 devstack@placement-api.service[105396]: INFO placement.requestlog [req-7d4bfc4d-56ef-44a0-b2e3-d18646386d3e req-2e171ea1-78f7-4334-91a0-f75006bfa6a5 service placement] 10.222.0.81 "GET /placement/allocations/428925c9-c52e-4728-ac68-5e6c7a9932c7" status: 200 len: 19 microversion: 1.28
Jul 14 14:28:16.157078 n-d-767704-28 devstack@placement-api.service[105396]: [pid: 105396|app: 0|req: 106/210] 10.222.0.81 () {60 vars in 1380 bytes} [Thu Jul 14 14:28:16 2022] GET /placement/allocations/428925c9-c52e-4728-ac68-5e6c7a9932c7 => generated 19 bytes in 26 msecs (HTTP/1.1 200) 8 headers in 295 bytes (1 switches on core 0)
Jul 14 14:28:16.162966 n-d-767704-28 devstack@placement-api.service[105397]: DEBUG placement.requestlog [req-7d4bfc4d-56ef-44a0-b2e3-d18646386d3e req-f29f39ff-53a0-47c7-881f-21aa340c3f25 None None] Starting request: 10.222.0.81 "PUT /placement/allocations/428925c9-c52e-4728-ac68-5e6c7a9932c7" {{(pid=105397) __call__ /opt/stack/placement/placement/requestlog.py:55}}
Jul 14 14:28:16.294742 n-d-767704-28 devstack@placement-api.service[105397]: DEBUG placement.handlers.allocation [req-7d4bfc4d-56ef-44a0-b2e3-d18646386d3e req-f29f39ff-53a0-47c7-881f-21aa340c3f25 service placement] Successfully wrote allocations [, , ] {{(pid=105397) _update_consumers_and_create_allocations /opt/stack/placement/placement/handlers/allocation.py:462}}
Jul 14 14:28:16.300208 n-d-767704-28 devstack@placement-api.service[105397]: INFO placement.requestlog [req-7d4bfc4d-56ef-44a0-b2e3-d18646386d3e req-f29f39ff-53a0-47c7-881f-21aa340c3f25 service placement] 10.222.0.81 "PUT /placement/allocations/428925c9-c52e-4728-ac68-5e6c7a9932c7" status: 204 len: 0 microversion: 1.36
Jul 14 14:28:16.312104 n-d-767704-28 devstack@placement-api.service[105397]: [pid: 105397|app: 0|req: 105/211] 10.222.0.81 () {64 vars in 1433 bytes} [Thu Jul 14 14:28:16 2022] PUT /placement/allocations/428925c9-c52e-4728-ac68-5e6c7a9932c7 => generated 0 bytes in 138 msecs (HTTP/1.1 204) 5 headers in 199 bytes (1 switches on core 0)
Jul 14 14:28:16.912410 n-d-767704-28 devstack@placement-api.service[105396]: DEBUG placement.requestlog [req-7d4bfc4d-56ef-44a0-b2e3-d18646386d3e req-18c0e906-2745-4908-ab33-6deadfe3d734 None None] Starting request: 10.222.0.95 "GET /placement/allocations/428925c9-c52e-4728-ac68-5e6c7a9932c7" {{(pid=105396) __call__ /opt/stack/placement/placement/requestlog.py:55}}
Jul 14 14:28:17.001820 n-d-767704-28 devstack@placement-api.service[105396]: INFO placement.requestlog [req-7d4bfc4d-56ef-44a0-b2e3-d18646386d3e req-18c0e906-2745-4908-ab33-6deadfe3d734 service placement] 10.222.0.95 "GET /placement/allocations/428925c9-c52e-4728-ac68-5e6c7a9932c7" status: 200 len: 259 microversion: 1.28
Jul 14 14:28:17.004879 n-d-767704-28 devstack@placement-api.service[105396]: [pid: 105396|app: 0|req: 107/212] 10.222.0.95 () {60 vars in 1377 bytes} [Thu Jul 14 14:28:16 2022] GET /placement/allocations/428925c9-c52e-4728-ac68-5e6c7a9932c7 => generated 259 bytes in 92 msecs (HTTP/1.1 200) 8 headers in 296 bytes (1 switches on core 0)
Jul 14 14:28:19.514600 n-d-767704-28 devstack@placement-api.service[105397]: DEBUG placement.requestlog [None req-c721ce98-80fd-4ae4-b508-3b9e28b6d23f None None] Starting request: 10.222.0.81 "GET /placement/" {{(pid=105397) __call__ /opt/stack/placement/placement/requestlog.py:55}}
Jul 14 14:28:19.515762 n-d-767704-28 devstack@placement-api.service[105397]: INFO placement.requestlog [None req-c721ce98-80fd-4ae4-b508-3b9e28b6d23f None None] 10.222.0.81 "GET /placement/" status: 200 len: 136 microversion: 1.0
Jul 14 14:28:19.516508 n-d-767704-28 devstack@placement-api.service[105397]: [pid: 105397|app: 0|req: 106/213] 10.222.0.81 () {54 vars in 916 bytes} [Thu Jul 14 14:28:19 2022] GET /placement => generated 136 bytes in 3 msecs (HTTP/1.1 200) 6 headers in 224 bytes (1 switches on core 0)
Jul 14 14:28:19.525684 n-d-767704-28 devstack@placement-api.service[105396]: DEBUG placement.requestlog [req-dc3065f4-f53a-456a-96b3-62a383ed8a50 req-3014948b-28bd-4ded-98a6-ee7f63f4715e None None] Starting request: 10.222.0.81 "GET /placement/allocations/ec366efc-f03e-4022-9d20-aea3951399f2" {{(pid=105396) __call__ /opt/stack/placement/placement/requestlog.py:55}}
Jul 14 14:28:19.620424 n-d-767704-28 devstack@placement-api.service[105396]: INFO placement.requestlog [req-dc3065f4-f53a-456a-96b3-62a383ed8a50 req-3014948b-28bd-4ded-98a6-ee7f63f4715e service placement] 10.222.0.81 "GET /placement/allocations/ec366efc-f03e-4022-9d20-aea3951399f2" status: 200 len: 259 microversion: 1.28
Jul 14 14:28:19.632408 n-d-767704-28 devstack@placement-api.service[105397]: DEBUG placement.requestlog [req-dc3065f4-f53a-456a-96b3-62a383ed8a50 req-fde0309f-0b81-41ee-849f-04b80f8a4883 None None] Starting request: 10.222.0.81 "GET /placement/allocations/ec366efc-f03e-4022-9d20-aea3951399f2" {{(pid=105397) __call__ /opt/stack/placement/placement/requestlog.py:55}}
Jul 14 14:28:19.644909 n-d-767704-28 devstack@placement-api.service[105396]: [pid: 105396|app: 0|req: 108/214] 10.222.0.81 () {60 vars in 1380 bytes} [Thu Jul 14 14:28:19 2022] GET /placement/allocations/ec366efc-f03e-4022-9d20-aea3951399f2 => generated 259 bytes in 120 msecs (HTTP/1.1 200) 8 headers in 296 bytes (1 switches on core 0)
Jul 14 14:28:19.654151 n-d-767704-28 devstack@placement-api.service[105397]: INFO placement.requestlog [req-dc3065f4-f53a-456a-96b3-62a383ed8a50 req-fde0309f-0b81-41ee-849f-04b80f8a4883 service placement] 10.222.0.81 "GET /placement/allocations/ec366efc-f03e-4022-9d20-aea3951399f2" status: 200 len: 259 microversion: 1.28
Jul 14 14:28:19.675204 n-d-767704-28 devstack@placement-api.service[105396]: DEBUG placement.requestlog [req-dc3065f4-f53a-456a-96b3-62a383ed8a50 req-2dd840d8-73aa-423a-91f0-75a666d6cc02 None None] Starting request: 10.222.0.81 "GET /placement/allocations/d46d94d3-4949-425c-bcb7-b65be073655d" {{(pid=105396) __call__ /opt/stack/placement/placement/requestlog.py:55}}
Jul 14 14:28:19.680857 n-d-767704-28 devstack@placement-api.service[105397]: [pid: 105397|app: 0|req: 107/215] 10.222.0.81 () {60 vars in 1380 bytes} [Thu Jul 14 14:28:19 2022] GET /placement/allocations/ec366efc-f03e-4022-9d20-aea3951399f2 => generated 259 bytes in 52 msecs (HTTP/1.1 200) 8 headers in 296 bytes (2 switches on core 0)
Jul 14 14:28:19.712459 n-d-767704-28 devstack@placement-api.service[105396]: INFO placement.requestlog [req-dc3065f4-f53a-456a-96b3-62a383ed8a50 req-2dd840d8-73aa-423a-91f0-75a666d6cc02 service placement] 10.222.0.81 "GET /placement/allocations/d46d94d3-4949-425c-bcb7-b65be073655d" status: 200 len: 19 microversion: 1.28
Jul 14 14:28:19.718555 n-d-767704-28 devstack@placement-api.service[105396]: [pid: 105396|app: 0|req: 109/216] 10.222.0.81 () {60 vars in 1380 bytes} [Thu Jul 14 14:28:19 2022] GET /placement/allocations/d46d94d3-4949-425c-bcb7-b65be073655d => generated 19 bytes in 43 msecs (HTTP/1.1 200) 8 headers in 295 bytes (1 switches on core 0)
Jul 14 14:28:19.735568 n-d-767704-28 devstack@placement-api.service[105397]: DEBUG placement.requestlog [req-dc3065f4-f53a-456a-96b3-62a383ed8a50 req-3865a020-9307-46cb-a38a-941dfde3f7b8 None None] Starting request: 10.222.0.81 "POST /placement/allocations" {{(pid=105397) __call__ /opt/stack/placement/placement/requestlog.py:55}}
Jul 14 14:28:19.907393 n-d-767704-28 devstack@placement-api.service[105397]: DEBUG placement.handlers.allocation [req-dc3065f4-f53a-456a-96b3-62a383ed8a50 req-3865a020-9307-46cb-a38a-941dfde3f7b8 service placement] Successfully wrote allocations [, , , , , ] {{(pid=105397) _update_consumers_and_create_allocations /opt/stack/placement/placement/handlers/allocation.py:572}}
Jul 14 14:28:19.913156 n-d-767704-28 devstack@placement-api.service[105397]: INFO placement.requestlog [req-dc3065f4-f53a-456a-96b3-62a383ed8a50 req-3865a020-9307-46cb-a38a-941dfde3f7b8 service placement] 10.222.0.81 "POST /placement/allocations" status: 204 len: 0 microversion: 1.28
Jul 14 14:28:19.914953 n-d-767704-28 devstack@placement-api.service[105397]: [pid: 105397|app: 0|req: 108/217] 10.222.0.81 () {64 vars in 1323 bytes} [Thu Jul 14 14:28:19 2022] POST /placement/allocations => generated 0 bytes in 179 msecs (HTTP/1.1 204) 5 headers in 199 bytes (1 switches on core 0)
Jul 14 14:28:19.968434 n-d-767704-28 devstack@placement-api.service[105396]: DEBUG placement.requestlog [req-dc3065f4-f53a-456a-96b3-62a383ed8a50 req-135c5431-93a4-46ce-9c29-029383eda9df None None] Starting request: 10.222.0.81 "GET /placement/allocations/ec366efc-f03e-4022-9d20-aea3951399f2" {{(pid=105396) __call__ /opt/stack/placement/placement/requestlog.py:55}}
Jul 14 14:28:19.986716 n-d-767704-28 devstack@placement-api.service[105396]: INFO placement.requestlog [req-dc3065f4-f53a-456a-96b3-62a383ed8a50 req-135c5431-93a4-46ce-9c29-029383eda9df service placement] 10.222.0.81 "GET /placement/allocations/ec366efc-f03e-4022-9d20-aea3951399f2" status: 200 len: 19 microversion: 1.28
Jul 14 14:28:19.987811 n-d-767704-28 devstack@placement-api.service[105396]: [pid: 105396|app: 0|req: 110/218] 10.222.0.81 () {60 vars in 1380 bytes} [Thu Jul 14 14:28:19 2022] GET /placement/allocations/ec366efc-f03e-4022-9d20-aea3951399f2 => generated 19 bytes in 20 msecs (HTTP/1.1 200) 8 headers in 295 bytes (1 switches on core 0)
Jul 14 14:28:19.994429 n-d-767704-28 devstack@placement-api.service[105397]: DEBUG placement.requestlog [req-dc3065f4-f53a-456a-96b3-62a383ed8a50 req-d39fe1c2-bae9-4ab8-9c58-a3b8a63ca1ee None None] Starting request: 10.222.0.81 "PUT /placement/allocations/ec366efc-f03e-4022-9d20-aea3951399f2" {{(pid=105397) __call__ /opt/stack/placement/placement/requestlog.py:55}}
Jul 14 14:28:20.083889 n-d-767704-28 devstack@placement-api.service[105397]: DEBUG dbcounter [-] [105397] Writing DB stats placement:SELECT=74,placement:INSERT=14,placement:DELETE=6,placement:UPDATE=6 {{(pid=105397) stat_writer /usr/local/lib/python3.8/dist-packages/dbcounter.py:114}}
Jul 14 14:28:20.096833 n-d-767704-28 devstack@placement-api.service[105397]: DEBUG placement.handlers.allocation [req-dc3065f4-f53a-456a-96b3-62a383ed8a50 req-d39fe1c2-bae9-4ab8-9c58-a3b8a63ca1ee service placement] Successfully wrote allocations [, , ] {{(pid=105397) _update_consumers_and_create_allocations /opt/stack/placement/placement/handlers/allocation.py:462}}
Jul 14 14:28:20.104209 n-d-767704-28 devstack@placement-api.service[105397]: INFO placement.requestlog [req-dc3065f4-f53a-456a-96b3-62a383ed8a50 req-d39fe1c2-bae9-4ab8-9c58-a3b8a63ca1ee service placement] 10.222.0.81 "PUT /placement/allocations/ec366efc-f03e-4022-9d20-aea3951399f2" status: 204 len: 0 microversion: 1.28
Jul 14 14:28:20.106403 n-d-767704-28 devstack@placement-api.service[105397]: [pid: 105397|app: 0|req: 109/219] 10.222.0.81 () {64 vars in 1433 bytes} [Thu Jul 14 14:28:19 2022] PUT /placement/allocations/ec366efc-f03e-4022-9d20-aea3951399f2 => generated 0 bytes in 112 msecs (HTTP/1.1 204) 5 headers in 199 bytes (1 switches on core 0)
Jul 14 14:28:20.324534 n-d-767704-28 devstack@placement-api.service[105396]: DEBUG placement.requestlog [req-dc3065f4-f53a-456a-96b3-62a383ed8a50 req-237dd6a6-cf39-446a-8540-4ac70e21043e None None] Starting request: 10.222.0.95 "GET /placement/allocations/ec366efc-f03e-4022-9d20-aea3951399f2" {{(pid=105396) __call__ /opt/stack/placement/placement/requestlog.py:55}}
Jul 14 14:28:20.348931 n-d-767704-28 devstack@placement-api.service[105396]: INFO placement.requestlog [req-dc3065f4-f53a-456a-96b3-62a383ed8a50 req-237dd6a6-cf39-446a-8540-4ac70e21043e service placement] 10.222.0.95 "GET /placement/allocations/ec366efc-f03e-4022-9d20-aea3951399f2" status: 200 len: 259 microversion: 1.28
Jul 14 14:28:20.350752 n-d-767704-28 devstack@placement-api.service[105396]: [pid: 105396|app: 0|req: 111/220] 10.222.0.95 () {60 vars in 1377 bytes} [Thu Jul 14 14:28:20 2022] GET /placement/allocations/ec366efc-f03e-4022-9d20-aea3951399f2 => generated 259 bytes in 26 msecs (HTTP/1.1 200) 8 headers in 296 bytes (1 switches on core 0)
Jul 14 14:28:20.776556 n-d-767704-28 devstack@placement-api.service[105397]: DEBUG placement.requestlog [req-de1fa408-8809-4282-a57e-b7dd413fc985 req-3fa0cc7c-cf65-4261-8d48-d70df57cb9f3 None None] Starting request: 10.222.0.81 "GET /placement/allocation_candidates?limit=1000&resources=DISK_GB%3A1%2CMEMORY_MB%3A1024%2CVCPU%3A1&root_required=%21COMPUTE_STATUS_DISABLED" {{(pid=105397) __call__ /opt/stack/placement/placement/requestlog.py:55}}
Jul 14 14:28:20.816724 n-d-767704-28 devstack@placement-api.service[105397]: DEBUG placement.objects.research_context [req-de1fa408-8809-4282-a57e-b7dd413fc985 req-3fa0cc7c-cf65-4261-8d48-d70df57cb9f3 service placement] getting providers with 1 DISK_GB {{(pid=105397) __init__ /opt/stack/placement/placement/objects/research_context.py:136}}
Jul 14 14:28:20.824857 n-d-767704-28 devstack@placement-api.service[105397]: DEBUG placement.objects.research_context [req-de1fa408-8809-4282-a57e-b7dd413fc985 req-3fa0cc7c-cf65-4261-8d48-d70df57cb9f3 service placement] getting providers with 1024 MEMORY_MB {{(pid=105397) __init__ /opt/stack/placement/placement/objects/research_context.py:136}}
Jul 14 14:28:20.834001 n-d-767704-28 devstack@placement-api.service[105397]: DEBUG placement.objects.research_context [req-de1fa408-8809-4282-a57e-b7dd413fc985 req-3fa0cc7c-cf65-4261-8d48-d70df57cb9f3 service placement] getting providers with 1 VCPU {{(pid=105397) __init__ /opt/stack/placement/placement/objects/research_context.py:136}}
Jul 14 14:28:20.844840 n-d-767704-28 devstack@placement-api.service[105397]: DEBUG placement.objects.research_context [req-de1fa408-8809-4282-a57e-b7dd413fc985 req-3fa0cc7c-cf65-4261-8d48-d70df57cb9f3 service placement] found 2 providers with available 1 DISK_GB {{(pid=105397) get_provider_ids_matching /opt/stack/placement/placement/objects/research_context.py:563}}
Jul 14 14:28:20.845752 n-d-767704-28 devstack@placement-api.service[105397]: DEBUG placement.objects.research_context [req-de1fa408-8809-4282-a57e-b7dd413fc985 req-3fa0cc7c-cf65-4261-8d48-d70df57cb9f3 service placement] found 2 providers with available 1024 MEMORY_MB {{(pid=105397) get_provider_ids_matching /opt/stack/placement/placement/objects/research_context.py:563}}
Jul 14 14:28:20.846286 n-d-767704-28 devstack@placement-api.service[105397]: DEBUG placement.objects.research_context [req-de1fa408-8809-4282-a57e-b7dd413fc985 req-3fa0cc7c-cf65-4261-8d48-d70df57cb9f3 service placement] found 2 providers after filtering by previous result {{(pid=105397) get_provider_ids_matching /opt/stack/placement/placement/objects/research_context.py:594}}
Jul 14 14:28:20.846690 n-d-767704-28 devstack@placement-api.service[105397]: DEBUG placement.objects.research_context [req-de1fa408-8809-4282-a57e-b7dd413fc985 req-3fa0cc7c-cf65-4261-8d48-d70df57cb9f3 service placement] found 2 providers with available 1 VCPU {{(pid=105397) get_provider_ids_matching /opt/stack/placement/placement/objects/research_context.py:563}}
