Jul 14 14:26:16.487292 n-d-767704-28 devstack@placement-api.service[105397]: DEBUG placement.requestlog [None req-863ad370-4552-47ee-a61c-f830aeb41234 None None] Starting request: 10.222.0.81 "GET /placement/resource_providers/52b516e2-aecc-4ae9-91ac-230760a24b06/aggregates" {{(pid=105397) __call__ /opt/stack/placement/placement/requestlog.py:55}}
Jul 14 14:26:16.638875 n-d-767704-28 devstack@placement-api.service[105397]: DEBUG dbcounter [-] [105397] Writing DB stats placement:SELECT=84,placement:DELETE=3,placement:INSERT=8,placement:UPDATE=5 {{(pid=105397) stat_writer /usr/local/lib/python3.8/dist-packages/dbcounter.py:114}}
Jul 14 14:26:16.649912 n-d-767704-28 devstack@placement-api.service[105397]: INFO placement.requestlog [None req-863ad370-4552-47ee-a61c-f830aeb41234 service placement] 10.222.0.81 "GET /placement/resource_providers/52b516e2-aecc-4ae9-91ac-230760a24b06/aggregates" status: 404 len: 235 microversion: 1.1
Jul 14 14:26:16.651853 n-d-767704-28 devstack@placement-api.service[105397]: [pid: 105397|app: 0|req: 48/95] 10.222.0.81 () {58 vars in 1362 bytes} [Thu Jul 14 14:26:16 2022] GET /placement/resource_providers/52b516e2-aecc-4ae9-91ac-230760a24b06/aggregates => generated 235 bytes in 165 msecs (HTTP/1.1 404) 5 headers in 202 bytes (1 switches on core 0)
Jul 14 14:26:16.778361 n-d-767704-28 devstack@placement-api.service[105396]: DEBUG placement.handlers.allocation [req-8c561535-a15a-4593-8776-d2a74fa6233b req-3cc11f51-cbb4-48c5-87c0-d5b56345d1a6 service placement] Successfully wrote allocations [, , , , , ] {{(pid=105396) _update_consumers_and_create_allocations /opt/stack/placement/placement/handlers/allocation.py:572}}
Jul 14 14:26:16.784732 n-d-767704-28 devstack@placement-api.service[105396]: INFO placement.requestlog [req-8c561535-a15a-4593-8776-d2a74fa6233b req-3cc11f51-cbb4-48c5-87c0-d5b56345d1a6 service placement] 10.222.0.81 "POST /placement/allocations" status: 204 len: 0 microversion: 1.28
Jul 14 14:26:16.785162 n-d-767704-28 devstack@placement-api.service[105396]: [pid: 105396|app: 0|req: 48/96] 10.222.0.81 () {64 vars in 1323 bytes} [Thu Jul 14 14:26:16 2022] POST /placement/allocations => generated 0 bytes in 401 msecs (HTTP/1.1 204) 5 headers in 199 bytes (3 switches on core 0)
Jul 14 14:26:17.005685 n-d-767704-28 devstack@placement-api.service[105397]: DEBUG placement.requestlog [req-f8bbac6f-aed4-4c89-a8ed-7d44e26d8627 req-ba1dfcd1-0171-42a3-8c22-e156e20cbcf4 None None] Starting request: 10.222.0.95 "GET /placement/allocations/6661f76a-906a-4e9a-b5a6-52cbd26679c7" {{(pid=105397) __call__ /opt/stack/placement/placement/requestlog.py:55}}
Jul 14 14:26:17.013247 n-d-767704-28 devstack@placement-api.service[105396]: DEBUG placement.requestlog [None req-435d56aa-b942-4970-a9b5-8b904225eb24 None None] Starting request: 10.222.0.81 "DELETE /placement/resource_providers/52b516e2-aecc-4ae9-91ac-230760a24b06" {{(pid=105396) __call__ /opt/stack/placement/placement/requestlog.py:55}}
Jul 14 14:26:17.029255 n-d-767704-28 devstack@placement-api.service[105396]: DEBUG placement.wsgi_wrapper [None req-435d56aa-b942-4970-a9b5-8b904225eb24 service placement] Placement API returning an error response: No resource provider with uuid 52b516e2-aecc-4ae9-91ac-230760a24b06 found for delete {{(pid=105396) call_func /opt/stack/placement/placement/wsgi_wrapper.py:31}}
Jul 14 14:26:17.030077 n-d-767704-28 devstack@placement-api.service[105396]: INFO placement.requestlog [None req-435d56aa-b942-4970-a9b5-8b904225eb24 service placement] 10.222.0.81 "DELETE /placement/resource_providers/52b516e2-aecc-4ae9-91ac-230760a24b06" status: 404 len: 246 microversion: 1.1
Jul 14 14:26:17.030737 n-d-767704-28 devstack@placement-api.service[105396]: [pid: 105396|app: 0|req: 49/97] 10.222.0.81 () {60 vars in 1351 bytes} [Thu Jul 14 14:26:17 2022] DELETE /placement/resource_providers/52b516e2-aecc-4ae9-91ac-230760a24b06 => generated 246 bytes in 18 msecs (HTTP/1.1 404) 6 headers in 231 bytes (2 switches on core 0)
Jul 14 14:26:17.034789 n-d-767704-28 devstack@placement-api.service[105397]: INFO placement.requestlog [req-f8bbac6f-aed4-4c89-a8ed-7d44e26d8627 req-ba1dfcd1-0171-42a3-8c22-e156e20cbcf4 service placement] 10.222.0.95 "GET /placement/allocations/6661f76a-906a-4e9a-b5a6-52cbd26679c7" status: 200 len: 259 microversion: 1.28
Jul 14 14:26:17.035450 n-d-767704-28 devstack@placement-api.service[105397]: [pid: 105397|app: 0|req: 49/98] 10.222.0.95 () {60 vars in 1377 bytes} [Thu Jul 14 14:26:17 2022] GET /placement/allocations/6661f76a-906a-4e9a-b5a6-52cbd26679c7 => generated 259 bytes in 30 msecs (HTTP/1.1 200) 8 headers in 296 bytes (1 switches on core 0)
Jul 14 14:26:18.063258 n-d-767704-28 devstack@placement-api.service[105396]: DEBUG placement.requestlog [req-8c561535-a15a-4593-8776-d2a74fa6233b req-0b461c2b-61f2-4160-8de6-f675953c727a None None] Starting request: 10.222.0.81 "GET /placement/allocation_candidates?limit=1000&resources=DISK_GB%3A1%2CMEMORY_MB%3A1024%2CVCPU%3A1&root_required=%21COMPUTE_STATUS_DISABLED" {{(pid=105396) __call__ /opt/stack/placement/placement/requestlog.py:55}}
Jul 14 14:26:18.126088 n-d-767704-28 devstack@placement-api.service[105396]: DEBUG placement.objects.research_context [req-8c561535-a15a-4593-8776-d2a74fa6233b req-0b461c2b-61f2-4160-8de6-f675953c727a service placement] getting providers with 1 DISK_GB {{(pid=105396) __init__ /opt/stack/placement/placement/objects/research_context.py:136}}
Jul 14 14:26:18.133307 n-d-767704-28 devstack@placement-api.service[105396]: DEBUG placement.objects.research_context [req-8c561535-a15a-4593-8776-d2a74fa6233b req-0b461c2b-61f2-4160-8de6-f675953c727a service placement] getting providers with 1024 MEMORY_MB {{(pid=105396) __init__ /opt/stack/placement/placement/objects/research_context.py:136}}
Jul 14 14:26:18.142595 n-d-767704-28 devstack@placement-api.service[105396]: DEBUG placement.objects.research_context [req-8c561535-a15a-4593-8776-d2a74fa6233b req-0b461c2b-61f2-4160-8de6-f675953c727a service placement] getting providers with 1 VCPU {{(pid=105396) __init__ /opt/stack/placement/placement/objects/research_context.py:136}}
Jul 14 14:26:18.152542 n-d-767704-28 devstack@placement-api.service[105396]: DEBUG placement.objects.research_context [req-8c561535-a15a-4593-8776-d2a74fa6233b req-0b461c2b-61f2-4160-8de6-f675953c727a service placement] found 2 providers with available 1 DISK_GB {{(pid=105396) get_provider_ids_matching /opt/stack/placement/placement/objects/research_context.py:563}}
Jul 14 14:26:18.153083 n-d-767704-28 devstack@placement-api.service[105396]: DEBUG placement.objects.research_context [req-8c561535-a15a-4593-8776-d2a74fa6233b req-0b461c2b-61f2-4160-8de6-f675953c727a service placement] found 2 providers with available 1024 MEMORY_MB {{(pid=105396) get_provider_ids_matching /opt/stack/placement/placement/objects/research_context.py:563}}
Jul 14 14:26:18.153546 n-d-767704-28 devstack@placement-api.service[105396]: DEBUG placement.objects.research_context [req-8c561535-a15a-4593-8776-d2a74fa6233b req-0b461c2b-61f2-4160-8de6-f675953c727a service placement] found 2 providers after filtering by previous result {{(pid=105396) get_provider_ids_matching /opt/stack/placement/placement/objects/research_context.py:594}}
Jul 14 14:26:18.153947 n-d-767704-28 devstack@placement-api.service[105396]: DEBUG placement.objects.research_context [req-8c561535-a15a-4593-8776-d2a74fa6233b req-0b461c2b-61f2-4160-8de6-f675953c727a service placement] found 2 providers with available 1 VCPU {{(pid=105396) get_provider_ids_matching /opt/stack/placement/placement/objects/research_context.py:563}}
Jul 14 14:26:18.154385 n-d-767704-28 devstack@placement-api.service[105396]: DEBUG placement.objects.research_context [req-8c561535-a15a-4593-8776-d2a74fa6233b req-0b461c2b-61f2-4160-8de6-f675953c727a service placement] found 2 providers after filtering by previous result {{(pid=105396) get_provider_ids_matching /opt/stack/placement/placement/objects/research_context.py:594}}
Jul 14 14:26:18.167295 n-d-767704-28 devstack@placement-api.service[105396]: DEBUG dbcounter [-] [105396] Writing DB stats placement:INSERT=12,placement:UPDATE=7,placement:SELECT=75,placement:DELETE=6 {{(pid=105396) stat_writer /usr/local/lib/python3.8/dist-packages/dbcounter.py:114}}
Jul 14 14:26:18.173596 n-d-767704-28 devstack@placement-api.service[105396]: DEBUG placement.objects.allocation_candidate [req-8c561535-a15a-4593-8776-d2a74fa6233b req-0b461c2b-61f2-4160-8de6-f675953c727a service placement] RequestGroup(use_same_provider=False, resources={DISK_GB:1, MEMORY_MB:1024, VCPU:1}, traits=(), aggregates=[]) (suffix '') returned 2 matches {{(pid=105396) _get_by_requests /opt/stack/placement/placement/objects/allocation_candidate.py:156}}
Jul 14 14:26:18.182027 n-d-767704-28 devstack@placement-api.service[105396]: DEBUG placement.objects.allocation_candidate [req-8c561535-a15a-4593-8776-d2a74fa6233b req-0b461c2b-61f2-4160-8de6-f675953c727a service placement] Merging candidates yields 2 allocation requests and 2 provider summaries {{(pid=105396) _merge_candidates /opt/stack/placement/placement/objects/allocation_candidate.py:809}}
Jul 14 14:26:18.186123 n-d-767704-28 devstack@placement-api.service[105396]: INFO placement.requestlog [req-8c561535-a15a-4593-8776-d2a74fa6233b req-0b461c2b-61f2-4160-8de6-f675953c727a service placement] 10.222.0.81 "GET /placement/allocation_candidates?limit=1000&resources=DISK_GB%3A1%2CMEMORY_MB%3A1024%2CVCPU%3A1&root_required=%21COMPUTE_STATUS_DISABLED" status: 200 len: 1309 microversion: 1.36
Jul 14 14:26:18.200016 n-d-767704-28 devstack@placement-api.service[105396]: [pid: 105396|app: 0|req: 50/99] 10.222.0.81 () {60 vars in 1506 bytes} [Thu Jul 14 14:26:18 2022] GET /placement/allocation_candidates?limit=1000&resources=DISK_GB%3A1%2CMEMORY_MB%3A1024%2CVCPU%3A1&root_required=%21COMPUTE_STATUS_DISABLED => generated 1309 bytes in 136 msecs (HTTP/1.1 200) 8 headers in 297 bytes (1 switches on core 0)
Jul 14 14:26:18.282488 n-d-767704-28 devstack@placement-api.service[105397]: DEBUG placement.requestlog [req-8c561535-a15a-4593-8776-d2a74fa6233b req-70b2e52e-8856-4408-bc50-c1a6e91a42bd None None] Starting request: 10.222.0.81 "GET /placement/allocations/f2395da0-b1d7-4882-a1ac-e2029c5fad94" {{(pid=105397) __call__ /opt/stack/placement/placement/requestlog.py:55}}
Jul 14 14:26:18.301305 n-d-767704-28 devstack@placement-api.service[105397]: INFO placement.requestlog [req-8c561535-a15a-4593-8776-d2a74fa6233b req-70b2e52e-8856-4408-bc50-c1a6e91a42bd service placement] 10.222.0.81 "GET /placement/allocations/f2395da0-b1d7-4882-a1ac-e2029c5fad94" status: 200 len: 19 microversion: 1.28
Jul 14 14:26:18.303427 n-d-767704-28 devstack@placement-api.service[105397]: [pid: 105397|app: 0|req: 50/100] 10.222.0.81 () {60 vars in 1380 bytes} [Thu Jul 14 14:26:18 2022] GET /placement/allocations/f2395da0-b1d7-4882-a1ac-e2029c5fad94 => generated 19 bytes in 20 msecs (HTTP/1.1 200) 8 headers in 295 bytes (1 switches on core 0)
Jul 14 14:26:18.314493 n-d-767704-28 devstack@placement-api.service[105396]: DEBUG placement.requestlog [req-8c561535-a15a-4593-8776-d2a74fa6233b req-0286e693-67f2-4ffc-bd4a-ec7097846be0 None None] Starting request: 10.222.0.81 "PUT /placement/allocations/f2395da0-b1d7-4882-a1ac-e2029c5fad94" {{(pid=105396) __call__ /opt/stack/placement/placement/requestlog.py:55}}
Jul 14 14:26:18.385368 n-d-767704-28 devstack@placement-api.service[105396]: DEBUG placement.handlers.allocation [req-8c561535-a15a-4593-8776-d2a74fa6233b req-0286e693-67f2-4ffc-bd4a-ec7097846be0 service placement] Successfully wrote allocations [, , ] {{(pid=105396) _update_consumers_and_create_allocations /opt/stack/placement/placement/handlers/allocation.py:462}}
Jul 14 14:26:18.391218 n-d-767704-28 devstack@placement-api.service[105396]: INFO placement.requestlog [req-8c561535-a15a-4593-8776-d2a74fa6233b req-0286e693-67f2-4ffc-bd4a-ec7097846be0 service placement] 10.222.0.81 "PUT /placement/allocations/f2395da0-b1d7-4882-a1ac-e2029c5fad94" status: 204 len: 0 microversion: 1.36
Jul 14 14:26:18.408148 n-d-767704-28 devstack@placement-api.service[105396]: [pid: 105396|app: 0|req: 51/101] 10.222.0.81 () {64 vars in 1433 bytes} [Thu Jul 14 14:26:18 2022] PUT /placement/allocations/f2395da0-b1d7-4882-a1ac-e2029c5fad94 => generated 0 bytes in 79 msecs (HTTP/1.1 204) 5 headers in 199 bytes (1 switches on core 0)
Jul 14 14:26:18.692809 n-d-767704-28 devstack@placement-api.service[105397]: DEBUG placement.requestlog [req-8c561535-a15a-4593-8776-d2a74fa6233b req-cc6c10a1-45a1-44a0-8390-b1c334964459 None None] Starting request: 10.222.0.95 "GET /placement/allocations/f2395da0-b1d7-4882-a1ac-e2029c5fad94" {{(pid=105397) __call__ /opt/stack/placement/placement/requestlog.py:55}}
Jul 14 14:26:18.722207 n-d-767704-28 devstack@placement-api.service[105397]: INFO placement.requestlog [req-8c561535-a15a-4593-8776-d2a74fa6233b req-cc6c10a1-45a1-44a0-8390-b1c334964459 service placement] 10.222.0.95 "GET /placement/allocations/f2395da0-b1d7-4882-a1ac-e2029c5fad94" status: 200 len: 259 microversion: 1.28
Jul 14 14:26:18.722601 n-d-767704-28 devstack@placement-api.service[105397]: [pid: 105397|app: 0|req: 51/102] 10.222.0.95 () {60 vars in 1377 bytes} [Thu Jul 14 14:26:18 2022] GET /placement/allocations/f2395da0-b1d7-4882-a1ac-e2029c5fad94 => generated 259 bytes in 30 msecs (HTTP/1.1 200) 8 headers in 296 bytes (2 switches on core 0)
Jul 14 14:26:27.780596 n-d-767704-28 devstack@placement-api.service[105396]: DEBUG placement.requestlog [req-61930a00-84cd-42dc-806e-3541b58187a0 req-a95e2f6e-a659-455a-b2a1-fc30887c285f None None] Starting request: 10.222.0.81 "GET /placement/allocation_candidates?limit=1000&resources=DISK_GB%3A1%2CMEMORY_MB%3A1024%2CVCPU%3A1&root_required=%21COMPUTE_STATUS_DISABLED" {{(pid=105396) __call__ /opt/stack/placement/placement/requestlog.py:55}}
Jul 14 14:26:27.847977 n-d-767704-28 devstack@placement-api.service[105396]: DEBUG placement.objects.research_context [req-61930a00-84cd-42dc-806e-3541b58187a0 req-a95e2f6e-a659-455a-b2a1-fc30887c285f service placement] getting providers with 1 DISK_GB {{(pid=105396) __init__ /opt/stack/placement/placement/objects/research_context.py:136}}
Jul 14 14:26:27.854383 n-d-767704-28 devstack@placement-api.service[105396]: DEBUG placement.objects.research_context [req-61930a00-84cd-42dc-806e-3541b58187a0 req-a95e2f6e-a659-455a-b2a1-fc30887c285f service placement] getting providers with 1024 MEMORY_MB {{(pid=105396) __init__ /opt/stack/placement/placement/objects/research_context.py:136}}
Jul 14 14:26:27.863696 n-d-767704-28 devstack@placement-api.service[105396]: DEBUG placement.objects.research_context [req-61930a00-84cd-42dc-806e-3541b58187a0 req-a95e2f6e-a659-455a-b2a1-fc30887c285f service placement] getting providers with 1 VCPU {{(pid=105396) __init__ /opt/stack/placement/placement/objects/research_context.py:136}}
Jul 14 14:26:27.879086 n-d-767704-28 devstack@placement-api.service[105396]: DEBUG placement.objects.research_context [req-61930a00-84cd-42dc-806e-3541b58187a0 req-a95e2f6e-a659-455a-b2a1-fc30887c285f service placement] found 2 providers with available 1 DISK_GB {{(pid=105396) get_provider_ids_matching /opt/stack/placement/placement/objects/research_context.py:563}}
Jul 14 14:26:27.879371 n-d-767704-28 devstack@placement-api.service[105396]: DEBUG placement.objects.research_context [req-61930a00-84cd-42dc-806e-3541b58187a0 req-a95e2f6e-a659-455a-b2a1-fc30887c285f service placement] found 2 providers with available 1024 MEMORY_MB {{(pid=105396) get_provider_ids_matching /opt/stack/placement/placement/objects/research_context.py:563}}
Jul 14 14:26:27.879672 n-d-767704-28 devstack@placement-api.service[105396]: DEBUG placement.objects.research_context [req-61930a00-84cd-42dc-806e-3541b58187a0 req-a95e2f6e-a659-455a-b2a1-fc30887c285f service placement] found 2 providers after filtering by previous result {{(pid=105396) get_provider_ids_matching /opt/stack/placement/placement/objects/research_context.py:594}}
Jul 14 14:26:27.879899 n-d-767704-28 devstack@placement-api.service[105396]: DEBUG placement.objects.research_context [req-61930a00-84cd-42dc-806e-3541b58187a0 req-a95e2f6e-a659-455a-b2a1-fc30887c285f service placement] found 2 providers with available 1 VCPU {{(pid=105396) get_provider_ids_matching /opt/stack/placement/placement/objects/research_context.py:563}}
Jul 14 14:26:27.880167 n-d-767704-28 devstack@placement-api.service[105396]: DEBUG placement.objects.research_context [req-61930a00-84cd-42dc-806e-3541b58187a0 req-a95e2f6e-a659-455a-b2a1-fc30887c285f service placement] found 2 providers after filtering by previous result {{(pid=105396) get_provider_ids_matching /opt/stack/placement/placement/objects/research_context.py:594}}
Jul 14 14:26:27.907361 n-d-767704-28 devstack@placement-api.service[105396]: DEBUG placement.objects.allocation_candidate [req-61930a00-84cd-42dc-806e-3541b58187a0 req-a95e2f6e-a659-455a-b2a1-fc30887c285f service placement] RequestGroup(use_same_provider=False, resources={DISK_GB:1, MEMORY_MB:1024, VCPU:1}, traits=(), aggregates=[]) (suffix '') returned 2 matches {{(pid=105396) _get_by_requests /opt/stack/placement/placement/objects/allocation_candidate.py:156}}
Jul 14 14:26:27.907748 n-d-767704-28 devstack@placement-api.service[105396]: DEBUG placement.objects.allocation_candidate [req-61930a00-84cd-42dc-806e-3541b58187a0 req-a95e2f6e-a659-455a-b2a1-fc30887c285f service placement] Merging candidates yields 2 allocation requests and 2 provider summaries {{(pid=105396) _merge_candidates /opt/stack/placement/placement/objects/allocation_candidate.py:809}}
Jul 14 14:26:27.915581 n-d-767704-28 devstack@placement-api.service[105396]: INFO placement.requestlog [req-61930a00-84cd-42dc-806e-3541b58187a0 req-a95e2f6e-a659-455a-b2a1-fc30887c285f service placement] 10.222.0.81 "GET /placement/allocation_candidates?limit=1000&resources=DISK_GB%3A1%2CMEMORY_MB%3A1024%2CVCPU%3A1&root_required=%21COMPUTE_STATUS_DISABLED" status: 200 len: 1309 microversion: 1.36
Jul 14 14:26:27.917064 n-d-767704-28 devstack@placement-api.service[105396]: [pid: 105396|app: 0|req: 52/103] 10.222.0.81 () {60 vars in 1506 bytes} [Thu Jul 14 14:26:27 2022] GET /placement/allocation_candidates?limit=1000&resources=DISK_GB%3A1%2CMEMORY_MB%3A1024%2CVCPU%3A1&root_required=%21COMPUTE_STATUS_DISABLED => generated 1309 bytes in 137 msecs (HTTP/1.1 200) 8 headers in 297 bytes (1 switches on core 0)
Jul 14 14:26:28.034696 n-d-767704-28 devstack@placement-api.service[105397]: DEBUG placement.requestlog [req-61930a00-84cd-42dc-806e-3541b58187a0 req-0338002b-ba65-4275-97f7-db73819d2bc6 None None] Starting request: 10.222.0.81 "GET /placement/allocations/60f1d989-211a-466d-9a7a-a1a9303daf5d" {{(pid=105397) __call__ /opt/stack/placement/placement/requestlog.py:55}}
Jul 14 14:26:28.051450 n-d-767704-28 devstack@placement-api.service[105397]: INFO placement.requestlog [req-61930a00-84cd-42dc-806e-3541b58187a0 req-0338002b-ba65-4275-97f7-db73819d2bc6 service placement] 10.222.0.81 "GET /placement/allocations/60f1d989-211a-466d-9a7a-a1a9303daf5d" status: 200 len: 19 microversion: 1.28
Jul 14 14:26:28.051820 n-d-767704-28 devstack@placement-api.service[105397]: [pid: 105397|app: 0|req: 52/104] 10.222.0.81 () {60 vars in 1380 bytes} [Thu Jul 14 14:26:28 2022] GET /placement/allocations/60f1d989-211a-466d-9a7a-a1a9303daf5d => generated 19 bytes in 17 msecs (HTTP/1.1 200) 8 headers in 295 bytes (2 switches on core 0)
Jul 14 14:26:28.060327 n-d-767704-28 devstack@placement-api.service[105396]: DEBUG placement.requestlog [req-61930a00-84cd-42dc-806e-3541b58187a0 req-9cabc7cc-51a1-4318-a172-62c7ed011c3b None None] Starting request: 10.222.0.81 "PUT /placement/allocations/60f1d989-211a-466d-9a7a-a1a9303daf5d" {{(pid=105396) __call__ /opt/stack/placement/placement/requestlog.py:55}}
Jul 14 14:26:28.145434 n-d-767704-28 devstack@placement-api.service[105396]: DEBUG placement.handlers.allocation [req-61930a00-84cd-42dc-806e-3541b58187a0 req-9cabc7cc-51a1-4318-a172-62c7ed011c3b service placement] Successfully wrote allocations [, , ] {{(pid=105396) _update_consumers_and_create_allocations /opt/stack/placement/placement/handlers/allocation.py:462}}
Jul 14 14:26:28.150496 n-d-767704-28 devstack@placement-api.service[105396]: INFO placement.requestlog [req-61930a00-84cd-42dc-806e-3541b58187a0 req-9cabc7cc-51a1-4318-a172-62c7ed011c3b service placement] 10.222.0.81 "PUT /placement/allocations/60f1d989-211a-466d-9a7a-a1a9303daf5d" status: 204 len: 0 microversion: 1.36
Jul 14 14:26:28.150876 n-d-767704-28 devstack@placement-api.service[105396]: [pid: 105396|app: 0|req: 53/105] 10.222.0.81 () {64 vars in 1433 bytes} [Thu Jul 14 14:26:28 2022] PUT /placement/allocations/60f1d989-211a-466d-9a7a-a1a9303daf5d => generated 0 bytes in 91 msecs (HTTP/1.1 204) 5 headers in 199 bytes (1 switches on core 0)
Jul 14 14:26:28.576225 n-d-767704-28 devstack@placement-api.service[105397]: DEBUG placement.requestlog [req-61930a00-84cd-42dc-806e-3541b58187a0 req-95384ec1-7c8b-4fbc-83d8-fe4b3d90f131 None None] Starting request: 10.222.0.96 "GET /placement/allocations/60f1d989-211a-466d-9a7a-a1a9303daf5d" {{(pid=105397) __call__ /opt/stack/placement/placement/requestlog.py:55}}
Jul 14 14:26:28.614890 n-d-767704-28 devstack@placement-api.service[105397]: INFO placement.requestlog [req-61930a00-84cd-42dc-806e-3541b58187a0 req-95384ec1-7c8b-4fbc-83d8-fe4b3d90f131 service placement] 10.222.0.96 "GET /placement/allocations/60f1d989-211a-466d-9a7a-a1a9303daf5d" status: 200 len: 258 microversion: 1.28
Jul 14 14:26:28.615810 n-d-767704-28 devstack@placement-api.service[105397]: [pid: 105397|app: 0|req: 53/106] 10.222.0.96 () {60 vars in 1377 bytes} [Thu Jul 14 14:26:28 2022] GET /placement/allocations/60f1d989-211a-466d-9a7a-a1a9303daf5d => generated 258 bytes in 40 msecs (HTTP/1.1 200) 8 headers in 296 bytes (1 switches on core 0)
Jul 14 14:26:28.980885 n-d-767704-28 devstack@placement-api.service[105396]: DEBUG placement.requestlog [None req-6224db7c-61be-4820-945f-58be093e912c None None] Starting request: 10.222.0.81 "GET /placement/resource_providers/313fdab7-5322-4fed-9ab1-d4ff1c47df1c/aggregates" {{(pid=105396) __call__ /opt/stack/placement/placement/requestlog.py:55}}
Jul 14 14:26:29.437342 n-d-767704-28 devstack@placement-api.service[105396]: INFO placement.requestlog [None req-6224db7c-61be-4820-945f-58be093e912c service placement] 10.222.0.81 "GET /placement/resource_providers/313fdab7-5322-4fed-9ab1-d4ff1c47df1c/aggregates" status: 404 len: 235 microversion: 1.1
Jul 14 14:26:29.443835 n-d-767704-28 devstack@placement-api.service[105396]: [pid: 105396|app: 0|req: 54/107] 10.222.0.81 () {58 vars in 1362 bytes} [Thu Jul 14 14:26:28 2022] GET /placement/resource_providers/313fdab7-5322-4fed-9ab1-d4ff1c47df1c/aggregates => generated 235 bytes in 463 msecs (HTTP/1.1 404) 5 headers in 202 bytes (1 switches on core 0)
Jul 14 14:26:29.444594 n-d-767704-28 devstack@placement-api.service[105397]: DEBUG placement.requestlog [None req-ae54da5b-7017-4312-b632-86f123af34b4 None None] Starting request: 10.222.0.81 "DELETE /placement/resource_providers/313fdab7-5322-4fed-9ab1-d4ff1c47df1c" {{(pid=105397) __call__ /opt/stack/placement/placement/requestlog.py:55}}
Jul 14 14:26:29.464574 n-d-767704-28 devstack@placement-api.service[105397]: DEBUG placement.wsgi_wrapper [None req-ae54da5b-7017-4312-b632-86f123af34b4 service placement] Placement API returning an error response: No resource provider with uuid 313fdab7-5322-4fed-9ab1-d4ff1c47df1c found for delete {{(pid=105397) call_func /opt/stack/placement/placement/wsgi_wrapper.py:31}}
Jul 14 14:26:29.465864 n-d-767704-28 devstack@placement-api.service[105397]: INFO placement.requestlog [None req-ae54da5b-7017-4312-b632-86f123af34b4 service placement] 10.222.0.81 "DELETE /placement/resource_providers/313fdab7-5322-4fed-9ab1-d4ff1c47df1c" status: 404 len: 246 microversion: 1.1
Jul 14 14:26:29.470647 n-d-767704-28 devstack@placement-api.service[105397]: [pid: 105397|app: 0|req: 54/108] 10.222.0.81 () {60 vars in 1351 bytes} [Thu Jul 14 14:26:29 2022] DELETE /placement/resource_providers/313fdab7-5322-4fed-9ab1-d4ff1c47df1c => generated 246 bytes in 26 msecs (HTTP/1.1 404) 6 headers in 231 bytes (1 switches on core 0)
Jul 14 14:26:39.434707 n-d-767704-28 devstack@placement-api.service[105396]: DEBUG dbcounter [-] [105396] Writing DB stats placement:SELECT=42,placement:INSERT=10,placement:DELETE=4,placement:UPDATE=4 {{(pid=105396) stat_writer /usr/local/lib/python3.8/dist-packages/dbcounter.py:114}}
Jul 14 14:26:39.462533 n-d-767704-28 devstack@placement-api.service[105397]: DEBUG dbcounter [-] [105397] Writing DB stats placement:SELECT=19 {{(pid=105397) stat_writer /usr/local/lib/python3.8/dist-packages/dbcounter.py:114}}
Jul 14 14:26:41.445299 n-d-767704-28 devstack@placement-api.service[105396]: DEBUG placement.requestlog [req-5f6d2e54-4180-4bae-ba62-e30d37e6c51e req-091dff59-a02d-4c38-8ea1-1ec3ee0ec425 None None] Starting request: 10.222.0.95 "DELETE /placement/allocations/8e7f9bce-ce56-4f82-bfa4-7a2daf22bad4" {{(pid=105396) __call__ /opt/stack/placement/placement/requestlog.py:55}}
Jul 14 14:26:41.513297 n-d-767704-28 devstack@placement-api.service[105396]: DEBUG placement.handlers.allocation [req-5f6d2e54-4180-4bae-ba62-e30d37e6c51e req-091dff59-a02d-4c38-8ea1-1ec3ee0ec425 service placement] Successfully deleted allocations [, , ] {{(pid=105396) delete_allocations /opt/stack/placement/placement/handlers/allocation.py:627}}
Jul 14 14:26:41.513823 n-d-767704-28 devstack@placement-api.service[105396]: INFO placement.requestlog [req-5f6d2e54-4180-4bae-ba62-e30d37e6c51e req-091dff59-a02d-4c38-8ea1-1ec3ee0ec425 service placement] 10.222.0.95 "DELETE /placement/allocations/8e7f9bce-ce56-4f82-bfa4-7a2daf22bad4" status: 204 len: 0 microversion: 1.0
Jul 14 14:26:41.514245 n-d-767704-28 devstack@placement-api.service[105396]: [pid: 105396|app: 0|req: 55/109] 10.222.0.95 () {60 vars in 1355 bytes} [Thu Jul 14 14:26:41 2022] DELETE /placement/allocations/8e7f9bce-ce56-4f82-bfa4-7a2daf22bad4 => generated 0 bytes in 70 msecs (HTTP/1.1 204) 5 headers in 198 bytes (2 switches on core 0)
Jul 14 14:26:43.131428 n-d-767704-28 devstack@placement-api.service[105397]: DEBUG placement.requestlog [req-b600e12c-77cf-4676-8cde-544e2c2760dc req-7d1c7989-2546-4bc8-809c-8e4fd6e837df None None] Starting request: 10.222.0.81 "GET /placement/allocation_candidates?limit=1000&resources=DISK_GB%3A1%2CMEMORY_MB%3A1024%2CVCPU%3A1&root_required=%21COMPUTE_STATUS_DISABLED" {{(pid=105397) __call__ /opt/stack/placement/placement/requestlog.py:55}}
Jul 14 14:26:43.235882 n-d-767704-28 devstack@placement-api.service[105397]: DEBUG placement.objects.research_context [req-b600e12c-77cf-4676-8cde-544e2c2760dc req-7d1c7989-2546-4bc8-809c-8e4fd6e837df service placement] getting providers with 1 DISK_GB {{(pid=105397) __init__ /opt/stack/placement/placement/objects/research_context.py:136}}
Jul 14 14:26:43.248449 n-d-767704-28 devstack@placement-api.service[105397]: DEBUG placement.objects.research_context [req-b600e12c-77cf-4676-8cde-544e2c2760dc req-7d1c7989-2546-4bc8-809c-8e4fd6e837df service placement] getting providers with 1024 MEMORY_MB {{(pid=105397) __init__ /opt/stack/placement/placement/objects/research_context.py:136}}
Jul 14 14:26:43.268304 n-d-767704-28 devstack@placement-api.service[105397]: DEBUG placement.objects.research_context [req-b600e12c-77cf-4676-8cde-544e2c2760dc req-7d1c7989-2546-4bc8-809c-8e4fd6e837df service placement] getting providers with 1 VCPU {{(pid=105397) __init__ /opt/stack/placement/placement/objects/research_context.py:136}}
Jul 14 14:26:43.277009 n-d-767704-28 devstack@placement-api.service[105397]: DEBUG placement.objects.research_context [req-b600e12c-77cf-4676-8cde-544e2c2760dc req-7d1c7989-2546-4bc8-809c-8e4fd6e837df service placement] found 2 providers with available 1 DISK_GB {{(pid=105397) get_provider_ids_matching /opt/stack/placement/placement/objects/research_context.py:563}}
Jul 14 14:26:43.277516 n-d-767704-28 devstack@placement-api.service[105397]: DEBUG placement.objects.research_context [req-b600e12c-77cf-4676-8cde-544e2c2760dc req-7d1c7989-2546-4bc8-809c-8e4fd6e837df service placement] found 2 providers with available 1024 MEMORY_MB {{(pid=105397) get_provider_ids_matching /opt/stack/placement/placement/objects/research_context.py:563}}
Jul 14 14:26:43.278179 n-d-767704-28 devstack@placement-api.service[105397]: DEBUG placement.objects.research_context [req-b600e12c-77cf-4676-8cde-544e2c2760dc req-7d1c7989-2546-4bc8-809c-8e4fd6e837df service placement] found 2 providers after filtering by previous result {{(pid=105397) get_provider_ids_matching /opt/stack/placement/placement/objects/research_context.py:594}}
Jul 14 14:26:43.278698 n-d-767704-28 devstack@placement-api.service[105397]: DEBUG placement.objects.research_context [req-b600e12c-77cf-4676-8cde-544e2c2760dc req-7d1c7989-2546-4bc8-809c-8e4fd6e837df service placement] found 2 providers with available 1 VCPU {{(pid=105397) get_provider_ids_matching /opt/stack/placement/placement/objects/research_context.py:563}}
Jul 14 14:26:43.279170 n-d-767704-28 devstack@placement-api.service[105397]: DEBUG placement.objects.research_context [req-b600e12c-77cf-4676-8cde-544e2c2760dc req-7d1c7989-2546-4bc8-809c-8e4fd6e837df service placement] found 2 providers after filtering by previous result {{(pid=105397) get_provider_ids_matching /opt/stack/placement/placement/objects/research_context.py:594}}
Jul 14 14:26:43.299118 n-d-767704-28 devstack@placement-api.service[105397]: DEBUG placement.objects.allocation_candidate [req-b600e12c-77cf-4676-8cde-544e2c2760dc req-7d1c7989-2546-4bc8-809c-8e4fd6e837df service placement] RequestGroup(use_same_provider=False, resources={DISK_GB:1, MEMORY_MB:1024, VCPU:1}, traits=(), aggregates=[]) (suffix '') returned 2 matches {{(pid=105397) _get_by_requests /opt/stack/placement/placement/objects/allocation_candidate.py:156}}
Jul 14 14:26:43.299942 n-d-767704-28 devstack@placement-api.service[105397]: DEBUG placement.objects.allocation_candidate [req-b600e12c-77cf-4676-8cde-544e2c2760dc req-7d1c7989-2546-4bc8-809c-8e4fd6e837df service placement] Merging candidates yields 2 allocation requests and 2 provider summaries {{(pid=105397) _merge_candidates /opt/stack/placement/placement/objects/allocation_candidate.py:809}}
Jul 14 14:26:43.302104 n-d-767704-28 devstack@placement-api.service[105397]: INFO placement.requestlog [req-b600e12c-77cf-4676-8cde-544e2c2760dc req-7d1c7989-2546-4bc8-809c-8e4fd6e837df service placement] 10.222.0.81 "GET /placement/allocation_candidates?limit=1000&resources=DISK_GB%3A1%2CMEMORY_MB%3A1024%2CVCPU%3A1&root_required=%21COMPUTE_STATUS_DISABLED" status: 200 len: 1309 microversion: 1.36
Jul 14 14:26:43.303205 n-d-767704-28 devstack@placement-api.service[105397]: [pid: 105397|app: 0|req: 55/110] 10.222.0.81 () {60 vars in 1506 bytes} [Thu Jul 14 14:26:43 2022] GET /placement/allocation_candidates?limit=1000&resources=DISK_GB%3A1%2CMEMORY_MB%3A1024%2CVCPU%3A1&root_required=%21COMPUTE_STATUS_DISABLED => generated 1309 bytes in 172 msecs (HTTP/1.1 200) 8 headers in 297 bytes (1 switches on core 0)
Jul 14 14:26:43.452725 n-d-767704-28 devstack@placement-api.service[105396]: DEBUG placement.requestlog [req-b600e12c-77cf-4676-8cde-544e2c2760dc req-2b7fe1bf-0c7d-4591-9a9f-52d605f1a7d6 None None] Starting request: 10.222.0.81 "GET /placement/allocations/88426cdc-557a-4724-9ef2-d84d32b4191d" {{(pid=105396) __call__ /opt/stack/placement/placement/requestlog.py:55}}
Jul 14 14:26:43.470161 n-d-767704-28 devstack@placement-api.service[105396]: INFO placement.requestlog [req-b600e12c-77cf-4676-8cde-544e2c2760dc req-2b7fe1bf-0c7d-4591-9a9f-52d605f1a7d6 service placement] 10.222.0.81 "GET /placement/allocations/88426cdc-557a-4724-9ef2-d84d32b4191d" status: 200 len: 19 microversion: 1.28
Jul 14 14:26:43.470859 n-d-767704-28 devstack@placement-api.service[105396]: [pid: 105396|app: 0|req: 56/111] 10.222.0.81 () {60 vars in 1380 bytes} [Thu Jul 14 14:26:43 2022] GET /placement/allocations/88426cdc-557a-4724-9ef2-d84d32b4191d => generated 19 bytes in 18 msecs (HTTP/1.1 200) 8 headers in 295 bytes (1 switches on core 0)
Jul 14 14:26:43.477513 n-d-767704-28 devstack@placement-api.service[105397]: DEBUG placement.requestlog [req-b600e12c-77cf-4676-8cde-544e2c2760dc req-7308bb3d-211e-4fce-a2b7-51cd14f917a3 None None] Starting request: 10.222.0.81 "PUT /placement/allocations/88426cdc-557a-4724-9ef2-d84d32b4191d" {{(pid=105397) __call__ /opt/stack/placement/placement/requestlog.py:55}}
Jul 14 14:26:43.654220 n-d-767704-28 devstack@placement-api.service[105397]: DEBUG placement.handlers.allocation [req-b600e12c-77cf-4676-8cde-544e2c2760dc req-7308bb3d-211e-4fce-a2b7-51cd14f917a3 service placement] Successfully wrote allocations [, , ] {{(pid=105397) _update_consumers_and_create_allocations /opt/stack/placement/placement/handlers/allocation.py:462}}
Jul 14 14:26:43.673879 n-d-767704-28 devstack@placement-api.service[105397]: INFO placement.requestlog [req-b600e12c-77cf-4676-8cde-544e2c2760dc req-7308bb3d-211e-4fce-a2b7-51cd14f917a3 service placement] 10.222.0.81 "PUT /placement/allocations/88426cdc-557a-4724-9ef2-d84d32b4191d" status: 204 len: 0 microversion: 1.36
Jul 14 14:26:43.677163 n-d-767704-28 devstack@placement-api.service[105397]: [pid: 105397|app: 0|req: 56/112] 10.222.0.81 () {64 vars in 1433 bytes} [Thu Jul 14 14:26:43 2022] PUT /placement/allocations/88426cdc-557a-4724-9ef2-d84d32b4191d => generated 0 bytes in 200 msecs (HTTP/1.1 204) 5 headers in 199 bytes (1 switches on core 0)
Jul 14 14:26:44.303400 n-d-767704-28 devstack@placement-api.service[105396]: DEBUG placement.requestlog [req-b600e12c-77cf-4676-8cde-544e2c2760dc req-62dc9924-d126-4808-b99d-ca08011c5ee4 None None] Starting request: 10.222.0.95 "GET /placement/allocations/88426cdc-557a-4724-9ef2-d84d32b4191d" {{(pid=105396) __call__ /opt/stack/placement/placement/requestlog.py:55}}
Jul 14 14:26:44.347669 n-d-767704-28 devstack@placement-api.service[105396]: INFO placement.requestlog [req-b600e12c-77cf-4676-8cde-544e2c2760dc req-62dc9924-d126-4808-b99d-ca08011c5ee4 service placement] 10.222.0.95 "GET /placement/allocations/88426cdc-557a-4724-9ef2-d84d32b4191d" status: 200 len: 259 microversion: 1.28
Jul 14 14:26:44.348897 n-d-767704-28 devstack@placement-api.service[105396]: [pid: 105396|app: 0|req: 57/113] 10.222.0.95 () {60 vars in 1377 bytes} [Thu Jul 14 14:26:44 2022] GET /placement/allocations/88426cdc-557a-4724-9ef2-d84d32b4191d => generated 259 bytes in 47 msecs (HTTP/1.1 200) 8 headers in 296 bytes (2 switches on core 0)
Jul 14 14:26:45.749897 n-d-767704-28 devstack@placement-api.service[105397]: DEBUG placement.requestlog [req-5e14be17-6262-4888-837d-830899bef03d req-bb1aa003-a1d8-438d-9bfa-c2d4e5722bdd None None] Starting request: 10.222.0.81 "GET /placement/allocation_candidates?limit=1000&resources=DISK_GB%3A2%2CMEMORY_MB%3A1024%2CVCPU%3A1&root_required=%21COMPUTE_STATUS_DISABLED" {{(pid=105397) __call__ /opt/stack/placement/placement/requestlog.py:55}}
Jul 14 14:26:45.935711 n-d-767704-28 devstack@placement-api.service[105397]: DEBUG placement.objects.research_context [req-5e14be17-6262-4888-837d-830899bef03d req-bb1aa003-a1d8-438d-9bfa-c2d4e5722bdd service placement] getting providers with 2 DISK_GB {{(pid=105397) __init__ /opt/stack/placement/placement/objects/research_context.py:136}}
Jul 14 14:26:45.966092 n-d-767704-28 devstack@placement-api.service[105397]: DEBUG placement.objects.research_context [req-5e14be17-6262-4888-837d-830899bef03d req-bb1aa003-a1d8-438d-9bfa-c2d4e5722bdd service placement] getting providers with 1024 MEMORY_MB {{(pid=105397) __init__ /opt/stack/placement/placement/objects/research_context.py:136}}
Jul 14 14:26:45.996906 n-d-767704-28 devstack@placement-api.service[105397]: DEBUG placement.objects.research_context [req-5e14be17-6262-4888-837d-830899bef03d req-bb1aa003-a1d8-438d-9bfa-c2d4e5722bdd service placement] getting providers with 1 VCPU {{(pid=105397) __init__ /opt/stack/placement/placement/objects/research_context.py:136}}
Jul 14 14:26:46.019046 n-d-767704-28 devstack@placement-api.service[105397]: DEBUG placement.objects.research_context [req-5e14be17-6262-4888-837d-830899bef03d req-bb1aa003-a1d8-438d-9bfa-c2d4e5722bdd service placement] found 2 providers with available 2 DISK_GB {{(pid=105397) get_provider_ids_matching /opt/stack/placement/placement/objects/research_context.py:563}}
Jul 14 14:26:46.034624 n-d-767704-28 devstack@placement-api.service[105397]: DEBUG placement.objects.research_context [req-5e14be17-6262-4888-837d-830899bef03d req-bb1aa003-a1d8-438d-9bfa-c2d4e5722bdd service placement] found 2 providers with available 1024 MEMORY_MB {{(pid=105397) get_provider_ids_matching /opt/stack/placement/placement/objects/research_context.py:563}}
Jul 14 14:26:46.037418 n-d-767704-28 devstack@placement-api.service[105397]: DEBUG placement.objects.research_context [req-5e14be17-6262-4888-837d-830899bef03d req-bb1aa003-a1d8-438d-9bfa-c2d4e5722bdd service placement] found 2 providers after filtering by previous result {{(pid=105397) get_provider_ids_matching /opt/stack/placement/placement/objects/research_context.py:594}}
Jul 14 14:26:46.040411 n-d-767704-28 devstack@placement-api.service[105397]: DEBUG placement.objects.research_context [req-5e14be17-6262-4888-837d-830899bef03d req-bb1aa003-a1d8-438d-9bfa-c2d4e5722bdd service placement] found 2 providers with available 1 VCPU {{(pid=105397) get_provider_ids_matching /opt/stack/placement/placement/objects/research_context.py:563}}
Jul 14 14:26:46.041491 n-d-767704-28 devstack@placement-api.service[105397]: DEBUG placement.objects.research_context [req-5e14be17-6262-4888-837d-830899bef03d req-bb1aa003-a1d8-438d-9bfa-c2d4e5722bdd service placement] found 2 providers after filtering by previous result {{(pid=105397) get_provider_ids_matching /opt/stack/placement/placement/objects/research_context.py:594}}
Jul 14 14:26:46.079450 n-d-767704-28 devstack@placement-api.service[105397]: DEBUG placement.objects.allocation_candidate [req-5e14be17-6262-4888-837d-830899bef03d req-bb1aa003-a1d8-438d-9bfa-c2d4e5722bdd service placement] RequestGroup(use_same_provider=False, resources={DISK_GB:2, MEMORY_MB:1024, VCPU:1}, traits=(), aggregates=[]) (suffix '') returned 2 matches {{(pid=105397) _get_by_requests /opt/stack/placement/placement/objects/allocation_candidate.py:156}}
Jul 14 14:26:46.081765 n-d-767704-28 devstack@placement-api.service[105397]: DEBUG placement.objects.allocation_candidate [req-5e14be17-6262-4888-837d-830899bef03d req-bb1aa003-a1d8-438d-9bfa-c2d4e5722bdd service placement] Merging candidates yields 2 allocation requests and 2 provider summaries {{(pid=105397) _merge_candidates /opt/stack/placement/placement/objects/allocation_candidate.py:809}}
Jul 14 14:26:46.086241 n-d-767704-28 devstack@placement-api.service[105397]: INFO placement.requestlog [req-5e14be17-6262-4888-837d-830899bef03d req-bb1aa003-a1d8-438d-9bfa-c2d4e5722bdd service placement] 10.222.0.81 "GET /placement/allocation_candidates?limit=1000&resources=DISK_GB%3A2%2CMEMORY_MB%3A1024%2CVCPU%3A1&root_required=%21COMPUTE_STATUS_DISABLED" status: 200 len: 1309 microversion: 1.36
Jul 14 14:26:46.088465 n-d-767704-28 devstack@placement-api.service[105397]: [pid: 105397|app: 0|req: 57/114] 10.222.0.81 () {60 vars in 1506 bytes} [Thu Jul 14 14:26:45 2022] GET /placement/allocation_candidates?limit=1000&resources=DISK_GB%3A2%2CMEMORY_MB%3A1024%2CVCPU%3A1&root_required=%21COMPUTE_STATUS_DISABLED => generated 1309 bytes in 339 msecs (HTTP/1.1 200) 8 headers in 297 bytes (1 switches on core 0)
Jul 14 14:26:46.238605 n-d-767704-28 devstack@placement-api.service[105396]: DEBUG placement.requestlog [req-5e14be17-6262-4888-837d-830899bef03d req-8b98ddc1-ff75-48fe-abe5-798d63450a80 None None] Starting request: 10.222.0.81 "GET /placement/allocations/32c5728e-50ec-43f4-bd4e-8d7b9217bb69" {{(pid=105396) __call__ /opt/stack/placement/placement/requestlog.py:55}}
Jul 14 14:26:46.268412 n-d-767704-28 devstack@placement-api.service[105396]: INFO placement.requestlog [req-5e14be17-6262-4888-837d-830899bef03d req-8b98ddc1-ff75-48fe-abe5-798d63450a80 service placement] 10.222.0.81 "GET /placement/allocations/32c5728e-50ec-43f4-bd4e-8d7b9217bb69" status: 200 len: 19 microversion: 1.28
Jul 14 14:26:46.269219 n-d-767704-28 devstack@placement-api.service[105396]: [pid: 105396|app: 0|req: 58/115] 10.222.0.81 () {60 vars in 1380 bytes} [Thu Jul 14 14:26:46 2022] GET /placement/allocations/32c5728e-50ec-43f4-bd4e-8d7b9217bb69 => generated 19 bytes in 31 msecs (HTTP/1.1 200) 8 headers in 295 bytes (1 switches on core 0)
Jul 14 14:26:46.279322 n-d-767704-28 devstack@placement-api.service[105397]: DEBUG placement.requestlog [req-5e14be17-6262-4888-837d-830899bef03d req-8fd671dc-a6b7-4249-b172-b8b0e2cb49f1 None None] Starting request: 10.222.0.81 "PUT /placement/allocations/32c5728e-50ec-43f4-bd4e-8d7b9217bb69" {{(pid=105397) __call__ /opt/stack/placement/placement/requestlog.py:55}}
Jul 14 14:26:46.401165 n-d-767704-28 devstack@placement-api.service[105396]: DEBUG placement.requestlog [req-901194b7-7ff4-4a76-89ec-10a7280375c4 req-c6f314e7-f09c-4fe4-b7cc-d4e9a843f064 None None] Starting request: 10.222.0.95 "DELETE /placement/allocations/6661f76a-906a-4e9a-b5a6-52cbd26679c7" {{(pid=105396) __call__ /opt/stack/placement/placement/requestlog.py:55}}
Jul 14 14:26:46.401906 n-d-767704-28 devstack@placement-api.service[105397]: DEBUG placement.handlers.allocation [req-5e14be17-6262-4888-837d-830899bef03d req-8fd671dc-a6b7-4249-b172-b8b0e2cb49f1 service placement] Successfully wrote allocations [, , ] {{(pid=105397) _update_consumers_and_create_allocations /opt/stack/placement/placement/handlers/allocation.py:462}}
Jul 14 14:26:46.411011 n-d-767704-28 devstack@placement-api.service[105397]: INFO placement.requestlog [req-5e14be17-6262-4888-837d-830899bef03d req-8fd671dc-a6b7-4249-b172-b8b0e2cb49f1 service placement] 10.222.0.81 "PUT /placement/allocations/32c5728e-50ec-43f4-bd4e-8d7b9217bb69" status: 204 len: 0 microversion: 1.36
Jul 14 14:26:46.411895 n-d-767704-28 devstack@placement-api.service[105397]: [pid: 105397|app: 0|req: 58/116] 10.222.0.81 () {64 vars in 1433 bytes} [Thu Jul 14 14:26:46 2022] PUT /placement/allocations/32c5728e-50ec-43f4-bd4e-8d7b9217bb69 => generated 0 bytes in 133 msecs (HTTP/1.1 204) 5 headers in 199 bytes (1 switches on core 0)
Jul 14 14:26:46.469226 n-d-767704-28 devstack@placement-api.service[105396]: DEBUG placement.handlers.allocation [req-901194b7-7ff4-4a76-89ec-10a7280375c4 req-c6f314e7-f09c-4fe4-b7cc-d4e9a843f064 service placement] Successfully deleted allocations [, , ] {{(pid=105396) delete_allocations /opt/stack/placement/placement/handlers/allocation.py:627}}
Jul 14 14:26:46.469715 n-d-767704-28 devstack@placement-api.service[105396]: INFO placement.requestlog [req-901194b7-7ff4-4a76-89ec-10a7280375c4 req-c6f314e7-f09c-4fe4-b7cc-d4e9a843f064 service placement] 10.222.0.95 "DELETE /placement/allocations/6661f76a-906a-4e9a-b5a6-52cbd26679c7" status: 204 len: 0 microversion: 1.0
Jul 14 14:26:46.470668 n-d-767704-28 devstack@placement-api.service[105396]: [pid: 105396|app: 0|req: 59/117] 10.222.0.95 () {60 vars in 1355 bytes} [Thu Jul 14 14:26:46 2022] DELETE /placement/allocations/6661f76a-906a-4e9a-b5a6-52cbd26679c7 => generated 0 bytes in 70 msecs (HTTP/1.1 204) 5 headers in 198 bytes (1 switches on core 0)
Jul 14 14:26:47.146438 n-d-767704-28 devstack@placement-api.service[105397]: DEBUG placement.requestlog [req-5e14be17-6262-4888-837d-830899bef03d req-1b2d4428-8227-49a6-83eb-19d3d4e20987 None None] Starting request: 10.222.0.95 "GET /placement/allocations/32c5728e-50ec-43f4-bd4e-8d7b9217bb69" {{(pid=105397) __call__ /opt/stack/placement/placement/requestlog.py:55}}
Jul 14 14:26:47.190201 n-d-767704-28 devstack@placement-api.service[105397]: INFO placement.requestlog [req-5e14be17-6262-4888-837d-830899bef03d req-1b2d4428-8227-49a6-83eb-19d3d4e20987 service placement] 10.222.0.95 "GET /placement/allocations/32c5728e-50ec-43f4-bd4e-8d7b9217bb69" status: 200 len: 259 microversion: 1.28
Jul 14 14:26:47.190597 n-d-767704-28 devstack@placement-api.service[105397]: [pid: 105397|app: 0|req: 59/118] 10.222.0.95 () {60 vars in 1377 bytes} [Thu Jul 14 14:26:47 2022] GET /placement/allocations/32c5728e-50ec-43f4-bd4e-8d7b9217bb69 => generated 259 bytes in 45 msecs (HTTP/1.1 200) 8 headers in 296 bytes (1 switches on core 0)
Jul 14 14:26:47.637460 n-d-767704-28 devstack@placement-api.service[105396]: DEBUG placement.requestlog [req-f8838d69-0cd4-4749-a32d-43b290b463fe req-96b679e8-2645-4228-9596-d5c9610dbac6 None None] Starting request: 10.222.0.96 "DELETE /placement/allocations/a7f119f8-47c2-4c9b-a800-d16194ab2e49" {{(pid=105396) __call__ /opt/stack/placement/placement/requestlog.py:55}}
Jul 14 14:26:47.754920 n-d-767704-28 devstack@placement-api.service[105396]: DEBUG placement.handlers.allocation [req-f8838d69-0cd4-4749-a32d-43b290b463fe req-96b679e8-2645-4228-9596-d5c9610dbac6 service placement] Successfully deleted allocations [, , ] {{(pid=105396) delete_allocations /opt/stack/placement/placement/handlers/allocation.py:627}}
Jul 14 14:26:47.755428 n-d-767704-28 devstack@placement-api.service[105396]: INFO placement.requestlog [req-f8838d69-0cd4-4749-a32d-43b290b463fe req-96b679e8-2645-4228-9596-d5c9610dbac6 service placement] 10.222.0.96 "DELETE /placement/allocations/a7f119f8-47c2-4c9b-a800-d16194ab2e49" status: 204 len: 0 microversion: 1.0
Jul 14 14:26:47.756042 n-d-767704-28 devstack@placement-api.service[105396]: [pid: 105396|app: 0|req: 60/119] 10.222.0.96 () {60 vars in 1355 bytes} [Thu Jul 14 14:26:47 2022] DELETE /placement/allocations/a7f119f8-47c2-4c9b-a800-d16194ab2e49 => generated 0 bytes in 119 msecs (HTTP/1.1 204) 5 headers in 198 bytes (1 switches on core 0)
Jul 14 14:26:49.551304 n-d-767704-28 devstack@placement-api.service[105397]: DEBUG placement.requestlog [req-eb8e42bc-8054-41d4-862b-2e47fc0865af req-09814794-fb57-4d49-b5d6-5981525798f0 None None] Starting request: 10.222.0.81 "GET /placement/allocation_candidates?limit=1000&resources=DISK_GB%3A1%2CMEMORY_MB%3A1024%2CVCPU%3A1&root_required=%21COMPUTE_STATUS_DISABLED" {{(pid=105397) __call__ /opt/stack/placement/placement/requestlog.py:55}}
Jul 14 14:26:49.637936 n-d-767704-28 devstack@placement-api.service[105397]: DEBUG placement.objects.research_context [req-eb8e42bc-8054-41d4-862b-2e47fc0865af req-09814794-fb57-4d49-b5d6-5981525798f0 service placement] getting providers with 1 DISK_GB {{(pid=105397) __init__ /opt/stack/placement/placement/objects/research_context.py:136}}
Jul 14 14:26:49.652400 n-d-767704-28 devstack@placement-api.service[105397]: DEBUG placement.objects.research_context [req-eb8e42bc-8054-41d4-862b-2e47fc0865af req-09814794-fb57-4d49-b5d6-5981525798f0 service placement] getting providers with 1024 MEMORY_MB {{(pid=105397) __init__ /opt/stack/placement/placement/objects/research_context.py:136}}
Jul 14 14:26:49.669201 n-d-767704-28 devstack@placement-api.service[105397]: DEBUG placement.objects.research_context [req-eb8e42bc-8054-41d4-862b-2e47fc0865af req-09814794-fb57-4d49-b5d6-5981525798f0 service placement] getting providers with 1 VCPU {{(pid=105397) __init__ /opt/stack/placement/placement/objects/research_context.py:136}}
Jul 14 14:26:49.689849 n-d-767704-28 devstack@placement-api.service[105397]: DEBUG placement.objects.research_context [req-eb8e42bc-8054-41d4-862b-2e47fc0865af req-09814794-fb57-4d49-b5d6-5981525798f0 service placement] found 2 providers with available 1 DISK_GB {{(pid=105397) get_provider_ids_matching /opt/stack/placement/placement/objects/research_context.py:563}}
Jul 14 14:26:49.690309 n-d-767704-28 devstack@placement-api.service[105397]: DEBUG placement.objects.research_context [req-eb8e42bc-8054-41d4-862b-2e47fc0865af req-09814794-fb57-4d49-b5d6-5981525798f0 service placement] found 2 providers with available 1024 MEMORY_MB {{(pid=105397) get_provider_ids_matching /opt/stack/placement/placement/objects/research_context.py:563}}
Jul 14 14:26:49.690786 n-d-767704-28 devstack@placement-api.service[105397]: DEBUG placement.objects.research_context [req-eb8e42bc-8054-41d4-862b-2e47fc0865af req-09814794-fb57-4d49-b5d6-5981525798f0 service placement] found 2 providers after filtering by previous result {{(pid=105397) get_provider_ids_matching /opt/stack/placement/placement/objects/research_context.py:594}}
Jul 14 14:26:49.691239 n-d-767704-28 devstack@placement-api.service[105397]: DEBUG placement.objects.research_context [req-eb8e42bc-8054-41d4-862b-2e47fc0865af req-09814794-fb57-4d49-b5d6-5981525798f0 service placement] found 2 providers with available 1 VCPU {{(pid=105397) get_provider_ids_matching /opt/stack/placement/placement/objects/research_context.py:563}}
Jul 14 14:26:49.691889 n-d-767704-28 devstack@placement-api.service[105397]: DEBUG placement.objects.research_context [req-eb8e42bc-8054-41d4-862b-2e47fc0865af req-09814794-fb57-4d49-b5d6-5981525798f0 service placement] found 2 providers after filtering by previous result {{(pid=105397) get_provider_ids_matching /opt/stack/placement/placement/objects/research_context.py:594}}
Jul 14 14:26:49.714169 n-d-767704-28 devstack@placement-api.service[105397]: DEBUG placement.objects.allocation_candidate [req-eb8e42bc-8054-41d4-862b-2e47fc0865af req-09814794-fb57-4d49-b5d6-5981525798f0 service placement] RequestGroup(use_same_provider=False, resources={DISK_GB:1, MEMORY_MB:1024, VCPU:1}, traits=(), aggregates=[]) (suffix '') returned 2 matches {{(pid=105397) _get_by_requests /opt/stack/placement/placement/objects/allocation_candidate.py:156}}
