Jul 14 14:40:47.922710 n-d-767704-28 devstack@c-api.service[111805]: [pid: 111805|app: 0|req: 237/429] 10.222.0.81 () {60 vars in 1365 bytes} [Thu Jul 14 14:40:47 2022] GET /volume/v3/863313b69d724589937d74b3d6ccef68/volumes/1d2a13ba-1a4e-485a-b772-b2d29b43285d => generated 985 bytes in 90 msecs (HTTP/1.1 200) 7 headers in 286 bytes (2 switches on core 0)
Jul 14 14:40:47.936037 n-d-767704-28 devstack@c-api.service[111805]: DEBUG cinder.api.middleware.request_id [None req-7ce03187-d012-41e4-85c8-cbaaada4f4dc None None] RequestId filter calling following filter/app {{(pid=111805) _context_setter /opt/stack/cinder/cinder/api/middleware/request_id.py:62}}
Jul 14 14:40:47.941230 n-d-767704-28 devstack@c-api.service[111805]: INFO cinder.api.openstack.wsgi [None req-7ce03187-d012-41e4-85c8-cbaaada4f4dc tempest-GroupsTest-1461445416 tempest-GroupsTest-1461445416-project] POST http://10.222.0.81/volume/v3/863313b69d724589937d74b3d6ccef68/volumes
Jul 14 14:40:47.942103 n-d-767704-28 devstack@c-api.service[111805]: DEBUG cinder.api.openstack.wsgi [None req-7ce03187-d012-41e4-85c8-cbaaada4f4dc tempest-GroupsTest-1461445416 tempest-GroupsTest-1461445416-project] Action: 'create', calling method: create, body: {"volume": {"volume_type": "8acedda1-d00d-41cc-96a5-a0ca3d167814", "group_id": "35aeb5a5-0146-4eda-923b-83d752dfcb59", "size": 1, "name": "tempest-GroupsTest-Volume-1323177702"}} {{(pid=111805) _process_stack /opt/stack/cinder/cinder/api/openstack/wsgi.py:866}}
Jul 14 14:40:47.943754 n-d-767704-28 devstack@c-api.service[111805]: DEBUG cinder.api.v3.volumes [None req-7ce03187-d012-41e4-85c8-cbaaada4f4dc tempest-GroupsTest-1461445416 tempest-GroupsTest-1461445416-project] Create volume request body: {'volume': {'volume_type': '8acedda1-d00d-41cc-96a5-a0ca3d167814', 'group_id': '35aeb5a5-0146-4eda-923b-83d752dfcb59', 'size': 1, 'name': 'tempest-GroupsTest-Volume-1323177702'}} {{(pid=111805) create /opt/stack/cinder/cinder/api/v3/volumes.py:298}}
Jul 14 14:40:47.987284 n-d-767704-28 devstack@c-api.service[111805]: /usr/local/lib/python3.8/dist-packages/oslo_context/context.py:100: DeprecationWarning: Policy enforcement is depending on the value of is_admin. This key is deprecated. Please update your policy file to use the standard policy values.
Jul 14 14:40:47.987284 n-d-767704-28 devstack@c-api.service[111805]: warnings.warn('Policy enforcement is depending on the value of '
Jul 14 14:40:47.990462 n-d-767704-28 devstack@c-api.service[111805]: INFO cinder.api.v3.volumes [None req-7ce03187-d012-41e4-85c8-cbaaada4f4dc tempest-GroupsTest-1461445416 tempest-GroupsTest-1461445416-project] Create volume of 1 GB
Jul 14 14:40:48.009041 n-d-767704-28 devstack@c-api.service[111805]: INFO cinder.volume.api [None req-7ce03187-d012-41e4-85c8-cbaaada4f4dc tempest-GroupsTest-1461445416 tempest-GroupsTest-1461445416-project] Availability Zones retrieved successfully.
Jul 14 14:40:48.028871 n-d-767704-28 devstack@c-api.service[111805]: DEBUG cinder.volume.api [None req-7ce03187-d012-41e4-85c8-cbaaada4f4dc tempest-GroupsTest-1461445416 tempest-GroupsTest-1461445416-project] Flow 'volume_create_api' (fab945b2-c76b-428f-bcec-0e884a6c994e) transitioned into state 'RUNNING' from state 'PENDING' {{(pid=111805) _flow_receiver /usr/local/lib/python3.8/dist-packages/taskflow/listeners/logging.py:141}}
Jul 14 14:40:48.031532 n-d-767704-28 devstack@c-api.service[111805]: DEBUG cinder.volume.api [None req-7ce03187-d012-41e4-85c8-cbaaada4f4dc tempest-GroupsTest-1461445416 tempest-GroupsTest-1461445416-project] Task 'cinder.volume.flows.api.create_volume.ExtractVolumeRequestTask;volume:create' (a2a61667-495b-414f-b6dc-ea3606f3fa3b) transitioned into state 'RUNNING' from state 'PENDING' {{(pid=111805) _task_receiver /usr/local/lib/python3.8/dist-packages/taskflow/listeners/logging.py:190}}
Jul 14 14:40:48.033265 n-d-767704-28 devstack@c-api.service[111805]: /usr/local/lib/python3.8/dist-packages/oslo_context/context.py:100: DeprecationWarning: Policy enforcement is depending on the value of is_admin. This key is deprecated. Please update your policy file to use the standard policy values.
Jul 14 14:40:48.033265 n-d-767704-28 devstack@c-api.service[111805]: warnings.warn('Policy enforcement is depending on the value of '
Jul 14 14:40:48.034541 n-d-767704-28 devstack@c-api.service[111805]: DEBUG cinder.volume.flows.api.create_volume [None req-7ce03187-d012-41e4-85c8-cbaaada4f4dc tempest-GroupsTest-1461445416 tempest-GroupsTest-1461445416-project] Validating volume size '1' using validate_int {{(pid=111805) _extract_size /opt/stack/cinder/cinder/volume/flows/api/create_volume.py:228}}
Jul 14 14:40:48.066745 n-d-767704-28 devstack@c-api.service[111805]: DEBUG cinder.volume.api [None req-7ce03187-d012-41e4-85c8-cbaaada4f4dc tempest-GroupsTest-1461445416 tempest-GroupsTest-1461445416-project] Task 'cinder.volume.flows.api.create_volume.ExtractVolumeRequestTask;volume:create' (a2a61667-495b-414f-b6dc-ea3606f3fa3b) transitioned into state 'SUCCESS' from state 'RUNNING' with result '{'size': 1, 'snapshot_id': None, 'source_volid': None, 'volume_type': VolumeType(created_at=2022-07-14T14:40:43Z,deleted=False,deleted_at=None,description=None,extra_specs={},id=8acedda1-d00d-41cc-96a5-a0ca3d167814,is_public=True,name='tempest-GroupsTest-volume-type-1457276315',projects=[],qos_specs=,qos_specs_id=None,updated_at=None), 'volume_type_id': '8acedda1-d00d-41cc-96a5-a0ca3d167814', 'encryption_key_id': None, 'qos_specs': None, 'consistencygroup_id': None, 'cgsnapshot_id': None, 'group_id': '35aeb5a5-0146-4eda-923b-83d752dfcb59', 'replication_status': 'disabled', 'refresh_az': False, 'backup_id': None, 'multiattach': False, 'availability_zones': ['nova']}' {{(pid=111805) _task_receiver /usr/local/lib/python3.8/dist-packages/taskflow/listeners/logging.py:178}}
Jul 14 14:40:48.070454 n-d-767704-28 devstack@c-api.service[111805]: DEBUG cinder.volume.api [None req-7ce03187-d012-41e4-85c8-cbaaada4f4dc tempest-GroupsTest-1461445416 tempest-GroupsTest-1461445416-project] Task 'cinder.volume.flows.api.create_volume.QuotaReserveTask;volume:create' (b67d151f-d99b-4e05-8b81-7eb3e4e2153c) transitioned into state 'RUNNING' from state 'PENDING' {{(pid=111805) _task_receiver /usr/local/lib/python3.8/dist-packages/taskflow/listeners/logging.py:190}}
Jul 14 14:40:48.135000 n-d-767704-28 devstack@c-api.service[111805]: DEBUG cinder.quota [None req-7ce03187-d012-41e4-85c8-cbaaada4f4dc tempest-GroupsTest-1461445416 tempest-GroupsTest-1461445416-project] Created reservations ['e2cad781-4b96-454a-a69c-7d8524e78269', '3de5b94f-4994-4f2c-a823-7e039cdbda75', '9559050d-84e0-42e3-a129-5859d04d2e18', '149016de-07a6-46a6-8840-49dc577a3239'] {{(pid=111805) reserve /opt/stack/cinder/cinder/quota.py:755}}
Jul 14 14:40:48.139595 n-d-767704-28 devstack@c-api.service[111805]: DEBUG cinder.volume.api [None req-7ce03187-d012-41e4-85c8-cbaaada4f4dc tempest-GroupsTest-1461445416 tempest-GroupsTest-1461445416-project] Task 'cinder.volume.flows.api.create_volume.QuotaReserveTask;volume:create' (b67d151f-d99b-4e05-8b81-7eb3e4e2153c) transitioned into state 'SUCCESS' from state 'RUNNING' with result '{'reservations': ['e2cad781-4b96-454a-a69c-7d8524e78269', '3de5b94f-4994-4f2c-a823-7e039cdbda75', '9559050d-84e0-42e3-a129-5859d04d2e18', '149016de-07a6-46a6-8840-49dc577a3239']}' {{(pid=111805) _task_receiver /usr/local/lib/python3.8/dist-packages/taskflow/listeners/logging.py:178}}
Jul 14 14:40:48.141020 n-d-767704-28 devstack@c-api.service[111804]: DEBUG cinder.coordination [req-ebf16070-bbb8-4e42-b4fb-4e5aafd26632 req-ccbdac73-b64c-4c97-a30e-2fc7ea4d395d tempest-TaggedBootDevicesTest_v242-1300140070 tempest-TaggedBootDevicesTest_v242-1300140070-project] Lock "cinder-attachment_update-25d31229-c0bb-421f-8904-c3820df465f8-n-h1-767704-28" released by "attachment_update" :: held 12.735s {{(pid=111804) _synchronized /opt/stack/cinder/cinder/coordination.py:204}}
Jul 14 14:40:48.143532 n-d-767704-28 devstack@c-api.service[111805]: DEBUG cinder.volume.api [None req-7ce03187-d012-41e4-85c8-cbaaada4f4dc tempest-GroupsTest-1461445416 tempest-GroupsTest-1461445416-project] Task 'cinder.volume.flows.api.create_volume.EntryCreateTask;volume:create' (2d5785b4-5cc3-4c5a-8dfc-030df735b857) transitioned into state 'RUNNING' from state 'PENDING' {{(pid=111805) _task_receiver /usr/local/lib/python3.8/dist-packages/taskflow/listeners/logging.py:190}}
Jul 14 14:40:48.151256 n-d-767704-28 devstack@c-api.service[111804]: INFO cinder.api.openstack.wsgi [req-ebf16070-bbb8-4e42-b4fb-4e5aafd26632 req-ccbdac73-b64c-4c97-a30e-2fc7ea4d395d tempest-TaggedBootDevicesTest_v242-1300140070 tempest-TaggedBootDevicesTest_v242-1300140070-project] http://10.222.0.81/volume/v3/5eb8f7dedbf34c44922ce681e837045d/attachments/98635bfa-a534-4dfa-beb2-89a700e9153a returned with HTTP 200
Jul 14 14:40:48.152779 n-d-767704-28 devstack@c-api.service[111804]: [pid: 111804|app: 0|req: 193/430] 10.222.0.96 () {64 vars in 1477 bytes} [Thu Jul 14 14:40:35 2022] PUT /volume/v3/5eb8f7dedbf34c44922ce681e837045d/attachments/98635bfa-a534-4dfa-beb2-89a700e9153a => generated 762 bytes in 12804 msecs (HTTP/1.1 200) 7 headers in 286 bytes (2 switches on core 0)
Jul 14 14:40:48.174609 n-d-767704-28 devstack@c-api.service[111805]: DEBUG cinder.volume.api [None req-7ce03187-d012-41e4-85c8-cbaaada4f4dc tempest-GroupsTest-1461445416 tempest-GroupsTest-1461445416-project] Task 'cinder.volume.flows.api.create_volume.EntryCreateTask;volume:create' (2d5785b4-5cc3-4c5a-8dfc-030df735b857) transitioned into state 'SUCCESS' from state 'RUNNING' with result '{'volume_id': '1604c87a-58a5-42f9-89d3-22a9f255172f', 'volume_properties': VolumeProperties(attach_status='detached',availability_zone='nova',cgsnapshot_id=None,consistencygroup_id=None,display_description=None,display_name='tempest-GroupsTest-Volume-1323177702',encryption_key_id=None,group_id=35aeb5a5-0146-4eda-923b-83d752dfcb59,group_type_id=,metadata={},multiattach=False,project_id='863313b69d724589937d74b3d6ccef68',qos_specs=None,replication_status=,reservations=['e2cad781-4b96-454a-a69c-7d8524e78269','3de5b94f-4994-4f2c-a823-7e039cdbda75','9559050d-84e0-42e3-a129-5859d04d2e18','149016de-07a6-46a6-8840-49dc577a3239'],size=1,snapshot_id=None,source_replicaid=,source_volid=None,status='creating',user_id='02c7e25a3247405eb4be2a20ba9ffc20',volume_type_id=8acedda1-d00d-41cc-96a5-a0ca3d167814), 'volume': Volume(_name_id=None,admin_metadata=,attach_status='detached',availability_zone='nova',bootable=False,cluster=,cluster_name=None,consistencygroup=,consistencygroup_id=None,created_at=2022-07-14T14:40:48Z,deleted=False,deleted_at=None,display_description=None,display_name='tempest-GroupsTest-Volume-1323177702',ec2_id=None,encryption_key_id=None,glance_metadata=,group=,group_id=35aeb5a5-0146-4eda-923b-83d752dfcb59,host=None,id=1604c87a-58a5-42f9-89d3-22a9f255172f,launched_at=None,metadata={},migration_status=None,multiattach=False,previous_status=None,project_id='863313b69d724589937d74b3d6ccef68',provider_auth=None,provider_geometry=None,provider_id=None,provider_location=None,replication_driver_data=None,replication_extended_status=None,replication_status=None,scheduled_at=None,service_uuid=None,shared_targets=True,size=1,snapshot_id=None,snapshots=,source_volid=None,status='creating',terminated_at=None,updated_at=None,use_quota=True,user_id='02c7e25a3247405eb4be2a20ba9ffc20',volume_attachment=VolumeAttachmentList,volume_type=VolumeType(8acedda1-d00d-41cc-96a5-a0ca3d167814),volume_type_id=8acedda1-d00d-41cc-96a5-a0ca3d167814)}' {{(pid=111805) _task_receiver /usr/local/lib/python3.8/dist-packages/taskflow/listeners/logging.py:178}}
Jul 14 14:40:48.177507 n-d-767704-28 devstack@c-api.service[111805]: DEBUG cinder.volume.api [None req-7ce03187-d012-41e4-85c8-cbaaada4f4dc tempest-GroupsTest-1461445416 tempest-GroupsTest-1461445416-project] Task 'cinder.volume.flows.api.create_volume.QuotaCommitTask;volume:create' (97b2dbbf-1db5-4719-a065-96d362990a6e) transitioned into state 'RUNNING' from state 'PENDING' {{(pid=111805) _task_receiver /usr/local/lib/python3.8/dist-packages/taskflow/listeners/logging.py:190}}
Jul 14 14:40:48.198546 n-d-767704-28 devstack@c-api.service[111804]: DEBUG cinder.api.middleware.request_id [req-ebf16070-bbb8-4e42-b4fb-4e5aafd26632 req-34fc2a69-9128-4a1a-9a17-d8b9182b73e6 None None] RequestId filter calling following filter/app {{(pid=111804) _context_setter /opt/stack/cinder/cinder/api/middleware/request_id.py:62}}
Jul 14 14:40:48.207389 n-d-767704-28 devstack@c-api.service[111804]: INFO cinder.api.openstack.wsgi [req-ebf16070-bbb8-4e42-b4fb-4e5aafd26632 req-34fc2a69-9128-4a1a-9a17-d8b9182b73e6 tempest-TaggedBootDevicesTest_v242-1300140070 tempest-TaggedBootDevicesTest_v242-1300140070-project] POST http://10.222.0.81/volume/v3/5eb8f7dedbf34c44922ce681e837045d/attachments/98635bfa-a534-4dfa-beb2-89a700e9153a/action
Jul 14 14:40:48.213475 n-d-767704-28 devstack@c-api.service[111804]: DEBUG cinder.api.openstack.wsgi [req-ebf16070-bbb8-4e42-b4fb-4e5aafd26632 req-34fc2a69-9128-4a1a-9a17-d8b9182b73e6 tempest-TaggedBootDevicesTest_v242-1300140070 tempest-TaggedBootDevicesTest_v242-1300140070-project] Action body: b'{"os-complete": null}' {{(pid=111804) get_method /opt/stack/cinder/cinder/api/openstack/wsgi.py:983}}
Jul 14 14:40:48.216561 n-d-767704-28 devstack@c-api.service[111804]: DEBUG cinder.api.openstack.wsgi [req-ebf16070-bbb8-4e42-b4fb-4e5aafd26632 req-34fc2a69-9128-4a1a-9a17-d8b9182b73e6 tempest-TaggedBootDevicesTest_v242-1300140070 tempest-TaggedBootDevicesTest_v242-1300140070-project] Action: 'action', calling method: complete, body: {"os-complete": null} {{(pid=111804) _process_stack /opt/stack/cinder/cinder/api/openstack/wsgi.py:866}}
Jul 14 14:40:48.236087 n-d-767704-28 devstack@c-api.service[111805]: DEBUG cinder.volume.api [None req-7ce03187-d012-41e4-85c8-cbaaada4f4dc tempest-GroupsTest-1461445416 tempest-GroupsTest-1461445416-project] Task 'cinder.volume.flows.api.create_volume.QuotaCommitTask;volume:create' (97b2dbbf-1db5-4719-a065-96d362990a6e) transitioned into state 'SUCCESS' from state 'RUNNING' with result '{'volume_properties': VolumeProperties(attach_status='detached',availability_zone='nova',cgsnapshot_id=None,consistencygroup_id=None,display_description=None,display_name='tempest-GroupsTest-Volume-1323177702',encryption_key_id=None,group_id=35aeb5a5-0146-4eda-923b-83d752dfcb59,group_type_id=,metadata={},multiattach=False,project_id='863313b69d724589937d74b3d6ccef68',qos_specs=None,replication_status=,reservations=['e2cad781-4b96-454a-a69c-7d8524e78269','3de5b94f-4994-4f2c-a823-7e039cdbda75','9559050d-84e0-42e3-a129-5859d04d2e18','149016de-07a6-46a6-8840-49dc577a3239'],size=1,snapshot_id=None,source_replicaid=,source_volid=None,status='creating',user_id='02c7e25a3247405eb4be2a20ba9ffc20',volume_type_id=8acedda1-d00d-41cc-96a5-a0ca3d167814)}' {{(pid=111805) _task_receiver /usr/local/lib/python3.8/dist-packages/taskflow/listeners/logging.py:178}}
Jul 14 14:40:48.241990 n-d-767704-28 devstack@c-api.service[111805]: DEBUG cinder.volume.api [None req-7ce03187-d012-41e4-85c8-cbaaada4f4dc tempest-GroupsTest-1461445416 tempest-GroupsTest-1461445416-project] Task 'cinder.volume.flows.api.create_volume.VolumeCastTask;volume:create' (d86df9b5-9e68-48df-be39-30a1bf2add9e) transitioned into state 'RUNNING' from state 'PENDING' {{(pid=111805) _task_receiver /usr/local/lib/python3.8/dist-packages/taskflow/listeners/logging.py:190}}
Jul 14 14:40:48.297727 n-d-767704-28 devstack@c-api.service[111804]: /usr/local/lib/python3.8/dist-packages/oslo_context/context.py:100: DeprecationWarning: Policy enforcement is depending on the value of is_admin. This key is deprecated. Please update your policy file to use the standard policy values.
Jul 14 14:40:48.297727 n-d-767704-28 devstack@c-api.service[111804]: warnings.warn('Policy enforcement is depending on the value of '
Jul 14 14:40:48.317629 n-d-767704-28 devstack@c-api.service[111805]: DEBUG cinder.volume.api [None req-7ce03187-d012-41e4-85c8-cbaaada4f4dc tempest-GroupsTest-1461445416 tempest-GroupsTest-1461445416-project] Task 'cinder.volume.flows.api.create_volume.VolumeCastTask;volume:create' (d86df9b5-9e68-48df-be39-30a1bf2add9e) transitioned into state 'SUCCESS' from state 'RUNNING' with result 'None' {{(pid=111805) _task_receiver /usr/local/lib/python3.8/dist-packages/taskflow/listeners/logging.py:178}}
Jul 14 14:40:48.324386 n-d-767704-28 devstack@c-api.service[111805]: DEBUG cinder.volume.api [None req-7ce03187-d012-41e4-85c8-cbaaada4f4dc tempest-GroupsTest-1461445416 tempest-GroupsTest-1461445416-project] Flow 'volume_create_api' (fab945b2-c76b-428f-bcec-0e884a6c994e) transitioned into state 'SUCCESS' from state 'RUNNING' {{(pid=111805) _flow_receiver /usr/local/lib/python3.8/dist-packages/taskflow/listeners/logging.py:141}}
Jul 14 14:40:48.325553 n-d-767704-28 devstack@c-api.service[111805]: INFO cinder.volume.api [None req-7ce03187-d012-41e4-85c8-cbaaada4f4dc tempest-GroupsTest-1461445416 tempest-GroupsTest-1461445416-project] Create volume request issued successfully.
Jul 14 14:40:48.327862 n-d-767704-28 devstack@c-api.service[111805]: WARNING stevedore.named [None req-7ce03187-d012-41e4-85c8-cbaaada4f4dc tempest-GroupsTest-1461445416 tempest-GroupsTest-1461445416-project] Could not load cinder.keymgr.conf_key_mgr.ConfKeyManager
Jul 14 14:40:48.328730 n-d-767704-28 devstack@c-api.service[111805]: WARNING castellan.key_manager [None req-7ce03187-d012-41e4-85c8-cbaaada4f4dc tempest-GroupsTest-1461445416 tempest-GroupsTest-1461445416-project] Deprecation Warning : cinder.keymgr.conf_key_mgr.ConfKeyManager is not a stevedore based driver, trying to load it as a class: stevedore.exception.NoMatches: No 'castellan.drivers' driver found, looking for 'cinder.keymgr.conf_key_mgr.ConfKeyManager'
Jul 14 14:40:48.340310 n-d-767704-28 devstack@c-api.service[111804]: INFO cinder.api.openstack.wsgi [req-ebf16070-bbb8-4e42-b4fb-4e5aafd26632 req-34fc2a69-9128-4a1a-9a17-d8b9182b73e6 tempest-TaggedBootDevicesTest_v242-1300140070 tempest-TaggedBootDevicesTest_v242-1300140070-project] http://10.222.0.81/volume/v3/5eb8f7dedbf34c44922ce681e837045d/attachments/98635bfa-a534-4dfa-beb2-89a700e9153a/action returned with HTTP 204
Jul 14 14:40:48.341073 n-d-767704-28 devstack@c-api.service[111804]: [pid: 111804|app: 0|req: 194/431] 10.222.0.96 () {64 vars in 1498 bytes} [Thu Jul 14 14:40:48 2022] POST /volume/v3/5eb8f7dedbf34c44922ce681e837045d/attachments/98635bfa-a534-4dfa-beb2-89a700e9153a/action => generated 0 bytes in 146 msecs (HTTP/1.1 204) 7 headers in 292 bytes (2 switches on core 0)
Jul 14 14:40:48.342576 n-d-767704-28 devstack@c-api.service[111805]: DEBUG oslo_db.sqlalchemy.engines [None req-7ce03187-d012-41e4-85c8-cbaaada4f4dc tempest-GroupsTest-1461445416 tempest-GroupsTest-1461445416-project] MySQL server mode set to STRICT_TRANS_TABLES,STRICT_ALL_TABLES,NO_ZERO_IN_DATE,NO_ZERO_DATE,ERROR_FOR_DIVISION_BY_ZERO,TRADITIONAL,NO_ENGINE_SUBSTITUTION {{(pid=111805) _check_effective_sql_mode /usr/local/lib/python3.8/dist-packages/oslo_db/sqlalchemy/engines.py:314}}
Jul 14 14:40:48.353487 n-d-767704-28 devstack@c-api.service[111805]: /usr/local/lib/python3.8/dist-packages/oslo_context/context.py:100: DeprecationWarning: Policy enforcement is depending on the value of is_admin. This key is deprecated. Please update your policy file to use the standard policy values.
Jul 14 14:40:48.353487 n-d-767704-28 devstack@c-api.service[111805]: warnings.warn('Policy enforcement is depending on the value of '
Jul 14 14:40:48.361392 n-d-767704-28 devstack@c-api.service[111805]: INFO cinder.api.openstack.wsgi [None req-7ce03187-d012-41e4-85c8-cbaaada4f4dc tempest-GroupsTest-1461445416 tempest-GroupsTest-1461445416-project] http://10.222.0.81/volume/v3/863313b69d724589937d74b3d6ccef68/volumes returned with HTTP 202
Jul 14 14:40:48.363115 n-d-767704-28 devstack@c-api.service[111805]: [pid: 111805|app: 0|req: 238/432] 10.222.0.81 () {62 vars in 1276 bytes} [Thu Jul 14 14:40:47 2022] POST /volume/v3/863313b69d724589937d74b3d6ccef68/volumes => generated 892 bytes in 429 msecs (HTTP/1.1 202) 7 headers in 292 bytes (2 switches on core 0)
Jul 14 14:40:48.374421 n-d-767704-28 devstack@c-api.service[111804]: DEBUG cinder.api.middleware.request_id [None req-8e168efa-b908-4cda-ab78-9c890b449330 None None] RequestId filter calling following filter/app {{(pid=111804) _context_setter /opt/stack/cinder/cinder/api/middleware/request_id.py:62}}
Jul 14 14:40:48.378728 n-d-767704-28 devstack@c-api.service[111804]: INFO cinder.api.openstack.wsgi [None req-8e168efa-b908-4cda-ab78-9c890b449330 tempest-GroupsTest-1461445416 tempest-GroupsTest-1461445416-project] GET http://10.222.0.81/volume/v3/863313b69d724589937d74b3d6ccef68/volumes/1604c87a-58a5-42f9-89d3-22a9f255172f
Jul 14 14:40:48.379567 n-d-767704-28 devstack@c-api.service[111804]: DEBUG cinder.api.openstack.wsgi [None req-8e168efa-b908-4cda-ab78-9c890b449330 tempest-GroupsTest-1461445416 tempest-GroupsTest-1461445416-project] Empty body provided in request {{(pid=111804) get_body /opt/stack/cinder/cinder/api/openstack/wsgi.py:715}}
Jul 14 14:40:48.385815 n-d-767704-28 devstack@c-api.service[111804]: DEBUG cinder.api.openstack.wsgi [None req-8e168efa-b908-4cda-ab78-9c890b449330 tempest-GroupsTest-1461445416 tempest-GroupsTest-1461445416-project] Calling method 'show' {{(pid=111804) _process_stack /opt/stack/cinder/cinder/api/openstack/wsgi.py:868}}
Jul 14 14:40:48.404114 n-d-767704-28 devstack@c-api.service[111804]: /usr/local/lib/python3.8/dist-packages/oslo_context/context.py:100: DeprecationWarning: Policy enforcement is depending on the value of is_admin. This key is deprecated. Please update your policy file to use the standard policy values.
Jul 14 14:40:48.404114 n-d-767704-28 devstack@c-api.service[111804]: warnings.warn('Policy enforcement is depending on the value of '
Jul 14 14:40:48.413599 n-d-767704-28 devstack@c-api.service[111805]: DEBUG cinder.api.middleware.request_id [None req-10c1ff9e-563e-4dae-9168-e31721f93c9f None None] RequestId filter calling following filter/app {{(pid=111805) _context_setter /opt/stack/cinder/cinder/api/middleware/request_id.py:62}}
Jul 14 14:40:48.414536 n-d-767704-28 devstack@c-api.service[111805]: INFO cinder.api.openstack.wsgi [None req-10c1ff9e-563e-4dae-9168-e31721f93c9f None None] GET http://10.222.0.81/volume//
Jul 14 14:40:48.414993 n-d-767704-28 devstack@c-api.service[111805]: DEBUG cinder.api.openstack.wsgi [None req-10c1ff9e-563e-4dae-9168-e31721f93c9f None None] Empty body provided in request {{(pid=111805) get_body /opt/stack/cinder/cinder/api/openstack/wsgi.py:715}}
Jul 14 14:40:48.415461 n-d-767704-28 devstack@c-api.service[111805]: DEBUG cinder.api.openstack.wsgi [None req-10c1ff9e-563e-4dae-9168-e31721f93c9f None None] Calling method 'all' {{(pid=111805) _process_stack /opt/stack/cinder/cinder/api/openstack/wsgi.py:868}}
Jul 14 14:40:48.416063 n-d-767704-28 devstack@c-api.service[111804]: INFO cinder.volume.api [None req-8e168efa-b908-4cda-ab78-9c890b449330 tempest-GroupsTest-1461445416 tempest-GroupsTest-1461445416-project] Volume info retrieved successfully.
Jul 14 14:40:48.416295 n-d-767704-28 devstack@c-api.service[111805]: INFO cinder.api.openstack.wsgi [None req-10c1ff9e-563e-4dae-9168-e31721f93c9f None None] http://10.222.0.81/volume// returned with HTTP 300
Jul 14 14:40:48.417227 n-d-767704-28 devstack@c-api.service[111805]: [pid: 111805|app: 0|req: 239/433] 10.222.0.96 () {56 vars in 1098 bytes} [Thu Jul 14 14:40:48 2022] GET /volume/ => generated 386 bytes in 6 msecs (HTTP/1.1 300) 7 headers in 299 bytes (1 switches on core 0)
Jul 14 14:40:48.417879 n-d-767704-28 devstack@c-api.service[111804]: WARNING stevedore.named [None req-8e168efa-b908-4cda-ab78-9c890b449330 tempest-GroupsTest-1461445416 tempest-GroupsTest-1461445416-project] Could not load cinder.keymgr.conf_key_mgr.ConfKeyManager
Jul 14 14:40:48.418367 n-d-767704-28 devstack@c-api.service[111804]: WARNING castellan.key_manager [None req-8e168efa-b908-4cda-ab78-9c890b449330 tempest-GroupsTest-1461445416 tempest-GroupsTest-1461445416-project] Deprecation Warning : cinder.keymgr.conf_key_mgr.ConfKeyManager is not a stevedore based driver, trying to load it as a class: stevedore.exception.NoMatches: No 'castellan.drivers' driver found, looking for 'cinder.keymgr.conf_key_mgr.ConfKeyManager'
Jul 14 14:40:48.430728 n-d-767704-28 devstack@c-api.service[111805]: DEBUG cinder.api.middleware.request_id [req-ebf16070-bbb8-4e42-b4fb-4e5aafd26632 req-0ddd2df6-12f2-484b-beae-35821f2ed750 None None] RequestId filter calling following filter/app {{(pid=111805) _context_setter /opt/stack/cinder/cinder/api/middleware/request_id.py:62}}
Jul 14 14:40:48.432790 n-d-767704-28 devstack@c-api.service[111804]: DEBUG oslo_db.sqlalchemy.engines [None req-8e168efa-b908-4cda-ab78-9c890b449330 tempest-GroupsTest-1461445416 tempest-GroupsTest-1461445416-project] MySQL server mode set to STRICT_TRANS_TABLES,STRICT_ALL_TABLES,NO_ZERO_IN_DATE,NO_ZERO_DATE,ERROR_FOR_DIVISION_BY_ZERO,TRADITIONAL,NO_ENGINE_SUBSTITUTION {{(pid=111804) _check_effective_sql_mode /usr/local/lib/python3.8/dist-packages/oslo_db/sqlalchemy/engines.py:314}}
Jul 14 14:40:48.436704 n-d-767704-28 devstack@c-api.service[111805]: INFO cinder.api.openstack.wsgi [req-ebf16070-bbb8-4e42-b4fb-4e5aafd26632 req-0ddd2df6-12f2-484b-beae-35821f2ed750 tempest-TaggedBootDevicesTest_v242-1300140070 tempest-TaggedBootDevicesTest_v242-1300140070-project] GET http://10.222.0.81/volume/v3/5eb8f7dedbf34c44922ce681e837045d/volumes/a902c398-1e05-4e7c-a6cd-f3a30a5c5e62
Jul 14 14:40:48.437372 n-d-767704-28 devstack@c-api.service[111805]: DEBUG cinder.api.openstack.wsgi [req-ebf16070-bbb8-4e42-b4fb-4e5aafd26632 req-0ddd2df6-12f2-484b-beae-35821f2ed750 tempest-TaggedBootDevicesTest_v242-1300140070 tempest-TaggedBootDevicesTest_v242-1300140070-project] Empty body provided in request {{(pid=111805) get_body /opt/stack/cinder/cinder/api/openstack/wsgi.py:715}}
Jul 14 14:40:48.438387 n-d-767704-28 devstack@c-api.service[111805]: DEBUG cinder.api.openstack.wsgi [req-ebf16070-bbb8-4e42-b4fb-4e5aafd26632 req-0ddd2df6-12f2-484b-beae-35821f2ed750 tempest-TaggedBootDevicesTest_v242-1300140070 tempest-TaggedBootDevicesTest_v242-1300140070-project] Calling method 'show' {{(pid=111805) _process_stack /opt/stack/cinder/cinder/api/openstack/wsgi.py:868}}
Jul 14 14:40:48.445243 n-d-767704-28 devstack@c-api.service[111804]: /usr/local/lib/python3.8/dist-packages/oslo_context/context.py:100: DeprecationWarning: Policy enforcement is depending on the value of is_admin. This key is deprecated. Please update your policy file to use the standard policy values.
Jul 14 14:40:48.445243 n-d-767704-28 devstack@c-api.service[111804]: warnings.warn('Policy enforcement is depending on the value of '
Jul 14 14:40:48.464169 n-d-767704-28 devstack@c-api.service[111805]: /usr/local/lib/python3.8/dist-packages/oslo_context/context.py:100: DeprecationWarning: Policy enforcement is depending on the value of is_admin. This key is deprecated. Please update your policy file to use the standard policy values.
Jul 14 14:40:48.464169 n-d-767704-28 devstack@c-api.service[111805]: warnings.warn('Policy enforcement is depending on the value of '
Jul 14 14:40:48.475413 n-d-767704-28 devstack@c-api.service[111805]: INFO cinder.volume.api [req-ebf16070-bbb8-4e42-b4fb-4e5aafd26632 req-0ddd2df6-12f2-484b-beae-35821f2ed750 tempest-TaggedBootDevicesTest_v242-1300140070 tempest-TaggedBootDevicesTest_v242-1300140070-project] Volume info retrieved successfully.
Jul 14 14:40:48.488218 n-d-767704-28 devstack@c-api.service[111805]: INFO cinder.api.openstack.wsgi [req-ebf16070-bbb8-4e42-b4fb-4e5aafd26632 req-0ddd2df6-12f2-484b-beae-35821f2ed750 tempest-TaggedBootDevicesTest_v242-1300140070 tempest-TaggedBootDevicesTest_v242-1300140070-project] http://10.222.0.81/volume/v3/5eb8f7dedbf34c44922ce681e837045d/volumes/a902c398-1e05-4e7c-a6cd-f3a30a5c5e62 returned with HTTP 200
Jul 14 14:40:48.491670 n-d-767704-28 devstack@c-api.service[111805]: [pid: 111805|app: 0|req: 240/434] 10.222.0.96 () {60 vars in 1412 bytes} [Thu Jul 14 14:40:48 2022] GET /volume/v3/5eb8f7dedbf34c44922ce681e837045d/volumes/a902c398-1e05-4e7c-a6cd-f3a30a5c5e62 => generated 1017 bytes in 62 msecs (HTTP/1.1 200) 7 headers in 287 bytes (1 switches on core 0)
Jul 14 14:40:48.501716 n-d-767704-28 devstack@c-api.service[111804]: INFO cinder.api.openstack.wsgi [None req-8e168efa-b908-4cda-ab78-9c890b449330 tempest-GroupsTest-1461445416 tempest-GroupsTest-1461445416-project] http://10.222.0.81/volume/v3/863313b69d724589937d74b3d6ccef68/volumes/1604c87a-58a5-42f9-89d3-22a9f255172f returned with HTTP 200
Jul 14 14:40:48.502515 n-d-767704-28 devstack@c-api.service[111804]: [pid: 111804|app: 0|req: 195/435] 10.222.0.81 () {60 vars in 1365 bytes} [Thu Jul 14 14:40:48 2022] GET /volume/v3/863313b69d724589937d74b3d6ccef68/volumes/1604c87a-58a5-42f9-89d3-22a9f255172f => generated 960 bytes in 129 msecs (HTTP/1.1 200) 7 headers in 286 bytes (1 switches on core 0)
Jul 14 14:40:48.525666 n-d-767704-28 devstack@c-api.service[111805]: DEBUG cinder.api.middleware.request_id [req-ebf16070-bbb8-4e42-b4fb-4e5aafd26632 req-90e21867-b8b4-41cd-855f-08aea6e929bd None None] RequestId filter calling following filter/app {{(pid=111805) _context_setter /opt/stack/cinder/cinder/api/middleware/request_id.py:62}}
Jul 14 14:40:48.531980 n-d-767704-28 devstack@c-api.service[111805]: INFO cinder.api.openstack.wsgi [req-ebf16070-bbb8-4e42-b4fb-4e5aafd26632 req-90e21867-b8b4-41cd-855f-08aea6e929bd tempest-TaggedBootDevicesTest_v242-1300140070 tempest-TaggedBootDevicesTest_v242-1300140070-project] PUT http://10.222.0.81/volume/v3/5eb8f7dedbf34c44922ce681e837045d/attachments/7e502423-1469-45fd-9174-4624c2dc19d8
Jul 14 14:40:48.535239 n-d-767704-28 devstack@c-api.service[111805]: DEBUG cinder.api.openstack.wsgi [req-ebf16070-bbb8-4e42-b4fb-4e5aafd26632 req-90e21867-b8b4-41cd-855f-08aea6e929bd tempest-TaggedBootDevicesTest_v242-1300140070 tempest-TaggedBootDevicesTest_v242-1300140070-project] Action: 'update', calling method: version_select, body: {"attachment": {"connector": {"platform": "AMD64", "os_type": "win32", "ip": "10.222.0.96", "host": "n-h1-767704-28", "multipath": false, "initiator": "iqn.1991-05.com.microsoft:n-h1-767704-28.cbci-767704-28.local", "mountpoint": "/dev/sdc"}}} {{(pid=111805) _process_stack /opt/stack/cinder/cinder/api/openstack/wsgi.py:866}}
Jul 14 14:40:48.571483 n-d-767704-28 devstack@c-api.service[111805]: DEBUG cinder.coordination [req-ebf16070-bbb8-4e42-b4fb-4e5aafd26632 req-90e21867-b8b4-41cd-855f-08aea6e929bd tempest-TaggedBootDevicesTest_v242-1300140070 tempest-TaggedBootDevicesTest_v242-1300140070-project] Acquiring lock "cinder-attachment_update-a902c398-1e05-4e7c-a6cd-f3a30a5c5e62-n-h1-767704-28" by "attachment_update" {{(pid=111805) _synchronized /opt/stack/cinder/cinder/coordination.py:192}}
Jul 14 14:40:48.601150 n-d-767704-28 devstack@c-api.service[111805]: DEBUG cinder.coordination [req-ebf16070-bbb8-4e42-b4fb-4e5aafd26632 req-90e21867-b8b4-41cd-855f-08aea6e929bd tempest-TaggedBootDevicesTest_v242-1300140070 tempest-TaggedBootDevicesTest_v242-1300140070-project] Lock "cinder-attachment_update-a902c398-1e05-4e7c-a6cd-f3a30a5c5e62-n-h1-767704-28" acquired by "attachment_update" :: waited 0.035s {{(pid=111805) _synchronized /opt/stack/cinder/cinder/coordination.py:195}}
Jul 14 14:40:48.603491 n-d-767704-28 devstack@c-api.service[111805]: /usr/local/lib/python3.8/dist-packages/oslo_context/context.py:100: DeprecationWarning: Policy enforcement is depending on the value of is_admin. This key is deprecated. Please update your policy file to use the standard policy values.
Jul 14 14:40:48.603491 n-d-767704-28 devstack@c-api.service[111805]: warnings.warn('Policy enforcement is depending on the value of '
Jul 14 14:40:49.515454 n-d-767704-28 devstack@c-api.service[111804]: DEBUG cinder.api.middleware.request_id [None req-2af2c6b0-ef51-41fe-8ea8-3364ff7da7e8 None None] RequestId filter calling following filter/app {{(pid=111804) _context_setter /opt/stack/cinder/cinder/api/middleware/request_id.py:62}}
Jul 14 14:40:49.520501 n-d-767704-28 devstack@c-api.service[111804]: INFO cinder.api.openstack.wsgi [None req-2af2c6b0-ef51-41fe-8ea8-3364ff7da7e8 tempest-GroupsTest-1461445416 tempest-GroupsTest-1461445416-project] GET http://10.222.0.81/volume/v3/863313b69d724589937d74b3d6ccef68/volumes/1604c87a-58a5-42f9-89d3-22a9f255172f
Jul 14 14:40:49.521608 n-d-767704-28 devstack@c-api.service[111804]: DEBUG cinder.api.openstack.wsgi [None req-2af2c6b0-ef51-41fe-8ea8-3364ff7da7e8 tempest-GroupsTest-1461445416 tempest-GroupsTest-1461445416-project] Empty body provided in request {{(pid=111804) get_body /opt/stack/cinder/cinder/api/openstack/wsgi.py:715}}
Jul 14 14:40:49.522147 n-d-767704-28 devstack@c-api.service[111804]: DEBUG cinder.api.openstack.wsgi [None req-2af2c6b0-ef51-41fe-8ea8-3364ff7da7e8 tempest-GroupsTest-1461445416 tempest-GroupsTest-1461445416-project] Calling method 'show' {{(pid=111804) _process_stack /opt/stack/cinder/cinder/api/openstack/wsgi.py:868}}
Jul 14 14:40:49.554644 n-d-767704-28 devstack@c-api.service[111804]: /usr/local/lib/python3.8/dist-packages/oslo_context/context.py:100: DeprecationWarning: Policy enforcement is depending on the value of is_admin. This key is deprecated. Please update your policy file to use the standard policy values.
Jul 14 14:40:49.554644 n-d-767704-28 devstack@c-api.service[111804]: warnings.warn('Policy enforcement is depending on the value of '
Jul 14 14:40:49.570972 n-d-767704-28 devstack@c-api.service[111804]: INFO cinder.volume.api [None req-2af2c6b0-ef51-41fe-8ea8-3364ff7da7e8 tempest-GroupsTest-1461445416 tempest-GroupsTest-1461445416-project] Volume info retrieved successfully.
Jul 14 14:40:49.572776 n-d-767704-28 devstack@c-api.service[111804]: WARNING stevedore.named [None req-2af2c6b0-ef51-41fe-8ea8-3364ff7da7e8 tempest-GroupsTest-1461445416 tempest-GroupsTest-1461445416-project] Could not load cinder.keymgr.conf_key_mgr.ConfKeyManager
Jul 14 14:40:49.577487 n-d-767704-28 devstack@c-api.service[111804]: WARNING castellan.key_manager [None req-2af2c6b0-ef51-41fe-8ea8-3364ff7da7e8 tempest-GroupsTest-1461445416 tempest-GroupsTest-1461445416-project] Deprecation Warning : cinder.keymgr.conf_key_mgr.ConfKeyManager is not a stevedore based driver, trying to load it as a class: stevedore.exception.NoMatches: No 'castellan.drivers' driver found, looking for 'cinder.keymgr.conf_key_mgr.ConfKeyManager'
Jul 14 14:40:49.594006 n-d-767704-28 devstack@c-api.service[111804]: DEBUG oslo_db.sqlalchemy.engines [None req-2af2c6b0-ef51-41fe-8ea8-3364ff7da7e8 tempest-GroupsTest-1461445416 tempest-GroupsTest-1461445416-project] MySQL server mode set to STRICT_TRANS_TABLES,STRICT_ALL_TABLES,NO_ZERO_IN_DATE,NO_ZERO_DATE,ERROR_FOR_DIVISION_BY_ZERO,TRADITIONAL,NO_ENGINE_SUBSTITUTION {{(pid=111804) _check_effective_sql_mode /usr/local/lib/python3.8/dist-packages/oslo_db/sqlalchemy/engines.py:314}}
Jul 14 14:40:49.613131 n-d-767704-28 devstack@c-api.service[111804]: /usr/local/lib/python3.8/dist-packages/oslo_context/context.py:100: DeprecationWarning: Policy enforcement is depending on the value of is_admin. This key is deprecated. Please update your policy file to use the standard policy values.
Jul 14 14:40:49.613131 n-d-767704-28 devstack@c-api.service[111804]: warnings.warn('Policy enforcement is depending on the value of '
Jul 14 14:40:49.638183 n-d-767704-28 devstack@c-api.service[111804]: INFO cinder.api.openstack.wsgi [None req-2af2c6b0-ef51-41fe-8ea8-3364ff7da7e8 tempest-GroupsTest-1461445416 tempest-GroupsTest-1461445416-project] http://10.222.0.81/volume/v3/863313b69d724589937d74b3d6ccef68/volumes/1604c87a-58a5-42f9-89d3-22a9f255172f returned with HTTP 200
Jul 14 14:40:49.639787 n-d-767704-28 devstack@c-api.service[111804]: [pid: 111804|app: 0|req: 196/436] 10.222.0.81 () {60 vars in 1365 bytes} [Thu Jul 14 14:40:49 2022] GET /volume/v3/863313b69d724589937d74b3d6ccef68/volumes/1604c87a-58a5-42f9-89d3-22a9f255172f => generated 984 bytes in 125 msecs (HTTP/1.1 200) 7 headers in 286 bytes (2 switches on core 0)
Jul 14 14:40:50.167155 n-d-767704-28 devstack@c-api.service[111804]: DEBUG cinder.api.middleware.request_id [req-2a11796a-1d01-435b-b382-1b4af4efe519 req-8c08e335-6fff-403b-b130-5aecd4e35bfe None None] RequestId filter calling following filter/app {{(pid=111804) _context_setter /opt/stack/cinder/cinder/api/middleware/request_id.py:62}}
Jul 14 14:40:50.172307 n-d-767704-28 devstack@c-api.service[111804]: INFO cinder.api.openstack.wsgi [req-2a11796a-1d01-435b-b382-1b4af4efe519 req-8c08e335-6fff-403b-b130-5aecd4e35bfe tempest-ServersTestBootFromVolume-1494593284 tempest-ServersTestBootFromVolume-1494593284-project] DELETE http://10.222.0.81/volume/v3/991226f89eee4c4dbc3ec5870984d61d/attachments/0889c258-1167-43fa-9906-df5644a73cb3
Jul 14 14:40:50.173052 n-d-767704-28 devstack@c-api.service[111804]: DEBUG cinder.api.openstack.wsgi [req-2a11796a-1d01-435b-b382-1b4af4efe519 req-8c08e335-6fff-403b-b130-5aecd4e35bfe tempest-ServersTestBootFromVolume-1494593284 tempest-ServersTestBootFromVolume-1494593284-project] Empty body provided in request {{(pid=111804) get_body /opt/stack/cinder/cinder/api/openstack/wsgi.py:715}}
Jul 14 14:40:50.173735 n-d-767704-28 devstack@c-api.service[111804]: DEBUG cinder.api.openstack.wsgi [req-2a11796a-1d01-435b-b382-1b4af4efe519 req-8c08e335-6fff-403b-b130-5aecd4e35bfe tempest-ServersTestBootFromVolume-1494593284 tempest-ServersTestBootFromVolume-1494593284-project] Calling method 'version_select' {{(pid=111804) _process_stack /opt/stack/cinder/cinder/api/openstack/wsgi.py:868}}
Jul 14 14:40:50.208128 n-d-767704-28 devstack@c-api.service[111804]: /usr/local/lib/python3.8/dist-packages/oslo_context/context.py:100: DeprecationWarning: Policy enforcement is depending on the value of is_admin. This key is deprecated. Please update your policy file to use the standard policy values.
Jul 14 14:40:50.208128 n-d-767704-28 devstack@c-api.service[111804]: warnings.warn('Policy enforcement is depending on the value of '
Jul 14 14:40:58.654327 n-d-767704-28 devstack@c-api.service[111805]: DEBUG dbcounter [-] [111805] Writing DB stats cinder:SELECT=74,cinder:INSERT=6,cinder:UPDATE=12 {{(pid=111805) stat_writer /usr/local/lib/python3.8/dist-packages/dbcounter.py:114}}
Jul 14 14:41:00.198334 n-d-767704-28 devstack@c-api.service[111804]: DEBUG dbcounter [-] [111804] Writing DB stats cinder:SELECT=37,cinder:UPDATE=3 {{(pid=111804) stat_writer /usr/local/lib/python3.8/dist-packages/dbcounter.py:114}}
Jul 14 14:41:00.636978 n-d-767704-28 devstack@c-api.service[111804]: INFO cinder.api.openstack.wsgi [req-2a11796a-1d01-435b-b382-1b4af4efe519 req-8c08e335-6fff-403b-b130-5aecd4e35bfe tempest-ServersTestBootFromVolume-1494593284 tempest-ServersTestBootFromVolume-1494593284-project] http://10.222.0.81/volume/v3/991226f89eee4c4dbc3ec5870984d61d/attachments/0889c258-1167-43fa-9906-df5644a73cb3 returned with HTTP 200
Jul 14 14:41:00.638769 n-d-767704-28 devstack@c-api.service[111804]: [pid: 111804|app: 0|req: 197/437] 10.222.0.96 () {62 vars in 1446 bytes} [Thu Jul 14 14:40:50 2022] DELETE /volume/v3/991226f89eee4c4dbc3ec5870984d61d/attachments/0889c258-1167-43fa-9906-df5644a73cb3 => generated 19 bytes in 10473 msecs (HTTP/1.1 200) 7 headers in 285 bytes (2 switches on core 0)
Jul 14 14:41:00.642737 n-d-767704-28 devstack@c-api.service[111804]: DEBUG cinder.api.middleware.request_id [None req-66afbe20-473b-401e-aa13-0b8ed410e732 None None] RequestId filter calling following filter/app {{(pid=111804) _context_setter /opt/stack/cinder/cinder/api/middleware/request_id.py:62}}
Jul 14 14:41:00.656665 n-d-767704-28 devstack@c-api.service[111804]: INFO cinder.api.openstack.wsgi [None req-66afbe20-473b-401e-aa13-0b8ed410e732 tempest-GroupsTest-1461445416 tempest-GroupsTest-1461445416-project] GET http://10.222.0.81/volume/v3/863313b69d724589937d74b3d6ccef68/volumes/1604c87a-58a5-42f9-89d3-22a9f255172f
Jul 14 14:41:00.657739 n-d-767704-28 devstack@c-api.service[111804]: DEBUG cinder.api.openstack.wsgi [None req-66afbe20-473b-401e-aa13-0b8ed410e732 tempest-GroupsTest-1461445416 tempest-GroupsTest-1461445416-project] Empty body provided in request {{(pid=111804) get_body /opt/stack/cinder/cinder/api/openstack/wsgi.py:715}}
Jul 14 14:41:00.659805 n-d-767704-28 devstack@c-api.service[111804]: DEBUG cinder.api.openstack.wsgi [None req-66afbe20-473b-401e-aa13-0b8ed410e732 tempest-GroupsTest-1461445416 tempest-GroupsTest-1461445416-project] Calling method 'show' {{(pid=111804) _process_stack /opt/stack/cinder/cinder/api/openstack/wsgi.py:868}}
Jul 14 14:41:00.700270 n-d-767704-28 devstack@c-api.service[111804]: /usr/local/lib/python3.8/dist-packages/oslo_context/context.py:100: DeprecationWarning: Policy enforcement is depending on the value of is_admin. This key is deprecated. Please update your policy file to use the standard policy values.
Jul 14 14:41:00.700270 n-d-767704-28 devstack@c-api.service[111804]: warnings.warn('Policy enforcement is depending on the value of '
Jul 14 14:41:00.726069 n-d-767704-28 devstack@c-api.service[111804]: INFO cinder.volume.api [None req-66afbe20-473b-401e-aa13-0b8ed410e732 tempest-GroupsTest-1461445416 tempest-GroupsTest-1461445416-project] Volume info retrieved successfully.
Jul 14 14:41:00.730059 n-d-767704-28 devstack@c-api.service[111804]: WARNING stevedore.named [None req-66afbe20-473b-401e-aa13-0b8ed410e732 tempest-GroupsTest-1461445416 tempest-GroupsTest-1461445416-project] Could not load cinder.keymgr.conf_key_mgr.ConfKeyManager
Jul 14 14:41:00.731124 n-d-767704-28 devstack@c-api.service[111804]: WARNING castellan.key_manager [None req-66afbe20-473b-401e-aa13-0b8ed410e732 tempest-GroupsTest-1461445416 tempest-GroupsTest-1461445416-project] Deprecation Warning : cinder.keymgr.conf_key_mgr.ConfKeyManager is not a stevedore based driver, trying to load it as a class: stevedore.exception.NoMatches: No 'castellan.drivers' driver found, looking for 'cinder.keymgr.conf_key_mgr.ConfKeyManager'
Jul 14 14:41:00.749550 n-d-767704-28 devstack@c-api.service[111804]: DEBUG oslo_db.sqlalchemy.engines [None req-66afbe20-473b-401e-aa13-0b8ed410e732 tempest-GroupsTest-1461445416 tempest-GroupsTest-1461445416-project] MySQL server mode set to STRICT_TRANS_TABLES,STRICT_ALL_TABLES,NO_ZERO_IN_DATE,NO_ZERO_DATE,ERROR_FOR_DIVISION_BY_ZERO,TRADITIONAL,NO_ENGINE_SUBSTITUTION {{(pid=111804) _check_effective_sql_mode /usr/local/lib/python3.8/dist-packages/oslo_db/sqlalchemy/engines.py:314}}
Jul 14 14:41:00.765112 n-d-767704-28 devstack@c-api.service[111804]: /usr/local/lib/python3.8/dist-packages/oslo_context/context.py:100: DeprecationWarning: Policy enforcement is depending on the value of is_admin. This key is deprecated. Please update your policy file to use the standard policy values.
Jul 14 14:41:00.765112 n-d-767704-28 devstack@c-api.service[111804]: warnings.warn('Policy enforcement is depending on the value of '
Jul 14 14:41:00.817240 n-d-767704-28 devstack@c-api.service[111804]: INFO cinder.api.openstack.wsgi [None req-66afbe20-473b-401e-aa13-0b8ed410e732 tempest-GroupsTest-1461445416 tempest-GroupsTest-1461445416-project] http://10.222.0.81/volume/v3/863313b69d724589937d74b3d6ccef68/volumes/1604c87a-58a5-42f9-89d3-22a9f255172f returned with HTTP 200
Jul 14 14:41:00.834636 n-d-767704-28 devstack@c-api.service[111804]: [pid: 111804|app: 0|req: 198/438] 10.222.0.81 () {60 vars in 1365 bytes} [Thu Jul 14 14:41:00 2022] GET /volume/v3/863313b69d724589937d74b3d6ccef68/volumes/1604c87a-58a5-42f9-89d3-22a9f255172f => generated 985 bytes in 195 msecs (HTTP/1.1 200) 7 headers in 286 bytes (1 switches on core 0)
Jul 14 14:41:00.836473 n-d-767704-28 devstack@c-api.service[111804]: DEBUG cinder.api.middleware.request_id [req-2a11796a-1d01-435b-b382-1b4af4efe519 req-87f94686-d230-4dbd-bd20-2a4ce9ee6e6a None None] RequestId filter calling following filter/app {{(pid=111804) _context_setter /opt/stack/cinder/cinder/api/middleware/request_id.py:62}}
Jul 14 14:41:00.843107 n-d-767704-28 devstack@c-api.service[111804]: INFO cinder.api.openstack.wsgi [req-2a11796a-1d01-435b-b382-1b4af4efe519 req-87f94686-d230-4dbd-bd20-2a4ce9ee6e6a tempest-ServersTestBootFromVolume-1494593284 tempest-ServersTestBootFromVolume-1494593284-project] DELETE http://10.222.0.81/volume/v3/991226f89eee4c4dbc3ec5870984d61d/volumes/3a960d66-9965-44d2-9831-2fc430066e18
Jul 14 14:41:00.844132 n-d-767704-28 devstack@c-api.service[111804]: DEBUG cinder.api.openstack.wsgi [req-2a11796a-1d01-435b-b382-1b4af4efe519 req-87f94686-d230-4dbd-bd20-2a4ce9ee6e6a tempest-ServersTestBootFromVolume-1494593284 tempest-ServersTestBootFromVolume-1494593284-project] Empty body provided in request {{(pid=111804) get_body /opt/stack/cinder/cinder/api/openstack/wsgi.py:715}}
Jul 14 14:41:00.844800 n-d-767704-28 devstack@c-api.service[111804]: DEBUG cinder.api.openstack.wsgi [req-2a11796a-1d01-435b-b382-1b4af4efe519 req-87f94686-d230-4dbd-bd20-2a4ce9ee6e6a tempest-ServersTestBootFromVolume-1494593284 tempest-ServersTestBootFromVolume-1494593284-project] Calling method 'delete' {{(pid=111804) _process_stack /opt/stack/cinder/cinder/api/openstack/wsgi.py:868}}
Jul 14 14:41:00.845423 n-d-767704-28 devstack@c-api.service[111804]: INFO cinder.api.v3.volumes [req-2a11796a-1d01-435b-b382-1b4af4efe519 req-87f94686-d230-4dbd-bd20-2a4ce9ee6e6a tempest-ServersTestBootFromVolume-1494593284 tempest-ServersTestBootFromVolume-1494593284-project] Delete volume with id: 3a960d66-9965-44d2-9831-2fc430066e18
Jul 14 14:41:00.867004 n-d-767704-28 devstack@c-api.service[111804]: /usr/local/lib/python3.8/dist-packages/oslo_context/context.py:100: DeprecationWarning: Policy enforcement is depending on the value of is_admin. This key is deprecated. Please update your policy file to use the standard policy values.
Jul 14 14:41:00.867004 n-d-767704-28 devstack@c-api.service[111804]: warnings.warn('Policy enforcement is depending on the value of '
Jul 14 14:41:00.868423 n-d-767704-28 devstack@c-api.service[111804]: INFO cinder.volume.api [req-2a11796a-1d01-435b-b382-1b4af4efe519 req-87f94686-d230-4dbd-bd20-2a4ce9ee6e6a tempest-ServersTestBootFromVolume-1494593284 tempest-ServersTestBootFromVolume-1494593284-project] Volume info retrieved successfully.
Jul 14 14:41:00.943033 n-d-767704-28 devstack@c-api.service[111804]: INFO cinder.volume.api [req-2a11796a-1d01-435b-b382-1b4af4efe519 req-87f94686-d230-4dbd-bd20-2a4ce9ee6e6a tempest-ServersTestBootFromVolume-1494593284 tempest-ServersTestBootFromVolume-1494593284-project] Delete volume request issued successfully.
Jul 14 14:41:00.943519 n-d-767704-28 devstack@c-api.service[111804]: INFO cinder.api.openstack.wsgi [req-2a11796a-1d01-435b-b382-1b4af4efe519 req-87f94686-d230-4dbd-bd20-2a4ce9ee6e6a tempest-ServersTestBootFromVolume-1494593284 tempest-ServersTestBootFromVolume-1494593284-project] http://10.222.0.81/volume/v3/991226f89eee4c4dbc3ec5870984d61d/volumes/3a960d66-9965-44d2-9831-2fc430066e18 returned with HTTP 202
Jul 14 14:41:00.970965 n-d-767704-28 devstack@c-api.service[111804]: [pid: 111804|app: 0|req: 199/439] 10.222.0.96 () {60 vars in 1393 bytes} [Thu Jul 14 14:41:00 2022] DELETE /volume/v3/991226f89eee4c4dbc3ec5870984d61d/volumes/3a960d66-9965-44d2-9831-2fc430066e18 => generated 0 bytes in 135 msecs (HTTP/1.1 202) 6 headers in 233 bytes (1 switches on core 0)
Jul 14 14:41:00.994690 n-d-767704-28 devstack@c-api.service[111804]: DEBUG cinder.api.middleware.request_id [None req-7463e880-1571-458b-b719-29a555a9e473 None None] RequestId filter calling following filter/app {{(pid=111804) _context_setter /opt/stack/cinder/cinder/api/middleware/request_id.py:62}}
Jul 14 14:41:01.032076 n-d-767704-28 devstack@c-api.service[111804]: INFO cinder.api.openstack.wsgi [None req-7463e880-1571-458b-b719-29a555a9e473 tempest-GroupsTest-1461445416 tempest-GroupsTest-1461445416-project] PUT http://10.222.0.81/volume/v3/863313b69d724589937d74b3d6ccef68/groups/35aeb5a5-0146-4eda-923b-83d752dfcb59
Jul 14 14:41:01.048748 n-d-767704-28 devstack@c-api.service[111804]: DEBUG cinder.api.openstack.wsgi [None req-7463e880-1571-458b-b719-29a555a9e473 tempest-GroupsTest-1461445416 tempest-GroupsTest-1461445416-project] Action: 'update', calling method: version_select, body: {"group": {"name": "new_group", "description": "This is a new group", "remove_volumes": "1604c87a-58a5-42f9-89d3-22a9f255172f"}} {{(pid=111804) _process_stack /opt/stack/cinder/cinder/api/openstack/wsgi.py:866}}
Jul 14 14:41:01.112189 n-d-767704-28 devstack@c-api.service[111804]: DEBUG cinder.api.v3.groups [None req-7463e880-1571-458b-b719-29a555a9e473 tempest-GroupsTest-1461445416 tempest-GroupsTest-1461445416-project] Update called for group 35aeb5a5-0146-4eda-923b-83d752dfcb59. {{(pid=111804) update /opt/stack/cinder/cinder/api/v3/groups.py:302}}
Jul 14 14:41:01.112633 n-d-767704-28 devstack@c-api.service[111804]: INFO cinder.api.v3.groups [None req-7463e880-1571-458b-b719-29a555a9e473 tempest-GroupsTest-1461445416 tempest-GroupsTest-1461445416-project] Updating group 35aeb5a5-0146-4eda-923b-83d752dfcb59 with name new_group description: This is a new group add_volumes: None remove_volumes: 1604c87a-58a5-42f9-89d3-22a9f255172f.
Jul 14 14:41:01.162963 n-d-767704-28 devstack@c-api.service[111804]: /usr/local/lib/python3.8/dist-packages/oslo_context/context.py:100: DeprecationWarning: Policy enforcement is depending on the value of is_admin. This key is deprecated. Please update your policy file to use the standard policy values.
Jul 14 14:41:01.162963 n-d-767704-28 devstack@c-api.service[111804]: warnings.warn('Policy enforcement is depending on the value of '
