Nov 12 03:38:33.497988 n-d-767704-23 neutron-server[103146]: DEBUG neutron.pecan_wsgi.hooks.policy_enforcement [req-fb3187e3-9aaf-45fc-9da7-db035a2caea4 req-0270867d-4162-4b74-9a49-6d61abc9aefe tempest-ServersWithSpecificFlavorTestJSON-1779461460 tempest-ServersWithSpecificFlavorTestJSON-1779461460-project] Attributes excluded by policy engine: ['standard_attr_id', 'binding:profile', 'binding:host_id', 'binding:vif_type', 'binding:vif_details'] {{(pid=103146) _exclude_attributes_by_policy /opt/stack/neutron/neutron/pecan_wsgi/hooks/policy_enforcement.py:255}}
Nov 12 03:38:33.509373 n-d-767704-23 neutron-server[103146]: INFO neutron.wsgi [req-fb3187e3-9aaf-45fc-9da7-db035a2caea4 req-0270867d-4162-4b74-9a49-6d61abc9aefe tempest-ServersWithSpecificFlavorTestJSON-1779461460 tempest-ServersWithSpecificFlavorTestJSON-1779461460-project] 10.222.0.105 "GET /v2.0/ports?device_id=e2085e8b-fed3-4f2e-860c-e3befc27e29c HTTP/1.1" status: 200 len: 946 time: 0.1063464
Nov 12 03:38:33.594428 n-d-767704-23 neutron-server[103148]: DEBUG neutron.plugins.ml2.db [None req-e839a7eb-c177-468b-bfce-f1345fd7dd8a None None] For port cb4d0659-e68b-4d34-b146-e2a28c65a830, host n-h1-767704-23, got binding levels [PortBindingLevel(driver='hyperv',host='n-h1-767704-23',level=0,port_id=cb4d0659-e68b-4d34-b146-e2a28c65a830,segment=NetworkSegment(5d33e2e5-f849-496f-afc8-0388a5b121fe),segment_id=5d33e2e5-f849-496f-afc8-0388a5b121fe)] {{(pid=103148) get_binding_level_objs /opt/stack/neutron/neutron/plugins/ml2/db.py:74}}
Nov 12 03:38:33.603007 n-d-767704-23 neutron-server[103146]: INFO neutron.wsgi [req-fb3187e3-9aaf-45fc-9da7-db035a2caea4 req-5bf8af74-2956-4e81-9e86-8a4dfab639e5 tempest-ServersWithSpecificFlavorTestJSON-1779461460 tempest-ServersWithSpecificFlavorTestJSON-1779461460-project] 10.222.0.105 "GET /v2.0/security-groups?id=b3732a15-389a-44de-8540-dc5451d75dfd&fields=id&fields=name HTTP/1.1" status: 200 len: 312 time: 0.0915971
Nov 12 03:38:33.632625 n-d-767704-23 neutron-server[103148]: DEBUG neutron.plugins.ml2.rpc [None req-e839a7eb-c177-468b-bfce-f1345fd7dd8a None None] Returning: {'device': 'cb4d0659-e68b-4d34-b146-e2a28c65a830', 'network_id': '229b6afe-a2b8-4dfb-b914-deb64f88ad3b', 'port_id': 'cb4d0659-e68b-4d34-b146-e2a28c65a830', 'mac_address': 'fa:16:3e:aa:ca:fe', 'admin_state_up': True, 'network_type': 'vlan', 'segmentation_id': 1348, 'physical_network': 'physnet1', 'mtu': 1500, 'fixed_ips': [{'subnet_id': '4eac4162-b8ab-4d9a-af1c-e103a428ffc4', 'ip_address': '172.20.0.14'}], 'device_owner': 'compute:nova', 'allowed_address_pairs': [], 'port_security_enabled': True, 'qos_policy_id': None, 'network_qos_policy_id': None, 'profile': {}, 'propagate_uplink_status': False} {{(pid=103148) _get_device_details /opt/stack/neutron/neutron/plugins/ml2/rpc.py:184}}
Nov 12 03:38:33.643792 n-d-767704-23 neutron-server[103146]: DEBUG neutron_lib.callbacks.manager [None req-cf5eeaf0-0430-4fc6-b362-e57ea8fac950 admin admin] Publish callbacks [] for security_group, before_create {{(pid=103146) _notify_loop /usr/local/lib/python3.8/dist-packages/neutron_lib/callbacks/manager.py:175}}
Nov 12 03:38:33.683008 n-d-767704-23 neutron-server[103148]: DEBUG neutron_lib.callbacks.manager [None req-e839a7eb-c177-468b-bfce-f1345fd7dd8a None None] Publish callbacks ['neutron.plugins.ml2.plugin.SecurityGroupDbMixin._ensure_default_security_group_handler-3676794'] for port, before_update {{(pid=103148) _notify_loop /usr/local/lib/python3.8/dist-packages/neutron_lib/callbacks/manager.py:175}}
Nov 12 03:38:33.700602 n-d-767704-23 neutron-server[103148]: DEBUG neutron.notifiers.nova [None req-e839a7eb-c177-468b-bfce-f1345fd7dd8a None None] Ignoring state change previous_port_status: DOWN current_port_status: BUILD port_id cb4d0659-e68b-4d34-b146-e2a28c65a830 {{(pid=103148) record_port_status_changed /opt/stack/neutron/neutron/notifiers/nova.py:224}}
Nov 12 03:38:33.724954 n-d-767704-23 neutron-server[103148]: DEBUG neutron.plugins.ml2.db [None req-e839a7eb-c177-468b-bfce-f1345fd7dd8a None None] For port cb4d0659-e68b-4d34-b146-e2a28c65a830, host n-h1-767704-23, got binding levels [PortBindingLevel(driver='hyperv',host='n-h1-767704-23',level=0,port_id=cb4d0659-e68b-4d34-b146-e2a28c65a830,segment=NetworkSegment(5d33e2e5-f849-496f-afc8-0388a5b121fe),segment_id=5d33e2e5-f849-496f-afc8-0388a5b121fe)] {{(pid=103148) get_binding_level_objs /opt/stack/neutron/neutron/plugins/ml2/db.py:74}}
Nov 12 03:38:33.796432 n-d-767704-23 neutron-server[103146]: DEBUG neutron_lib.callbacks.manager [None req-cf5eeaf0-0430-4fc6-b362-e57ea8fac950 admin admin] Publish callbacks [] for security_group, precommit_create {{(pid=103146) _notify_loop /usr/local/lib/python3.8/dist-packages/neutron_lib/callbacks/manager.py:175}}
Nov 12 03:38:33.838848 n-d-767704-23 neutron-server[103148]: DEBUG neutron_lib.callbacks.manager [None req-e839a7eb-c177-468b-bfce-f1345fd7dd8a None None] Publish callbacks ['neutron.plugins.ml2.plugin.SecurityGroupServerNotifierRpcMixin._notify_sg_on_port_change-3798998', 'neutron.plugins.ml2.ovo_rpc._ObjectChangeHandler.handle_event-128922', 'neutron.api.rpc.agentnotifiers.dhcp_rpc_agent_api.DhcpAgentNotifyAPI._native_event_send_dhcp_notification-636317', 'neutron.db.l3_db.L3RpcNotifierMixin._notify_gateway_port_ip_changed-8761907012500', 'neutron.db.l3_dvrscheduler_db._notify_l3_agent_port_update-8761906587540', 'neutron.db.l3_hascheduler_db._notify_l3_agent_ha_port_update-8761906587558'] for port, after_update {{(pid=103148) _notify_loop /usr/local/lib/python3.8/dist-packages/neutron_lib/callbacks/manager.py:175}}
Nov 12 03:38:33.844467 n-d-767704-23 neutron-server[103147]: DEBUG neutron.wsgi [-] (103147) accepted ('10.222.0.105', 48854) {{(pid=103147) server /usr/local/lib/python3.8/dist-packages/eventlet/wsgi.py:982}}
Nov 12 03:38:33.902021 n-d-767704-23 neutron-server[103146]: DEBUG neutron_lib.callbacks.manager [None req-cf5eeaf0-0430-4fc6-b362-e57ea8fac950 admin admin] Publish callbacks ['neutron.plugins.ml2.ovo_rpc._ObjectChangeHandler.handle_event-985889'] for security_group, after_create {{(pid=103146) _notify_loop /usr/local/lib/python3.8/dist-packages/neutron_lib/callbacks/manager.py:175}}
Nov 12 03:38:33.910829 n-d-767704-23 neutron-server[103148]: DEBUG neutron.api.rpc.handlers.resources_rpc [None req-e839a7eb-c177-468b-bfce-f1345fd7dd8a None None] Pushing event updated for resources: {'Port': ['ID=cb4d0659-e68b-4d34-b146-e2a28c65a830,revision_number=4']} {{(pid=103148) push /opt/stack/neutron/neutron/api/rpc/handlers/resources_rpc.py:237}}
Nov 12 03:38:33.982298 n-d-767704-23 neutron-server[103146]: INFO neutron.wsgi [None req-cf5eeaf0-0430-4fc6-b362-e57ea8fac950 admin admin] 10.222.0.105 "GET /v2.0/security-groups?tenant_id=8356e7efd78f4e06aa3f08321ee2987f&name=default HTTP/1.1" status: 200 len: 2996 time: 1.3821359
Nov 12 03:38:33.987907 n-d-767704-23 neutron-server[103147]: DEBUG neutron.wsgi [-] (103147) accepted ('10.222.0.105', 48864) {{(pid=103147) server /usr/local/lib/python3.8/dist-packages/eventlet/wsgi.py:982}}
Nov 12 03:38:34.005306 n-d-767704-23 neutron-server[103146]: DEBUG neutron.api.rpc.handlers.resources_rpc [None req-cf5eeaf0-0430-4fc6-b362-e57ea8fac950 admin admin] Pushing event updated for resources: {'SecurityGroup': ['ID=8c2c9ffc-1e90-4fdc-bfb4-5b56cb05e440,revision_number=1']} {{(pid=103146) push /opt/stack/neutron/neutron/api/rpc/handlers/resources_rpc.py:237}}
Nov 12 03:38:34.068552 n-d-767704-23 neutron-server[103148]: DEBUG neutron.plugins.ml2.db [None req-e839a7eb-c177-468b-bfce-f1345fd7dd8a None None] get_ports_and_sgs() called for port_ids ['cb4d0659-e68b-4d34-b146-e2a28c65a830'] {{(pid=103148) get_ports_and_sgs /opt/stack/neutron/neutron/plugins/ml2/db.py:156}}
Nov 12 03:38:34.086381 n-d-767704-23 neutron-server[103147]: DEBUG neutron_lib.callbacks.manager [None req-78fa7635-8acb-4f52-a89c-ffb0390b4840 admin admin] Publish callbacks [] for security_group, before_delete {{(pid=103147) _notify_loop /usr/local/lib/python3.8/dist-packages/neutron_lib/callbacks/manager.py:175}}
Nov 12 03:38:34.095234 n-d-767704-23 neutron-server[103147]: INFO neutron.wsgi [None req-c4d4625b-b5e5-4148-ba6e-4798eb3276cb admin admin] 10.222.0.105 "GET /v2.0/security-groups?tenant_id=7c26fcfe11f44c57b6be2ed33d7c5a00&name=default HTTP/1.1" status: 200 len: 2996 time: 0.2493553
Nov 12 03:38:34.095470 n-d-767704-23 neutron-server[103146]: DEBUG neutron.wsgi [-] (103146) accepted ('10.222.0.105', 48870) {{(pid=103146) server /usr/local/lib/python3.8/dist-packages/eventlet/wsgi.py:982}}
Nov 12 03:38:34.132006 n-d-767704-23 neutron-server[103147]: DEBUG neutron_lib.callbacks.manager [None req-78fa7635-8acb-4f52-a89c-ffb0390b4840 admin admin] Publish callbacks [] for security_group, precommit_delete {{(pid=103147) _notify_loop /usr/local/lib/python3.8/dist-packages/neutron_lib/callbacks/manager.py:175}}
Nov 12 03:38:34.190250 n-d-767704-23 neutron-server[103146]: DEBUG neutron_lib.callbacks.manager [None req-e4382edf-a707-4e73-841e-95449c8a3ae2 admin admin] Publish callbacks [] for security_group, before_delete {{(pid=103146) _notify_loop /usr/local/lib/python3.8/dist-packages/neutron_lib/callbacks/manager.py:175}}
Nov 12 03:38:34.213755 n-d-767704-23 neutron-server[103147]: DEBUG neutron.pecan_wsgi.hooks.policy_enforcement [req-3bba1b69-70a0-4605-91c9-f53d72b759bb req-f5c921cf-f646-497e-996e-14f11b00d65a tempest-LiveMigrationTest-7569075 tempest-LiveMigrationTest-7569075-project] Attributes excluded by policy engine: ['standard_attr_id', 'binding:profile', 'binding:host_id', 'binding:vif_type', 'binding:vif_details'] {{(pid=103147) _exclude_attributes_by_policy /opt/stack/neutron/neutron/pecan_wsgi/hooks/policy_enforcement.py:255}}
Nov 12 03:38:34.220720 n-d-767704-23 neutron-server[103147]: INFO neutron.wsgi [req-3bba1b69-70a0-4605-91c9-f53d72b759bb req-f5c921cf-f646-497e-996e-14f11b00d65a tempest-LiveMigrationTest-7569075 tempest-LiveMigrationTest-7569075-project] 10.222.0.105 "GET /v2.0/ports?device_id=08da0e0a-5e2a-4c44-b422-d27ffa1b41d0 HTTP/1.1" status: 200 len: 945 time: 0.0998917
Nov 12 03:38:34.227498 n-d-767704-23 neutron-server[103146]: DEBUG neutron_lib.callbacks.manager [None req-e4382edf-a707-4e73-841e-95449c8a3ae2 admin admin] Publish callbacks [] for security_group, precommit_delete {{(pid=103146) _notify_loop /usr/local/lib/python3.8/dist-packages/neutron_lib/callbacks/manager.py:175}}
Nov 12 03:38:34.339587 n-d-767704-23 neutron-server[103147]: INFO neutron.wsgi [req-3bba1b69-70a0-4605-91c9-f53d72b759bb req-ec6c5883-f054-46d8-b9be-71644d784735 tempest-LiveMigrationTest-7569075 tempest-LiveMigrationTest-7569075-project] 10.222.0.105 "GET /v2.0/security-groups?id=cd02cbe5-7157-4a85-a2cd-7d3c419781c1&fields=id&fields=name HTTP/1.1" status: 200 len: 286 time: 0.0968823
Nov 12 03:38:34.354390 n-d-767704-23 neutron-server[103147]: DEBUG neutron_lib.callbacks.manager [None req-78fa7635-8acb-4f52-a89c-ffb0390b4840 admin admin] Publish callbacks ['neutron.plugins.ml2.ovo_rpc._ObjectChangeHandler.handle_event-985889'] for security_group, after_delete {{(pid=103147) _notify_loop /usr/local/lib/python3.8/dist-packages/neutron_lib/callbacks/manager.py:175}}
Nov 12 03:38:34.354390 n-d-767704-23 neutron-server[103147]: DEBUG neutron_lib.callbacks.manager [None req-78fa7635-8acb-4f52-a89c-ffb0390b4840 admin admin] Publish callbacks [] for security_group, before_response {{(pid=103147) _notify_loop /usr/local/lib/python3.8/dist-packages/neutron_lib/callbacks/manager.py:175}}
Nov 12 03:38:34.354390 n-d-767704-23 neutron-server[103147]: INFO neutron.wsgi [None req-78fa7635-8acb-4f52-a89c-ffb0390b4840 admin admin] 10.222.0.105 "DELETE /v2.0/security-groups/8c2c9ffc-1e90-4fdc-bfb4-5b56cb05e440 HTTP/1.1" status: 204 len: 168 time: 0.3444080
Nov 12 03:38:34.359611 n-d-767704-23 neutron-server[103147]: DEBUG neutron.api.rpc.handlers.resources_rpc [None req-78fa7635-8acb-4f52-a89c-ffb0390b4840 admin admin] Pushing event deleted for resources: {'SecurityGroup': ['ID=8c2c9ffc-1e90-4fdc-bfb4-5b56cb05e440,revision_number=None']} {{(pid=103147) push /opt/stack/neutron/neutron/api/rpc/handlers/resources_rpc.py:237}}
Nov 12 03:38:34.493374 n-d-767704-23 neutron-server[103147]: DEBUG neutron.wsgi [-] (103147) accepted ('10.222.0.105', 48888) {{(pid=103147) server /usr/local/lib/python3.8/dist-packages/eventlet/wsgi.py:982}}
Nov 12 03:38:34.521368 n-d-767704-23 neutron-server[103146]: DEBUG neutron_lib.callbacks.manager [None req-e4382edf-a707-4e73-841e-95449c8a3ae2 admin admin] Publish callbacks ['neutron.plugins.ml2.ovo_rpc._ObjectChangeHandler.handle_event-985889'] for security_group, after_delete {{(pid=103146) _notify_loop /usr/local/lib/python3.8/dist-packages/neutron_lib/callbacks/manager.py:175}}
Nov 12 03:38:34.527456 n-d-767704-23 neutron-server[103146]: DEBUG neutron_lib.callbacks.manager [None req-e4382edf-a707-4e73-841e-95449c8a3ae2 admin admin] Publish callbacks [] for security_group, before_response {{(pid=103146) _notify_loop /usr/local/lib/python3.8/dist-packages/neutron_lib/callbacks/manager.py:175}}
Nov 12 03:38:34.532061 n-d-767704-23 neutron-server[103146]: INFO neutron.wsgi [None req-e4382edf-a707-4e73-841e-95449c8a3ae2 admin admin] 10.222.0.105 "DELETE /v2.0/security-groups/c4590048-0245-44a3-95ab-f9e558640989 HTTP/1.1" status: 204 len: 168 time: 0.4321177
Nov 12 03:38:34.556221 n-d-767704-23 neutron-server[103146]: DEBUG neutron.api.rpc.handlers.resources_rpc [None req-e4382edf-a707-4e73-841e-95449c8a3ae2 admin admin] Pushing event deleted for resources: {'SecurityGroup': ['ID=c4590048-0245-44a3-95ab-f9e558640989,revision_number=None']} {{(pid=103146) push /opt/stack/neutron/neutron/api/rpc/handlers/resources_rpc.py:237}}
Nov 12 03:38:34.586826 n-d-767704-23 neutron-server[103146]: DEBUG neutron.pecan_wsgi.hooks.policy_enforcement [req-73bc09fa-ef72-4099-9cb8-5380ec0b17bc req-2a2a03a3-1af9-4c87-bbfb-69b264a3119b tempest-DeleteServersAdminTestJSON-2055140526 tempest-DeleteServersAdminTestJSON-2055140526-project] Attributes excluded by policy engine: ['standard_attr_id', 'binding:profile', 'binding:host_id', 'binding:vif_type', 'binding:vif_details'] {{(pid=103146) _exclude_attributes_by_policy /opt/stack/neutron/neutron/pecan_wsgi/hooks/policy_enforcement.py:255}}
Nov 12 03:38:34.591651 n-d-767704-23 neutron-server[103146]: INFO neutron.wsgi [req-73bc09fa-ef72-4099-9cb8-5380ec0b17bc req-2a2a03a3-1af9-4c87-bbfb-69b264a3119b tempest-DeleteServersAdminTestJSON-2055140526 tempest-DeleteServersAdminTestJSON-2055140526-project] 10.222.0.105 "GET /v2.0/ports?device_id=3c6f24f9-f18d-497d-a05f-277b22509540 HTTP/1.1" status: 200 len: 948 time: 0.1593978
Nov 12 03:38:34.649369 n-d-767704-23 neutron-server[103146]: INFO neutron.wsgi [req-73bc09fa-ef72-4099-9cb8-5380ec0b17bc req-71b70a9b-5ccb-4919-801c-bf1f27dbbd28 tempest-DeleteServersAdminTestJSON-2055140526 tempest-DeleteServersAdminTestJSON-2055140526-project] 10.222.0.105 "GET /v2.0/security-groups?id=41393e3d-9b7b-41e0-98b7-cd973745f941&fields=id&fields=name HTTP/1.1" status: 200 len: 286 time: 0.0527039
Nov 12 03:38:34.748681 n-d-767704-23 neutron-server[103147]: DEBUG neutron.pecan_wsgi.hooks.policy_enforcement [req-f394d1b4-24f3-4efe-bc6f-360d56a2c6c6 req-4263bea3-7a0e-4866-a662-3630c29e850a tempest-ServersWithSpecificFlavorTestJSON-1779461460 tempest-ServersWithSpecificFlavorTestJSON-1779461460-project] Attributes excluded by policy engine: ['standard_attr_id', 'binding:profile', 'binding:host_id', 'binding:vif_type', 'binding:vif_details'] {{(pid=103147) _exclude_attributes_by_policy /opt/stack/neutron/neutron/pecan_wsgi/hooks/policy_enforcement.py:255}}
Nov 12 03:38:34.750511 n-d-767704-23 neutron-server[103147]: INFO neutron.wsgi [req-f394d1b4-24f3-4efe-bc6f-360d56a2c6c6 req-4263bea3-7a0e-4866-a662-3630c29e850a tempest-ServersWithSpecificFlavorTestJSON-1779461460 tempest-ServersWithSpecificFlavorTestJSON-1779461460-project] 10.222.0.105 "GET /v2.0/ports?device_id=e2085e8b-fed3-4f2e-860c-e3befc27e29c HTTP/1.1" status: 200 len: 946 time: 0.0638337
Nov 12 03:38:34.831631 n-d-767704-23 neutron-server[103147]: INFO neutron.wsgi [None req-24c84d0c-8375-49f1-926c-42b3bdd75088 tempest-AutoAllocateNetworkTest-1834339496 tempest-AutoAllocateNetworkTest-1834339496-project] 10.222.0.105 "GET /v2.0/networks?tenant_id=a162e94c50cb44de9310dfb3bd87d0ed&shared=False HTTP/1.1" status: 200 len: 208 time: 0.3364253
Nov 12 03:38:34.836089 n-d-767704-23 neutron-server[103146]: DEBUG neutron.wsgi [-] (103146) accepted ('10.222.0.105', 48902) {{(pid=103146) server /usr/local/lib/python3.8/dist-packages/eventlet/wsgi.py:982}}
Nov 12 03:38:34.904604 n-d-767704-23 neutron-server[103147]: INFO neutron.wsgi [req-f394d1b4-24f3-4efe-bc6f-360d56a2c6c6 req-f57e5f33-01bf-4928-9f71-90258b76feb5 tempest-ServersWithSpecificFlavorTestJSON-1779461460 tempest-ServersWithSpecificFlavorTestJSON-1779461460-project] 10.222.0.105 "GET /v2.0/security-groups?id=b3732a15-389a-44de-8540-dc5451d75dfd&fields=id&fields=name HTTP/1.1" status: 200 len: 312 time: 0.1406884
Nov 12 03:38:34.992006 n-d-767704-23 neutron-server[103149]: DEBUG neutron.db.agents_db [None req-a474908d-08fc-4223-8327-286d712bf3c2 None None] Agent healthcheck: found 7 active agents {{(pid=103149) agent_health_check /opt/stack/neutron/neutron/db/agents_db.py:317}}
Nov 12 03:38:35.096217 n-d-767704-23 neutron-server[103146]: DEBUG neutron.pecan_wsgi.hooks.policy_enforcement [None req-a991af0a-4efb-492f-b349-d2099092d4bd tempest-AutoAllocateNetworkTest-1834339496 tempest-AutoAllocateNetworkTest-1834339496-project] Attributes excluded by policy engine: ['standard_attr_id', 'vlan_transparent', 'provider:network_type', 'provider:physical_network', 'provider:segmentation_id'] {{(pid=103146) _exclude_attributes_by_policy /opt/stack/neutron/neutron/pecan_wsgi/hooks/policy_enforcement.py:255}}
Nov 12 03:38:35.099278 n-d-767704-23 neutron-server[103146]: INFO neutron.wsgi [None req-a991af0a-4efb-492f-b349-d2099092d4bd tempest-AutoAllocateNetworkTest-1834339496 tempest-AutoAllocateNetworkTest-1834339496-project] 10.222.0.105 "GET /v2.0/networks?shared=True HTTP/1.1" status: 200 len: 764 time: 0.2613831
Nov 12 03:38:35.104410 n-d-767704-23 neutron-server[103146]: DEBUG neutron.wsgi [-] (103146) accepted ('10.222.0.105', 48906) {{(pid=103146) server /usr/local/lib/python3.8/dist-packages/eventlet/wsgi.py:982}}
Nov 12 03:38:35.196847 n-d-767704-23 neutron-server[103146]: INFO neutron.wsgi [None req-f16f7be4-856b-4f26-a682-403ad2b1f344 tempest-AutoAllocateNetworkTest-1834339496 tempest-AutoAllocateNetworkTest-1834339496-project] 10.222.0.105 "GET /v2.0/routers HTTP/1.1" status: 200 len: 208 time: 0.0908625
Nov 12 03:38:35.202447 n-d-767704-23 neutron-server[103147]: DEBUG neutron.wsgi [-] (103147) accepted ('10.222.0.105', 48908) {{(pid=103147) server /usr/local/lib/python3.8/dist-packages/eventlet/wsgi.py:982}}
Nov 12 03:38:35.262834 n-d-767704-23 neutron-server[103147]: INFO neutron.wsgi [None req-e55dd1b5-02f3-4f5f-84a9-bd84da53ac89 tempest-AutoAllocateNetworkTest-1834339496 tempest-AutoAllocateNetworkTest-1834339496-project] 10.222.0.105 "GET /v2.0/networks?tenant_id=a162e94c50cb44de9310dfb3bd87d0ed HTTP/1.1" status: 200 len: 208 time: 0.0574601
Nov 12 03:38:35.324059 n-d-767704-23 neutron-server[103148]: DEBUG neutron.plugins.ml2.rpc [None req-e839a7eb-c177-468b-bfce-f1345fd7dd8a None None] Device cb4d0659-e68b-4d34-b146-e2a28c65a830 up at agent hyperv_n-h1-767704-23 {{(pid=103148) update_device_up /opt/stack/neutron/neutron/plugins/ml2/rpc.py:296}}
Nov 12 03:38:35.464295 n-d-767704-23 neutron-server[103148]: DEBUG neutron.db.provisioning_blocks [None req-e839a7eb-c177-468b-bfce-f1345fd7dd8a None None] Provisioning for port cb4d0659-e68b-4d34-b146-e2a28c65a830 completed by entity L2. {{(pid=103148) provisioning_complete /opt/stack/neutron/neutron/db/provisioning_blocks.py:133}}
Nov 12 03:38:35.472955 n-d-767704-23 neutron-server[103148]: DEBUG neutron.db.provisioning_blocks [None req-e839a7eb-c177-468b-bfce-f1345fd7dd8a None None] Provisioning complete for port cb4d0659-e68b-4d34-b146-e2a28c65a830 triggered by entity L2. {{(pid=103148) provisioning_complete /opt/stack/neutron/neutron/db/provisioning_blocks.py:139}}
Nov 12 03:38:35.473864 n-d-767704-23 neutron-server[103148]: DEBUG neutron_lib.callbacks.manager [None req-e839a7eb-c177-468b-bfce-f1345fd7dd8a None None] Publish callbacks ['neutron.plugins.ml2.plugin.Ml2Plugin._port_provisioned-4130619'] for port, provisioning_complete {{(pid=103148) _notify_loop /usr/local/lib/python3.8/dist-packages/neutron_lib/callbacks/manager.py:175}}
Nov 12 03:38:35.590542 n-d-767704-23 neutron-server[103146]: DEBUG neutron.pecan_wsgi.hooks.policy_enforcement [req-9b1cf29a-bb6c-4883-b986-522b07c51b4f req-7e2d1ede-db3f-4054-acae-85e676691779 tempest-LiveMigrationTest-7569075 tempest-LiveMigrationTest-7569075-project] Attributes excluded by policy engine: ['standard_attr_id', 'binding:profile', 'binding:host_id', 'binding:vif_type', 'binding:vif_details'] {{(pid=103146) _exclude_attributes_by_policy /opt/stack/neutron/neutron/pecan_wsgi/hooks/policy_enforcement.py:255}}
Nov 12 03:38:35.593579 n-d-767704-23 neutron-server[103146]: INFO neutron.wsgi [req-9b1cf29a-bb6c-4883-b986-522b07c51b4f req-7e2d1ede-db3f-4054-acae-85e676691779 tempest-LiveMigrationTest-7569075 tempest-LiveMigrationTest-7569075-project] 10.222.0.105 "GET /v2.0/ports?device_id=08da0e0a-5e2a-4c44-b422-d27ffa1b41d0 HTTP/1.1" status: 200 len: 945 time: 0.0987754
Nov 12 03:38:35.621917 n-d-767704-23 neutron-server[103148]: DEBUG neutron_lib.callbacks.manager [None req-e839a7eb-c177-468b-bfce-f1345fd7dd8a None None] Publish callbacks ['neutron.plugins.ml2.plugin.SecurityGroupDbMixin._ensure_default_security_group_handler-3676794'] for port, before_update {{(pid=103148) _notify_loop /usr/local/lib/python3.8/dist-packages/neutron_lib/callbacks/manager.py:175}}
Nov 12 03:38:35.701045 n-d-767704-23 neutron-server[103148]: DEBUG neutron.notifiers.nova [-] Sending events: [{'server_uuid': '08da0e0a-5e2a-4c44-b422-d27ffa1b41d0', 'name': 'network-vif-plugged', 'status': 'completed', 'tag': 'cb4d0659-e68b-4d34-b146-e2a28c65a830'}] {{(pid=103148) send_events /opt/stack/neutron/neutron/notifiers/nova.py:262}}
Nov 12 03:38:35.704111 n-d-767704-23 neutron-server[103148]: DEBUG novaclient.v2.client [-] REQ: curl -g -i --cacert "/opt/stack/data/ca-bundle.pem" -X POST http://10.222.0.105/compute/v2.1/os-server-external-events -H "Accept: application/json" -H "Content-Type: application/json" -H "User-Agent: python-novaclient" -H "X-Auth-Token: {SHA256}a69781112baf2b3d873915a8093cc517c4c846dcdf90b67e0e637d3018cd8f36" -H "X-OpenStack-Nova-API-Version: 2.1" -H "X-OpenStack-Request-ID: req-0b5a5e0a-1616-4596-825e-db6b6b0630fd" -d '{"events": [{"server_uuid": "08da0e0a-5e2a-4c44-b422-d27ffa1b41d0", "name": "network-vif-plugged", "status": "completed", "tag": "cb4d0659-e68b-4d34-b146-e2a28c65a830"}]}' {{(pid=103148) _http_log_request /usr/local/lib/python3.8/dist-packages/keystoneauth1/session.py:519}}
Nov 12 03:38:35.752297 n-d-767704-23 neutron-server[103148]: DEBUG neutron.plugins.ml2.db [None req-e839a7eb-c177-468b-bfce-f1345fd7dd8a None None] For port cb4d0659-e68b-4d34-b146-e2a28c65a830, host n-h1-767704-23, got binding levels [PortBindingLevel(driver='hyperv',host='n-h1-767704-23',level=0,port_id=cb4d0659-e68b-4d34-b146-e2a28c65a830,segment=NetworkSegment(5d33e2e5-f849-496f-afc8-0388a5b121fe),segment_id=5d33e2e5-f849-496f-afc8-0388a5b121fe)] {{(pid=103148) get_binding_level_objs /opt/stack/neutron/neutron/plugins/ml2/db.py:74}}
Nov 12 03:38:35.868030 n-d-767704-23 neutron-server[103147]: DEBUG neutron.pecan_wsgi.hooks.policy_enforcement [req-200cc053-e360-435e-bf97-1eba22cda393 req-4a8d9499-79de-4960-ba85-ecdb9eda4c9e tempest-DeleteServersAdminTestJSON-2055140526 tempest-DeleteServersAdminTestJSON-2055140526-project] Attributes excluded by policy engine: ['standard_attr_id', 'binding:profile', 'binding:host_id', 'binding:vif_type', 'binding:vif_details'] {{(pid=103147) _exclude_attributes_by_policy /opt/stack/neutron/neutron/pecan_wsgi/hooks/policy_enforcement.py:255}}
Nov 12 03:38:35.882793 n-d-767704-23 neutron-server[103147]: INFO neutron.wsgi [req-200cc053-e360-435e-bf97-1eba22cda393 req-4a8d9499-79de-4960-ba85-ecdb9eda4c9e tempest-DeleteServersAdminTestJSON-2055140526 tempest-DeleteServersAdminTestJSON-2055140526-project] 10.222.0.105 "GET /v2.0/ports?device_id=3c6f24f9-f18d-497d-a05f-277b22509540 HTTP/1.1" status: 200 len: 948 time: 0.0798459
Nov 12 03:38:35.908187 n-d-767704-23 neutron-server[103146]: INFO neutron.wsgi [req-9b1cf29a-bb6c-4883-b986-522b07c51b4f req-bee35fd5-66ff-40a6-941c-6aadda98820c tempest-LiveMigrationTest-7569075 tempest-LiveMigrationTest-7569075-project] 10.222.0.105 "GET /v2.0/security-groups?id=cd02cbe5-7157-4a85-a2cd-7d3c419781c1&fields=id&fields=name HTTP/1.1" status: 200 len: 286 time: 0.3024540
Nov 12 03:38:35.938374 n-d-767704-23 neutron-server[103147]: INFO neutron.wsgi [req-200cc053-e360-435e-bf97-1eba22cda393 req-eb8abbca-4666-4ac8-9614-3e2a2f32467b tempest-DeleteServersAdminTestJSON-2055140526 tempest-DeleteServersAdminTestJSON-2055140526-project] 10.222.0.105 "GET /v2.0/security-groups?id=41393e3d-9b7b-41e0-98b7-cd973745f941&fields=id&fields=name HTTP/1.1" status: 200 len: 286 time: 0.0602908
Nov 12 03:38:35.947076 n-d-767704-23 neutron-server[103148]: DEBUG neutron_lib.callbacks.manager [None req-e839a7eb-c177-468b-bfce-f1345fd7dd8a None None] Publish callbacks ['neutron.plugins.ml2.plugin.SecurityGroupServerNotifierRpcMixin._notify_sg_on_port_change-3798998', 'neutron.plugins.ml2.ovo_rpc._ObjectChangeHandler.handle_event-128922', 'neutron.api.rpc.agentnotifiers.dhcp_rpc_agent_api.DhcpAgentNotifyAPI._native_event_send_dhcp_notification-636317', 'neutron.db.l3_db.L3RpcNotifierMixin._notify_gateway_port_ip_changed-8761907012500', 'neutron.db.l3_dvrscheduler_db._notify_l3_agent_port_update-8761906587540', 'neutron.db.l3_hascheduler_db._notify_l3_agent_ha_port_update-8761906587558'] for port, after_update {{(pid=103148) _notify_loop /usr/local/lib/python3.8/dist-packages/neutron_lib/callbacks/manager.py:175}}
Nov 12 03:38:35.980616 n-d-767704-23 neutron-server[103148]: DEBUG novaclient.v2.client [-] RESP: [200] Connection: close Content-Length: 183 Content-Type: application/json Date: Fri, 12 Nov 2021 03:38:35 GMT OpenStack-API-Version: compute 2.1 Server: Apache/2.4.41 (Ubuntu) Vary: OpenStack-API-Version,X-OpenStack-Nova-API-Version X-OpenStack-Nova-API-Version: 2.1 x-compute-request-id: req-b524e9be-1def-4f9b-935c-bb91960ba13b x-openstack-request-id: req-b524e9be-1def-4f9b-935c-bb91960ba13b {{(pid=103148) _http_log_response /usr/local/lib/python3.8/dist-packages/keystoneauth1/session.py:550}}
Nov 12 03:38:35.980995 n-d-767704-23 neutron-server[103148]: DEBUG novaclient.v2.client [-] RESP BODY: {"events": [{"server_uuid": "08da0e0a-5e2a-4c44-b422-d27ffa1b41d0", "name": "network-vif-plugged", "status": "completed", "tag": "cb4d0659-e68b-4d34-b146-e2a28c65a830", "code": 200}]} {{(pid=103148) _http_log_response /usr/local/lib/python3.8/dist-packages/keystoneauth1/session.py:582}}
Nov 12 03:38:35.981275 n-d-767704-23 neutron-server[103148]: DEBUG novaclient.v2.client [-] POST call to compute for http://10.222.0.105/compute/v2.1/os-server-external-events used request id req-b524e9be-1def-4f9b-935c-bb91960ba13b {{(pid=103148) request /usr/local/lib/python3.8/dist-packages/keystoneauth1/session.py:954}}
Nov 12 03:38:35.981638 n-d-767704-23 neutron-server[103148]: INFO neutron.notifiers.nova [-] Nova event response: {'server_uuid': '08da0e0a-5e2a-4c44-b422-d27ffa1b41d0', 'name': 'network-vif-plugged', 'status': 'completed', 'tag': 'cb4d0659-e68b-4d34-b146-e2a28c65a830', 'code': 200}
Nov 12 03:38:36.017279 n-d-767704-23 neutron-server[103148]: DEBUG neutron.api.rpc.handlers.resources_rpc [None req-e839a7eb-c177-468b-bfce-f1345fd7dd8a None None] Pushing event updated for resources: {'Port': ['ID=cb4d0659-e68b-4d34-b146-e2a28c65a830,revision_number=5']} {{(pid=103148) push /opt/stack/neutron/neutron/api/rpc/handlers/resources_rpc.py:237}}
Nov 12 03:38:36.096960 n-d-767704-23 neutron-server[103147]: DEBUG neutron.pecan_wsgi.hooks.policy_enforcement [req-5b98174f-f946-4f8a-ba2f-8b665ef912eb req-52cad527-d7da-4146-b915-81d59f6b03b5 service neutron] Attributes excluded by policy engine: ['standard_attr_id'] {{(pid=103147) _exclude_attributes_by_policy /opt/stack/neutron/neutron/pecan_wsgi/hooks/policy_enforcement.py:255}}
Nov 12 03:38:36.099281 n-d-767704-23 neutron-server[103147]: INFO neutron.wsgi [req-5b98174f-f946-4f8a-ba2f-8b665ef912eb req-52cad527-d7da-4146-b915-81d59f6b03b5 service neutron] 10.222.0.25 "GET /v2.0/ports?device_id=08da0e0a-5e2a-4c44-b422-d27ffa1b41d0 HTTP/1.1" status: 200 len: 1098 time: 0.0479448
Nov 12 03:38:36.101843 n-d-767704-23 neutron-server[103146]: DEBUG neutron.pecan_wsgi.hooks.policy_enforcement [req-579b0ddc-6a72-4b20-9afc-519250d6b6aa req-b9387cb7-4cd1-4103-9a89-109ba5eb0772 tempest-ServersWithSpecificFlavorTestJSON-1779461460 tempest-ServersWithSpecificFlavorTestJSON-1779461460-project] Attributes excluded by policy engine: ['standard_attr_id', 'binding:profile', 'binding:host_id', 'binding:vif_type', 'binding:vif_details'] {{(pid=103146) _exclude_attributes_by_policy /opt/stack/neutron/neutron/pecan_wsgi/hooks/policy_enforcement.py:255}}
Nov 12 03:38:36.103345 n-d-767704-23 neutron-server[103146]: INFO neutron.wsgi [req-579b0ddc-6a72-4b20-9afc-519250d6b6aa req-b9387cb7-4cd1-4103-9a89-109ba5eb0772 tempest-ServersWithSpecificFlavorTestJSON-1779461460 tempest-ServersWithSpecificFlavorTestJSON-1779461460-project] 10.222.0.105 "GET /v2.0/ports?device_id=e2085e8b-fed3-4f2e-860c-e3befc27e29c HTTP/1.1" status: 200 len: 946 time: 0.0596540
Nov 12 03:38:36.147872 n-d-767704-23 neutron-server[103147]: INFO neutron.wsgi [req-5b98174f-f946-4f8a-ba2f-8b665ef912eb req-06e16c1c-7560-416f-b1f3-01004d68b0dd service neutron] 10.222.0.25 "GET /v2.0/security-groups?id=cd02cbe5-7157-4a85-a2cd-7d3c419781c1&fields=id&fields=name HTTP/1.1" status: 200 len: 286 time: 0.0416920
Nov 12 03:38:36.157538 n-d-767704-23 neutron-server[103146]: INFO neutron.wsgi [req-579b0ddc-6a72-4b20-9afc-519250d6b6aa req-b381e342-0731-43c5-a74e-e63112c1d836 tempest-ServersWithSpecificFlavorTestJSON-1779461460 tempest-ServersWithSpecificFlavorTestJSON-1779461460-project] 10.222.0.105 "GET /v2.0/security-groups?id=b3732a15-389a-44de-8540-dc5451d75dfd&fields=id&fields=name HTTP/1.1" status: 200 len: 312 time: 0.0476842
Nov 12 03:38:36.311633 n-d-767704-23 neutron-server[103146]: DEBUG neutron.pecan_wsgi.hooks.policy_enforcement [req-6327dfc4-af34-40b9-a8fd-604bd58d5458 req-2c20dd15-d617-4463-a32d-7da6c37bce9c tempest-ServersWithSpecificFlavorTestJSON-1779461460 tempest-ServersWithSpecificFlavorTestJSON-1779461460-project] Attributes excluded by policy engine: ['standard_attr_id', 'binding:profile', 'binding:host_id', 'binding:vif_type', 'binding:vif_details'] {{(pid=103146) _exclude_attributes_by_policy /opt/stack/neutron/neutron/pecan_wsgi/hooks/policy_enforcement.py:255}}
Nov 12 03:38:36.313178 n-d-767704-23 neutron-server[103146]: INFO neutron.wsgi [req-6327dfc4-af34-40b9-a8fd-604bd58d5458 req-2c20dd15-d617-4463-a32d-7da6c37bce9c tempest-ServersWithSpecificFlavorTestJSON-1779461460 tempest-ServersWithSpecificFlavorTestJSON-1779461460-project] 10.222.0.105 "GET /v2.0/ports?device_id=e2085e8b-fed3-4f2e-860c-e3befc27e29c HTTP/1.1" status: 200 len: 946 time: 0.0524950
Nov 12 03:38:36.323991 n-d-767704-23 neutron-server[103146]: DEBUG neutron.wsgi [-] (103146) accepted ('10.222.0.105', 48930) {{(pid=103146) server /usr/local/lib/python3.8/dist-packages/eventlet/wsgi.py:982}}
Nov 12 03:38:36.328665 n-d-767704-23 neutron-server[103146]: DEBUG neutron.api.v2.base [None req-75fea5d1-4033-4fed-ae1f-acaf17895882 tempest-ServersWithSpecificFlavorTestJSON-1779461460 tempest-ServersWithSpecificFlavorTestJSON-1779461460-project] Request body: {'floatingip': {'port_id': '2a1755c0-367c-418c-87e8-bd006aadb821'}} {{(pid=103146) prepare_request_body /opt/stack/neutron/neutron/api/v2/base.py:729}}
Nov 12 03:38:36.431074 n-d-767704-23 neutron-server[103146]: DEBUG neutron_lib.callbacks.manager [None req-75fea5d1-4033-4fed-ae1f-acaf17895882 tempest-ServersWithSpecificFlavorTestJSON-1779461460 tempest-ServersWithSpecificFlavorTestJSON-1779461460-project] Publish callbacks [] for floatingip, before_update {{(pid=103146) _notify_loop /usr/local/lib/python3.8/dist-packages/neutron_lib/callbacks/manager.py:175}}
Nov 12 03:38:36.555378 n-d-767704-23 neutron-server[103147]: DEBUG neutron.wsgi [-] (103147) accepted ('10.222.0.105', 48932) {{(pid=103147) server /usr/local/lib/python3.8/dist-packages/eventlet/wsgi.py:982}}
Nov 12 03:38:36.570322 n-d-767704-23 neutron-server[103147]: DEBUG neutron_lib.callbacks.manager [None req-7e3e15df-565c-4483-8247-0950de582c76 admin admin] Publish callbacks [] for security_group, before_create {{(pid=103147) _notify_loop /usr/local/lib/python3.8/dist-packages/neutron_lib/callbacks/manager.py:175}}
Nov 12 03:38:36.680623 n-d-767704-23 neutron-server[103147]: DEBUG neutron_lib.callbacks.manager [None req-7e3e15df-565c-4483-8247-0950de582c76 admin admin] Publish callbacks [] for security_group, precommit_create {{(pid=103147) _notify_loop /usr/local/lib/python3.8/dist-packages/neutron_lib/callbacks/manager.py:175}}
Nov 12 03:38:36.747375 n-d-767704-23 neutron-server[103147]: DEBUG neutron.wsgi [-] (103147) accepted ('10.222.0.105', 48936) {{(pid=103147) server /usr/local/lib/python3.8/dist-packages/eventlet/wsgi.py:982}}
Nov 12 03:38:36.749573 n-d-767704-23 neutron-server[103147]: DEBUG neutron_lib.callbacks.manager [None req-7e3e15df-565c-4483-8247-0950de582c76 admin admin] Publish callbacks ['neutron.plugins.ml2.ovo_rpc._ObjectChangeHandler.handle_event-985889'] for security_group, after_create {{(pid=103147) _notify_loop /usr/local/lib/python3.8/dist-packages/neutron_lib/callbacks/manager.py:175}}
Nov 12 03:38:36.804975 n-d-767704-23 neutron-server[103147]: DEBUG neutron.api.rpc.handlers.resources_rpc [None req-7e3e15df-565c-4483-8247-0950de582c76 admin admin] Pushing event updated for resources: {'SecurityGroup': ['ID=85de36a5-556e-4be8-8cf1-586b8e685b27,revision_number=1']} {{(pid=103147) push /opt/stack/neutron/neutron/api/rpc/handlers/resources_rpc.py:237}}
Nov 12 03:38:36.809387 n-d-767704-23 neutron-server[103147]: INFO neutron.wsgi [None req-7e3e15df-565c-4483-8247-0950de582c76 admin admin] 10.222.0.105 "GET /v2.0/security-groups?tenant_id=d5562177bd5244c483af1630b6bccfb0&name=default HTTP/1.1" status: 200 len: 2996 time: 0.2529278
Nov 12 03:38:36.813542 n-d-767704-23 neutron-server[103147]: DEBUG neutron.wsgi [-] (103147) accepted ('10.222.0.105', 48940) {{(pid=103147) server /usr/local/lib/python3.8/dist-packages/eventlet/wsgi.py:982}}
Nov 12 03:38:36.871751 n-d-767704-23 neutron-server[103147]: DEBUG neutron_lib.callbacks.manager [None req-71dc0774-ffe6-40c2-b056-3b5c8eaf0ec9 admin admin] Publish callbacks [] for security_group, before_delete {{(pid=103147) _notify_loop /usr/local/lib/python3.8/dist-packages/neutron_lib/callbacks/manager.py:175}}
Nov 12 03:38:36.909650 n-d-767704-23 neutron-server[103147]: DEBUG neutron_lib.callbacks.manager [None req-71dc0774-ffe6-40c2-b056-3b5c8eaf0ec9 admin admin] Publish callbacks [] for security_group, precommit_delete {{(pid=103147) _notify_loop /usr/local/lib/python3.8/dist-packages/neutron_lib/callbacks/manager.py:175}}
Nov 12 03:38:37.044682 n-d-767704-23 neutron-server[103147]: DEBUG neutron.wsgi [-] (103147) accepted ('10.222.0.105', 48946) {{(pid=103147) server /usr/local/lib/python3.8/dist-packages/eventlet/wsgi.py:982}}
Nov 12 03:38:37.069046 n-d-767704-23 neutron-server[103147]: DEBUG neutron_lib.callbacks.manager [None req-71dc0774-ffe6-40c2-b056-3b5c8eaf0ec9 admin admin] Publish callbacks ['neutron.plugins.ml2.ovo_rpc._ObjectChangeHandler.handle_event-985889'] for security_group, after_delete {{(pid=103147) _notify_loop /usr/local/lib/python3.8/dist-packages/neutron_lib/callbacks/manager.py:175}}
Nov 12 03:38:37.073070 n-d-767704-23 neutron-server[103147]: DEBUG neutron_lib.callbacks.manager [None req-71dc0774-ffe6-40c2-b056-3b5c8eaf0ec9 admin admin] Publish callbacks [] for security_group, before_response {{(pid=103147) _notify_loop /usr/local/lib/python3.8/dist-packages/neutron_lib/callbacks/manager.py:175}}
Nov 12 03:38:37.074501 n-d-767704-23 neutron-server[103147]: INFO neutron.wsgi [None req-71dc0774-ffe6-40c2-b056-3b5c8eaf0ec9 admin admin] 10.222.0.105 "DELETE /v2.0/security-groups/85de36a5-556e-4be8-8cf1-586b8e685b27 HTTP/1.1" status: 204 len: 168 time: 0.2598794
Nov 12 03:38:37.086861 n-d-767704-23 neutron-server[103147]: DEBUG neutron.api.rpc.handlers.resources_rpc [None req-71dc0774-ffe6-40c2-b056-3b5c8eaf0ec9 admin admin] Pushing event deleted for resources: {'SecurityGroup': ['ID=85de36a5-556e-4be8-8cf1-586b8e685b27,revision_number=None']} {{(pid=103147) push /opt/stack/neutron/neutron/api/rpc/handlers/resources_rpc.py:237}}
Nov 12 03:38:37.176749 n-d-767704-23 neutron-server[103146]: DEBUG neutron.wsgi [-] (103146) accepted ('10.222.0.105', 48956) {{(pid=103146) server /usr/local/lib/python3.8/dist-packages/eventlet/wsgi.py:982}}
Nov 12 03:38:37.181233 n-d-767704-23 neutron-server[103147]: DEBUG neutron.pecan_wsgi.hooks.policy_enforcement [req-5e627cb1-4908-4da5-bc47-4f994f680349 req-7b859df9-aa34-4729-9be6-8555865da3cd tempest-DeleteServersAdminTestJSON-2055140526 tempest-DeleteServersAdminTestJSON-2055140526-project] Attributes excluded by policy engine: ['standard_attr_id', 'binding:profile', 'binding:host_id', 'binding:vif_type', 'binding:vif_details'] {{(pid=103147) _exclude_attributes_by_policy /opt/stack/neutron/neutron/pecan_wsgi/hooks/policy_enforcement.py:255}}
Nov 12 03:38:37.183252 n-d-767704-23 neutron-server[103147]: INFO neutron.wsgi [req-5e627cb1-4908-4da5-bc47-4f994f680349 req-7b859df9-aa34-4729-9be6-8555865da3cd tempest-DeleteServersAdminTestJSON-2055140526 tempest-DeleteServersAdminTestJSON-2055140526-project] 10.222.0.105 "GET /v2.0/ports?device_id=3c6f24f9-f18d-497d-a05f-277b22509540 HTTP/1.1" status: 200 len: 948 time: 0.0727329
Nov 12 03:38:37.212576 n-d-767704-23 neutron-server[103146]: DEBUG neutron_lib.db.resource_extend [None req-75fea5d1-4033-4fed-ae1f-acaf17895882 tempest-ServersWithSpecificFlavorTestJSON-1779461460 tempest-ServersWithSpecificFlavorTestJSON-1779461460-project] It took 0.22 seconds to run function 'neutron_lib.db.resource_extend.apply_funcs' {{(pid=103146) wrapper /usr/local/lib/python3.8/dist-packages/oslo_utils/timeutils.py:386}}
Nov 12 03:38:37.218745 n-d-767704-23 neutron-server[103147]: DEBUG neutron_lib.callbacks.manager [None req-d152d92a-0f4e-485f-a961-8d1704c8348b admin admin] Publish callbacks [] for security_group, before_create {{(pid=103147) _notify_loop /usr/local/lib/python3.8/dist-packages/neutron_lib/callbacks/manager.py:175}}
Nov 12 03:38:37.240876 n-d-767704-23 neutron-server[103148]: DEBUG neutron.plugins.ml2.rpc [None req-c3439bc7-4319-46c8-aada-259f8df381c2 None None] Device e6b82748-bba8-4cc4-bad1-deb77848180a details requested by agent hyperv_n-h2-767704-23 with host n-h2-767704-23 {{(pid=103148) get_device_details /opt/stack/neutron/neutron/plugins/ml2/rpc.py:102}}
Nov 12 03:38:37.317654 n-d-767704-23 neutron-server[103146]: DEBUG neutron.pecan_wsgi.hooks.policy_enforcement [req-235ad14b-757e-4fa2-9487-a35be1559c55 req-ff6351ec-7d55-42cb-b2c8-96a2991fbe0a tempest-LiveMigrationTest-7569075 tempest-LiveMigrationTest-7569075-project] Attributes excluded by policy engine: ['standard_attr_id', 'binding:profile', 'binding:host_id', 'binding:vif_type', 'binding:vif_details'] {{(pid=103146) _exclude_attributes_by_policy /opt/stack/neutron/neutron/pecan_wsgi/hooks/policy_enforcement.py:255}}
Nov 12 03:38:37.324978 n-d-767704-23 neutron-server[103147]: INFO neutron.wsgi [req-5e627cb1-4908-4da5-bc47-4f994f680349 req-19936ca1-6ae4-451c-bdec-6ad42533fdad tempest-DeleteServersAdminTestJSON-2055140526 tempest-DeleteServersAdminTestJSON-2055140526-project] 10.222.0.105 "GET /v2.0/security-groups?id=41393e3d-9b7b-41e0-98b7-cd973745f941&fields=id&fields=name HTTP/1.1" status: 200 len: 286 time: 0.1336844
Nov 12 03:38:37.330247 n-d-767704-23 neutron-server[103146]: INFO neutron.wsgi [req-235ad14b-757e-4fa2-9487-a35be1559c55 req-ff6351ec-7d55-42cb-b2c8-96a2991fbe0a tempest-LiveMigrationTest-7569075 tempest-LiveMigrationTest-7569075-project] 10.222.0.105 "GET /v2.0/ports?device_id=08da0e0a-5e2a-4c44-b422-d27ffa1b41d0 HTTP/1.1" status: 200 len: 946 time: 0.2536733
Nov 12 03:38:37.358690 n-d-767704-23 neutron-server[103146]: INFO neutron.wsgi [None req-8f0638fb-9c5f-48e7-b984-e5a868c5484f admin admin] 10.222.0.105 "GET /v2.0/security-groups?tenant_id=51b204b2b884410da8e442b65653285a&name=default HTTP/1.1" status: 200 len: 2996 time: 0.1771939
Nov 12 03:38:37.361886 n-d-767704-23 neutron-server[103147]: DEBUG neutron.wsgi [-] (103147) accepted ('10.222.0.105', 48958) {{(pid=103147) server /usr/local/lib/python3.8/dist-packages/eventlet/wsgi.py:982}}
Nov 12 03:38:37.395577 n-d-767704-23 neutron-server[103146]: DEBUG neutron_lib.callbacks.manager [None req-75fea5d1-4033-4fed-ae1f-acaf17895882 tempest-ServersWithSpecificFlavorTestJSON-1779461460 tempest-ServersWithSpecificFlavorTestJSON-1779461460-project] Publish callbacks [] for floatingip, precommit_update {{(pid=103146) _notify_loop /usr/local/lib/python3.8/dist-packages/neutron_lib/callbacks/manager.py:175}}
Nov 12 03:38:37.503255 n-d-767704-23 neutron-server[103147]: DEBUG neutron_lib.callbacks.manager [None req-c953a2e9-0541-4a58-9701-e288d1b84f8a admin admin] Publish callbacks [] for security_group, before_create {{(pid=103147) _notify_loop /usr/local/lib/python3.8/dist-packages/neutron_lib/callbacks/manager.py:175}}
Nov 12 03:38:37.508093 n-d-767704-23 neutron-server[103147]: DEBUG neutron_lib.callbacks.manager [None req-d152d92a-0f4e-485f-a961-8d1704c8348b admin admin] Publish callbacks [] for security_group, precommit_create {{(pid=103147) _notify_loop /usr/local/lib/python3.8/dist-packages/neutron_lib/callbacks/manager.py:175}}
Nov 12 03:38:37.508963 n-d-767704-23 neutron-server[103146]: DEBUG neutron_lib.callbacks.manager [None req-75fea5d1-4033-4fed-ae1f-acaf17895882 tempest-ServersWithSpecificFlavorTestJSON-1779461460 tempest-ServersWithSpecificFlavorTestJSON-1779461460-project] Publish callbacks ['neutron.services.l3_router.l3_router_plugin.DVRResourceOperationHandler._create_dvr_floating_gw_port-918478'] for floatingip, after_update {{(pid=103146) _notify_loop /usr/local/lib/python3.8/dist-packages/neutron_lib/callbacks/manager.py:175}}
Nov 12 03:38:37.514726 n-d-767704-23 neutron-server[103147]: DEBUG neutron_lib.callbacks.manager [None req-8f06f722-7485-4036-b703-27d145761ee4 admin admin] Publish callbacks [] for security_group, before_delete {{(pid=103147) _notify_loop /usr/local/lib/python3.8/dist-packages/neutron_lib/callbacks/manager.py:175}}
Nov 12 03:38:37.561747 n-d-767704-23 neutron-server[103147]: DEBUG neutron_lib.callbacks.manager [None req-8f06f722-7485-4036-b703-27d145761ee4 admin admin] Publish callbacks [] for security_group, precommit_delete {{(pid=103147) _notify_loop /usr/local/lib/python3.8/dist-packages/neutron_lib/callbacks/manager.py:175}}
Nov 12 03:38:37.564974 n-d-767704-23 neutron-server[103147]: DEBUG neutron_lib.callbacks.manager [None req-d152d92a-0f4e-485f-a961-8d1704c8348b admin admin] Publish callbacks ['neutron.plugins.ml2.ovo_rpc._ObjectChangeHandler.handle_event-985889'] for security_group, after_create {{(pid=103147) _notify_loop /usr/local/lib/python3.8/dist-packages/neutron_lib/callbacks/manager.py:175}}
Nov 12 03:38:37.652930 n-d-767704-23 neutron-server[103146]: INFO neutron.wsgi [req-235ad14b-757e-4fa2-9487-a35be1559c55 req-97ceb5e2-3bae-4fd6-89bd-8a6c665d9700 tempest-LiveMigrationTest-7569075 tempest-LiveMigrationTest-7569075-project] 10.222.0.105 "GET /v2.0/security-groups?id=cd02cbe5-7157-4a85-a2cd-7d3c419781c1&fields=id&fields=name HTTP/1.1" status: 200 len: 286 time: 0.3212123
Nov 12 03:38:37.663047 n-d-767704-23 neutron-server[103147]: INFO neutron.wsgi [None req-d152d92a-0f4e-485f-a961-8d1704c8348b admin admin] 10.222.0.105 "GET /v2.0/security-groups?tenant_id=2e34806ec9604e8281b6d6a4a7dd0fdd&name=default HTTP/1.1" status: 200 len: 2996 time: 0.9141738
Nov 12 03:38:37.663243 n-d-767704-23 neutron-server[103148]: DEBUG neutron.plugins.ml2.db [None req-c3439bc7-4319-46c8-aada-259f8df381c2 None None] For port e6b82748-bba8-4cc4-bad1-deb77848180a, host n-h2-767704-23, got binding levels [PortBindingLevel(driver='hyperv',host='n-h2-767704-23',level=0,port_id=e6b82748-bba8-4cc4-bad1-deb77848180a,segment=NetworkSegment(dc800729-6a34-43b5-a59b-4d882bf527c0),segment_id=dc800729-6a34-43b5-a59b-4d882bf527c0)] {{(pid=103148) get_binding_level_objs /opt/stack/neutron/neutron/plugins/ml2/db.py:74}}
Nov 12 03:38:37.664149 n-d-767704-23 neutron-server[103147]: DEBUG neutron.api.rpc.handlers.resources_rpc [None req-d152d92a-0f4e-485f-a961-8d1704c8348b admin admin] Pushing event updated for resources: {'SecurityGroup': ['ID=a2eaa3c4-fe0c-4678-8d42-e46acc6daade,revision_number=1']} {{(pid=103147) push /opt/stack/neutron/neutron/api/rpc/handlers/resources_rpc.py:237}}
Nov 12 03:38:37.670547 n-d-767704-23 neutron-server[103147]: DEBUG neutron.wsgi [-] (103147) accepted ('10.222.0.105', 48962) {{(pid=103147) server /usr/local/lib/python3.8/dist-packages/eventlet/wsgi.py:982}}
Nov 12 03:38:37.700176 n-d-767704-23 neutron-server[103148]: DEBUG neutron.plugins.ml2.rpc [None req-c3439bc7-4319-46c8-aada-259f8df381c2 None None] Returning: {'device': 'e6b82748-bba8-4cc4-bad1-deb77848180a', 'network_id': '9801b519-b1f3-4577-ae90-2042f1f566c9', 'port_id': 'e6b82748-bba8-4cc4-bad1-deb77848180a', 'mac_address': 'fa:16:3e:87:48:2c', 'admin_state_up': True, 'network_type': 'vlan', 'segmentation_id': 1305, 'physical_network': 'physnet1', 'mtu': 1500, 'fixed_ips': [{'subnet_id': '9aec77fd-2761-4ee6-b3be-3d74cd7b2606', 'ip_address': '192.168.233.107'}], 'device_owner': 'compute:nova', 'allowed_address_pairs': [], 'port_security_enabled': True, 'qos_policy_id': None, 'network_qos_policy_id': None, 'profile': {}, 'propagate_uplink_status': False} {{(pid=103148) _get_device_details /opt/stack/neutron/neutron/plugins/ml2/rpc.py:184}}
Nov 12 03:38:37.762797 n-d-767704-23 neutron-server[103147]: DEBUG neutron_lib.callbacks.manager [None req-c953a2e9-0541-4a58-9701-e288d1b84f8a admin admin] Publish callbacks [] for security_group, precommit_create {{(pid=103147) _notify_loop /usr/local/lib/python3.8/dist-packages/neutron_lib/callbacks/manager.py:175}}
Nov 12 03:38:37.781900 n-d-767704-23 neutron-server[103147]: DEBUG neutron_lib.callbacks.manager [None req-e59cb98b-f9dc-43a5-94d8-49d65ce03196 admin admin] Publish callbacks [] for security_group, before_delete {{(pid=103147) _notify_loop /usr/local/lib/python3.8/dist-packages/neutron_lib/callbacks/manager.py:175}}
Nov 12 03:38:37.800076 n-d-767704-23 neutron-server[103148]: DEBUG neutron_lib.callbacks.manager [None req-c3439bc7-4319-46c8-aada-259f8df381c2 None None] Publish callbacks ['neutron.plugins.ml2.plugin.SecurityGroupDbMixin._ensure_default_security_group_handler-3676794'] for port, before_update {{(pid=103148) _notify_loop /usr/local/lib/python3.8/dist-packages/neutron_lib/callbacks/manager.py:175}}
Nov 12 03:38:37.817742 n-d-767704-23 neutron-server[103148]: DEBUG neutron.notifiers.nova [None req-c3439bc7-4319-46c8-aada-259f8df381c2 None None] Ignoring state change previous_port_status: DOWN current_port_status: BUILD port_id e6b82748-bba8-4cc4-bad1-deb77848180a {{(pid=103148) record_port_status_changed /opt/stack/neutron/neutron/notifiers/nova.py:224}}
Nov 12 03:38:37.832347 n-d-767704-23 neutron-server[103147]: DEBUG neutron_lib.callbacks.manager [None req-e59cb98b-f9dc-43a5-94d8-49d65ce03196 admin admin] Publish callbacks [] for security_group, precommit_delete {{(pid=103147) _notify_loop /usr/local/lib/python3.8/dist-packages/neutron_lib/callbacks/manager.py:175}}
Nov 12 03:38:37.839685 n-d-767704-23 neutron-server[103146]: INFO neutron.db.l3_db [None req-75fea5d1-4033-4fed-ae1f-acaf17895882 tempest-ServersWithSpecificFlavorTestJSON-1779461460 tempest-ServersWithSpecificFlavorTestJSON-1779461460-project] Floating IP 55fd343c-41b8-4cdd-a886-b9cdc5a0d676 associated. External IP: 172.25.8.63, port: 2a1755c0-367c-418c-87e8-bd006aadb821.
Nov 12 03:38:37.857379 n-d-767704-23 neutron-server[103148]: DEBUG neutron.plugins.ml2.db [None req-c3439bc7-4319-46c8-aada-259f8df381c2 None None] For port e6b82748-bba8-4cc4-bad1-deb77848180a, host n-h2-767704-23, got binding levels [PortBindingLevel(driver='hyperv',host='n-h2-767704-23',level=0,port_id=e6b82748-bba8-4cc4-bad1-deb77848180a,segment=NetworkSegment(dc800729-6a34-43b5-a59b-4d882bf527c0),segment_id=dc800729-6a34-43b5-a59b-4d882bf527c0)] {{(pid=103148) get_binding_level_objs /opt/stack/neutron/neutron/plugins/ml2/db.py:74}}
Nov 12 03:38:37.923229 n-d-767704-23 neutron-server[103147]: DEBUG neutron_lib.callbacks.manager [None req-c953a2e9-0541-4a58-9701-e288d1b84f8a admin admin] Publish callbacks ['neutron.plugins.ml2.ovo_rpc._ObjectChangeHandler.handle_event-985889'] for security_group, after_create {{(pid=103147) _notify_loop /usr/local/lib/python3.8/dist-packages/neutron_lib/callbacks/manager.py:175}}
