May 19 01:46:06.453154 n-d-767704-18 devstack@placement-api.service[92773]: [pid: 92773|app: 0|req: 195/386] 10.222.0.49 () {64 vars in 1433 bytes} [Wed May 19 01:46:06 2021] PUT /placement/allocations/3c56fcb7-ef8d-4f58-97a4-7edc8c3c27a2 => generated 0 bytes in 81 msecs (HTTP/1.1 204) 5 headers in 199 bytes (2 switches on core 0)
May 19 01:46:07.097370 n-d-767704-18 devstack@placement-api.service[92774]: DEBUG placement.requestlog [req-ecdec4c4-18fb-43fe-8493-1bc97b03916a req-546ed16b-0378-4ecc-9797-8c8586da2da8 None None] Starting request: 10.222.0.44 "GET /placement/allocations/3c56fcb7-ef8d-4f58-97a4-7edc8c3c27a2" {{(pid=92774) __call__ /opt/stack/placement/placement/requestlog.py:55}}
May 19 01:46:07.123338 n-d-767704-18 devstack@placement-api.service[92774]: INFO placement.requestlog [req-ecdec4c4-18fb-43fe-8493-1bc97b03916a req-546ed16b-0378-4ecc-9797-8c8586da2da8 service placement] 10.222.0.44 "GET /placement/allocations/3c56fcb7-ef8d-4f58-97a4-7edc8c3c27a2" status: 200 len: 259 microversion: 1.28
May 19 01:46:07.123727 n-d-767704-18 devstack@placement-api.service[92774]: [pid: 92774|app: 0|req: 192/387] 10.222.0.44 () {60 vars in 1378 bytes} [Wed May 19 01:46:07 2021] GET /placement/allocations/3c56fcb7-ef8d-4f58-97a4-7edc8c3c27a2 => generated 259 bytes in 27 msecs (HTTP/1.1 200) 8 headers in 296 bytes (1 switches on core 0)
May 19 01:46:19.660894 n-d-767704-18 devstack@placement-api.service[92773]: DEBUG placement.requestlog [req-bc71f75b-ebb7-4ab6-adef-5a29eb4fbbd5 req-2c616797-2dd1-4e84-9d38-86e8e7b08468 None None] Starting request: 10.222.0.53 "GET /placement/allocations/0208ae3c-3fc3-4f23-b58e-0697f330ff43" {{(pid=92773) __call__ /opt/stack/placement/placement/requestlog.py:55}}
May 19 01:46:19.691911 n-d-767704-18 devstack@placement-api.service[92773]: INFO placement.requestlog [req-bc71f75b-ebb7-4ab6-adef-5a29eb4fbbd5 req-2c616797-2dd1-4e84-9d38-86e8e7b08468 service placement] 10.222.0.53 "GET /placement/allocations/0208ae3c-3fc3-4f23-b58e-0697f330ff43" status: 200 len: 259 microversion: 1.28
May 19 01:46:19.692599 n-d-767704-18 devstack@placement-api.service[92773]: [pid: 92773|app: 0|req: 196/388] 10.222.0.53 () {60 vars in 1378 bytes} [Wed May 19 01:46:19 2021] GET /placement/allocations/0208ae3c-3fc3-4f23-b58e-0697f330ff43 => generated 259 bytes in 32 msecs (HTTP/1.1 200) 8 headers in 296 bytes (2 switches on core 0)
May 19 01:46:19.699670 n-d-767704-18 devstack@placement-api.service[92774]: DEBUG placement.requestlog [req-bc71f75b-ebb7-4ab6-adef-5a29eb4fbbd5 req-75b6f57a-14ec-4cac-b3af-56457a229556 None None] Starting request: 10.222.0.53 "PUT /placement/allocations/0208ae3c-3fc3-4f23-b58e-0697f330ff43" {{(pid=92774) __call__ /opt/stack/placement/placement/requestlog.py:55}}
May 19 01:46:19.794369 n-d-767704-18 devstack@placement-api.service[92773]: DEBUG placement.requestlog [req-4f43d1b5-cb32-4d1d-9d48-6f866ede242f req-96e0c4ce-b02f-4912-9e27-b07745836545 None None] Starting request: 10.222.0.49 "GET /placement/allocation_candidates?limit=1000&resources=DISK_GB%3A1%2CMEMORY_MB%3A1024%2CVCPU%3A1&root_required=%21COMPUTE_STATUS_DISABLED" {{(pid=92773) __call__ /opt/stack/placement/placement/requestlog.py:55}}
May 19 01:46:19.848106 n-d-767704-18 devstack@placement-api.service[92774]: DEBUG placement.handlers.allocation [req-bc71f75b-ebb7-4ab6-adef-5a29eb4fbbd5 req-75b6f57a-14ec-4cac-b3af-56457a229556 service placement] Successfully wrote allocations [, , ] {{(pid=92774) _create_allocations /opt/stack/placement/placement/handlers/allocation.py:435}}
May 19 01:46:19.849072 n-d-767704-18 devstack@placement-api.service[92774]: INFO placement.requestlog [req-bc71f75b-ebb7-4ab6-adef-5a29eb4fbbd5 req-75b6f57a-14ec-4cac-b3af-56457a229556 service placement] 10.222.0.53 "PUT /placement/allocations/0208ae3c-3fc3-4f23-b58e-0697f330ff43" status: 204 len: 0 microversion: 1.28
May 19 01:46:19.849474 n-d-767704-18 devstack@placement-api.service[92774]: [pid: 92774|app: 0|req: 193/389] 10.222.0.53 () {64 vars in 1431 bytes} [Wed May 19 01:46:19 2021] PUT /placement/allocations/0208ae3c-3fc3-4f23-b58e-0697f330ff43 => generated 0 bytes in 150 msecs (HTTP/1.1 204) 5 headers in 199 bytes (1 switches on core 0)
May 19 01:46:19.877102 n-d-767704-18 devstack@placement-api.service[92773]: DEBUG placement.objects.research_context [req-4f43d1b5-cb32-4d1d-9d48-6f866ede242f req-96e0c4ce-b02f-4912-9e27-b07745836545 service placement] getting providers with 1 DISK_GB {{(pid=92773) __init__ /opt/stack/placement/placement/objects/research_context.py:126}}
May 19 01:46:19.915365 n-d-767704-18 devstack@placement-api.service[92773]: DEBUG placement.objects.research_context [req-4f43d1b5-cb32-4d1d-9d48-6f866ede242f req-96e0c4ce-b02f-4912-9e27-b07745836545 service placement] getting providers with 1024 MEMORY_MB {{(pid=92773) __init__ /opt/stack/placement/placement/objects/research_context.py:126}}
May 19 01:46:19.938614 n-d-767704-18 devstack@placement-api.service[92773]: DEBUG placement.objects.research_context [req-4f43d1b5-cb32-4d1d-9d48-6f866ede242f req-96e0c4ce-b02f-4912-9e27-b07745836545 service placement] getting providers with 1 VCPU {{(pid=92773) __init__ /opt/stack/placement/placement/objects/research_context.py:126}}
May 19 01:46:19.949335 n-d-767704-18 devstack@placement-api.service[92773]: DEBUG placement.objects.research_context [req-4f43d1b5-cb32-4d1d-9d48-6f866ede242f req-96e0c4ce-b02f-4912-9e27-b07745836545 service placement] found 2 providers with available 1 DISK_GB {{(pid=92773) get_provider_ids_matching /opt/stack/placement/placement/objects/research_context.py:549}}
May 19 01:46:19.949609 n-d-767704-18 devstack@placement-api.service[92773]: DEBUG placement.objects.research_context [req-4f43d1b5-cb32-4d1d-9d48-6f866ede242f req-96e0c4ce-b02f-4912-9e27-b07745836545 service placement] found 2 providers with available 1024 MEMORY_MB {{(pid=92773) get_provider_ids_matching /opt/stack/placement/placement/objects/research_context.py:549}}
May 19 01:46:19.949883 n-d-767704-18 devstack@placement-api.service[92773]: DEBUG placement.objects.research_context [req-4f43d1b5-cb32-4d1d-9d48-6f866ede242f req-96e0c4ce-b02f-4912-9e27-b07745836545 service placement] found 2 providers after filtering by previous result {{(pid=92773) get_provider_ids_matching /opt/stack/placement/placement/objects/research_context.py:580}}
May 19 01:46:19.950262 n-d-767704-18 devstack@placement-api.service[92773]: DEBUG placement.objects.research_context [req-4f43d1b5-cb32-4d1d-9d48-6f866ede242f req-96e0c4ce-b02f-4912-9e27-b07745836545 service placement] found 2 providers with available 1 VCPU {{(pid=92773) get_provider_ids_matching /opt/stack/placement/placement/objects/research_context.py:549}}
May 19 01:46:19.950525 n-d-767704-18 devstack@placement-api.service[92773]: DEBUG placement.objects.research_context [req-4f43d1b5-cb32-4d1d-9d48-6f866ede242f req-96e0c4ce-b02f-4912-9e27-b07745836545 service placement] found 2 providers after filtering by previous result {{(pid=92773) get_provider_ids_matching /opt/stack/placement/placement/objects/research_context.py:580}}
May 19 01:46:19.981618 n-d-767704-18 devstack@placement-api.service[92773]: DEBUG placement.objects.allocation_candidate [req-4f43d1b5-cb32-4d1d-9d48-6f866ede242f req-96e0c4ce-b02f-4912-9e27-b07745836545 service placement] RequestGroup(use_same_provider=False, resources={DISK_GB:1, MEMORY_MB:1024, VCPU:1}, traits=[], aggregates=[]) (suffix '') returned 2 matches {{(pid=92773) _get_by_requests /opt/stack/placement/placement/objects/allocation_candidate.py:145}}
May 19 01:46:19.981985 n-d-767704-18 devstack@placement-api.service[92773]: DEBUG placement.objects.allocation_candidate [req-4f43d1b5-cb32-4d1d-9d48-6f866ede242f req-96e0c4ce-b02f-4912-9e27-b07745836545 service placement] Merging candidates yields 2 allocation requests and 2 provider summaries {{(pid=92773) _merge_candidates /opt/stack/placement/placement/objects/allocation_candidate.py:783}}
May 19 01:46:19.984306 n-d-767704-18 devstack@placement-api.service[92773]: INFO placement.requestlog [req-4f43d1b5-cb32-4d1d-9d48-6f866ede242f req-96e0c4ce-b02f-4912-9e27-b07745836545 service placement] 10.222.0.49 "GET /placement/allocation_candidates?limit=1000&resources=DISK_GB%3A1%2CMEMORY_MB%3A1024%2CVCPU%3A1&root_required=%21COMPUTE_STATUS_DISABLED" status: 200 len: 1309 microversion: 1.35
May 19 01:46:19.998507 n-d-767704-18 devstack@placement-api.service[92773]: [pid: 92773|app: 0|req: 197/390] 10.222.0.49 () {60 vars in 1506 bytes} [Wed May 19 01:46:19 2021] GET /placement/allocation_candidates?limit=1000&resources=DISK_GB%3A1%2CMEMORY_MB%3A1024%2CVCPU%3A1&root_required=%21COMPUTE_STATUS_DISABLED => generated 1309 bytes in 204 msecs (HTTP/1.1 200) 8 headers in 297 bytes (2 switches on core 0)
May 19 01:46:20.065239 n-d-767704-18 devstack@placement-api.service[92774]: DEBUG placement.requestlog [req-4f43d1b5-cb32-4d1d-9d48-6f866ede242f req-2a9f3668-b650-407e-9281-230e03a1aba2 None None] Starting request: 10.222.0.49 "GET /placement/allocations/3cd36dad-8600-4866-9ab8-fb05b6a8c0a5" {{(pid=92774) __call__ /opt/stack/placement/placement/requestlog.py:55}}
May 19 01:46:20.101819 n-d-767704-18 devstack@placement-api.service[92774]: INFO placement.requestlog [req-4f43d1b5-cb32-4d1d-9d48-6f866ede242f req-2a9f3668-b650-407e-9281-230e03a1aba2 service placement] 10.222.0.49 "GET /placement/allocations/3cd36dad-8600-4866-9ab8-fb05b6a8c0a5" status: 200 len: 19 microversion: 1.28
May 19 01:46:20.103542 n-d-767704-18 devstack@placement-api.service[92774]: [pid: 92774|app: 0|req: 194/391] 10.222.0.49 () {60 vars in 1380 bytes} [Wed May 19 01:46:20 2021] GET /placement/allocations/3cd36dad-8600-4866-9ab8-fb05b6a8c0a5 => generated 19 bytes in 39 msecs (HTTP/1.1 200) 8 headers in 295 bytes (1 switches on core 0)
May 19 01:46:20.111105 n-d-767704-18 devstack@placement-api.service[92773]: DEBUG placement.requestlog [req-4f43d1b5-cb32-4d1d-9d48-6f866ede242f req-848e69e8-3a43-4c18-a6a5-bdbb423761ab None None] Starting request: 10.222.0.49 "PUT /placement/allocations/3cd36dad-8600-4866-9ab8-fb05b6a8c0a5" {{(pid=92773) __call__ /opt/stack/placement/placement/requestlog.py:55}}
May 19 01:46:20.197064 n-d-767704-18 devstack@placement-api.service[92773]: DEBUG placement.handlers.allocation [req-4f43d1b5-cb32-4d1d-9d48-6f866ede242f req-848e69e8-3a43-4c18-a6a5-bdbb423761ab service placement] Successfully wrote allocations [, , ] {{(pid=92773) _create_allocations /opt/stack/placement/placement/handlers/allocation.py:435}}
May 19 01:46:20.197894 n-d-767704-18 devstack@placement-api.service[92773]: INFO placement.requestlog [req-4f43d1b5-cb32-4d1d-9d48-6f866ede242f req-848e69e8-3a43-4c18-a6a5-bdbb423761ab service placement] 10.222.0.49 "PUT /placement/allocations/3cd36dad-8600-4866-9ab8-fb05b6a8c0a5" status: 204 len: 0 microversion: 1.35
May 19 01:46:20.198763 n-d-767704-18 devstack@placement-api.service[92773]: [pid: 92773|app: 0|req: 198/392] 10.222.0.49 () {64 vars in 1433 bytes} [Wed May 19 01:46:20 2021] PUT /placement/allocations/3cd36dad-8600-4866-9ab8-fb05b6a8c0a5 => generated 0 bytes in 88 msecs (HTTP/1.1 204) 5 headers in 199 bytes (1 switches on core 0)
May 19 01:46:20.790406 n-d-767704-18 devstack@placement-api.service[92774]: DEBUG placement.requestlog [req-4f43d1b5-cb32-4d1d-9d48-6f866ede242f req-ffaa7792-0cc7-4019-bbb4-deddc5e91604 None None] Starting request: 10.222.0.53 "GET /placement/allocations/3cd36dad-8600-4866-9ab8-fb05b6a8c0a5" {{(pid=92774) __call__ /opt/stack/placement/placement/requestlog.py:55}}
May 19 01:46:20.821310 n-d-767704-18 devstack@placement-api.service[92774]: INFO placement.requestlog [req-4f43d1b5-cb32-4d1d-9d48-6f866ede242f req-ffaa7792-0cc7-4019-bbb4-deddc5e91604 service placement] 10.222.0.53 "GET /placement/allocations/3cd36dad-8600-4866-9ab8-fb05b6a8c0a5" status: 200 len: 259 microversion: 1.28
May 19 01:46:20.822420 n-d-767704-18 devstack@placement-api.service[92774]: [pid: 92774|app: 0|req: 195/393] 10.222.0.53 () {60 vars in 1378 bytes} [Wed May 19 01:46:20 2021] GET /placement/allocations/3cd36dad-8600-4866-9ab8-fb05b6a8c0a5 => generated 259 bytes in 32 msecs (HTTP/1.1 200) 8 headers in 296 bytes (1 switches on core 0)
May 19 01:46:21.195512 n-d-767704-18 devstack@placement-api.service[92773]: DEBUG placement.requestlog [req-3606adbf-c97b-496b-89ed-a23b9cd9ed89 req-2df9f473-857c-476b-a0d3-ef83ad9a0d14 None None] Starting request: 10.222.0.49 "GET /placement/allocation_candidates?limit=1000&resources=DISK_GB%3A1%2CMEMORY_MB%3A1024%2CVCPU%3A1&root_required=%21COMPUTE_STATUS_DISABLED" {{(pid=92773) __call__ /opt/stack/placement/placement/requestlog.py:55}}
May 19 01:46:21.235258 n-d-767704-18 devstack@placement-api.service[92773]: DEBUG placement.objects.research_context [req-3606adbf-c97b-496b-89ed-a23b9cd9ed89 req-2df9f473-857c-476b-a0d3-ef83ad9a0d14 service placement] getting providers with 1 DISK_GB {{(pid=92773) __init__ /opt/stack/placement/placement/objects/research_context.py:126}}
May 19 01:46:21.244012 n-d-767704-18 devstack@placement-api.service[92773]: DEBUG placement.objects.research_context [req-3606adbf-c97b-496b-89ed-a23b9cd9ed89 req-2df9f473-857c-476b-a0d3-ef83ad9a0d14 service placement] getting providers with 1024 MEMORY_MB {{(pid=92773) __init__ /opt/stack/placement/placement/objects/research_context.py:126}}
May 19 01:46:21.253141 n-d-767704-18 devstack@placement-api.service[92773]: DEBUG placement.objects.research_context [req-3606adbf-c97b-496b-89ed-a23b9cd9ed89 req-2df9f473-857c-476b-a0d3-ef83ad9a0d14 service placement] getting providers with 1 VCPU {{(pid=92773) __init__ /opt/stack/placement/placement/objects/research_context.py:126}}
May 19 01:46:21.262065 n-d-767704-18 devstack@placement-api.service[92773]: DEBUG placement.objects.research_context [req-3606adbf-c97b-496b-89ed-a23b9cd9ed89 req-2df9f473-857c-476b-a0d3-ef83ad9a0d14 service placement] found 2 providers with available 1 DISK_GB {{(pid=92773) get_provider_ids_matching /opt/stack/placement/placement/objects/research_context.py:549}}
May 19 01:46:21.262490 n-d-767704-18 devstack@placement-api.service[92773]: DEBUG placement.objects.research_context [req-3606adbf-c97b-496b-89ed-a23b9cd9ed89 req-2df9f473-857c-476b-a0d3-ef83ad9a0d14 service placement] found 2 providers with available 1024 MEMORY_MB {{(pid=92773) get_provider_ids_matching /opt/stack/placement/placement/objects/research_context.py:549}}
May 19 01:46:21.263030 n-d-767704-18 devstack@placement-api.service[92773]: DEBUG placement.objects.research_context [req-3606adbf-c97b-496b-89ed-a23b9cd9ed89 req-2df9f473-857c-476b-a0d3-ef83ad9a0d14 service placement] found 2 providers after filtering by previous result {{(pid=92773) get_provider_ids_matching /opt/stack/placement/placement/objects/research_context.py:580}}
May 19 01:46:21.263501 n-d-767704-18 devstack@placement-api.service[92773]: DEBUG placement.objects.research_context [req-3606adbf-c97b-496b-89ed-a23b9cd9ed89 req-2df9f473-857c-476b-a0d3-ef83ad9a0d14 service placement] found 2 providers with available 1 VCPU {{(pid=92773) get_provider_ids_matching /opt/stack/placement/placement/objects/research_context.py:549}}
May 19 01:46:21.264049 n-d-767704-18 devstack@placement-api.service[92773]: DEBUG placement.objects.research_context [req-3606adbf-c97b-496b-89ed-a23b9cd9ed89 req-2df9f473-857c-476b-a0d3-ef83ad9a0d14 service placement] found 2 providers after filtering by previous result {{(pid=92773) get_provider_ids_matching /opt/stack/placement/placement/objects/research_context.py:580}}
May 19 01:46:21.289509 n-d-767704-18 devstack@placement-api.service[92773]: DEBUG placement.objects.allocation_candidate [req-3606adbf-c97b-496b-89ed-a23b9cd9ed89 req-2df9f473-857c-476b-a0d3-ef83ad9a0d14 service placement] RequestGroup(use_same_provider=False, resources={DISK_GB:1, MEMORY_MB:1024, VCPU:1}, traits=[], aggregates=[]) (suffix '') returned 2 matches {{(pid=92773) _get_by_requests /opt/stack/placement/placement/objects/allocation_candidate.py:145}}
May 19 01:46:21.293267 n-d-767704-18 devstack@placement-api.service[92773]: DEBUG placement.objects.allocation_candidate [req-3606adbf-c97b-496b-89ed-a23b9cd9ed89 req-2df9f473-857c-476b-a0d3-ef83ad9a0d14 service placement] Merging candidates yields 2 allocation requests and 2 provider summaries {{(pid=92773) _merge_candidates /opt/stack/placement/placement/objects/allocation_candidate.py:783}}
May 19 01:46:21.297091 n-d-767704-18 devstack@placement-api.service[92773]: INFO placement.requestlog [req-3606adbf-c97b-496b-89ed-a23b9cd9ed89 req-2df9f473-857c-476b-a0d3-ef83ad9a0d14 service placement] 10.222.0.49 "GET /placement/allocation_candidates?limit=1000&resources=DISK_GB%3A1%2CMEMORY_MB%3A1024%2CVCPU%3A1&root_required=%21COMPUTE_STATUS_DISABLED" status: 200 len: 1309 microversion: 1.35
May 19 01:46:21.311360 n-d-767704-18 devstack@placement-api.service[92773]: [pid: 92773|app: 0|req: 199/394] 10.222.0.49 () {60 vars in 1506 bytes} [Wed May 19 01:46:21 2021] GET /placement/allocation_candidates?limit=1000&resources=DISK_GB%3A1%2CMEMORY_MB%3A1024%2CVCPU%3A1&root_required=%21COMPUTE_STATUS_DISABLED => generated 1309 bytes in 108 msecs (HTTP/1.1 200) 8 headers in 297 bytes (1 switches on core 0)
May 19 01:46:21.433522 n-d-767704-18 devstack@placement-api.service[92774]: DEBUG placement.requestlog [req-3606adbf-c97b-496b-89ed-a23b9cd9ed89 req-cb270a86-675f-4fed-a782-37c3448a5702 None None] Starting request: 10.222.0.49 "GET /placement/allocations/5f0a2b7e-fd9a-4434-b8d5-dd5c2afed08d" {{(pid=92774) __call__ /opt/stack/placement/placement/requestlog.py:55}}
May 19 01:46:21.461667 n-d-767704-18 devstack@placement-api.service[92774]: INFO placement.requestlog [req-3606adbf-c97b-496b-89ed-a23b9cd9ed89 req-cb270a86-675f-4fed-a782-37c3448a5702 service placement] 10.222.0.49 "GET /placement/allocations/5f0a2b7e-fd9a-4434-b8d5-dd5c2afed08d" status: 200 len: 19 microversion: 1.28
May 19 01:46:21.464444 n-d-767704-18 devstack@placement-api.service[92774]: [pid: 92774|app: 0|req: 196/395] 10.222.0.49 () {60 vars in 1380 bytes} [Wed May 19 01:46:21 2021] GET /placement/allocations/5f0a2b7e-fd9a-4434-b8d5-dd5c2afed08d => generated 19 bytes in 31 msecs (HTTP/1.1 200) 8 headers in 295 bytes (2 switches on core 0)
May 19 01:46:21.477938 n-d-767704-18 devstack@placement-api.service[92773]: DEBUG placement.requestlog [req-3606adbf-c97b-496b-89ed-a23b9cd9ed89 req-ee641962-d6e7-4ac6-a301-165f708e8b31 None None] Starting request: 10.222.0.49 "PUT /placement/allocations/5f0a2b7e-fd9a-4434-b8d5-dd5c2afed08d" {{(pid=92773) __call__ /opt/stack/placement/placement/requestlog.py:55}}
May 19 01:46:21.617159 n-d-767704-18 devstack@placement-api.service[92773]: DEBUG placement.handlers.allocation [req-3606adbf-c97b-496b-89ed-a23b9cd9ed89 req-ee641962-d6e7-4ac6-a301-165f708e8b31 service placement] Successfully wrote allocations [, , ] {{(pid=92773) _create_allocations /opt/stack/placement/placement/handlers/allocation.py:435}}
May 19 01:46:21.618181 n-d-767704-18 devstack@placement-api.service[92773]: INFO placement.requestlog [req-3606adbf-c97b-496b-89ed-a23b9cd9ed89 req-ee641962-d6e7-4ac6-a301-165f708e8b31 service placement] 10.222.0.49 "PUT /placement/allocations/5f0a2b7e-fd9a-4434-b8d5-dd5c2afed08d" status: 204 len: 0 microversion: 1.35
May 19 01:46:21.618617 n-d-767704-18 devstack@placement-api.service[92773]: [pid: 92773|app: 0|req: 200/396] 10.222.0.49 () {64 vars in 1433 bytes} [Wed May 19 01:46:21 2021] PUT /placement/allocations/5f0a2b7e-fd9a-4434-b8d5-dd5c2afed08d => generated 0 bytes in 141 msecs (HTTP/1.1 204) 5 headers in 199 bytes (1 switches on core 0)
May 19 01:46:22.287814 n-d-767704-18 devstack@placement-api.service[92774]: DEBUG placement.requestlog [req-3606adbf-c97b-496b-89ed-a23b9cd9ed89 req-ed65e155-d960-4ef1-9178-1d44146af69a None None] Starting request: 10.222.0.44 "GET /placement/allocations/5f0a2b7e-fd9a-4434-b8d5-dd5c2afed08d" {{(pid=92774) __call__ /opt/stack/placement/placement/requestlog.py:55}}
May 19 01:46:22.320919 n-d-767704-18 devstack@placement-api.service[92774]: INFO placement.requestlog [req-3606adbf-c97b-496b-89ed-a23b9cd9ed89 req-ed65e155-d960-4ef1-9178-1d44146af69a service placement] 10.222.0.44 "GET /placement/allocations/5f0a2b7e-fd9a-4434-b8d5-dd5c2afed08d" status: 200 len: 259 microversion: 1.28
May 19 01:46:22.321193 n-d-767704-18 devstack@placement-api.service[92774]: [pid: 92774|app: 0|req: 197/397] 10.222.0.44 () {60 vars in 1378 bytes} [Wed May 19 01:46:22 2021] GET /placement/allocations/5f0a2b7e-fd9a-4434-b8d5-dd5c2afed08d => generated 259 bytes in 34 msecs (HTTP/1.1 200) 8 headers in 296 bytes (2 switches on core 0)
May 19 01:46:24.370846 n-d-767704-18 devstack@placement-api.service[92773]: DEBUG placement.requestlog [req-5ddeed27-ab20-4099-acf7-108f2481afeb req-d151d4fa-0c0a-48bb-a01d-1ecee4f09dbf None None] Starting request: 10.222.0.44 "GET /placement/allocations/a1e9dba1-4a10-43f6-bfe3-004e05d1eb24" {{(pid=92773) __call__ /opt/stack/placement/placement/requestlog.py:55}}
May 19 01:46:24.401870 n-d-767704-18 devstack@placement-api.service[92773]: INFO placement.requestlog [req-5ddeed27-ab20-4099-acf7-108f2481afeb req-d151d4fa-0c0a-48bb-a01d-1ecee4f09dbf service placement] 10.222.0.44 "GET /placement/allocations/a1e9dba1-4a10-43f6-bfe3-004e05d1eb24" status: 200 len: 259 microversion: 1.28
May 19 01:46:24.402776 n-d-767704-18 devstack@placement-api.service[92773]: [pid: 92773|app: 0|req: 201/398] 10.222.0.44 () {60 vars in 1378 bytes} [Wed May 19 01:46:24 2021] GET /placement/allocations/a1e9dba1-4a10-43f6-bfe3-004e05d1eb24 => generated 259 bytes in 32 msecs (HTTP/1.1 200) 8 headers in 296 bytes (1 switches on core 0)
May 19 01:46:24.412773 n-d-767704-18 devstack@placement-api.service[92774]: DEBUG placement.requestlog [req-5ddeed27-ab20-4099-acf7-108f2481afeb req-391ee607-a6bf-4623-b310-cc9017b897b9 None None] Starting request: 10.222.0.44 "PUT /placement/allocations/a1e9dba1-4a10-43f6-bfe3-004e05d1eb24" {{(pid=92774) __call__ /opt/stack/placement/placement/requestlog.py:55}}
May 19 01:46:24.482750 n-d-767704-18 devstack@placement-api.service[92774]: DEBUG placement.handlers.allocation [req-5ddeed27-ab20-4099-acf7-108f2481afeb req-391ee607-a6bf-4623-b310-cc9017b897b9 service placement] Successfully wrote allocations [, , ] {{(pid=92774) _create_allocations /opt/stack/placement/placement/handlers/allocation.py:435}}
May 19 01:46:24.483545 n-d-767704-18 devstack@placement-api.service[92774]: INFO placement.requestlog [req-5ddeed27-ab20-4099-acf7-108f2481afeb req-391ee607-a6bf-4623-b310-cc9017b897b9 service placement] 10.222.0.44 "PUT /placement/allocations/a1e9dba1-4a10-43f6-bfe3-004e05d1eb24" status: 204 len: 0 microversion: 1.28
May 19 01:46:24.483828 n-d-767704-18 devstack@placement-api.service[92774]: [pid: 92774|app: 0|req: 198/399] 10.222.0.44 () {64 vars in 1431 bytes} [Wed May 19 01:46:24 2021] PUT /placement/allocations/a1e9dba1-4a10-43f6-bfe3-004e05d1eb24 => generated 0 bytes in 71 msecs (HTTP/1.1 204) 5 headers in 199 bytes (1 switches on core 0)
May 19 01:46:25.584857 n-d-767704-18 devstack@placement-api.service[92773]: DEBUG placement.requestlog [req-51459b22-e40e-4760-947c-f73322ef2378 req-2dab7b56-45c5-4f23-a6e5-b83c3845484e None None] Starting request: 10.222.0.53 "GET /placement/resource_providers/c8a13469-39f7-412b-b391-ae0240c0e154/allocations" {{(pid=92773) __call__ /opt/stack/placement/placement/requestlog.py:55}}
May 19 01:46:25.630237 n-d-767704-18 devstack@placement-api.service[92773]: INFO placement.requestlog [req-51459b22-e40e-4760-947c-f73322ef2378 req-2dab7b56-45c5-4f23-a6e5-b83c3845484e service placement] 10.222.0.53 "GET /placement/resource_providers/c8a13469-39f7-412b-b391-ae0240c0e154/allocations" status: 200 len: 732 microversion: 1.0
May 19 01:46:25.630462 n-d-767704-18 devstack@placement-api.service[92773]: [pid: 92773|app: 0|req: 202/400] 10.222.0.53 () {58 vars in 1391 bytes} [Wed May 19 01:46:25 2021] GET /placement/resource_providers/c8a13469-39f7-412b-b391-ae0240c0e154/allocations => generated 732 bytes in 46 msecs (HTTP/1.1 200) 6 headers in 224 bytes (2 switches on core 0)
May 19 01:46:26.030252 n-d-767704-18 devstack@placement-api.service[92774]: DEBUG placement.requestlog [req-51459b22-e40e-4760-947c-f73322ef2378 req-c4d91c3f-de13-4f19-a9f6-592e48974bde None None] Starting request: 10.222.0.53 "GET /placement/allocations/5c607ec8-fce4-48be-b1be-415ee5cc90dd" {{(pid=92774) __call__ /opt/stack/placement/placement/requestlog.py:55}}
May 19 01:46:26.065882 n-d-767704-18 devstack@placement-api.service[92774]: INFO placement.requestlog [req-51459b22-e40e-4760-947c-f73322ef2378 req-c4d91c3f-de13-4f19-a9f6-592e48974bde service placement] 10.222.0.53 "GET /placement/allocations/5c607ec8-fce4-48be-b1be-415ee5cc90dd" status: 200 len: 245 microversion: 1.28
May 19 01:46:26.066497 n-d-767704-18 devstack@placement-api.service[92774]: [pid: 92774|app: 0|req: 199/401] 10.222.0.53 () {60 vars in 1378 bytes} [Wed May 19 01:46:26 2021] GET /placement/allocations/5c607ec8-fce4-48be-b1be-415ee5cc90dd => generated 245 bytes in 37 msecs (HTTP/1.1 200) 8 headers in 296 bytes (1 switches on core 0)
May 19 01:46:26.075687 n-d-767704-18 devstack@placement-api.service[92773]: DEBUG placement.requestlog [req-51459b22-e40e-4760-947c-f73322ef2378 req-97a0b5bc-9f3e-4396-9396-bfc87ee81295 None None] Starting request: 10.222.0.53 "PUT /placement/allocations/5c607ec8-fce4-48be-b1be-415ee5cc90dd" {{(pid=92773) __call__ /opt/stack/placement/placement/requestlog.py:55}}
May 19 01:46:26.216600 n-d-767704-18 devstack@placement-api.service[92773]: DEBUG placement.handlers.allocation [req-51459b22-e40e-4760-947c-f73322ef2378 req-97a0b5bc-9f3e-4396-9396-bfc87ee81295 service placement] Successfully wrote allocations [, ] {{(pid=92773) _create_allocations /opt/stack/placement/placement/handlers/allocation.py:435}}
May 19 01:46:26.217837 n-d-767704-18 devstack@placement-api.service[92773]: INFO placement.requestlog [req-51459b22-e40e-4760-947c-f73322ef2378 req-97a0b5bc-9f3e-4396-9396-bfc87ee81295 service placement] 10.222.0.53 "PUT /placement/allocations/5c607ec8-fce4-48be-b1be-415ee5cc90dd" status: 204 len: 0 microversion: 1.28
May 19 01:46:26.218419 n-d-767704-18 devstack@placement-api.service[92773]: [pid: 92773|app: 0|req: 203/402] 10.222.0.53 () {64 vars in 1431 bytes} [Wed May 19 01:46:26 2021] PUT /placement/allocations/5c607ec8-fce4-48be-b1be-415ee5cc90dd => generated 0 bytes in 143 msecs (HTTP/1.1 204) 5 headers in 199 bytes (1 switches on core 0)
May 19 01:46:34.580887 n-d-767704-18 devstack@placement-api.service[92774]: DEBUG placement.requestlog [req-3c9ce191-24e2-4930-8d41-47c405eac4a7 req-efb6d885-a2f1-47eb-8ade-daea04013eff None None] Starting request: 10.222.0.44 "GET /placement/resource_providers/8c84e1f4-aad4-4d92-8abd-0187c68cd29d/allocations" {{(pid=92774) __call__ /opt/stack/placement/placement/requestlog.py:55}}
May 19 01:46:34.687994 n-d-767704-18 devstack@placement-api.service[92774]: INFO placement.requestlog [req-3c9ce191-24e2-4930-8d41-47c405eac4a7 req-efb6d885-a2f1-47eb-8ade-daea04013eff service placement] 10.222.0.44 "GET /placement/resource_providers/8c84e1f4-aad4-4d92-8abd-0187c68cd29d/allocations" status: 200 len: 732 microversion: 1.0
May 19 01:46:34.688244 n-d-767704-18 devstack@placement-api.service[92774]: [pid: 92774|app: 0|req: 200/403] 10.222.0.44 () {58 vars in 1391 bytes} [Wed May 19 01:46:34 2021] GET /placement/resource_providers/8c84e1f4-aad4-4d92-8abd-0187c68cd29d/allocations => generated 732 bytes in 108 msecs (HTTP/1.1 200) 6 headers in 224 bytes (2 switches on core 0)
May 19 01:46:35.141377 n-d-767704-18 devstack@placement-api.service[92773]: DEBUG placement.requestlog [req-189f651d-fe11-4e53-84d6-c127de0fddb6 req-d09babde-7486-4a92-b298-c9539d99079f None None] Starting request: 10.222.0.53 "GET /placement/resource_providers/c8a13469-39f7-412b-b391-ae0240c0e154/allocations" {{(pid=92773) __call__ /opt/stack/placement/placement/requestlog.py:55}}
May 19 01:46:35.204119 n-d-767704-18 devstack@placement-api.service[92773]: INFO placement.requestlog [req-189f651d-fe11-4e53-84d6-c127de0fddb6 req-d09babde-7486-4a92-b298-c9539d99079f service placement] 10.222.0.53 "GET /placement/resource_providers/c8a13469-39f7-412b-b391-ae0240c0e154/allocations" status: 200 len: 645 microversion: 1.0
May 19 01:46:35.206780 n-d-767704-18 devstack@placement-api.service[92773]: [pid: 92773|app: 0|req: 204/404] 10.222.0.53 () {58 vars in 1391 bytes} [Wed May 19 01:46:35 2021] GET /placement/resource_providers/c8a13469-39f7-412b-b391-ae0240c0e154/allocations => generated 645 bytes in 65 msecs (HTTP/1.1 200) 6 headers in 224 bytes (1 switches on core 0)
May 19 01:46:35.293310 n-d-767704-18 devstack@placement-api.service[92774]: DEBUG placement.requestlog [req-170679be-c422-4b38-83e0-a6404f59c016 req-c54f6fcd-fb29-4da2-94b8-297ebc4a640f None None] Starting request: 10.222.0.44 "GET /placement/allocations/3c56fcb7-ef8d-4f58-97a4-7edc8c3c27a2" {{(pid=92774) __call__ /opt/stack/placement/placement/requestlog.py:55}}
May 19 01:46:35.346758 n-d-767704-18 devstack@placement-api.service[92774]: INFO placement.requestlog [req-170679be-c422-4b38-83e0-a6404f59c016 req-c54f6fcd-fb29-4da2-94b8-297ebc4a640f service placement] 10.222.0.44 "GET /placement/allocations/3c56fcb7-ef8d-4f58-97a4-7edc8c3c27a2" status: 200 len: 259 microversion: 1.28
May 19 01:46:35.349947 n-d-767704-18 devstack@placement-api.service[92774]: [pid: 92774|app: 0|req: 201/405] 10.222.0.44 () {60 vars in 1378 bytes} [Wed May 19 01:46:35 2021] GET /placement/allocations/3c56fcb7-ef8d-4f58-97a4-7edc8c3c27a2 => generated 259 bytes in 57 msecs (HTTP/1.1 200) 8 headers in 296 bytes (1 switches on core 0)
May 19 01:46:35.357702 n-d-767704-18 devstack@placement-api.service[92773]: DEBUG placement.requestlog [req-170679be-c422-4b38-83e0-a6404f59c016 req-ea2df46a-5900-44dd-8e7b-03969e04dd50 None None] Starting request: 10.222.0.44 "PUT /placement/allocations/3c56fcb7-ef8d-4f58-97a4-7edc8c3c27a2" {{(pid=92773) __call__ /opt/stack/placement/placement/requestlog.py:55}}
May 19 01:46:35.563362 n-d-767704-18 devstack@placement-api.service[92773]: DEBUG placement.handlers.allocation [req-170679be-c422-4b38-83e0-a6404f59c016 req-ea2df46a-5900-44dd-8e7b-03969e04dd50 service placement] Successfully wrote allocations [, , ] {{(pid=92773) _create_allocations /opt/stack/placement/placement/handlers/allocation.py:435}}
May 19 01:46:35.563940 n-d-767704-18 devstack@placement-api.service[92773]: INFO placement.requestlog [req-170679be-c422-4b38-83e0-a6404f59c016 req-ea2df46a-5900-44dd-8e7b-03969e04dd50 service placement] 10.222.0.44 "PUT /placement/allocations/3c56fcb7-ef8d-4f58-97a4-7edc8c3c27a2" status: 204 len: 0 microversion: 1.28
May 19 01:46:35.564632 n-d-767704-18 devstack@placement-api.service[92773]: [pid: 92773|app: 0|req: 205/406] 10.222.0.44 () {64 vars in 1431 bytes} [Wed May 19 01:46:35 2021] PUT /placement/allocations/3c56fcb7-ef8d-4f58-97a4-7edc8c3c27a2 => generated 0 bytes in 207 msecs (HTTP/1.1 204) 5 headers in 199 bytes (2 switches on core 0)
May 19 01:46:38.099638 n-d-767704-18 devstack@placement-api.service[92774]: DEBUG placement.requestlog [req-b1fffa7c-a9ac-49b0-8091-33ceb3e026f0 req-90075704-0bc3-45cd-9886-af7b02c53e86 None None] Starting request: 10.222.0.49 "GET /placement/allocation_candidates?limit=1000&resources=DISK_GB%3A1%2CMEMORY_MB%3A1024%2CVCPU%3A1&root_required=%21COMPUTE_STATUS_DISABLED" {{(pid=92774) __call__ /opt/stack/placement/placement/requestlog.py:55}}
May 19 01:46:38.147109 n-d-767704-18 devstack@placement-api.service[92774]: DEBUG placement.objects.research_context [req-b1fffa7c-a9ac-49b0-8091-33ceb3e026f0 req-90075704-0bc3-45cd-9886-af7b02c53e86 service placement] getting providers with 1 DISK_GB {{(pid=92774) __init__ /opt/stack/placement/placement/objects/research_context.py:126}}
May 19 01:46:38.158064 n-d-767704-18 devstack@placement-api.service[92774]: DEBUG placement.objects.research_context [req-b1fffa7c-a9ac-49b0-8091-33ceb3e026f0 req-90075704-0bc3-45cd-9886-af7b02c53e86 service placement] getting providers with 1024 MEMORY_MB {{(pid=92774) __init__ /opt/stack/placement/placement/objects/research_context.py:126}}
May 19 01:46:38.169124 n-d-767704-18 devstack@placement-api.service[92774]: DEBUG placement.objects.research_context [req-b1fffa7c-a9ac-49b0-8091-33ceb3e026f0 req-90075704-0bc3-45cd-9886-af7b02c53e86 service placement] getting providers with 1 VCPU {{(pid=92774) __init__ /opt/stack/placement/placement/objects/research_context.py:126}}
May 19 01:46:38.179250 n-d-767704-18 devstack@placement-api.service[92774]: DEBUG placement.objects.research_context [req-b1fffa7c-a9ac-49b0-8091-33ceb3e026f0 req-90075704-0bc3-45cd-9886-af7b02c53e86 service placement] found 2 providers with available 1 DISK_GB {{(pid=92774) get_provider_ids_matching /opt/stack/placement/placement/objects/research_context.py:549}}
May 19 01:46:38.179931 n-d-767704-18 devstack@placement-api.service[92774]: DEBUG placement.objects.research_context [req-b1fffa7c-a9ac-49b0-8091-33ceb3e026f0 req-90075704-0bc3-45cd-9886-af7b02c53e86 service placement] found 2 providers with available 1024 MEMORY_MB {{(pid=92774) get_provider_ids_matching /opt/stack/placement/placement/objects/research_context.py:549}}
May 19 01:46:38.180217 n-d-767704-18 devstack@placement-api.service[92774]: DEBUG placement.objects.research_context [req-b1fffa7c-a9ac-49b0-8091-33ceb3e026f0 req-90075704-0bc3-45cd-9886-af7b02c53e86 service placement] found 2 providers after filtering by previous result {{(pid=92774) get_provider_ids_matching /opt/stack/placement/placement/objects/research_context.py:580}}
May 19 01:46:38.180513 n-d-767704-18 devstack@placement-api.service[92774]: DEBUG placement.objects.research_context [req-b1fffa7c-a9ac-49b0-8091-33ceb3e026f0 req-90075704-0bc3-45cd-9886-af7b02c53e86 service placement] found 2 providers with available 1 VCPU {{(pid=92774) get_provider_ids_matching /opt/stack/placement/placement/objects/research_context.py:549}}
May 19 01:46:38.181011 n-d-767704-18 devstack@placement-api.service[92774]: DEBUG placement.objects.research_context [req-b1fffa7c-a9ac-49b0-8091-33ceb3e026f0 req-90075704-0bc3-45cd-9886-af7b02c53e86 service placement] found 2 providers after filtering by previous result {{(pid=92774) get_provider_ids_matching /opt/stack/placement/placement/objects/research_context.py:580}}
May 19 01:46:38.196996 n-d-767704-18 devstack@placement-api.service[92774]: DEBUG placement.objects.allocation_candidate [req-b1fffa7c-a9ac-49b0-8091-33ceb3e026f0 req-90075704-0bc3-45cd-9886-af7b02c53e86 service placement] RequestGroup(use_same_provider=False, resources={DISK_GB:1, MEMORY_MB:1024, VCPU:1}, traits=[], aggregates=[]) (suffix '') returned 2 matches {{(pid=92774) _get_by_requests /opt/stack/placement/placement/objects/allocation_candidate.py:145}}
May 19 01:46:38.197433 n-d-767704-18 devstack@placement-api.service[92774]: DEBUG placement.objects.allocation_candidate [req-b1fffa7c-a9ac-49b0-8091-33ceb3e026f0 req-90075704-0bc3-45cd-9886-af7b02c53e86 service placement] Merging candidates yields 2 allocation requests and 2 provider summaries {{(pid=92774) _merge_candidates /opt/stack/placement/placement/objects/allocation_candidate.py:783}}
May 19 01:46:38.199265 n-d-767704-18 devstack@placement-api.service[92774]: INFO placement.requestlog [req-b1fffa7c-a9ac-49b0-8091-33ceb3e026f0 req-90075704-0bc3-45cd-9886-af7b02c53e86 service placement] 10.222.0.49 "GET /placement/allocation_candidates?limit=1000&resources=DISK_GB%3A1%2CMEMORY_MB%3A1024%2CVCPU%3A1&root_required=%21COMPUTE_STATUS_DISABLED" status: 200 len: 1309 microversion: 1.35
May 19 01:46:38.199879 n-d-767704-18 devstack@placement-api.service[92774]: [pid: 92774|app: 0|req: 202/407] 10.222.0.49 () {60 vars in 1506 bytes} [Wed May 19 01:46:38 2021] GET /placement/allocation_candidates?limit=1000&resources=DISK_GB%3A1%2CMEMORY_MB%3A1024%2CVCPU%3A1&root_required=%21COMPUTE_STATUS_DISABLED => generated 1309 bytes in 101 msecs (HTTP/1.1 200) 8 headers in 297 bytes (1 switches on core 0)
May 19 01:46:38.277627 n-d-767704-18 devstack@placement-api.service[92773]: DEBUG placement.requestlog [req-b1fffa7c-a9ac-49b0-8091-33ceb3e026f0 req-0103ed5a-68c2-4896-a87b-2b42aa0b6f31 None None] Starting request: 10.222.0.49 "GET /placement/allocations/cd5278ae-d4c3-4671-a0cc-bcde57d09947" {{(pid=92773) __call__ /opt/stack/placement/placement/requestlog.py:55}}
May 19 01:46:38.291516 n-d-767704-18 devstack@placement-api.service[92773]: INFO placement.requestlog [req-b1fffa7c-a9ac-49b0-8091-33ceb3e026f0 req-0103ed5a-68c2-4896-a87b-2b42aa0b6f31 service placement] 10.222.0.49 "GET /placement/allocations/cd5278ae-d4c3-4671-a0cc-bcde57d09947" status: 200 len: 19 microversion: 1.28
May 19 01:46:38.291953 n-d-767704-18 devstack@placement-api.service[92773]: [pid: 92773|app: 0|req: 206/408] 10.222.0.49 () {60 vars in 1380 bytes} [Wed May 19 01:46:38 2021] GET /placement/allocations/cd5278ae-d4c3-4671-a0cc-bcde57d09947 => generated 19 bytes in 15 msecs (HTTP/1.1 200) 8 headers in 295 bytes (2 switches on core 0)
May 19 01:46:38.299401 n-d-767704-18 devstack@placement-api.service[92774]: DEBUG placement.requestlog [req-b1fffa7c-a9ac-49b0-8091-33ceb3e026f0 req-09dde96f-07ee-42d1-93e6-d7ae68743469 None None] Starting request: 10.222.0.49 "PUT /placement/allocations/cd5278ae-d4c3-4671-a0cc-bcde57d09947" {{(pid=92774) __call__ /opt/stack/placement/placement/requestlog.py:55}}
May 19 01:46:38.408365 n-d-767704-18 devstack@placement-api.service[92774]: DEBUG placement.handlers.allocation [req-b1fffa7c-a9ac-49b0-8091-33ceb3e026f0 req-09dde96f-07ee-42d1-93e6-d7ae68743469 service placement] Successfully wrote allocations [, , ] {{(pid=92774) _create_allocations /opt/stack/placement/placement/handlers/allocation.py:435}}
May 19 01:46:38.409986 n-d-767704-18 devstack@placement-api.service[92774]: INFO placement.requestlog [req-b1fffa7c-a9ac-49b0-8091-33ceb3e026f0 req-09dde96f-07ee-42d1-93e6-d7ae68743469 service placement] 10.222.0.49 "PUT /placement/allocations/cd5278ae-d4c3-4671-a0cc-bcde57d09947" status: 204 len: 0 microversion: 1.35
May 19 01:46:38.410685 n-d-767704-18 devstack@placement-api.service[92774]: [pid: 92774|app: 0|req: 203/409] 10.222.0.49 () {64 vars in 1433 bytes} [Wed May 19 01:46:38 2021] PUT /placement/allocations/cd5278ae-d4c3-4671-a0cc-bcde57d09947 => generated 0 bytes in 112 msecs (HTTP/1.1 204) 5 headers in 199 bytes (2 switches on core 0)
May 19 01:46:38.894851 n-d-767704-18 devstack@placement-api.service[92773]: DEBUG placement.requestlog [req-4eae4bb2-a7f3-42bb-a351-ddb930e26546 req-7baedab4-abb3-4f3b-95a2-33490b32eec4 None None] Starting request: 10.222.0.44 "GET /placement/resource_providers/8c84e1f4-aad4-4d92-8abd-0187c68cd29d/allocations" {{(pid=92773) __call__ /opt/stack/placement/placement/requestlog.py:55}}
May 19 01:46:38.953062 n-d-767704-18 devstack@placement-api.service[92773]: INFO placement.requestlog [req-4eae4bb2-a7f3-42bb-a351-ddb930e26546 req-7baedab4-abb3-4f3b-95a2-33490b32eec4 service placement] 10.222.0.44 "GET /placement/resource_providers/8c84e1f4-aad4-4d92-8abd-0187c68cd29d/allocations" status: 200 len: 732 microversion: 1.0
May 19 01:46:38.954157 n-d-767704-18 devstack@placement-api.service[92773]: [pid: 92773|app: 0|req: 207/410] 10.222.0.44 () {58 vars in 1391 bytes} [Wed May 19 01:46:38 2021] GET /placement/resource_providers/8c84e1f4-aad4-4d92-8abd-0187c68cd29d/allocations => generated 732 bytes in 60 msecs (HTTP/1.1 200) 6 headers in 224 bytes (1 switches on core 0)
May 19 01:46:38.979934 n-d-767704-18 devstack@placement-api.service[92774]: DEBUG placement.requestlog [req-b1fffa7c-a9ac-49b0-8091-33ceb3e026f0 req-eddf8bdc-35cb-4efa-b3b4-7ff5435337a2 None None] Starting request: 10.222.0.44 "GET /placement/allocations/cd5278ae-d4c3-4671-a0cc-bcde57d09947" {{(pid=92774) __call__ /opt/stack/placement/placement/requestlog.py:55}}
May 19 01:46:38.999423 n-d-767704-18 devstack@placement-api.service[92774]: INFO placement.requestlog [req-b1fffa7c-a9ac-49b0-8091-33ceb3e026f0 req-eddf8bdc-35cb-4efa-b3b4-7ff5435337a2 service placement] 10.222.0.44 "GET /placement/allocations/cd5278ae-d4c3-4671-a0cc-bcde57d09947" status: 200 len: 259 microversion: 1.28
May 19 01:46:39.000071 n-d-767704-18 devstack@placement-api.service[92774]: [pid: 92774|app: 0|req: 204/411] 10.222.0.44 () {60 vars in 1378 bytes} [Wed May 19 01:46:38 2021] GET /placement/allocations/cd5278ae-d4c3-4671-a0cc-bcde57d09947 => generated 259 bytes in 20 msecs (HTTP/1.1 200) 8 headers in 296 bytes (2 switches on core 0)
May 19 01:46:39.807552 n-d-767704-18 devstack@placement-api.service[92773]: DEBUG placement.requestlog [req-4eae4bb2-a7f3-42bb-a351-ddb930e26546 req-489c0c3a-8be0-4eec-bfff-7756b1628ef0 None None] Starting request: 10.222.0.44 "GET /placement/allocations/0a64bb15-301d-43fe-bd68-81c1ceae9fe2" {{(pid=92773) __call__ /opt/stack/placement/placement/requestlog.py:55}}
May 19 01:46:39.855576 n-d-767704-18 devstack@placement-api.service[92773]: INFO placement.requestlog [req-4eae4bb2-a7f3-42bb-a351-ddb930e26546 req-489c0c3a-8be0-4eec-bfff-7756b1628ef0 service placement] 10.222.0.44 "GET /placement/allocations/0a64bb15-301d-43fe-bd68-81c1ceae9fe2" status: 200 len: 245 microversion: 1.28
May 19 01:46:39.856464 n-d-767704-18 devstack@placement-api.service[92773]: [pid: 92773|app: 0|req: 208/412] 10.222.0.44 () {60 vars in 1378 bytes} [Wed May 19 01:46:39 2021] GET /placement/allocations/0a64bb15-301d-43fe-bd68-81c1ceae9fe2 => generated 245 bytes in 49 msecs (HTTP/1.1 200) 8 headers in 296 bytes (1 switches on core 0)
May 19 01:46:39.869114 n-d-767704-18 devstack@placement-api.service[92774]: DEBUG placement.requestlog [req-4eae4bb2-a7f3-42bb-a351-ddb930e26546 req-3cec0da7-4e8f-4277-9858-e37d0a011978 None None] Starting request: 10.222.0.44 "PUT /placement/allocations/0a64bb15-301d-43fe-bd68-81c1ceae9fe2" {{(pid=92774) __call__ /opt/stack/placement/placement/requestlog.py:55}}
May 19 01:46:40.006445 n-d-767704-18 devstack@placement-api.service[92774]: DEBUG placement.handlers.allocation [req-4eae4bb2-a7f3-42bb-a351-ddb930e26546 req-3cec0da7-4e8f-4277-9858-e37d0a011978 service placement] Successfully wrote allocations [, ] {{(pid=92774) _create_allocations /opt/stack/placement/placement/handlers/allocation.py:435}}
May 19 01:46:40.006955 n-d-767704-18 devstack@placement-api.service[92774]: INFO placement.requestlog [req-4eae4bb2-a7f3-42bb-a351-ddb930e26546 req-3cec0da7-4e8f-4277-9858-e37d0a011978 service placement] 10.222.0.44 "PUT /placement/allocations/0a64bb15-301d-43fe-bd68-81c1ceae9fe2" status: 204 len: 0 microversion: 1.28
May 19 01:46:40.007575 n-d-767704-18 devstack@placement-api.service[92774]: [pid: 92774|app: 0|req: 205/413] 10.222.0.44 () {64 vars in 1431 bytes} [Wed May 19 01:46:39 2021] PUT /placement/allocations/0a64bb15-301d-43fe-bd68-81c1ceae9fe2 => generated 0 bytes in 138 msecs (HTTP/1.1 204) 5 headers in 199 bytes (1 switches on core 0)
May 19 01:46:41.165482 n-d-767704-18 devstack@placement-api.service[92773]: DEBUG placement.requestlog [req-b511b15d-3af8-4421-9f36-9359b9000c65 req-7392ee20-472b-4c89-bf26-f56b22fefb0d None None] Starting request: 10.222.0.44 "GET /placement/allocations/edce9f4b-4ed4-4bbb-a4c3-ba732291c636" {{(pid=92773) __call__ /opt/stack/placement/placement/requestlog.py:55}}
May 19 01:46:41.187853 n-d-767704-18 devstack@placement-api.service[92773]: INFO placement.requestlog [req-b511b15d-3af8-4421-9f36-9359b9000c65 req-7392ee20-472b-4c89-bf26-f56b22fefb0d service placement] 10.222.0.44 "GET /placement/allocations/edce9f4b-4ed4-4bbb-a4c3-ba732291c636" status: 200 len: 245 microversion: 1.28
May 19 01:46:41.188099 n-d-767704-18 devstack@placement-api.service[92773]: [pid: 92773|app: 0|req: 209/414] 10.222.0.44 () {60 vars in 1378 bytes} [Wed May 19 01:46:41 2021] GET /placement/allocations/edce9f4b-4ed4-4bbb-a4c3-ba732291c636 => generated 245 bytes in 23 msecs (HTTP/1.1 200) 8 headers in 296 bytes (2 switches on core 0)
May 19 01:46:41.196483 n-d-767704-18 devstack@placement-api.service[92774]: DEBUG placement.requestlog [req-b511b15d-3af8-4421-9f36-9359b9000c65 req-2f10bc45-71e0-4a49-92b7-893d9a521744 None None] Starting request: 10.222.0.44 "PUT /placement/allocations/edce9f4b-4ed4-4bbb-a4c3-ba732291c636" {{(pid=92774) __call__ /opt/stack/placement/placement/requestlog.py:55}}
May 19 01:46:41.314887 n-d-767704-18 devstack@placement-api.service[92774]: DEBUG placement.handlers.allocation [req-b511b15d-3af8-4421-9f36-9359b9000c65 req-2f10bc45-71e0-4a49-92b7-893d9a521744 service placement] Successfully wrote allocations [, ] {{(pid=92774) _create_allocations /opt/stack/placement/placement/handlers/allocation.py:435}}
May 19 01:46:41.316398 n-d-767704-18 devstack@placement-api.service[92774]: INFO placement.requestlog [req-b511b15d-3af8-4421-9f36-9359b9000c65 req-2f10bc45-71e0-4a49-92b7-893d9a521744 service placement] 10.222.0.44 "PUT /placement/allocations/edce9f4b-4ed4-4bbb-a4c3-ba732291c636" status: 204 len: 0 microversion: 1.28
May 19 01:46:41.317278 n-d-767704-18 devstack@placement-api.service[92774]: [pid: 92774|app: 0|req: 206/415] 10.222.0.44 () {64 vars in 1431 bytes} [Wed May 19 01:46:41 2021] PUT /placement/allocations/edce9f4b-4ed4-4bbb-a4c3-ba732291c636 => generated 0 bytes in 121 msecs (HTTP/1.1 204) 5 headers in 199 bytes (1 switches on core 0)
May 19 01:46:50.037429 n-d-767704-18 devstack@placement-api.service[92773]: DEBUG placement.requestlog [req-0e771580-7f71-4973-9a73-aa2614e22a5b req-3504bebd-a437-4b2c-ad36-1d5743867035 None None] Starting request: 10.222.0.53 "GET /placement/allocations/b24e759f-0bf8-43cc-af92-30d25f945fc5" {{(pid=92773) __call__ /opt/stack/placement/placement/requestlog.py:55}}
May 19 01:46:50.066744 n-d-767704-18 devstack@placement-api.service[92773]: INFO placement.requestlog [req-0e771580-7f71-4973-9a73-aa2614e22a5b req-3504bebd-a437-4b2c-ad36-1d5743867035 service placement] 10.222.0.53 "GET /placement/allocations/b24e759f-0bf8-43cc-af92-30d25f945fc5" status: 200 len: 245 microversion: 1.28
May 19 01:46:50.068812 n-d-767704-18 devstack@placement-api.service[92773]: [pid: 92773|app: 0|req: 210/416] 10.222.0.53 () {60 vars in 1378 bytes} [Wed May 19 01:46:50 2021] GET /placement/allocations/b24e759f-0bf8-43cc-af92-30d25f945fc5 => generated 245 bytes in 32 msecs (HTTP/1.1 200) 8 headers in 296 bytes (1 switches on core 0)
May 19 01:46:50.075596 n-d-767704-18 devstack@placement-api.service[92774]: DEBUG placement.requestlog [req-0e771580-7f71-4973-9a73-aa2614e22a5b req-1053f5b1-e123-4a60-8301-752b6d145883 None None] Starting request: 10.222.0.53 "PUT /placement/allocations/b24e759f-0bf8-43cc-af92-30d25f945fc5" {{(pid=92774) __call__ /opt/stack/placement/placement/requestlog.py:55}}
May 19 01:46:50.167601 n-d-767704-18 devstack@placement-api.service[92774]: DEBUG placement.handlers.allocation [req-0e771580-7f71-4973-9a73-aa2614e22a5b req-1053f5b1-e123-4a60-8301-752b6d145883 service placement] Successfully wrote allocations [, ] {{(pid=92774) _create_allocations /opt/stack/placement/placement/handlers/allocation.py:435}}
May 19 01:46:50.168034 n-d-767704-18 devstack@placement-api.service[92774]: INFO placement.requestlog [req-0e771580-7f71-4973-9a73-aa2614e22a5b req-1053f5b1-e123-4a60-8301-752b6d145883 service placement] 10.222.0.53 "PUT /placement/allocations/b24e759f-0bf8-43cc-af92-30d25f945fc5" status: 204 len: 0 microversion: 1.28
May 19 01:46:50.168287 n-d-767704-18 devstack@placement-api.service[92774]: [pid: 92774|app: 0|req: 207/417] 10.222.0.53 () {64 vars in 1431 bytes} [Wed May 19 01:46:50 2021] PUT /placement/allocations/b24e759f-0bf8-43cc-af92-30d25f945fc5 => generated 0 bytes in 93 msecs (HTTP/1.1 204) 5 headers in 199 bytes (1 switches on core 0)
May 19 01:46:51.508563 n-d-767704-18 devstack@placement-api.service[92773]: DEBUG placement.requestlog [req-5631711b-05a5-41ff-8794-76d93c442383 req-85c313ad-0754-4d8f-b6d2-2b52a7138ae0 None None] Starting request: 10.222.0.44 "GET /placement/allocations/08c2ad17-8801-4649-ba93-ecf1abab5a13" {{(pid=92773) __call__ /opt/stack/placement/placement/requestlog.py:55}}
May 19 01:46:51.544583 n-d-767704-18 devstack@placement-api.service[92773]: INFO placement.requestlog [req-5631711b-05a5-41ff-8794-76d93c442383 req-85c313ad-0754-4d8f-b6d2-2b52a7138ae0 service placement] 10.222.0.44 "GET /placement/allocations/08c2ad17-8801-4649-ba93-ecf1abab5a13" status: 200 len: 259 microversion: 1.28
May 19 01:46:51.547899 n-d-767704-18 devstack@placement-api.service[92773]: [pid: 92773|app: 0|req: 211/418] 10.222.0.44 () {60 vars in 1378 bytes} [Wed May 19 01:46:51 2021] GET /placement/allocations/08c2ad17-8801-4649-ba93-ecf1abab5a13 => generated 259 bytes in 40 msecs (HTTP/1.1 200) 8 headers in 296 bytes (1 switches on core 0)
May 19 01:46:51.555359 n-d-767704-18 devstack@placement-api.service[92774]: DEBUG placement.requestlog [req-5631711b-05a5-41ff-8794-76d93c442383 req-3ec1bb5f-3d4b-415d-ad09-dc4de345f067 None None] Starting request: 10.222.0.44 "PUT /placement/allocations/08c2ad17-8801-4649-ba93-ecf1abab5a13" {{(pid=92774) __call__ /opt/stack/placement/placement/requestlog.py:55}}
May 19 01:46:51.685245 n-d-767704-18 devstack@placement-api.service[92774]: DEBUG placement.handlers.allocation [req-5631711b-05a5-41ff-8794-76d93c442383 req-3ec1bb5f-3d4b-415d-ad09-dc4de345f067 service placement] Successfully wrote allocations [, , ] {{(pid=92774) _create_allocations /opt/stack/placement/placement/handlers/allocation.py:435}}
May 19 01:46:51.686095 n-d-767704-18 devstack@placement-api.service[92774]: INFO placement.requestlog [req-5631711b-05a5-41ff-8794-76d93c442383 req-3ec1bb5f-3d4b-415d-ad09-dc4de345f067 service placement] 10.222.0.44 "PUT /placement/allocations/08c2ad17-8801-4649-ba93-ecf1abab5a13" status: 204 len: 0 microversion: 1.28
May 19 01:46:51.686804 n-d-767704-18 devstack@placement-api.service[92774]: [pid: 92774|app: 0|req: 208/419] 10.222.0.44 () {64 vars in 1431 bytes} [Wed May 19 01:46:51 2021] PUT /placement/allocations/08c2ad17-8801-4649-ba93-ecf1abab5a13 => generated 0 bytes in 132 msecs (HTTP/1.1 204) 5 headers in 199 bytes (2 switches on core 0)
