Jul 14 14:25:45.229711 n-d-766726-31 devstack@placement-api.service[105429]: [pid: 105429|app: 0|req: 213/424] 10.222.0.86 () {60 vars in 1355 bytes} [Thu Jul 14 14:25:45 2022] DELETE /placement/allocations/312b4f00-0c32-4582-885e-a830aa1c5dc2 => generated 0 bytes in 65 msecs (HTTP/1.1 204) 5 headers in 198 bytes (1 switches on core 0)
Jul 14 14:25:50.883901 n-d-766726-31 devstack@placement-api.service[105430]: DEBUG placement.requestlog [None req-ec2a3528-a6ba-40a2-8880-622e38ccdf68 None None] Starting request: 10.222.0.40 "GET /placement/resource_providers/0182f7dc-469e-4cbf-91dc-c09e6289b2c2/aggregates" {{(pid=105430) __call__ /opt/stack/placement/placement/requestlog.py:55}}
Jul 14 14:25:51.080428 n-d-766726-31 devstack@placement-api.service[105430]: INFO placement.requestlog [None req-ec2a3528-a6ba-40a2-8880-622e38ccdf68 service placement] 10.222.0.40 "GET /placement/resource_providers/0182f7dc-469e-4cbf-91dc-c09e6289b2c2/aggregates" status: 404 len: 235 microversion: 1.1
Jul 14 14:25:51.081688 n-d-766726-31 devstack@placement-api.service[105430]: [pid: 105430|app: 0|req: 212/425] 10.222.0.40 () {58 vars in 1362 bytes} [Thu Jul 14 14:25:50 2022] GET /placement/resource_providers/0182f7dc-469e-4cbf-91dc-c09e6289b2c2/aggregates => generated 235 bytes in 198 msecs (HTTP/1.1 404) 5 headers in 202 bytes (1 switches on core 0)
Jul 14 14:25:51.089194 n-d-766726-31 devstack@placement-api.service[105429]: DEBUG placement.requestlog [None req-6946cfa6-b26e-491e-a5ab-cb95ed20c4db None None] Starting request: 10.222.0.40 "DELETE /placement/resource_providers/0182f7dc-469e-4cbf-91dc-c09e6289b2c2" {{(pid=105429) __call__ /opt/stack/placement/placement/requestlog.py:55}}
Jul 14 14:25:51.104312 n-d-766726-31 devstack@placement-api.service[105429]: DEBUG placement.wsgi_wrapper [None req-6946cfa6-b26e-491e-a5ab-cb95ed20c4db service placement] Placement API returning an error response: No resource provider with uuid 0182f7dc-469e-4cbf-91dc-c09e6289b2c2 found for delete {{(pid=105429) call_func /opt/stack/placement/placement/wsgi_wrapper.py:31}}
Jul 14 14:25:51.106143 n-d-766726-31 devstack@placement-api.service[105429]: INFO placement.requestlog [None req-6946cfa6-b26e-491e-a5ab-cb95ed20c4db service placement] 10.222.0.40 "DELETE /placement/resource_providers/0182f7dc-469e-4cbf-91dc-c09e6289b2c2" status: 404 len: 246 microversion: 1.1
Jul 14 14:25:51.107232 n-d-766726-31 devstack@placement-api.service[105429]: [pid: 105429|app: 0|req: 214/426] 10.222.0.40 () {60 vars in 1351 bytes} [Thu Jul 14 14:25:51 2022] DELETE /placement/resource_providers/0182f7dc-469e-4cbf-91dc-c09e6289b2c2 => generated 246 bytes in 18 msecs (HTTP/1.1 404) 6 headers in 231 bytes (1 switches on core 0)
Jul 14 14:25:52.057977 n-d-766726-31 devstack@placement-api.service[105430]: DEBUG placement.requestlog [req-5356931e-3dda-4bd3-a692-fe4f2682dde0 req-1eeaa70d-d13d-4876-a735-6cb4e127adda None None] Starting request: 10.222.0.86 "DELETE /placement/allocations/5c7a6c24-5bcb-41a0-92dd-6e379d09389d" {{(pid=105430) __call__ /opt/stack/placement/placement/requestlog.py:55}}
Jul 14 14:25:52.092367 n-d-766726-31 devstack@placement-api.service[105430]: DEBUG placement.handlers.allocation [req-5356931e-3dda-4bd3-a692-fe4f2682dde0 req-1eeaa70d-d13d-4876-a735-6cb4e127adda service placement] Successfully deleted allocations [, , ] {{(pid=105430) delete_allocations /opt/stack/placement/placement/handlers/allocation.py:627}}
Jul 14 14:25:52.094079 n-d-766726-31 devstack@placement-api.service[105430]: INFO placement.requestlog [req-5356931e-3dda-4bd3-a692-fe4f2682dde0 req-1eeaa70d-d13d-4876-a735-6cb4e127adda service placement] 10.222.0.86 "DELETE /placement/allocations/5c7a6c24-5bcb-41a0-92dd-6e379d09389d" status: 204 len: 0 microversion: 1.0
Jul 14 14:25:52.095595 n-d-766726-31 devstack@placement-api.service[105430]: [pid: 105430|app: 0|req: 213/427] 10.222.0.86 () {60 vars in 1355 bytes} [Thu Jul 14 14:25:52 2022] DELETE /placement/allocations/5c7a6c24-5bcb-41a0-92dd-6e379d09389d => generated 0 bytes in 38 msecs (HTTP/1.1 204) 5 headers in 198 bytes (1 switches on core 0)
Jul 14 14:25:53.669067 n-d-766726-31 devstack@placement-api.service[105429]: DEBUG placement.requestlog [req-c7da1bbc-14df-437e-8aa5-e4f9164772b9 req-0fd62f67-3176-488b-977e-da56813e95eb None None] Starting request: 10.222.0.40 "GET /placement/allocation_candidates?limit=1000&resources=DISK_GB%3A1%2CMEMORY_MB%3A1024%2CVCPU%3A1&root_required=%21COMPUTE_STATUS_DISABLED" {{(pid=105429) __call__ /opt/stack/placement/placement/requestlog.py:55}}
Jul 14 14:25:53.703789 n-d-766726-31 devstack@placement-api.service[105429]: DEBUG placement.objects.research_context [req-c7da1bbc-14df-437e-8aa5-e4f9164772b9 req-0fd62f67-3176-488b-977e-da56813e95eb service placement] getting providers with 1 DISK_GB {{(pid=105429) __init__ /opt/stack/placement/placement/objects/research_context.py:136}}
Jul 14 14:25:53.709782 n-d-766726-31 devstack@placement-api.service[105429]: DEBUG placement.objects.research_context [req-c7da1bbc-14df-437e-8aa5-e4f9164772b9 req-0fd62f67-3176-488b-977e-da56813e95eb service placement] getting providers with 1024 MEMORY_MB {{(pid=105429) __init__ /opt/stack/placement/placement/objects/research_context.py:136}}
Jul 14 14:25:53.715476 n-d-766726-31 devstack@placement-api.service[105429]: DEBUG placement.objects.research_context [req-c7da1bbc-14df-437e-8aa5-e4f9164772b9 req-0fd62f67-3176-488b-977e-da56813e95eb service placement] getting providers with 1 VCPU {{(pid=105429) __init__ /opt/stack/placement/placement/objects/research_context.py:136}}
Jul 14 14:25:53.724550 n-d-766726-31 devstack@placement-api.service[105429]: DEBUG placement.objects.research_context [req-c7da1bbc-14df-437e-8aa5-e4f9164772b9 req-0fd62f67-3176-488b-977e-da56813e95eb service placement] found 2 providers with available 1 DISK_GB {{(pid=105429) get_provider_ids_matching /opt/stack/placement/placement/objects/research_context.py:563}}
Jul 14 14:25:53.724834 n-d-766726-31 devstack@placement-api.service[105429]: DEBUG placement.objects.research_context [req-c7da1bbc-14df-437e-8aa5-e4f9164772b9 req-0fd62f67-3176-488b-977e-da56813e95eb service placement] found 2 providers with available 1024 MEMORY_MB {{(pid=105429) get_provider_ids_matching /opt/stack/placement/placement/objects/research_context.py:563}}
Jul 14 14:25:53.725143 n-d-766726-31 devstack@placement-api.service[105429]: DEBUG placement.objects.research_context [req-c7da1bbc-14df-437e-8aa5-e4f9164772b9 req-0fd62f67-3176-488b-977e-da56813e95eb service placement] found 2 providers after filtering by previous result {{(pid=105429) get_provider_ids_matching /opt/stack/placement/placement/objects/research_context.py:594}}
Jul 14 14:25:53.725407 n-d-766726-31 devstack@placement-api.service[105429]: DEBUG placement.objects.research_context [req-c7da1bbc-14df-437e-8aa5-e4f9164772b9 req-0fd62f67-3176-488b-977e-da56813e95eb service placement] found 2 providers with available 1 VCPU {{(pid=105429) get_provider_ids_matching /opt/stack/placement/placement/objects/research_context.py:563}}
Jul 14 14:25:53.725754 n-d-766726-31 devstack@placement-api.service[105429]: DEBUG placement.objects.research_context [req-c7da1bbc-14df-437e-8aa5-e4f9164772b9 req-0fd62f67-3176-488b-977e-da56813e95eb service placement] found 2 providers after filtering by previous result {{(pid=105429) get_provider_ids_matching /opt/stack/placement/placement/objects/research_context.py:594}}
Jul 14 14:25:53.737781 n-d-766726-31 devstack@placement-api.service[105429]: DEBUG placement.objects.allocation_candidate [req-c7da1bbc-14df-437e-8aa5-e4f9164772b9 req-0fd62f67-3176-488b-977e-da56813e95eb service placement] RequestGroup(use_same_provider=False, resources={DISK_GB:1, MEMORY_MB:1024, VCPU:1}, traits=(), aggregates=[]) (suffix '') returned 2 matches {{(pid=105429) _get_by_requests /opt/stack/placement/placement/objects/allocation_candidate.py:156}}
Jul 14 14:25:53.738163 n-d-766726-31 devstack@placement-api.service[105429]: DEBUG placement.objects.allocation_candidate [req-c7da1bbc-14df-437e-8aa5-e4f9164772b9 req-0fd62f67-3176-488b-977e-da56813e95eb service placement] Merging candidates yields 2 allocation requests and 2 provider summaries {{(pid=105429) _merge_candidates /opt/stack/placement/placement/objects/allocation_candidate.py:809}}
Jul 14 14:25:53.739744 n-d-766726-31 devstack@placement-api.service[105429]: INFO placement.requestlog [req-c7da1bbc-14df-437e-8aa5-e4f9164772b9 req-0fd62f67-3176-488b-977e-da56813e95eb service placement] 10.222.0.40 "GET /placement/allocation_candidates?limit=1000&resources=DISK_GB%3A1%2CMEMORY_MB%3A1024%2CVCPU%3A1&root_required=%21COMPUTE_STATUS_DISABLED" status: 200 len: 1309 microversion: 1.36
Jul 14 14:25:53.740448 n-d-766726-31 devstack@placement-api.service[105429]: [pid: 105429|app: 0|req: 215/428] 10.222.0.40 () {60 vars in 1506 bytes} [Thu Jul 14 14:25:53 2022] GET /placement/allocation_candidates?limit=1000&resources=DISK_GB%3A1%2CMEMORY_MB%3A1024%2CVCPU%3A1&root_required=%21COMPUTE_STATUS_DISABLED => generated 1309 bytes in 71 msecs (HTTP/1.1 200) 8 headers in 297 bytes (1 switches on core 0)
Jul 14 14:25:53.807222 n-d-766726-31 devstack@placement-api.service[105430]: DEBUG placement.requestlog [req-c7da1bbc-14df-437e-8aa5-e4f9164772b9 req-2ff98582-49f4-48d6-91f2-55c89d8cd600 None None] Starting request: 10.222.0.40 "GET /placement/allocations/907ff8dc-f4f7-4b02-a79c-694df0e1eaf9" {{(pid=105430) __call__ /opt/stack/placement/placement/requestlog.py:55}}
Jul 14 14:25:53.820930 n-d-766726-31 devstack@placement-api.service[105430]: INFO placement.requestlog [req-c7da1bbc-14df-437e-8aa5-e4f9164772b9 req-2ff98582-49f4-48d6-91f2-55c89d8cd600 service placement] 10.222.0.40 "GET /placement/allocations/907ff8dc-f4f7-4b02-a79c-694df0e1eaf9" status: 200 len: 19 microversion: 1.28
Jul 14 14:25:53.821697 n-d-766726-31 devstack@placement-api.service[105430]: [pid: 105430|app: 0|req: 214/429] 10.222.0.40 () {60 vars in 1380 bytes} [Thu Jul 14 14:25:53 2022] GET /placement/allocations/907ff8dc-f4f7-4b02-a79c-694df0e1eaf9 => generated 19 bytes in 15 msecs (HTTP/1.1 200) 8 headers in 295 bytes (1 switches on core 0)
Jul 14 14:25:53.828024 n-d-766726-31 devstack@placement-api.service[105429]: DEBUG placement.requestlog [req-c7da1bbc-14df-437e-8aa5-e4f9164772b9 req-c6347402-439c-474f-b692-266c1c27295a None None] Starting request: 10.222.0.40 "PUT /placement/allocations/907ff8dc-f4f7-4b02-a79c-694df0e1eaf9" {{(pid=105429) __call__ /opt/stack/placement/placement/requestlog.py:55}}
Jul 14 14:25:53.897257 n-d-766726-31 devstack@placement-api.service[105429]: DEBUG placement.handlers.allocation [req-c7da1bbc-14df-437e-8aa5-e4f9164772b9 req-c6347402-439c-474f-b692-266c1c27295a service placement] Successfully wrote allocations [, , ] {{(pid=105429) _update_consumers_and_create_allocations /opt/stack/placement/placement/handlers/allocation.py:462}}
Jul 14 14:25:53.902023 n-d-766726-31 devstack@placement-api.service[105429]: INFO placement.requestlog [req-c7da1bbc-14df-437e-8aa5-e4f9164772b9 req-c6347402-439c-474f-b692-266c1c27295a service placement] 10.222.0.40 "PUT /placement/allocations/907ff8dc-f4f7-4b02-a79c-694df0e1eaf9" status: 204 len: 0 microversion: 1.36
Jul 14 14:25:53.902407 n-d-766726-31 devstack@placement-api.service[105429]: [pid: 105429|app: 0|req: 216/430] 10.222.0.40 () {64 vars in 1433 bytes} [Thu Jul 14 14:25:53 2022] PUT /placement/allocations/907ff8dc-f4f7-4b02-a79c-694df0e1eaf9 => generated 0 bytes in 75 msecs (HTTP/1.1 204) 5 headers in 199 bytes (1 switches on core 0)
Jul 14 14:25:54.325150 n-d-766726-31 devstack@placement-api.service[105430]: DEBUG placement.requestlog [req-c7da1bbc-14df-437e-8aa5-e4f9164772b9 req-4e8f9e29-1f4d-41a4-b771-a332ee4ef6bb None None] Starting request: 10.222.0.86 "GET /placement/allocations/907ff8dc-f4f7-4b02-a79c-694df0e1eaf9" {{(pid=105430) __call__ /opt/stack/placement/placement/requestlog.py:55}}
Jul 14 14:25:54.365862 n-d-766726-31 devstack@placement-api.service[105430]: INFO placement.requestlog [req-c7da1bbc-14df-437e-8aa5-e4f9164772b9 req-4e8f9e29-1f4d-41a4-b771-a332ee4ef6bb service placement] 10.222.0.86 "GET /placement/allocations/907ff8dc-f4f7-4b02-a79c-694df0e1eaf9" status: 200 len: 259 microversion: 1.28
Jul 14 14:25:54.366863 n-d-766726-31 devstack@placement-api.service[105430]: [pid: 105430|app: 0|req: 215/431] 10.222.0.86 () {60 vars in 1377 bytes} [Thu Jul 14 14:25:54 2022] GET /placement/allocations/907ff8dc-f4f7-4b02-a79c-694df0e1eaf9 => generated 259 bytes in 42 msecs (HTTP/1.1 200) 8 headers in 296 bytes (1 switches on core 0)
Jul 14 14:25:58.020038 n-d-766726-31 devstack@placement-api.service[105429]: DEBUG placement.requestlog [req-0f2770c0-012c-424b-b452-db4cbaa103f2 req-ba346f7f-6e64-4acc-8c15-b1d30ce4d1e7 None None] Starting request: 10.222.0.52 "DELETE /placement/allocations/87780dff-b105-4337-9615-7f40b5be55ff" {{(pid=105429) __call__ /opt/stack/placement/placement/requestlog.py:55}}
Jul 14 14:25:58.203693 n-d-766726-31 devstack@placement-api.service[105429]: DEBUG placement.handlers.allocation [req-0f2770c0-012c-424b-b452-db4cbaa103f2 req-ba346f7f-6e64-4acc-8c15-b1d30ce4d1e7 service placement] Successfully deleted allocations [, , ] {{(pid=105429) delete_allocations /opt/stack/placement/placement/handlers/allocation.py:627}}
Jul 14 14:25:58.204449 n-d-766726-31 devstack@placement-api.service[105429]: INFO placement.requestlog [req-0f2770c0-012c-424b-b452-db4cbaa103f2 req-ba346f7f-6e64-4acc-8c15-b1d30ce4d1e7 service placement] 10.222.0.52 "DELETE /placement/allocations/87780dff-b105-4337-9615-7f40b5be55ff" status: 204 len: 0 microversion: 1.0
Jul 14 14:25:58.204994 n-d-766726-31 devstack@placement-api.service[105429]: [pid: 105429|app: 0|req: 217/432] 10.222.0.52 () {60 vars in 1355 bytes} [Thu Jul 14 14:25:58 2022] DELETE /placement/allocations/87780dff-b105-4337-9615-7f40b5be55ff => generated 0 bytes in 185 msecs (HTTP/1.1 204) 5 headers in 198 bytes (1 switches on core 0)
Jul 14 14:25:58.454757 n-d-766726-31 devstack@placement-api.service[105430]: DEBUG placement.requestlog [req-8ec5bceb-f37e-47b0-bf0b-9943d4a92604 req-a50006e5-e187-4cc2-86ff-daf2eacf17c3 None None] Starting request: 10.222.0.52 "GET /placement/resource_providers/ba7659c2-89bb-43ab-86fd-73ffee6a8a6f/allocations" {{(pid=105430) __call__ /opt/stack/placement/placement/requestlog.py:55}}
Jul 14 14:25:58.501732 n-d-766726-31 devstack@placement-api.service[105430]: INFO placement.requestlog [req-8ec5bceb-f37e-47b0-bf0b-9943d4a92604 req-a50006e5-e187-4cc2-86ff-daf2eacf17c3 service placement] 10.222.0.52 "GET /placement/resource_providers/ba7659c2-89bb-43ab-86fd-73ffee6a8a6f/allocations" status: 200 len: 659 microversion: 1.0
Jul 14 14:25:58.502234 n-d-766726-31 devstack@placement-api.service[105430]: [pid: 105430|app: 0|req: 216/433] 10.222.0.52 () {58 vars in 1390 bytes} [Thu Jul 14 14:25:58 2022] GET /placement/resource_providers/ba7659c2-89bb-43ab-86fd-73ffee6a8a6f/allocations => generated 659 bytes in 48 msecs (HTTP/1.1 200) 6 headers in 224 bytes (1 switches on core 0)
Jul 14 14:25:58.630011 n-d-766726-31 devstack@placement-api.service[105429]: DEBUG placement.requestlog [req-8ec5bceb-f37e-47b0-bf0b-9943d4a92604 req-b4ea5e22-9a93-4b9e-bd15-156e012a44ba None None] Starting request: 10.222.0.52 "GET /placement/resource_providers?in_tree=ba7659c2-89bb-43ab-86fd-73ffee6a8a6f" {{(pid=105429) __call__ /opt/stack/placement/placement/requestlog.py:55}}
Jul 14 14:25:58.652535 n-d-766726-31 devstack@placement-api.service[105429]: INFO placement.requestlog [req-8ec5bceb-f37e-47b0-bf0b-9943d4a92604 req-b4ea5e22-9a93-4b9e-bd15-156e012a44ba service placement] 10.222.0.52 "GET /placement/resource_providers?in_tree=ba7659c2-89bb-43ab-86fd-73ffee6a8a6f" status: 200 len: 864 microversion: 1.14
Jul 14 14:25:58.653271 n-d-766726-31 devstack@placement-api.service[105429]: [pid: 105429|app: 0|req: 218/434] 10.222.0.52 () {60 vars in 1376 bytes} [Thu Jul 14 14:25:58 2022] GET /placement/resource_providers?in_tree=ba7659c2-89bb-43ab-86fd-73ffee6a8a6f => generated 864 bytes in 23 msecs (HTTP/1.1 200) 6 headers in 225 bytes (1 switches on core 0)
Jul 14 14:25:58.667843 n-d-766726-31 devstack@placement-api.service[105430]: DEBUG placement.requestlog [req-8ec5bceb-f37e-47b0-bf0b-9943d4a92604 req-b45739c1-c7fa-4830-b212-8c7dc64aef86 None None] Starting request: 10.222.0.52 "GET /placement/resource_providers/ba7659c2-89bb-43ab-86fd-73ffee6a8a6f/inventories" {{(pid=105430) __call__ /opt/stack/placement/placement/requestlog.py:55}}
Jul 14 14:25:58.695462 n-d-766726-31 devstack@placement-api.service[105430]: INFO placement.requestlog [req-8ec5bceb-f37e-47b0-bf0b-9943d4a92604 req-b45739c1-c7fa-4830-b212-8c7dc64aef86 service placement] 10.222.0.52 "GET /placement/resource_providers/ba7659c2-89bb-43ab-86fd-73ffee6a8a6f/inventories" status: 200 len: 398 microversion: 1.0
Jul 14 14:25:58.696583 n-d-766726-31 devstack@placement-api.service[105430]: [pid: 105430|app: 0|req: 217/435] 10.222.0.52 () {58 vars in 1390 bytes} [Thu Jul 14 14:25:58 2022] GET /placement/resource_providers/ba7659c2-89bb-43ab-86fd-73ffee6a8a6f/inventories => generated 398 bytes in 29 msecs (HTTP/1.1 200) 6 headers in 224 bytes (1 switches on core 0)
Jul 14 14:25:58.717591 n-d-766726-31 devstack@placement-api.service[105429]: DEBUG placement.requestlog [req-8ec5bceb-f37e-47b0-bf0b-9943d4a92604 req-145ea449-2ace-4cfd-8996-58efee67be72 None None] Starting request: 10.222.0.52 "GET /placement/resource_providers/ba7659c2-89bb-43ab-86fd-73ffee6a8a6f/aggregates" {{(pid=105429) __call__ /opt/stack/placement/placement/requestlog.py:55}}
Jul 14 14:25:58.737634 n-d-766726-31 devstack@placement-api.service[105429]: INFO placement.requestlog [req-8ec5bceb-f37e-47b0-bf0b-9943d4a92604 req-145ea449-2ace-4cfd-8996-58efee67be72 service placement] 10.222.0.52 "GET /placement/resource_providers/ba7659c2-89bb-43ab-86fd-73ffee6a8a6f/aggregates" status: 200 len: 54 microversion: 1.19
Jul 14 14:25:58.738452 n-d-766726-31 devstack@placement-api.service[105429]: [pid: 105429|app: 0|req: 219/436] 10.222.0.52 () {60 vars in 1431 bytes} [Thu Jul 14 14:25:58 2022] GET /placement/resource_providers/ba7659c2-89bb-43ab-86fd-73ffee6a8a6f/aggregates => generated 54 bytes in 21 msecs (HTTP/1.1 200) 8 headers in 295 bytes (1 switches on core 0)
Jul 14 14:25:58.756649 n-d-766726-31 devstack@placement-api.service[105430]: DEBUG placement.requestlog [req-8ec5bceb-f37e-47b0-bf0b-9943d4a92604 req-31af8d17-132c-4d88-9095-591e9823e37e None None] Starting request: 10.222.0.52 "GET /placement/resource_providers/ba7659c2-89bb-43ab-86fd-73ffee6a8a6f/traits" {{(pid=105430) __call__ /opt/stack/placement/placement/requestlog.py:55}}
Jul 14 14:25:58.787917 n-d-766726-31 devstack@placement-api.service[105430]: INFO placement.requestlog [req-8ec5bceb-f37e-47b0-bf0b-9943d4a92604 req-31af8d17-132c-4d88-9095-591e9823e37e service placement] 10.222.0.52 "GET /placement/resource_providers/ba7659c2-89bb-43ab-86fd-73ffee6a8a6f/traits" status: 200 len: 212 microversion: 1.6
Jul 14 14:25:58.788929 n-d-766726-31 devstack@placement-api.service[105430]: [pid: 105430|app: 0|req: 218/437] 10.222.0.52 () {60 vars in 1418 bytes} [Thu Jul 14 14:25:58 2022] GET /placement/resource_providers/ba7659c2-89bb-43ab-86fd-73ffee6a8a6f/traits => generated 212 bytes in 33 msecs (HTTP/1.1 200) 6 headers in 224 bytes (1 switches on core 0)
Jul 14 14:26:00.856267 n-d-766726-31 devstack@placement-api.service[105429]: DEBUG placement.requestlog [req-a4b264fc-7a4b-497c-a426-db8175a21abd req-531bb814-8b7f-41f7-b7aa-f966973cb9b6 None None] Starting request: 10.222.0.86 "DELETE /placement/allocations/f9d0c67a-eaf4-4a48-a7fb-57c1c10b02d1" {{(pid=105429) __call__ /opt/stack/placement/placement/requestlog.py:55}}
Jul 14 14:26:00.971205 n-d-766726-31 devstack@placement-api.service[105429]: DEBUG placement.handlers.allocation [req-a4b264fc-7a4b-497c-a426-db8175a21abd req-531bb814-8b7f-41f7-b7aa-f966973cb9b6 service placement] Successfully deleted allocations [, , ] {{(pid=105429) delete_allocations /opt/stack/placement/placement/handlers/allocation.py:627}}
Jul 14 14:26:00.972003 n-d-766726-31 devstack@placement-api.service[105429]: INFO placement.requestlog [req-a4b264fc-7a4b-497c-a426-db8175a21abd req-531bb814-8b7f-41f7-b7aa-f966973cb9b6 service placement] 10.222.0.86 "DELETE /placement/allocations/f9d0c67a-eaf4-4a48-a7fb-57c1c10b02d1" status: 204 len: 0 microversion: 1.0
Jul 14 14:26:00.972943 n-d-766726-31 devstack@placement-api.service[105429]: [pid: 105429|app: 0|req: 220/438] 10.222.0.86 () {60 vars in 1355 bytes} [Thu Jul 14 14:26:00 2022] DELETE /placement/allocations/f9d0c67a-eaf4-4a48-a7fb-57c1c10b02d1 => generated 0 bytes in 117 msecs (HTTP/1.1 204) 5 headers in 198 bytes (1 switches on core 0)
Jul 14 14:26:01.744994 n-d-766726-31 devstack@placement-api.service[105430]: DEBUG placement.requestlog [req-87d3f327-db94-4bae-b2ad-4134090de702 req-553b1b7d-a9f6-437f-a213-457f49e4f4d4 None None] Starting request: 10.222.0.52 "DELETE /placement/allocations/7def8635-72fc-4994-96a4-00f5103ca238" {{(pid=105430) __call__ /opt/stack/placement/placement/requestlog.py:55}}
Jul 14 14:26:01.802687 n-d-766726-31 devstack@placement-api.service[105430]: DEBUG placement.handlers.allocation [req-87d3f327-db94-4bae-b2ad-4134090de702 req-553b1b7d-a9f6-437f-a213-457f49e4f4d4 service placement] Successfully deleted allocations [, , ] {{(pid=105430) delete_allocations /opt/stack/placement/placement/handlers/allocation.py:627}}
Jul 14 14:26:01.803487 n-d-766726-31 devstack@placement-api.service[105430]: INFO placement.requestlog [req-87d3f327-db94-4bae-b2ad-4134090de702 req-553b1b7d-a9f6-437f-a213-457f49e4f4d4 service placement] 10.222.0.52 "DELETE /placement/allocations/7def8635-72fc-4994-96a4-00f5103ca238" status: 204 len: 0 microversion: 1.0
Jul 14 14:26:01.804323 n-d-766726-31 devstack@placement-api.service[105430]: [pid: 105430|app: 0|req: 219/439] 10.222.0.52 () {60 vars in 1355 bytes} [Thu Jul 14 14:26:01 2022] DELETE /placement/allocations/7def8635-72fc-4994-96a4-00f5103ca238 => generated 0 bytes in 60 msecs (HTTP/1.1 204) 5 headers in 198 bytes (1 switches on core 0)
Jul 14 14:26:02.345101 n-d-766726-31 devstack@placement-api.service[105429]: DEBUG placement.requestlog [req-f4bdb73c-92e8-4b4b-b0f0-b1ae35c4c3d2 req-1d3f50af-d88d-42e6-9e8a-38b3ea8f8077 None None] Starting request: 10.222.0.52 "DELETE /placement/allocations/6a37c1e2-680b-4ecd-a0b8-e255ef34479c" {{(pid=105429) __call__ /opt/stack/placement/placement/requestlog.py:55}}
Jul 14 14:26:02.390944 n-d-766726-31 devstack@placement-api.service[105429]: DEBUG dbcounter [-] [105429] Writing DB stats placement:SELECT=80,placement:DELETE=12,placement:INSERT=6,placement:UPDATE=2 {{(pid=105429) stat_writer /usr/local/lib/python3.8/dist-packages/dbcounter.py:114}}
Jul 14 14:26:02.418244 n-d-766726-31 devstack@placement-api.service[105429]: DEBUG placement.handlers.allocation [req-f4bdb73c-92e8-4b4b-b0f0-b1ae35c4c3d2 req-1d3f50af-d88d-42e6-9e8a-38b3ea8f8077 service placement] Successfully deleted allocations [, , ] {{(pid=105429) delete_allocations /opt/stack/placement/placement/handlers/allocation.py:627}}
Jul 14 14:26:02.419347 n-d-766726-31 devstack@placement-api.service[105429]: INFO placement.requestlog [req-f4bdb73c-92e8-4b4b-b0f0-b1ae35c4c3d2 req-1d3f50af-d88d-42e6-9e8a-38b3ea8f8077 service placement] 10.222.0.52 "DELETE /placement/allocations/6a37c1e2-680b-4ecd-a0b8-e255ef34479c" status: 204 len: 0 microversion: 1.0
Jul 14 14:26:02.421964 n-d-766726-31 devstack@placement-api.service[105429]: [pid: 105429|app: 0|req: 221/440] 10.222.0.52 () {60 vars in 1355 bytes} [Thu Jul 14 14:26:02 2022] DELETE /placement/allocations/6a37c1e2-680b-4ecd-a0b8-e255ef34479c => generated 0 bytes in 78 msecs (HTTP/1.1 204) 5 headers in 198 bytes (1 switches on core 0)
Jul 14 14:26:05.921796 n-d-766726-31 devstack@placement-api.service[105430]: DEBUG placement.requestlog [req-d7f74be5-2f86-483e-b8e9-8e57185b76b7 req-cb917bed-1e10-4af3-a8f5-8325aa32c0e0 None None] Starting request: 10.222.0.40 "GET /placement/allocation_candidates?limit=1000&resources=DISK_GB%3A1%2CMEMORY_MB%3A1024%2CVCPU%3A1&root_required=%21COMPUTE_STATUS_DISABLED" {{(pid=105430) __call__ /opt/stack/placement/placement/requestlog.py:55}}
Jul 14 14:26:05.931255 n-d-766726-31 devstack@placement-api.service[105430]: DEBUG dbcounter [-] [105430] Writing DB stats placement:SELECT=78,placement:INSERT=4,placement:DELETE=10,placement:UPDATE=2 {{(pid=105430) stat_writer /usr/local/lib/python3.8/dist-packages/dbcounter.py:114}}
Jul 14 14:26:06.042400 n-d-766726-31 devstack@placement-api.service[105430]: DEBUG placement.objects.research_context [req-d7f74be5-2f86-483e-b8e9-8e57185b76b7 req-cb917bed-1e10-4af3-a8f5-8325aa32c0e0 service placement] getting providers with 1 DISK_GB {{(pid=105430) __init__ /opt/stack/placement/placement/objects/research_context.py:136}}
Jul 14 14:26:06.059990 n-d-766726-31 devstack@placement-api.service[105429]: DEBUG placement.requestlog [req-501cb563-4229-4f87-89c8-977d4cf86a19 req-dbb7eff1-d3f5-4711-a7ea-905b135ccd98 None None] Starting request: 10.222.0.52 "DELETE /placement/allocations/90c283ea-5c61-4e60-9017-a6a841fbc740" {{(pid=105429) __call__ /opt/stack/placement/placement/requestlog.py:55}}
Jul 14 14:26:06.067867 n-d-766726-31 devstack@placement-api.service[105430]: DEBUG placement.objects.research_context [req-d7f74be5-2f86-483e-b8e9-8e57185b76b7 req-cb917bed-1e10-4af3-a8f5-8325aa32c0e0 service placement] getting providers with 1024 MEMORY_MB {{(pid=105430) __init__ /opt/stack/placement/placement/objects/research_context.py:136}}
Jul 14 14:26:06.091133 n-d-766726-31 devstack@placement-api.service[105430]: DEBUG placement.objects.research_context [req-d7f74be5-2f86-483e-b8e9-8e57185b76b7 req-cb917bed-1e10-4af3-a8f5-8325aa32c0e0 service placement] getting providers with 1 VCPU {{(pid=105430) __init__ /opt/stack/placement/placement/objects/research_context.py:136}}
Jul 14 14:26:06.128310 n-d-766726-31 devstack@placement-api.service[105430]: DEBUG placement.objects.research_context [req-d7f74be5-2f86-483e-b8e9-8e57185b76b7 req-cb917bed-1e10-4af3-a8f5-8325aa32c0e0 service placement] found 2 providers with available 1 DISK_GB {{(pid=105430) get_provider_ids_matching /opt/stack/placement/placement/objects/research_context.py:563}}
Jul 14 14:26:06.128310 n-d-766726-31 devstack@placement-api.service[105430]: DEBUG placement.objects.research_context [req-d7f74be5-2f86-483e-b8e9-8e57185b76b7 req-cb917bed-1e10-4af3-a8f5-8325aa32c0e0 service placement] found 2 providers with available 1024 MEMORY_MB {{(pid=105430) get_provider_ids_matching /opt/stack/placement/placement/objects/research_context.py:563}}
Jul 14 14:26:06.128310 n-d-766726-31 devstack@placement-api.service[105430]: DEBUG placement.objects.research_context [req-d7f74be5-2f86-483e-b8e9-8e57185b76b7 req-cb917bed-1e10-4af3-a8f5-8325aa32c0e0 service placement] found 2 providers after filtering by previous result {{(pid=105430) get_provider_ids_matching /opt/stack/placement/placement/objects/research_context.py:594}}
Jul 14 14:26:06.128310 n-d-766726-31 devstack@placement-api.service[105430]: DEBUG placement.objects.research_context [req-d7f74be5-2f86-483e-b8e9-8e57185b76b7 req-cb917bed-1e10-4af3-a8f5-8325aa32c0e0 service placement] found 2 providers with available 1 VCPU {{(pid=105430) get_provider_ids_matching /opt/stack/placement/placement/objects/research_context.py:563}}
Jul 14 14:26:06.131614 n-d-766726-31 devstack@placement-api.service[105430]: DEBUG placement.objects.research_context [req-d7f74be5-2f86-483e-b8e9-8e57185b76b7 req-cb917bed-1e10-4af3-a8f5-8325aa32c0e0 service placement] found 2 providers after filtering by previous result {{(pid=105430) get_provider_ids_matching /opt/stack/placement/placement/objects/research_context.py:594}}
Jul 14 14:26:06.134771 n-d-766726-31 devstack@placement-api.service[105429]: DEBUG placement.handlers.allocation [req-501cb563-4229-4f87-89c8-977d4cf86a19 req-dbb7eff1-d3f5-4711-a7ea-905b135ccd98 service placement] Successfully deleted allocations [, , ] {{(pid=105429) delete_allocations /opt/stack/placement/placement/handlers/allocation.py:627}}
Jul 14 14:26:06.135685 n-d-766726-31 devstack@placement-api.service[105429]: INFO placement.requestlog [req-501cb563-4229-4f87-89c8-977d4cf86a19 req-dbb7eff1-d3f5-4711-a7ea-905b135ccd98 service placement] 10.222.0.52 "DELETE /placement/allocations/90c283ea-5c61-4e60-9017-a6a841fbc740" status: 204 len: 0 microversion: 1.0
Jul 14 14:26:06.136536 n-d-766726-31 devstack@placement-api.service[105429]: [pid: 105429|app: 0|req: 222/441] 10.222.0.52 () {60 vars in 1355 bytes} [Thu Jul 14 14:26:06 2022] DELETE /placement/allocations/90c283ea-5c61-4e60-9017-a6a841fbc740 => generated 0 bytes in 76 msecs (HTTP/1.1 204) 5 headers in 198 bytes (2 switches on core 0)
Jul 14 14:26:06.192149 n-d-766726-31 devstack@placement-api.service[105430]: DEBUG placement.objects.allocation_candidate [req-d7f74be5-2f86-483e-b8e9-8e57185b76b7 req-cb917bed-1e10-4af3-a8f5-8325aa32c0e0 service placement] RequestGroup(use_same_provider=False, resources={DISK_GB:1, MEMORY_MB:1024, VCPU:1}, traits=(), aggregates=[]) (suffix '') returned 2 matches {{(pid=105430) _get_by_requests /opt/stack/placement/placement/objects/allocation_candidate.py:156}}
Jul 14 14:26:06.193160 n-d-766726-31 devstack@placement-api.service[105430]: DEBUG placement.objects.allocation_candidate [req-d7f74be5-2f86-483e-b8e9-8e57185b76b7 req-cb917bed-1e10-4af3-a8f5-8325aa32c0e0 service placement] Merging candidates yields 2 allocation requests and 2 provider summaries {{(pid=105430) _merge_candidates /opt/stack/placement/placement/objects/allocation_candidate.py:809}}
Jul 14 14:26:06.198550 n-d-766726-31 devstack@placement-api.service[105430]: INFO placement.requestlog [req-d7f74be5-2f86-483e-b8e9-8e57185b76b7 req-cb917bed-1e10-4af3-a8f5-8325aa32c0e0 service placement] 10.222.0.40 "GET /placement/allocation_candidates?limit=1000&resources=DISK_GB%3A1%2CMEMORY_MB%3A1024%2CVCPU%3A1&root_required=%21COMPUTE_STATUS_DISABLED" status: 200 len: 1309 microversion: 1.36
Jul 14 14:26:06.199961 n-d-766726-31 devstack@placement-api.service[105430]: [pid: 105430|app: 0|req: 220/442] 10.222.0.40 () {60 vars in 1506 bytes} [Thu Jul 14 14:26:05 2022] GET /placement/allocation_candidates?limit=1000&resources=DISK_GB%3A1%2CMEMORY_MB%3A1024%2CVCPU%3A1&root_required=%21COMPUTE_STATUS_DISABLED => generated 1309 bytes in 279 msecs (HTTP/1.1 200) 8 headers in 297 bytes (1 switches on core 0)
Jul 14 14:26:06.467593 n-d-766726-31 devstack@placement-api.service[105429]: DEBUG placement.requestlog [req-d7f74be5-2f86-483e-b8e9-8e57185b76b7 req-d6a46f53-3416-416d-b2a0-83b167897640 None None] Starting request: 10.222.0.40 "GET /placement/allocations/ecb16e4a-1ab3-4f06-9379-082c778652c3" {{(pid=105429) __call__ /opt/stack/placement/placement/requestlog.py:55}}
Jul 14 14:26:06.488966 n-d-766726-31 devstack@placement-api.service[105429]: INFO placement.requestlog [req-d7f74be5-2f86-483e-b8e9-8e57185b76b7 req-d6a46f53-3416-416d-b2a0-83b167897640 service placement] 10.222.0.40 "GET /placement/allocations/ecb16e4a-1ab3-4f06-9379-082c778652c3" status: 200 len: 19 microversion: 1.28
Jul 14 14:26:06.489351 n-d-766726-31 devstack@placement-api.service[105429]: [pid: 105429|app: 0|req: 223/443] 10.222.0.40 () {60 vars in 1380 bytes} [Thu Jul 14 14:26:06 2022] GET /placement/allocations/ecb16e4a-1ab3-4f06-9379-082c778652c3 => generated 19 bytes in 23 msecs (HTTP/1.1 200) 8 headers in 295 bytes (2 switches on core 0)
Jul 14 14:26:06.507472 n-d-766726-31 devstack@placement-api.service[105430]: DEBUG placement.requestlog [req-d7f74be5-2f86-483e-b8e9-8e57185b76b7 req-0bab8cc7-41ae-4bf3-bc42-ec5ab2af33c0 None None] Starting request: 10.222.0.40 "PUT /placement/allocations/ecb16e4a-1ab3-4f06-9379-082c778652c3" {{(pid=105430) __call__ /opt/stack/placement/placement/requestlog.py:55}}
Jul 14 14:26:06.602841 n-d-766726-31 devstack@placement-api.service[105430]: DEBUG placement.handlers.allocation [req-d7f74be5-2f86-483e-b8e9-8e57185b76b7 req-0bab8cc7-41ae-4bf3-bc42-ec5ab2af33c0 service placement] Successfully wrote allocations [, , ] {{(pid=105430) _update_consumers_and_create_allocations /opt/stack/placement/placement/handlers/allocation.py:462}}
Jul 14 14:26:06.611732 n-d-766726-31 devstack@placement-api.service[105430]: INFO placement.requestlog [req-d7f74be5-2f86-483e-b8e9-8e57185b76b7 req-0bab8cc7-41ae-4bf3-bc42-ec5ab2af33c0 service placement] 10.222.0.40 "PUT /placement/allocations/ecb16e4a-1ab3-4f06-9379-082c778652c3" status: 204 len: 0 microversion: 1.36
Jul 14 14:26:06.620761 n-d-766726-31 devstack@placement-api.service[105430]: [pid: 105430|app: 0|req: 221/444] 10.222.0.40 () {64 vars in 1433 bytes} [Thu Jul 14 14:26:06 2022] PUT /placement/allocations/ecb16e4a-1ab3-4f06-9379-082c778652c3 => generated 0 bytes in 106 msecs (HTTP/1.1 204) 5 headers in 199 bytes (2 switches on core 0)
Jul 14 14:26:07.463222 n-d-766726-31 devstack@placement-api.service[105429]: DEBUG placement.requestlog [req-d7f74be5-2f86-483e-b8e9-8e57185b76b7 req-f7277af1-f0a0-4e09-882d-8e85f63f65e4 None None] Starting request: 10.222.0.86 "GET /placement/allocations/ecb16e4a-1ab3-4f06-9379-082c778652c3" {{(pid=105429) __call__ /opt/stack/placement/placement/requestlog.py:55}}
Jul 14 14:26:07.510104 n-d-766726-31 devstack@placement-api.service[105429]: INFO placement.requestlog [req-d7f74be5-2f86-483e-b8e9-8e57185b76b7 req-f7277af1-f0a0-4e09-882d-8e85f63f65e4 service placement] 10.222.0.86 "GET /placement/allocations/ecb16e4a-1ab3-4f06-9379-082c778652c3" status: 200 len: 259 microversion: 1.28
Jul 14 14:26:07.515126 n-d-766726-31 devstack@placement-api.service[105429]: [pid: 105429|app: 0|req: 224/445] 10.222.0.86 () {60 vars in 1377 bytes} [Thu Jul 14 14:26:07 2022] GET /placement/allocations/ecb16e4a-1ab3-4f06-9379-082c778652c3 => generated 259 bytes in 52 msecs (HTTP/1.1 200) 8 headers in 296 bytes (1 switches on core 0)
Jul 14 14:26:11.685631 n-d-766726-31 devstack@placement-api.service[105430]: DEBUG placement.requestlog [req-fd2fdc11-a099-42bd-b2eb-3fc143552c73 req-c0bbf022-72f7-42c1-835c-d1f93a59e1e7 None None] Starting request: 10.222.0.52 "DELETE /placement/allocations/13ed1cc7-f6fc-41bc-993f-20ba97ec5043" {{(pid=105430) __call__ /opt/stack/placement/placement/requestlog.py:55}}
Jul 14 14:26:11.759610 n-d-766726-31 devstack@placement-api.service[105430]: DEBUG placement.handlers.allocation [req-fd2fdc11-a099-42bd-b2eb-3fc143552c73 req-c0bbf022-72f7-42c1-835c-d1f93a59e1e7 service placement] Successfully deleted allocations [, , ] {{(pid=105430) delete_allocations /opt/stack/placement/placement/handlers/allocation.py:627}}
Jul 14 14:26:11.760465 n-d-766726-31 devstack@placement-api.service[105430]: INFO placement.requestlog [req-fd2fdc11-a099-42bd-b2eb-3fc143552c73 req-c0bbf022-72f7-42c1-835c-d1f93a59e1e7 service placement] 10.222.0.52 "DELETE /placement/allocations/13ed1cc7-f6fc-41bc-993f-20ba97ec5043" status: 204 len: 0 microversion: 1.0
Jul 14 14:26:11.761937 n-d-766726-31 devstack@placement-api.service[105430]: [pid: 105430|app: 0|req: 222/446] 10.222.0.52 () {60 vars in 1355 bytes} [Thu Jul 14 14:26:11 2022] DELETE /placement/allocations/13ed1cc7-f6fc-41bc-993f-20ba97ec5043 => generated 0 bytes in 76 msecs (HTTP/1.1 204) 5 headers in 198 bytes (1 switches on core 0)
Jul 14 14:26:13.692617 n-d-766726-31 devstack@placement-api.service[105429]: DEBUG placement.requestlog [None req-78112f19-0493-403d-a863-654f8f8d4337 None None] Starting request: 10.222.0.40 "GET /placement/resource_providers/cdba2c26-79b3-42c4-9272-e547f4e74a5e/aggregates" {{(pid=105429) __call__ /opt/stack/placement/placement/requestlog.py:55}}
Jul 14 14:26:13.722569 n-d-766726-31 devstack@placement-api.service[105429]: INFO placement.requestlog [None req-78112f19-0493-403d-a863-654f8f8d4337 service placement] 10.222.0.40 "GET /placement/resource_providers/cdba2c26-79b3-42c4-9272-e547f4e74a5e/aggregates" status: 404 len: 235 microversion: 1.1
Jul 14 14:26:13.723296 n-d-766726-31 devstack@placement-api.service[105429]: [pid: 105429|app: 0|req: 225/447] 10.222.0.40 () {58 vars in 1362 bytes} [Thu Jul 14 14:26:13 2022] GET /placement/resource_providers/cdba2c26-79b3-42c4-9272-e547f4e74a5e/aggregates => generated 235 bytes in 32 msecs (HTTP/1.1 404) 5 headers in 202 bytes (1 switches on core 0)
Jul 14 14:26:13.811449 n-d-766726-31 devstack@placement-api.service[105430]: DEBUG placement.requestlog [None req-3703cbd1-cd9c-430d-bb11-91934c2c6e81 None None] Starting request: 10.222.0.40 "DELETE /placement/resource_providers/cdba2c26-79b3-42c4-9272-e547f4e74a5e" {{(pid=105430) __call__ /opt/stack/placement/placement/requestlog.py:55}}
Jul 14 14:26:13.852194 n-d-766726-31 devstack@placement-api.service[105430]: DEBUG placement.wsgi_wrapper [None req-3703cbd1-cd9c-430d-bb11-91934c2c6e81 service placement] Placement API returning an error response: No resource provider with uuid cdba2c26-79b3-42c4-9272-e547f4e74a5e found for delete {{(pid=105430) call_func /opt/stack/placement/placement/wsgi_wrapper.py:31}}
Jul 14 14:26:13.855296 n-d-766726-31 devstack@placement-api.service[105430]: INFO placement.requestlog [None req-3703cbd1-cd9c-430d-bb11-91934c2c6e81 service placement] 10.222.0.40 "DELETE /placement/resource_providers/cdba2c26-79b3-42c4-9272-e547f4e74a5e" status: 404 len: 246 microversion: 1.1
Jul 14 14:26:13.855892 n-d-766726-31 devstack@placement-api.service[105430]: [pid: 105430|app: 0|req: 223/448] 10.222.0.40 () {60 vars in 1351 bytes} [Thu Jul 14 14:26:13 2022] DELETE /placement/resource_providers/cdba2c26-79b3-42c4-9272-e547f4e74a5e => generated 246 bytes in 46 msecs (HTTP/1.1 404) 6 headers in 231 bytes (1 switches on core 0)
Jul 14 14:26:23.706459 n-d-766726-31 devstack@placement-api.service[105429]: DEBUG dbcounter [-] [105429] Writing DB stats placement:SELECT=19,placement:DELETE=4 {{(pid=105429) stat_writer /usr/local/lib/python3.8/dist-packages/dbcounter.py:114}}
Jul 14 14:26:23.838036 n-d-766726-31 devstack@placement-api.service[105430]: DEBUG dbcounter [-] [105430] Writing DB stats placement:SELECT=33,placement:INSERT=4,placement:DELETE=4,placement:UPDATE=2 {{(pid=105430) stat_writer /usr/local/lib/python3.8/dist-packages/dbcounter.py:114}}
Jul 14 14:26:25.748151 n-d-766726-31 devstack@placement-api.service[105429]: DEBUG placement.requestlog [req-5e4f5e04-3da0-42fa-8048-a9f6123bceab req-08652de1-23f9-4001-bde5-7ef2db52430f None None] Starting request: 10.222.0.52 "DELETE /placement/allocations/76f3a8c0-1132-4f18-9122-e081682c938b" {{(pid=105429) __call__ /opt/stack/placement/placement/requestlog.py:55}}
Jul 14 14:26:25.826560 n-d-766726-31 devstack@placement-api.service[105429]: DEBUG placement.handlers.allocation [req-5e4f5e04-3da0-42fa-8048-a9f6123bceab req-08652de1-23f9-4001-bde5-7ef2db52430f service placement] Successfully deleted allocations [, , ] {{(pid=105429) delete_allocations /opt/stack/placement/placement/handlers/allocation.py:627}}
Jul 14 14:26:25.827302 n-d-766726-31 devstack@placement-api.service[105429]: INFO placement.requestlog [req-5e4f5e04-3da0-42fa-8048-a9f6123bceab req-08652de1-23f9-4001-bde5-7ef2db52430f service placement] 10.222.0.52 "DELETE /placement/allocations/76f3a8c0-1132-4f18-9122-e081682c938b" status: 204 len: 0 microversion: 1.0
Jul 14 14:26:25.828142 n-d-766726-31 devstack@placement-api.service[105429]: [pid: 105429|app: 0|req: 226/449] 10.222.0.52 () {60 vars in 1355 bytes} [Thu Jul 14 14:26:25 2022] DELETE /placement/allocations/76f3a8c0-1132-4f18-9122-e081682c938b => generated 0 bytes in 80 msecs (HTTP/1.1 204) 5 headers in 198 bytes (1 switches on core 0)
Jul 14 14:26:27.234489 n-d-766726-31 devstack@placement-api.service[105430]: DEBUG placement.requestlog [req-93c95705-6732-4e22-afd7-907bd54b7740 req-8215bd96-261a-427d-8a1b-debb913e2b64 None None] Starting request: 10.222.0.40 "GET /placement/allocation_candidates?limit=1000&resources=DISK_GB%3A1%2CMEMORY_MB%3A1024%2CVCPU%3A1&root_required=%21COMPUTE_STATUS_DISABLED" {{(pid=105430) __call__ /opt/stack/placement/placement/requestlog.py:55}}
Jul 14 14:26:27.354507 n-d-766726-31 devstack@placement-api.service[105430]: DEBUG placement.objects.research_context [req-93c95705-6732-4e22-afd7-907bd54b7740 req-8215bd96-261a-427d-8a1b-debb913e2b64 service placement] getting providers with 1 DISK_GB {{(pid=105430) __init__ /opt/stack/placement/placement/objects/research_context.py:136}}
Jul 14 14:26:27.369924 n-d-766726-31 devstack@placement-api.service[105430]: DEBUG placement.objects.research_context [req-93c95705-6732-4e22-afd7-907bd54b7740 req-8215bd96-261a-427d-8a1b-debb913e2b64 service placement] getting providers with 1024 MEMORY_MB {{(pid=105430) __init__ /opt/stack/placement/placement/objects/research_context.py:136}}
Jul 14 14:26:27.384751 n-d-766726-31 devstack@placement-api.service[105430]: DEBUG placement.objects.research_context [req-93c95705-6732-4e22-afd7-907bd54b7740 req-8215bd96-261a-427d-8a1b-debb913e2b64 service placement] getting providers with 1 VCPU {{(pid=105430) __init__ /opt/stack/placement/placement/objects/research_context.py:136}}
Jul 14 14:26:27.402478 n-d-766726-31 devstack@placement-api.service[105430]: DEBUG placement.objects.research_context [req-93c95705-6732-4e22-afd7-907bd54b7740 req-8215bd96-261a-427d-8a1b-debb913e2b64 service placement] found 2 providers with available 1 DISK_GB {{(pid=105430) get_provider_ids_matching /opt/stack/placement/placement/objects/research_context.py:563}}
Jul 14 14:26:27.403066 n-d-766726-31 devstack@placement-api.service[105430]: DEBUG placement.objects.research_context [req-93c95705-6732-4e22-afd7-907bd54b7740 req-8215bd96-261a-427d-8a1b-debb913e2b64 service placement] found 2 providers with available 1024 MEMORY_MB {{(pid=105430) get_provider_ids_matching /opt/stack/placement/placement/objects/research_context.py:563}}
Jul 14 14:26:27.403516 n-d-766726-31 devstack@placement-api.service[105430]: DEBUG placement.objects.research_context [req-93c95705-6732-4e22-afd7-907bd54b7740 req-8215bd96-261a-427d-8a1b-debb913e2b64 service placement] found 2 providers after filtering by previous result {{(pid=105430) get_provider_ids_matching /opt/stack/placement/placement/objects/research_context.py:594}}
Jul 14 14:26:27.403947 n-d-766726-31 devstack@placement-api.service[105430]: DEBUG placement.objects.research_context [req-93c95705-6732-4e22-afd7-907bd54b7740 req-8215bd96-261a-427d-8a1b-debb913e2b64 service placement] found 2 providers with available 1 VCPU {{(pid=105430) get_provider_ids_matching /opt/stack/placement/placement/objects/research_context.py:563}}
Jul 14 14:26:27.404975 n-d-766726-31 devstack@placement-api.service[105430]: DEBUG placement.objects.research_context [req-93c95705-6732-4e22-afd7-907bd54b7740 req-8215bd96-261a-427d-8a1b-debb913e2b64 service placement] found 2 providers after filtering by previous result {{(pid=105430) get_provider_ids_matching /opt/stack/placement/placement/objects/research_context.py:594}}
Jul 14 14:26:27.433642 n-d-766726-31 devstack@placement-api.service[105430]: DEBUG placement.objects.allocation_candidate [req-93c95705-6732-4e22-afd7-907bd54b7740 req-8215bd96-261a-427d-8a1b-debb913e2b64 service placement] RequestGroup(use_same_provider=False, resources={DISK_GB:1, MEMORY_MB:1024, VCPU:1}, traits=(), aggregates=[]) (suffix '') returned 2 matches {{(pid=105430) _get_by_requests /opt/stack/placement/placement/objects/allocation_candidate.py:156}}
Jul 14 14:26:27.434257 n-d-766726-31 devstack@placement-api.service[105430]: DEBUG placement.objects.allocation_candidate [req-93c95705-6732-4e22-afd7-907bd54b7740 req-8215bd96-261a-427d-8a1b-debb913e2b64 service placement] Merging candidates yields 2 allocation requests and 2 provider summaries {{(pid=105430) _merge_candidates /opt/stack/placement/placement/objects/allocation_candidate.py:809}}
Jul 14 14:26:27.437535 n-d-766726-31 devstack@placement-api.service[105430]: INFO placement.requestlog [req-93c95705-6732-4e22-afd7-907bd54b7740 req-8215bd96-261a-427d-8a1b-debb913e2b64 service placement] 10.222.0.40 "GET /placement/allocation_candidates?limit=1000&resources=DISK_GB%3A1%2CMEMORY_MB%3A1024%2CVCPU%3A1&root_required=%21COMPUTE_STATUS_DISABLED" status: 200 len: 1309 microversion: 1.36
Jul 14 14:26:27.443771 n-d-766726-31 devstack@placement-api.service[105430]: [pid: 105430|app: 0|req: 224/450] 10.222.0.40 () {60 vars in 1506 bytes} [Thu Jul 14 14:26:27 2022] GET /placement/allocation_candidates?limit=1000&resources=DISK_GB%3A1%2CMEMORY_MB%3A1024%2CVCPU%3A1&root_required=%21COMPUTE_STATUS_DISABLED => generated 1309 bytes in 209 msecs (HTTP/1.1 200) 8 headers in 297 bytes (1 switches on core 0)
Jul 14 14:26:27.548495 n-d-766726-31 devstack@placement-api.service[105429]: DEBUG placement.requestlog [req-93c95705-6732-4e22-afd7-907bd54b7740 req-2127992f-69aa-40e5-bb42-ede3ce4bf4e2 None None] Starting request: 10.222.0.40 "GET /placement/allocations/387b54bc-f033-488b-b2e1-f219e8d57bc4" {{(pid=105429) __call__ /opt/stack/placement/placement/requestlog.py:55}}
Jul 14 14:26:27.575719 n-d-766726-31 devstack@placement-api.service[105429]: INFO placement.requestlog [req-93c95705-6732-4e22-afd7-907bd54b7740 req-2127992f-69aa-40e5-bb42-ede3ce4bf4e2 service placement] 10.222.0.40 "GET /placement/allocations/387b54bc-f033-488b-b2e1-f219e8d57bc4" status: 200 len: 19 microversion: 1.28
Jul 14 14:26:27.583269 n-d-766726-31 devstack@placement-api.service[105429]: [pid: 105429|app: 0|req: 227/451] 10.222.0.40 () {60 vars in 1380 bytes} [Thu Jul 14 14:26:27 2022] GET /placement/allocations/387b54bc-f033-488b-b2e1-f219e8d57bc4 => generated 19 bytes in 35 msecs (HTTP/1.1 200) 8 headers in 295 bytes (1 switches on core 0)
Jul 14 14:26:27.584744 n-d-766726-31 devstack@placement-api.service[105430]: DEBUG placement.requestlog [req-93c95705-6732-4e22-afd7-907bd54b7740 req-413de86c-5ea3-4918-9bfe-652d609c8358 None None] Starting request: 10.222.0.40 "PUT /placement/allocations/387b54bc-f033-488b-b2e1-f219e8d57bc4" {{(pid=105430) __call__ /opt/stack/placement/placement/requestlog.py:55}}
Jul 14 14:26:27.755625 n-d-766726-31 devstack@placement-api.service[105430]: DEBUG placement.handlers.allocation [req-93c95705-6732-4e22-afd7-907bd54b7740 req-413de86c-5ea3-4918-9bfe-652d609c8358 service placement] Successfully wrote allocations [, , ] {{(pid=105430) _update_consumers_and_create_allocations /opt/stack/placement/placement/handlers/allocation.py:462}}
Jul 14 14:26:27.766616 n-d-766726-31 devstack@placement-api.service[105430]: INFO placement.requestlog [req-93c95705-6732-4e22-afd7-907bd54b7740 req-413de86c-5ea3-4918-9bfe-652d609c8358 service placement] 10.222.0.40 "PUT /placement/allocations/387b54bc-f033-488b-b2e1-f219e8d57bc4" status: 204 len: 0 microversion: 1.36
Jul 14 14:26:27.781194 n-d-766726-31 devstack@placement-api.service[105430]: [pid: 105430|app: 0|req: 225/452] 10.222.0.40 () {64 vars in 1433 bytes} [Thu Jul 14 14:26:27 2022] PUT /placement/allocations/387b54bc-f033-488b-b2e1-f219e8d57bc4 => generated 0 bytes in 183 msecs (HTTP/1.1 204) 5 headers in 199 bytes (1 switches on core 0)
Jul 14 14:26:28.433936 n-d-766726-31 devstack@placement-api.service[105429]: DEBUG placement.requestlog [req-93c95705-6732-4e22-afd7-907bd54b7740 req-1d84c52d-f5e2-4515-885b-c855a599b2dc None None] Starting request: 10.222.0.52 "GET /placement/allocations/387b54bc-f033-488b-b2e1-f219e8d57bc4" {{(pid=105429) __call__ /opt/stack/placement/placement/requestlog.py:55}}
Jul 14 14:26:28.473321 n-d-766726-31 devstack@placement-api.service[105429]: INFO placement.requestlog [req-93c95705-6732-4e22-afd7-907bd54b7740 req-1d84c52d-f5e2-4515-885b-c855a599b2dc service placement] 10.222.0.52 "GET /placement/allocations/387b54bc-f033-488b-b2e1-f219e8d57bc4" status: 200 len: 259 microversion: 1.28
Jul 14 14:26:28.473712 n-d-766726-31 devstack@placement-api.service[105429]: [pid: 105429|app: 0|req: 228/453] 10.222.0.52 () {60 vars in 1377 bytes} [Thu Jul 14 14:26:28 2022] GET /placement/allocations/387b54bc-f033-488b-b2e1-f219e8d57bc4 => generated 259 bytes in 40 msecs (HTTP/1.1 200) 8 headers in 296 bytes (1 switches on core 0)
Jul 14 14:26:29.722311 n-d-766726-31 devstack@placement-api.service[105430]: DEBUG placement.requestlog [None req-600f958e-8048-4bbf-bcff-ee46494f1dbb None None] Starting request: 10.222.0.40 "GET /placement/resource_providers/3d38c3e8-609d-4cfd-a855-312adb71b37c/aggregates" {{(pid=105430) __call__ /opt/stack/placement/placement/requestlog.py:55}}
Jul 14 14:26:29.734665 n-d-766726-31 devstack@placement-api.service[105430]: INFO placement.requestlog [None req-600f958e-8048-4bbf-bcff-ee46494f1dbb service placement] 10.222.0.40 "GET /placement/resource_providers/3d38c3e8-609d-4cfd-a855-312adb71b37c/aggregates" status: 404 len: 235 microversion: 1.1
Jul 14 14:26:29.735770 n-d-766726-31 devstack@placement-api.service[105430]: [pid: 105430|app: 0|req: 226/454] 10.222.0.40 () {58 vars in 1362 bytes} [Thu Jul 14 14:26:29 2022] GET /placement/resource_providers/3d38c3e8-609d-4cfd-a855-312adb71b37c/aggregates => generated 235 bytes in 14 msecs (HTTP/1.1 404) 5 headers in 202 bytes (1 switches on core 0)
Jul 14 14:26:29.777634 n-d-766726-31 devstack@placement-api.service[105429]: DEBUG placement.requestlog [None req-87787516-5b0e-49ba-8df5-8a72123f0d11 None None] Starting request: 10.222.0.40 "DELETE /placement/resource_providers/3d38c3e8-609d-4cfd-a855-312adb71b37c" {{(pid=105429) __call__ /opt/stack/placement/placement/requestlog.py:55}}
Jul 14 14:26:29.796559 n-d-766726-31 devstack@placement-api.service[105429]: DEBUG placement.wsgi_wrapper [None req-87787516-5b0e-49ba-8df5-8a72123f0d11 service placement] Placement API returning an error response: No resource provider with uuid 3d38c3e8-609d-4cfd-a855-312adb71b37c found for delete {{(pid=105429) call_func /opt/stack/placement/placement/wsgi_wrapper.py:31}}
