Nov 05 07:37:14.747172 n-d-766380-23 devstack@placement-api.service[114516]: [pid: 114516|app: 0|req: 500/1006] 10.222.0.13 () {64 vars in 1433 bytes} [Fri Nov 5 07:37:14 2021] PUT /placement/allocations/b1e1f578-9ce1-44f4-9894-2677fa44d89b => generated 0 bytes in 503 msecs (HTTP/1.1 204) 5 headers in 199 bytes (1 switches on core 0)
Nov 05 07:37:15.753351 n-d-766380-23 devstack@placement-api.service[114515]: DEBUG placement.requestlog [req-62992e96-71fb-4b68-8865-b797ab84aaba req-3592408d-013d-42ea-9dc3-6b07830bcc6e None None] Starting request: 10.222.0.43 "GET /placement/allocations/b1e1f578-9ce1-44f4-9894-2677fa44d89b" {{(pid=114515) __call__ /opt/stack/placement/placement/requestlog.py:55}}
Nov 05 07:37:15.783579 n-d-766380-23 devstack@placement-api.service[114515]: INFO placement.requestlog [req-62992e96-71fb-4b68-8865-b797ab84aaba req-3592408d-013d-42ea-9dc3-6b07830bcc6e service placement] 10.222.0.43 "GET /placement/allocations/b1e1f578-9ce1-44f4-9894-2677fa44d89b" status: 200 len: 260 microversion: 1.28
Nov 05 07:37:15.784549 n-d-766380-23 devstack@placement-api.service[114515]: [pid: 114515|app: 0|req: 507/1007] 10.222.0.43 () {60 vars in 1377 bytes} [Fri Nov 5 07:37:15 2021] GET /placement/allocations/b1e1f578-9ce1-44f4-9894-2677fa44d89b => generated 260 bytes in 31 msecs (HTTP/1.1 200) 8 headers in 296 bytes (1 switches on core 0)
Nov 05 07:37:19.841020 n-d-766380-23 devstack@placement-api.service[114516]: DEBUG placement.requestlog [req-03a5b995-140d-46af-a2a3-6fe303a90cb1 req-bdd5f865-8c39-440b-9fd1-9253e846919e None None] Starting request: 10.222.0.13 "GET /placement/allocation_candidates?limit=1000&resources=DISK_GB%3A1%2CMEMORY_MB%3A1024%2CVCPU%3A1&root_required=%21COMPUTE_STATUS_DISABLED" {{(pid=114516) __call__ /opt/stack/placement/placement/requestlog.py:55}}
Nov 05 07:37:19.877917 n-d-766380-23 devstack@placement-api.service[114516]: DEBUG placement.objects.research_context [req-03a5b995-140d-46af-a2a3-6fe303a90cb1 req-bdd5f865-8c39-440b-9fd1-9253e846919e service placement] getting providers with 1 DISK_GB {{(pid=114516) __init__ /opt/stack/placement/placement/objects/research_context.py:126}}
Nov 05 07:37:19.885639 n-d-766380-23 devstack@placement-api.service[114516]: DEBUG placement.objects.research_context [req-03a5b995-140d-46af-a2a3-6fe303a90cb1 req-bdd5f865-8c39-440b-9fd1-9253e846919e service placement] getting providers with 1024 MEMORY_MB {{(pid=114516) __init__ /opt/stack/placement/placement/objects/research_context.py:126}}
Nov 05 07:37:19.891536 n-d-766380-23 devstack@placement-api.service[114516]: DEBUG placement.objects.research_context [req-03a5b995-140d-46af-a2a3-6fe303a90cb1 req-bdd5f865-8c39-440b-9fd1-9253e846919e service placement] getting providers with 1 VCPU {{(pid=114516) __init__ /opt/stack/placement/placement/objects/research_context.py:126}}
Nov 05 07:37:19.898848 n-d-766380-23 devstack@placement-api.service[114516]: DEBUG placement.objects.research_context [req-03a5b995-140d-46af-a2a3-6fe303a90cb1 req-bdd5f865-8c39-440b-9fd1-9253e846919e service placement] found 2 providers with available 1 DISK_GB {{(pid=114516) get_provider_ids_matching /opt/stack/placement/placement/objects/research_context.py:549}}
Nov 05 07:37:19.899359 n-d-766380-23 devstack@placement-api.service[114516]: DEBUG placement.objects.research_context [req-03a5b995-140d-46af-a2a3-6fe303a90cb1 req-bdd5f865-8c39-440b-9fd1-9253e846919e service placement] found 2 providers with available 1024 MEMORY_MB {{(pid=114516) get_provider_ids_matching /opt/stack/placement/placement/objects/research_context.py:549}}
Nov 05 07:37:19.899630 n-d-766380-23 devstack@placement-api.service[114516]: DEBUG placement.objects.research_context [req-03a5b995-140d-46af-a2a3-6fe303a90cb1 req-bdd5f865-8c39-440b-9fd1-9253e846919e service placement] found 2 providers after filtering by previous result {{(pid=114516) get_provider_ids_matching /opt/stack/placement/placement/objects/research_context.py:580}}
Nov 05 07:37:19.899946 n-d-766380-23 devstack@placement-api.service[114516]: DEBUG placement.objects.research_context [req-03a5b995-140d-46af-a2a3-6fe303a90cb1 req-bdd5f865-8c39-440b-9fd1-9253e846919e service placement] found 2 providers with available 1 VCPU {{(pid=114516) get_provider_ids_matching /opt/stack/placement/placement/objects/research_context.py:549}}
Nov 05 07:37:19.900208 n-d-766380-23 devstack@placement-api.service[114516]: DEBUG placement.objects.research_context [req-03a5b995-140d-46af-a2a3-6fe303a90cb1 req-bdd5f865-8c39-440b-9fd1-9253e846919e service placement] found 2 providers after filtering by previous result {{(pid=114516) get_provider_ids_matching /opt/stack/placement/placement/objects/research_context.py:580}}
Nov 05 07:37:19.912307 n-d-766380-23 devstack@placement-api.service[114516]: DEBUG placement.objects.allocation_candidate [req-03a5b995-140d-46af-a2a3-6fe303a90cb1 req-bdd5f865-8c39-440b-9fd1-9253e846919e service placement] RequestGroup(use_same_provider=False, resources={DISK_GB:1, MEMORY_MB:1024, VCPU:1}, traits=[], aggregates=[]) (suffix '') returned 2 matches {{(pid=114516) _get_by_requests /opt/stack/placement/placement/objects/allocation_candidate.py:145}}
Nov 05 07:37:19.912734 n-d-766380-23 devstack@placement-api.service[114516]: DEBUG placement.objects.allocation_candidate [req-03a5b995-140d-46af-a2a3-6fe303a90cb1 req-bdd5f865-8c39-440b-9fd1-9253e846919e service placement] Merging candidates yields 2 allocation requests and 2 provider summaries {{(pid=114516) _merge_candidates /opt/stack/placement/placement/objects/allocation_candidate.py:783}}
Nov 05 07:37:19.914578 n-d-766380-23 devstack@placement-api.service[114516]: INFO placement.requestlog [req-03a5b995-140d-46af-a2a3-6fe303a90cb1 req-bdd5f865-8c39-440b-9fd1-9253e846919e service placement] 10.222.0.13 "GET /placement/allocation_candidates?limit=1000&resources=DISK_GB%3A1%2CMEMORY_MB%3A1024%2CVCPU%3A1&root_required=%21COMPUTE_STATUS_DISABLED" status: 200 len: 1309 microversion: 1.36
Nov 05 07:37:19.918810 n-d-766380-23 devstack@placement-api.service[114516]: [pid: 114516|app: 0|req: 501/1008] 10.222.0.13 () {60 vars in 1506 bytes} [Fri Nov 5 07:37:19 2021] GET /placement/allocation_candidates?limit=1000&resources=DISK_GB%3A1%2CMEMORY_MB%3A1024%2CVCPU%3A1&root_required=%21COMPUTE_STATUS_DISABLED => generated 1309 bytes in 78 msecs (HTTP/1.1 200) 8 headers in 297 bytes (1 switches on core 0)
Nov 05 07:37:19.967547 n-d-766380-23 devstack@placement-api.service[114515]: DEBUG placement.requestlog [req-03a5b995-140d-46af-a2a3-6fe303a90cb1 req-b9062000-0212-4683-8b75-6300bd393b91 None None] Starting request: 10.222.0.13 "GET /placement/allocations/3393ad08-6ce1-4b88-b1c0-a6b7ea372a56" {{(pid=114515) __call__ /opt/stack/placement/placement/requestlog.py:55}}
Nov 05 07:37:19.980452 n-d-766380-23 devstack@placement-api.service[114515]: INFO placement.requestlog [req-03a5b995-140d-46af-a2a3-6fe303a90cb1 req-b9062000-0212-4683-8b75-6300bd393b91 service placement] 10.222.0.13 "GET /placement/allocations/3393ad08-6ce1-4b88-b1c0-a6b7ea372a56" status: 200 len: 19 microversion: 1.28
Nov 05 07:37:19.981158 n-d-766380-23 devstack@placement-api.service[114515]: [pid: 114515|app: 0|req: 508/1009] 10.222.0.13 () {60 vars in 1380 bytes} [Fri Nov 5 07:37:19 2021] GET /placement/allocations/3393ad08-6ce1-4b88-b1c0-a6b7ea372a56 => generated 19 bytes in 14 msecs (HTTP/1.1 200) 8 headers in 295 bytes (1 switches on core 0)
Nov 05 07:37:19.986886 n-d-766380-23 devstack@placement-api.service[114516]: DEBUG placement.requestlog [req-03a5b995-140d-46af-a2a3-6fe303a90cb1 req-b279d7e0-60e3-4a65-8ec3-4b80b7754fd1 None None] Starting request: 10.222.0.13 "PUT /placement/allocations/3393ad08-6ce1-4b88-b1c0-a6b7ea372a56" {{(pid=114516) __call__ /opt/stack/placement/placement/requestlog.py:55}}
Nov 05 07:37:20.282140 n-d-766380-23 devstack@placement-api.service[114516]: DEBUG placement.handlers.allocation [req-03a5b995-140d-46af-a2a3-6fe303a90cb1 req-b279d7e0-60e3-4a65-8ec3-4b80b7754fd1 service placement] Successfully wrote allocations [, , ] {{(pid=114516) _update_consumers_and_create_allocations /opt/stack/placement/placement/handlers/allocation.py:462}}
Nov 05 07:37:20.362638 n-d-766380-23 devstack@placement-api.service[114516]: INFO placement.requestlog [req-03a5b995-140d-46af-a2a3-6fe303a90cb1 req-b279d7e0-60e3-4a65-8ec3-4b80b7754fd1 service placement] 10.222.0.13 "PUT /placement/allocations/3393ad08-6ce1-4b88-b1c0-a6b7ea372a56" status: 204 len: 0 microversion: 1.36
Nov 05 07:37:20.370885 n-d-766380-23 devstack@placement-api.service[114516]: [pid: 114516|app: 0|req: 502/1010] 10.222.0.13 () {64 vars in 1433 bytes} [Fri Nov 5 07:37:19 2021] PUT /placement/allocations/3393ad08-6ce1-4b88-b1c0-a6b7ea372a56 => generated 0 bytes in 384 msecs (HTTP/1.1 204) 5 headers in 199 bytes (2 switches on core 0)
Nov 05 07:37:21.515084 n-d-766380-23 devstack@placement-api.service[114515]: DEBUG placement.requestlog [req-03a5b995-140d-46af-a2a3-6fe303a90cb1 req-668538d2-563e-451f-a613-5dee81541fde None None] Starting request: 10.222.0.15 "GET /placement/allocations/3393ad08-6ce1-4b88-b1c0-a6b7ea372a56" {{(pid=114515) __call__ /opt/stack/placement/placement/requestlog.py:55}}
Nov 05 07:37:21.547599 n-d-766380-23 devstack@placement-api.service[114515]: INFO placement.requestlog [req-03a5b995-140d-46af-a2a3-6fe303a90cb1 req-668538d2-563e-451f-a613-5dee81541fde service placement] 10.222.0.15 "GET /placement/allocations/3393ad08-6ce1-4b88-b1c0-a6b7ea372a56" status: 200 len: 259 microversion: 1.28
Nov 05 07:37:21.547599 n-d-766380-23 devstack@placement-api.service[114515]: [pid: 114515|app: 0|req: 509/1011] 10.222.0.15 () {60 vars in 1377 bytes} [Fri Nov 5 07:37:21 2021] GET /placement/allocations/3393ad08-6ce1-4b88-b1c0-a6b7ea372a56 => generated 259 bytes in 31 msecs (HTTP/1.1 200) 8 headers in 296 bytes (2 switches on core 0)
Nov 05 07:37:22.624407 n-d-766380-23 devstack@placement-api.service[114516]: DEBUG placement.requestlog [req-b8b8d4b1-2b8a-4f97-baaf-aa20f9b07d6f req-d96630a0-9328-47d8-ab34-910c9a251283 None None] Starting request: 10.222.0.15 "DELETE /placement/allocations/decb33ad-9737-4455-adb9-77e638c16442" {{(pid=114516) __call__ /opt/stack/placement/placement/requestlog.py:55}}
Nov 05 07:37:22.879466 n-d-766380-23 devstack@placement-api.service[114516]: DEBUG placement.handlers.allocation [req-b8b8d4b1-2b8a-4f97-baaf-aa20f9b07d6f req-d96630a0-9328-47d8-ab34-910c9a251283 service placement] Successfully deleted allocations [, , ] {{(pid=114516) delete_allocations /opt/stack/placement/placement/handlers/allocation.py:627}}
Nov 05 07:37:22.880019 n-d-766380-23 devstack@placement-api.service[114516]: INFO placement.requestlog [req-b8b8d4b1-2b8a-4f97-baaf-aa20f9b07d6f req-d96630a0-9328-47d8-ab34-910c9a251283 service placement] 10.222.0.15 "DELETE /placement/allocations/decb33ad-9737-4455-adb9-77e638c16442" status: 204 len: 0 microversion: 1.0
Nov 05 07:37:22.880352 n-d-766380-23 devstack@placement-api.service[114516]: [pid: 114516|app: 0|req: 503/1012] 10.222.0.15 () {60 vars in 1355 bytes} [Fri Nov 5 07:37:22 2021] DELETE /placement/allocations/decb33ad-9737-4455-adb9-77e638c16442 => generated 0 bytes in 257 msecs (HTTP/1.1 204) 5 headers in 198 bytes (1 switches on core 0)
Nov 05 07:37:23.261890 n-d-766380-23 devstack@placement-api.service[114515]: DEBUG placement.requestlog [req-51da5ad1-c9d6-4dfa-b0d0-7c34fe7639a0 req-ef53a8b2-26a6-48a2-9048-98d8763a8230 None None] Starting request: 10.222.0.13 "GET /placement/allocation_candidates?limit=1000&resources=MEMORY_MB%3A1024%2CVCPU%3A1&root_required=%21COMPUTE_STATUS_DISABLED" {{(pid=114515) __call__ /opt/stack/placement/placement/requestlog.py:55}}
Nov 05 07:37:23.325387 n-d-766380-23 devstack@placement-api.service[114515]: DEBUG placement.objects.research_context [req-51da5ad1-c9d6-4dfa-b0d0-7c34fe7639a0 req-ef53a8b2-26a6-48a2-9048-98d8763a8230 service placement] getting providers with 1024 MEMORY_MB {{(pid=114515) __init__ /opt/stack/placement/placement/objects/research_context.py:126}}
Nov 05 07:37:23.337957 n-d-766380-23 devstack@placement-api.service[114515]: DEBUG placement.objects.research_context [req-51da5ad1-c9d6-4dfa-b0d0-7c34fe7639a0 req-ef53a8b2-26a6-48a2-9048-98d8763a8230 service placement] getting providers with 1 VCPU {{(pid=114515) __init__ /opt/stack/placement/placement/objects/research_context.py:126}}
Nov 05 07:37:23.345774 n-d-766380-23 devstack@placement-api.service[114515]: DEBUG placement.objects.research_context [req-51da5ad1-c9d6-4dfa-b0d0-7c34fe7639a0 req-ef53a8b2-26a6-48a2-9048-98d8763a8230 service placement] found 2 providers with available 1024 MEMORY_MB {{(pid=114515) get_provider_ids_matching /opt/stack/placement/placement/objects/research_context.py:549}}
Nov 05 07:37:23.345907 n-d-766380-23 devstack@placement-api.service[114515]: DEBUG placement.objects.research_context [req-51da5ad1-c9d6-4dfa-b0d0-7c34fe7639a0 req-ef53a8b2-26a6-48a2-9048-98d8763a8230 service placement] found 2 providers with available 1 VCPU {{(pid=114515) get_provider_ids_matching /opt/stack/placement/placement/objects/research_context.py:549}}
Nov 05 07:37:23.346125 n-d-766380-23 devstack@placement-api.service[114515]: DEBUG placement.objects.research_context [req-51da5ad1-c9d6-4dfa-b0d0-7c34fe7639a0 req-ef53a8b2-26a6-48a2-9048-98d8763a8230 service placement] found 2 providers after filtering by previous result {{(pid=114515) get_provider_ids_matching /opt/stack/placement/placement/objects/research_context.py:580}}
Nov 05 07:37:23.360037 n-d-766380-23 devstack@placement-api.service[114515]: DEBUG placement.objects.allocation_candidate [req-51da5ad1-c9d6-4dfa-b0d0-7c34fe7639a0 req-ef53a8b2-26a6-48a2-9048-98d8763a8230 service placement] RequestGroup(use_same_provider=False, resources={MEMORY_MB:1024, VCPU:1}, traits=[], aggregates=[]) (suffix '') returned 2 matches {{(pid=114515) _get_by_requests /opt/stack/placement/placement/objects/allocation_candidate.py:145}}
Nov 05 07:37:23.361009 n-d-766380-23 devstack@placement-api.service[114515]: DEBUG placement.objects.allocation_candidate [req-51da5ad1-c9d6-4dfa-b0d0-7c34fe7639a0 req-ef53a8b2-26a6-48a2-9048-98d8763a8230 service placement] Merging candidates yields 2 allocation requests and 2 provider summaries {{(pid=114515) _merge_candidates /opt/stack/placement/placement/objects/allocation_candidate.py:783}}
Nov 05 07:37:23.363783 n-d-766380-23 devstack@placement-api.service[114515]: INFO placement.requestlog [req-51da5ad1-c9d6-4dfa-b0d0-7c34fe7639a0 req-ef53a8b2-26a6-48a2-9048-98d8763a8230 service placement] 10.222.0.13 "GET /placement/allocation_candidates?limit=1000&resources=MEMORY_MB%3A1024%2CVCPU%3A1&root_required=%21COMPUTE_STATUS_DISABLED" status: 200 len: 1281 microversion: 1.36
Nov 05 07:37:23.364542 n-d-766380-23 devstack@placement-api.service[114515]: [pid: 114515|app: 0|req: 510/1013] 10.222.0.13 () {60 vars in 1478 bytes} [Fri Nov 5 07:37:23 2021] GET /placement/allocation_candidates?limit=1000&resources=MEMORY_MB%3A1024%2CVCPU%3A1&root_required=%21COMPUTE_STATUS_DISABLED => generated 1281 bytes in 103 msecs (HTTP/1.1 200) 8 headers in 297 bytes (1 switches on core 0)
Nov 05 07:37:23.473705 n-d-766380-23 devstack@placement-api.service[114516]: DEBUG placement.requestlog [req-51da5ad1-c9d6-4dfa-b0d0-7c34fe7639a0 req-c8ea72c5-fcc0-47dd-b021-34866cf23a6f None None] Starting request: 10.222.0.13 "GET /placement/allocations/eb3a3591-f1b6-4f89-b0a3-94c505dba5e3" {{(pid=114516) __call__ /opt/stack/placement/placement/requestlog.py:55}}
Nov 05 07:37:23.484988 n-d-766380-23 devstack@placement-api.service[114516]: INFO placement.requestlog [req-51da5ad1-c9d6-4dfa-b0d0-7c34fe7639a0 req-c8ea72c5-fcc0-47dd-b021-34866cf23a6f service placement] 10.222.0.13 "GET /placement/allocations/eb3a3591-f1b6-4f89-b0a3-94c505dba5e3" status: 200 len: 19 microversion: 1.28
Nov 05 07:37:23.485405 n-d-766380-23 devstack@placement-api.service[114516]: [pid: 114516|app: 0|req: 504/1014] 10.222.0.13 () {60 vars in 1380 bytes} [Fri Nov 5 07:37:23 2021] GET /placement/allocations/eb3a3591-f1b6-4f89-b0a3-94c505dba5e3 => generated 19 bytes in 12 msecs (HTTP/1.1 200) 8 headers in 295 bytes (1 switches on core 0)
Nov 05 07:37:23.493960 n-d-766380-23 devstack@placement-api.service[114515]: DEBUG placement.requestlog [req-51da5ad1-c9d6-4dfa-b0d0-7c34fe7639a0 req-4ac21ea7-4b5b-473d-8b64-2929ca1be8df None None] Starting request: 10.222.0.13 "PUT /placement/allocations/eb3a3591-f1b6-4f89-b0a3-94c505dba5e3" {{(pid=114515) __call__ /opt/stack/placement/placement/requestlog.py:55}}
Nov 05 07:37:23.855723 n-d-766380-23 devstack@placement-api.service[114515]: DEBUG placement.handlers.allocation [req-51da5ad1-c9d6-4dfa-b0d0-7c34fe7639a0 req-4ac21ea7-4b5b-473d-8b64-2929ca1be8df service placement] Successfully wrote allocations [, ] {{(pid=114515) _update_consumers_and_create_allocations /opt/stack/placement/placement/handlers/allocation.py:462}}
Nov 05 07:37:23.943191 n-d-766380-23 devstack@placement-api.service[114515]: INFO placement.requestlog [req-51da5ad1-c9d6-4dfa-b0d0-7c34fe7639a0 req-4ac21ea7-4b5b-473d-8b64-2929ca1be8df service placement] 10.222.0.13 "PUT /placement/allocations/eb3a3591-f1b6-4f89-b0a3-94c505dba5e3" status: 204 len: 0 microversion: 1.36
Nov 05 07:37:23.943686 n-d-766380-23 devstack@placement-api.service[114515]: [pid: 114515|app: 0|req: 511/1015] 10.222.0.13 () {64 vars in 1433 bytes} [Fri Nov 5 07:37:23 2021] PUT /placement/allocations/eb3a3591-f1b6-4f89-b0a3-94c505dba5e3 => generated 0 bytes in 450 msecs (HTTP/1.1 204) 5 headers in 199 bytes (1 switches on core 0)
Nov 05 07:37:25.234322 n-d-766380-23 devstack@placement-api.service[114516]: DEBUG placement.requestlog [req-51da5ad1-c9d6-4dfa-b0d0-7c34fe7639a0 req-0a4bcea4-f963-4c93-a34e-6723ee2553bc None None] Starting request: 10.222.0.43 "GET /placement/allocations/eb3a3591-f1b6-4f89-b0a3-94c505dba5e3" {{(pid=114516) __call__ /opt/stack/placement/placement/requestlog.py:55}}
Nov 05 07:37:25.256567 n-d-766380-23 devstack@placement-api.service[114516]: INFO placement.requestlog [req-51da5ad1-c9d6-4dfa-b0d0-7c34fe7639a0 req-0a4bcea4-f963-4c93-a34e-6723ee2553bc service placement] 10.222.0.43 "GET /placement/allocations/eb3a3591-f1b6-4f89-b0a3-94c505dba5e3" status: 200 len: 246 microversion: 1.28
Nov 05 07:37:25.257434 n-d-766380-23 devstack@placement-api.service[114516]: [pid: 114516|app: 0|req: 505/1016] 10.222.0.43 () {60 vars in 1377 bytes} [Fri Nov 5 07:37:25 2021] GET /placement/allocations/eb3a3591-f1b6-4f89-b0a3-94c505dba5e3 => generated 246 bytes in 23 msecs (HTTP/1.1 200) 8 headers in 296 bytes (1 switches on core 0)
Nov 05 07:37:27.250546 n-d-766380-23 devstack@placement-api.service[114515]: DEBUG placement.requestlog [req-58c8a843-eb38-460b-abfd-96b5c546b1ab req-4a30b084-dc2f-4dfe-beac-cad9247c1cd5 None None] Starting request: 10.222.0.43 "GET /placement/resource_providers/5d150630-a9e3-44f1-920a-514ebe16e702/allocations" {{(pid=114515) __call__ /opt/stack/placement/placement/requestlog.py:55}}
Nov 05 07:37:27.288023 n-d-766380-23 devstack@placement-api.service[114515]: INFO placement.requestlog [req-58c8a843-eb38-460b-abfd-96b5c546b1ab req-4a30b084-dc2f-4dfe-beac-cad9247c1cd5 service placement] 10.222.0.43 "GET /placement/resource_providers/5d150630-a9e3-44f1-920a-514ebe16e702/allocations" status: 200 len: 242 microversion: 1.0
Nov 05 07:37:27.289106 n-d-766380-23 devstack@placement-api.service[114515]: [pid: 114515|app: 0|req: 512/1017] 10.222.0.43 () {58 vars in 1390 bytes} [Fri Nov 5 07:37:27 2021] GET /placement/resource_providers/5d150630-a9e3-44f1-920a-514ebe16e702/allocations => generated 242 bytes in 39 msecs (HTTP/1.1 200) 6 headers in 224 bytes (1 switches on core 0)
Nov 05 07:37:30.294338 n-d-766380-23 devstack@placement-api.service[114516]: DEBUG placement.requestlog [req-bb1b7c33-bda4-478e-aae5-e819689c73f7 req-ce7de7c5-93d5-40e6-9ead-f92e9d2e3fed None None] Starting request: 10.222.0.15 "GET /placement/resource_providers/aec41b11-9569-44f6-b32c-46086cc57c35/allocations" {{(pid=114516) __call__ /opt/stack/placement/placement/requestlog.py:55}}
Nov 05 07:37:30.353900 n-d-766380-23 devstack@placement-api.service[114516]: INFO placement.requestlog [req-bb1b7c33-bda4-478e-aae5-e819689c73f7 req-ce7de7c5-93d5-40e6-9ead-f92e9d2e3fed service placement] 10.222.0.15 "GET /placement/resource_providers/aec41b11-9569-44f6-b32c-46086cc57c35/allocations" status: 200 len: 154 microversion: 1.0
Nov 05 07:37:30.354925 n-d-766380-23 devstack@placement-api.service[114516]: [pid: 114516|app: 0|req: 506/1018] 10.222.0.15 () {58 vars in 1390 bytes} [Fri Nov 5 07:37:30 2021] GET /placement/resource_providers/aec41b11-9569-44f6-b32c-46086cc57c35/allocations => generated 154 bytes in 61 msecs (HTTP/1.1 200) 6 headers in 224 bytes (1 switches on core 0)
Nov 05 07:37:43.673370 n-d-766380-23 devstack@placement-api.service[114515]: DEBUG placement.requestlog [req-e8eda017-c887-4ab8-b8ff-3cea8e266393 req-a0720c02-7034-4a08-b636-092dd4def3bb None None] Starting request: 10.222.0.15 "DELETE /placement/allocations/3393ad08-6ce1-4b88-b1c0-a6b7ea372a56" {{(pid=114515) __call__ /opt/stack/placement/placement/requestlog.py:55}}
Nov 05 07:37:43.826624 n-d-766380-23 devstack@placement-api.service[114515]: DEBUG placement.handlers.allocation [req-e8eda017-c887-4ab8-b8ff-3cea8e266393 req-a0720c02-7034-4a08-b636-092dd4def3bb service placement] Successfully deleted allocations [, , ] {{(pid=114515) delete_allocations /opt/stack/placement/placement/handlers/allocation.py:627}}
Nov 05 07:37:43.827501 n-d-766380-23 devstack@placement-api.service[114515]: INFO placement.requestlog [req-e8eda017-c887-4ab8-b8ff-3cea8e266393 req-a0720c02-7034-4a08-b636-092dd4def3bb service placement] 10.222.0.15 "DELETE /placement/allocations/3393ad08-6ce1-4b88-b1c0-a6b7ea372a56" status: 204 len: 0 microversion: 1.0
Nov 05 07:37:43.828128 n-d-766380-23 devstack@placement-api.service[114515]: [pid: 114515|app: 0|req: 513/1019] 10.222.0.15 () {60 vars in 1355 bytes} [Fri Nov 5 07:37:43 2021] DELETE /placement/allocations/3393ad08-6ce1-4b88-b1c0-a6b7ea372a56 => generated 0 bytes in 155 msecs (HTTP/1.1 204) 5 headers in 198 bytes (1 switches on core 0)
Nov 05 07:37:46.068686 n-d-766380-23 devstack@placement-api.service[114516]: DEBUG placement.requestlog [req-4f6098c1-baa0-41c0-8e55-0b65d26c7c8f req-2ee4d49d-297a-4100-a10e-cb53773ae407 None None] Starting request: 10.222.0.13 "GET /placement/allocation_candidates?limit=1000&resources=DISK_GB%3A1%2CMEMORY_MB%3A1024%2CVCPU%3A1&root_required=%21COMPUTE_STATUS_DISABLED" {{(pid=114516) __call__ /opt/stack/placement/placement/requestlog.py:55}}
Nov 05 07:37:46.106560 n-d-766380-23 devstack@placement-api.service[114516]: DEBUG placement.objects.research_context [req-4f6098c1-baa0-41c0-8e55-0b65d26c7c8f req-2ee4d49d-297a-4100-a10e-cb53773ae407 service placement] getting providers with 1 DISK_GB {{(pid=114516) __init__ /opt/stack/placement/placement/objects/research_context.py:126}}
Nov 05 07:37:46.113420 n-d-766380-23 devstack@placement-api.service[114516]: DEBUG placement.objects.research_context [req-4f6098c1-baa0-41c0-8e55-0b65d26c7c8f req-2ee4d49d-297a-4100-a10e-cb53773ae407 service placement] getting providers with 1024 MEMORY_MB {{(pid=114516) __init__ /opt/stack/placement/placement/objects/research_context.py:126}}
Nov 05 07:37:46.119243 n-d-766380-23 devstack@placement-api.service[114516]: DEBUG placement.objects.research_context [req-4f6098c1-baa0-41c0-8e55-0b65d26c7c8f req-2ee4d49d-297a-4100-a10e-cb53773ae407 service placement] getting providers with 1 VCPU {{(pid=114516) __init__ /opt/stack/placement/placement/objects/research_context.py:126}}
Nov 05 07:37:46.130429 n-d-766380-23 devstack@placement-api.service[114516]: DEBUG placement.objects.research_context [req-4f6098c1-baa0-41c0-8e55-0b65d26c7c8f req-2ee4d49d-297a-4100-a10e-cb53773ae407 service placement] found 2 providers with available 1 DISK_GB {{(pid=114516) get_provider_ids_matching /opt/stack/placement/placement/objects/research_context.py:549}}
Nov 05 07:37:46.132788 n-d-766380-23 devstack@placement-api.service[114516]: DEBUG placement.objects.research_context [req-4f6098c1-baa0-41c0-8e55-0b65d26c7c8f req-2ee4d49d-297a-4100-a10e-cb53773ae407 service placement] found 2 providers with available 1024 MEMORY_MB {{(pid=114516) get_provider_ids_matching /opt/stack/placement/placement/objects/research_context.py:549}}
Nov 05 07:37:46.132788 n-d-766380-23 devstack@placement-api.service[114516]: DEBUG placement.objects.research_context [req-4f6098c1-baa0-41c0-8e55-0b65d26c7c8f req-2ee4d49d-297a-4100-a10e-cb53773ae407 service placement] found 2 providers after filtering by previous result {{(pid=114516) get_provider_ids_matching /opt/stack/placement/placement/objects/research_context.py:580}}
Nov 05 07:37:46.132788 n-d-766380-23 devstack@placement-api.service[114516]: DEBUG placement.objects.research_context [req-4f6098c1-baa0-41c0-8e55-0b65d26c7c8f req-2ee4d49d-297a-4100-a10e-cb53773ae407 service placement] found 2 providers with available 1 VCPU {{(pid=114516) get_provider_ids_matching /opt/stack/placement/placement/objects/research_context.py:549}}
Nov 05 07:37:46.132788 n-d-766380-23 devstack@placement-api.service[114516]: DEBUG placement.objects.research_context [req-4f6098c1-baa0-41c0-8e55-0b65d26c7c8f req-2ee4d49d-297a-4100-a10e-cb53773ae407 service placement] found 2 providers after filtering by previous result {{(pid=114516) get_provider_ids_matching /opt/stack/placement/placement/objects/research_context.py:580}}
Nov 05 07:37:46.147456 n-d-766380-23 devstack@placement-api.service[114516]: DEBUG placement.objects.allocation_candidate [req-4f6098c1-baa0-41c0-8e55-0b65d26c7c8f req-2ee4d49d-297a-4100-a10e-cb53773ae407 service placement] RequestGroup(use_same_provider=False, resources={DISK_GB:1, MEMORY_MB:1024, VCPU:1}, traits=[], aggregates=[]) (suffix '') returned 2 matches {{(pid=114516) _get_by_requests /opt/stack/placement/placement/objects/allocation_candidate.py:145}}
Nov 05 07:37:46.148174 n-d-766380-23 devstack@placement-api.service[114516]: DEBUG placement.objects.allocation_candidate [req-4f6098c1-baa0-41c0-8e55-0b65d26c7c8f req-2ee4d49d-297a-4100-a10e-cb53773ae407 service placement] Merging candidates yields 2 allocation requests and 2 provider summaries {{(pid=114516) _merge_candidates /opt/stack/placement/placement/objects/allocation_candidate.py:783}}
Nov 05 07:37:46.149549 n-d-766380-23 devstack@placement-api.service[114516]: INFO placement.requestlog [req-4f6098c1-baa0-41c0-8e55-0b65d26c7c8f req-2ee4d49d-297a-4100-a10e-cb53773ae407 service placement] 10.222.0.13 "GET /placement/allocation_candidates?limit=1000&resources=DISK_GB%3A1%2CMEMORY_MB%3A1024%2CVCPU%3A1&root_required=%21COMPUTE_STATUS_DISABLED" status: 200 len: 1306 microversion: 1.36
Nov 05 07:37:46.150292 n-d-766380-23 devstack@placement-api.service[114516]: [pid: 114516|app: 0|req: 507/1020] 10.222.0.13 () {60 vars in 1506 bytes} [Fri Nov 5 07:37:46 2021] GET /placement/allocation_candidates?limit=1000&resources=DISK_GB%3A1%2CMEMORY_MB%3A1024%2CVCPU%3A1&root_required=%21COMPUTE_STATUS_DISABLED => generated 1306 bytes in 82 msecs (HTTP/1.1 200) 8 headers in 297 bytes (1 switches on core 0)
Nov 05 07:37:46.265714 n-d-766380-23 devstack@placement-api.service[114515]: DEBUG placement.requestlog [req-4f6098c1-baa0-41c0-8e55-0b65d26c7c8f req-e99697e3-eb1d-40a8-a799-8104493a680e None None] Starting request: 10.222.0.13 "GET /placement/allocations/49ffb59b-0ed6-43f3-871c-39abfdd203e6" {{(pid=114515) __call__ /opt/stack/placement/placement/requestlog.py:55}}
Nov 05 07:37:46.277216 n-d-766380-23 devstack@placement-api.service[114515]: INFO placement.requestlog [req-4f6098c1-baa0-41c0-8e55-0b65d26c7c8f req-e99697e3-eb1d-40a8-a799-8104493a680e service placement] 10.222.0.13 "GET /placement/allocations/49ffb59b-0ed6-43f3-871c-39abfdd203e6" status: 200 len: 19 microversion: 1.28
Nov 05 07:37:46.284059 n-d-766380-23 devstack@placement-api.service[114516]: DEBUG placement.requestlog [req-4f6098c1-baa0-41c0-8e55-0b65d26c7c8f req-f4c266e1-6396-4cf6-84b3-9b28559a7713 None None] Starting request: 10.222.0.13 "PUT /placement/allocations/49ffb59b-0ed6-43f3-871c-39abfdd203e6" {{(pid=114516) __call__ /opt/stack/placement/placement/requestlog.py:55}}
Nov 05 07:37:46.305030 n-d-766380-23 devstack@placement-api.service[114515]: [pid: 114515|app: 0|req: 514/1021] 10.222.0.13 () {60 vars in 1380 bytes} [Fri Nov 5 07:37:46 2021] GET /placement/allocations/49ffb59b-0ed6-43f3-871c-39abfdd203e6 => generated 19 bytes in 29 msecs (HTTP/1.1 200) 8 headers in 295 bytes (1 switches on core 0)
Nov 05 07:37:46.418985 n-d-766380-23 devstack@placement-api.service[114516]: DEBUG placement.handlers.allocation [req-4f6098c1-baa0-41c0-8e55-0b65d26c7c8f req-f4c266e1-6396-4cf6-84b3-9b28559a7713 service placement] Successfully wrote allocations [, , ] {{(pid=114516) _update_consumers_and_create_allocations /opt/stack/placement/placement/handlers/allocation.py:462}}
Nov 05 07:37:46.495130 n-d-766380-23 devstack@placement-api.service[114516]: INFO placement.requestlog [req-4f6098c1-baa0-41c0-8e55-0b65d26c7c8f req-f4c266e1-6396-4cf6-84b3-9b28559a7713 service placement] 10.222.0.13 "PUT /placement/allocations/49ffb59b-0ed6-43f3-871c-39abfdd203e6" status: 204 len: 0 microversion: 1.36
Nov 05 07:37:46.495621 n-d-766380-23 devstack@placement-api.service[114516]: [pid: 114516|app: 0|req: 508/1022] 10.222.0.13 () {64 vars in 1433 bytes} [Fri Nov 5 07:37:46 2021] PUT /placement/allocations/49ffb59b-0ed6-43f3-871c-39abfdd203e6 => generated 0 bytes in 212 msecs (HTTP/1.1 204) 5 headers in 199 bytes (2 switches on core 0)
Nov 05 07:37:47.501309 n-d-766380-23 devstack@placement-api.service[114515]: DEBUG placement.requestlog [req-4f6098c1-baa0-41c0-8e55-0b65d26c7c8f req-9e33c5ce-d650-4fcd-bea6-052535c93edf None None] Starting request: 10.222.0.15 "GET /placement/allocations/49ffb59b-0ed6-43f3-871c-39abfdd203e6" {{(pid=114515) __call__ /opt/stack/placement/placement/requestlog.py:55}}
Nov 05 07:37:47.517772 n-d-766380-23 devstack@placement-api.service[114515]: INFO placement.requestlog [req-4f6098c1-baa0-41c0-8e55-0b65d26c7c8f req-9e33c5ce-d650-4fcd-bea6-052535c93edf service placement] 10.222.0.15 "GET /placement/allocations/49ffb59b-0ed6-43f3-871c-39abfdd203e6" status: 200 len: 259 microversion: 1.28
Nov 05 07:37:47.518156 n-d-766380-23 devstack@placement-api.service[114515]: [pid: 114515|app: 0|req: 515/1023] 10.222.0.15 () {60 vars in 1377 bytes} [Fri Nov 5 07:37:47 2021] GET /placement/allocations/49ffb59b-0ed6-43f3-871c-39abfdd203e6 => generated 259 bytes in 17 msecs (HTTP/1.1 200) 8 headers in 296 bytes (1 switches on core 0)
Nov 05 07:37:53.722377 n-d-766380-23 devstack@placement-api.service[114516]: DEBUG placement.requestlog [req-c1477093-caeb-4d08-91cb-bf7c7f304236 req-cbba7cf0-265d-43c4-9691-611e291685d0 None None] Starting request: 10.222.0.13 "GET /placement/resource_providers?name=n-h1-766380-23" {{(pid=114516) __call__ /opt/stack/placement/placement/requestlog.py:55}}
Nov 05 07:37:53.870088 n-d-766380-23 devstack@placement-api.service[114516]: INFO placement.requestlog [req-c1477093-caeb-4d08-91cb-bf7c7f304236 req-cbba7cf0-265d-43c4-9691-611e291685d0 service placement] 10.222.0.13 "GET /placement/resource_providers?name=n-h1-766380-23" status: 200 len: 442 microversion: 1.0
Nov 05 07:37:53.870831 n-d-766380-23 devstack@placement-api.service[114516]: [pid: 114516|app: 0|req: 509/1024] 10.222.0.13 () {58 vars in 1276 bytes} [Fri Nov 5 07:37:53 2021] GET /placement/resource_providers?name=n-h1-766380-23 => generated 442 bytes in 149 msecs (HTTP/1.1 200) 6 headers in 224 bytes (1 switches on core 0)
Nov 05 07:37:53.879194 n-d-766380-23 devstack@placement-api.service[114515]: DEBUG placement.requestlog [req-c1477093-caeb-4d08-91cb-bf7c7f304236 req-8274636c-0d0d-4dfd-9224-078901028639 None None] Starting request: 10.222.0.13 "GET /placement/resource_providers/aec41b11-9569-44f6-b32c-46086cc57c35/aggregates" {{(pid=114515) __call__ /opt/stack/placement/placement/requestlog.py:55}}
Nov 05 07:37:53.892505 n-d-766380-23 devstack@placement-api.service[114515]: INFO placement.requestlog [req-c1477093-caeb-4d08-91cb-bf7c7f304236 req-8274636c-0d0d-4dfd-9224-078901028639 service placement] 10.222.0.13 "GET /placement/resource_providers/aec41b11-9569-44f6-b32c-46086cc57c35/aggregates" status: 200 len: 54 microversion: 1.19
Nov 05 07:37:53.900293 n-d-766380-23 devstack@placement-api.service[114516]: DEBUG placement.requestlog [req-c1477093-caeb-4d08-91cb-bf7c7f304236 req-6a9151b9-cc57-48cd-a05d-2ad09b4b7cba None None] Starting request: 10.222.0.13 "PUT /placement/resource_providers/aec41b11-9569-44f6-b32c-46086cc57c35/aggregates" {{(pid=114516) __call__ /opt/stack/placement/placement/requestlog.py:55}}
Nov 05 07:37:53.912832 n-d-766380-23 devstack@placement-api.service[114515]: [pid: 114515|app: 0|req: 516/1025] 10.222.0.13 () {60 vars in 1425 bytes} [Fri Nov 5 07:37:53 2021] GET /placement/resource_providers/aec41b11-9569-44f6-b32c-46086cc57c35/aggregates => generated 54 bytes in 34 msecs (HTTP/1.1 200) 8 headers in 295 bytes (1 switches on core 0)
Nov 05 07:37:53.915774 n-d-766380-23 devstack@placement-api.service[114516]: DEBUG placement.objects.resource_provider [req-c1477093-caeb-4d08-91cb-bf7c7f304236 req-6a9151b9-cc57-48cd-a05d-2ad09b4b7cba service placement] _ensure_aggregate() did not find aggregate 88147b0c-f1b4-4b16-bf3a-02fc08383186. Attempting to create it. {{(pid=114516) _ensure_aggregate /opt/stack/placement/placement/objects/resource_provider.py:320}}
Nov 05 07:37:53.917385 n-d-766380-23 devstack@placement-api.service[114516]: DEBUG placement.objects.resource_provider [req-c1477093-caeb-4d08-91cb-bf7c7f304236 req-6a9151b9-cc57-48cd-a05d-2ad09b4b7cba service placement] _ensure_aggregate() created new aggregate 88147b0c-f1b4-4b16-bf3a-02fc08383186 (id=8). {{(pid=114516) _ensure_aggregate /opt/stack/placement/placement/objects/resource_provider.py:326}}
Nov 05 07:37:53.918776 n-d-766380-23 devstack@placement-api.service[114516]: DEBUG placement.objects.resource_provider [req-c1477093-caeb-4d08-91cb-bf7c7f304236 req-6a9151b9-cc57-48cd-a05d-2ad09b4b7cba service placement] Setting aggregates for provider aec41b11-9569-44f6-b32c-46086cc57c35. Successfully associated aggregate 88147b0c-f1b4-4b16-bf3a-02fc08383186. {{(pid=114516) _set_aggregates /opt/stack/placement/placement/objects/resource_provider.py:388}}
Nov 05 07:37:53.987411 n-d-766380-23 devstack@placement-api.service[114516]: INFO placement.requestlog [req-c1477093-caeb-4d08-91cb-bf7c7f304236 req-6a9151b9-cc57-48cd-a05d-2ad09b4b7cba service placement] 10.222.0.13 "PUT /placement/resource_providers/aec41b11-9569-44f6-b32c-46086cc57c35/aggregates" status: 200 len: 92 microversion: 1.19
Nov 05 07:37:53.987667 n-d-766380-23 devstack@placement-api.service[114516]: [pid: 114516|app: 0|req: 510/1026] 10.222.0.13 () {64 vars in 1477 bytes} [Fri Nov 5 07:37:53 2021] PUT /placement/resource_providers/aec41b11-9569-44f6-b32c-46086cc57c35/aggregates => generated 92 bytes in 88 msecs (HTTP/1.1 200) 8 headers in 295 bytes (2 switches on core 0)
Nov 05 07:37:54.680335 n-d-766380-23 devstack@placement-api.service[114515]: DEBUG placement.requestlog [req-f915192b-0538-4101-b4ba-2d267fa7ca88 req-9e115cbe-f91e-4767-b27e-f4ad19a64743 None None] Starting request: 10.222.0.13 "GET /placement/resource_providers?name=n-h1-766380-23" {{(pid=114515) __call__ /opt/stack/placement/placement/requestlog.py:55}}
Nov 05 07:37:54.894989 n-d-766380-23 devstack@placement-api.service[114515]: INFO placement.requestlog [req-f915192b-0538-4101-b4ba-2d267fa7ca88 req-9e115cbe-f91e-4767-b27e-f4ad19a64743 service placement] 10.222.0.13 "GET /placement/resource_providers?name=n-h1-766380-23" status: 200 len: 442 microversion: 1.0
Nov 05 07:37:54.896611 n-d-766380-23 devstack@placement-api.service[114515]: [pid: 114515|app: 0|req: 517/1027] 10.222.0.13 () {58 vars in 1276 bytes} [Fri Nov 5 07:37:54 2021] GET /placement/resource_providers?name=n-h1-766380-23 => generated 442 bytes in 216 msecs (HTTP/1.1 200) 6 headers in 224 bytes (1 switches on core 0)
Nov 05 07:37:54.904613 n-d-766380-23 devstack@placement-api.service[114516]: DEBUG placement.requestlog [req-f915192b-0538-4101-b4ba-2d267fa7ca88 req-cd9d8da8-e813-48e1-85cb-8e171080951a None None] Starting request: 10.222.0.13 "GET /placement/resource_providers/aec41b11-9569-44f6-b32c-46086cc57c35/aggregates" {{(pid=114516) __call__ /opt/stack/placement/placement/requestlog.py:55}}
Nov 05 07:37:54.920111 n-d-766380-23 devstack@placement-api.service[114516]: INFO placement.requestlog [req-f915192b-0538-4101-b4ba-2d267fa7ca88 req-cd9d8da8-e813-48e1-85cb-8e171080951a service placement] 10.222.0.13 "GET /placement/resource_providers/aec41b11-9569-44f6-b32c-46086cc57c35/aggregates" status: 200 len: 92 microversion: 1.19
Nov 05 07:37:54.920406 n-d-766380-23 devstack@placement-api.service[114516]: [pid: 114516|app: 0|req: 511/1028] 10.222.0.13 () {60 vars in 1425 bytes} [Fri Nov 5 07:37:54 2021] GET /placement/resource_providers/aec41b11-9569-44f6-b32c-46086cc57c35/aggregates => generated 92 bytes in 16 msecs (HTTP/1.1 200) 8 headers in 295 bytes (1 switches on core 0)
Nov 05 07:37:54.930169 n-d-766380-23 devstack@placement-api.service[114515]: DEBUG placement.requestlog [req-f915192b-0538-4101-b4ba-2d267fa7ca88 req-965dc153-d743-4b09-a89b-fe097815d5ca None None] Starting request: 10.222.0.13 "PUT /placement/resource_providers/aec41b11-9569-44f6-b32c-46086cc57c35/aggregates" {{(pid=114515) __call__ /opt/stack/placement/placement/requestlog.py:55}}
Nov 05 07:37:54.958620 n-d-766380-23 devstack@placement-api.service[114515]: DEBUG placement.objects.resource_provider [req-f915192b-0538-4101-b4ba-2d267fa7ca88 req-965dc153-d743-4b09-a89b-fe097815d5ca service placement] Setting aggregates for provider aec41b11-9569-44f6-b32c-46086cc57c35. Successfully disassociated aggregate 88147b0c-f1b4-4b16-bf3a-02fc08383186. {{(pid=114515) _set_aggregates /opt/stack/placement/placement/objects/resource_provider.py:403}}
Nov 05 07:37:55.032531 n-d-766380-23 devstack@placement-api.service[114515]: INFO placement.requestlog [req-f915192b-0538-4101-b4ba-2d267fa7ca88 req-965dc153-d743-4b09-a89b-fe097815d5ca service placement] 10.222.0.13 "PUT /placement/resource_providers/aec41b11-9569-44f6-b32c-46086cc57c35/aggregates" status: 200 len: 54 microversion: 1.19
Nov 05 07:37:55.033222 n-d-766380-23 devstack@placement-api.service[114515]: [pid: 114515|app: 0|req: 518/1029] 10.222.0.13 () {64 vars in 1477 bytes} [Fri Nov 5 07:37:54 2021] PUT /placement/resource_providers/aec41b11-9569-44f6-b32c-46086cc57c35/aggregates => generated 54 bytes in 103 msecs (HTTP/1.1 200) 8 headers in 295 bytes (1 switches on core 0)
Nov 05 07:38:02.551521 n-d-766380-23 devstack@placement-api.service[114516]: DEBUG placement.requestlog [req-1694c115-e9cf-4868-8bfc-ddd534b0c715 req-8a4f4254-043f-4e63-b505-db57835dd602 None None] Starting request: 10.222.0.43 "DELETE /placement/allocations/eb3a3591-f1b6-4f89-b0a3-94c505dba5e3" {{(pid=114516) __call__ /opt/stack/placement/placement/requestlog.py:55}}
Nov 05 07:38:02.724216 n-d-766380-23 devstack@placement-api.service[114516]: DEBUG placement.handlers.allocation [req-1694c115-e9cf-4868-8bfc-ddd534b0c715 req-8a4f4254-043f-4e63-b505-db57835dd602 service placement] Successfully deleted allocations [, ] {{(pid=114516) delete_allocations /opt/stack/placement/placement/handlers/allocation.py:627}}
Nov 05 07:38:02.724833 n-d-766380-23 devstack@placement-api.service[114516]: INFO placement.requestlog [req-1694c115-e9cf-4868-8bfc-ddd534b0c715 req-8a4f4254-043f-4e63-b505-db57835dd602 service placement] 10.222.0.43 "DELETE /placement/allocations/eb3a3591-f1b6-4f89-b0a3-94c505dba5e3" status: 204 len: 0 microversion: 1.0
Nov 05 07:38:02.725797 n-d-766380-23 devstack@placement-api.service[114516]: [pid: 114516|app: 0|req: 512/1030] 10.222.0.43 () {60 vars in 1355 bytes} [Fri Nov 5 07:38:02 2021] DELETE /placement/allocations/eb3a3591-f1b6-4f89-b0a3-94c505dba5e3 => generated 0 bytes in 175 msecs (HTTP/1.1 204) 5 headers in 198 bytes (2 switches on core 0)
Nov 05 07:38:08.031195 n-d-766380-23 devstack@placement-api.service[114515]: DEBUG placement.requestlog [req-d156fe03-78c1-4c21-89b5-8a818a6fff75 req-ac1fea89-2b56-47f0-a2c5-a9e7f8c6aa1f None None] Starting request: 10.222.0.15 "DELETE /placement/allocations/49ffb59b-0ed6-43f3-871c-39abfdd203e6" {{(pid=114515) __call__ /opt/stack/placement/placement/requestlog.py:55}}
Nov 05 07:38:08.186703 n-d-766380-23 devstack@placement-api.service[114515]: DEBUG placement.handlers.allocation [req-d156fe03-78c1-4c21-89b5-8a818a6fff75 req-ac1fea89-2b56-47f0-a2c5-a9e7f8c6aa1f service placement] Successfully deleted allocations [, , ] {{(pid=114515) delete_allocations /opt/stack/placement/placement/handlers/allocation.py:627}}
Nov 05 07:38:08.187693 n-d-766380-23 devstack@placement-api.service[114515]: INFO placement.requestlog [req-d156fe03-78c1-4c21-89b5-8a818a6fff75 req-ac1fea89-2b56-47f0-a2c5-a9e7f8c6aa1f service placement] 10.222.0.15 "DELETE /placement/allocations/49ffb59b-0ed6-43f3-871c-39abfdd203e6" status: 204 len: 0 microversion: 1.0
Nov 05 07:38:08.188249 n-d-766380-23 devstack@placement-api.service[114515]: [pid: 114515|app: 0|req: 519/1031] 10.222.0.15 () {60 vars in 1355 bytes} [Fri Nov 5 07:38:08 2021] DELETE /placement/allocations/49ffb59b-0ed6-43f3-871c-39abfdd203e6 => generated 0 bytes in 157 msecs (HTTP/1.1 204) 5 headers in 198 bytes (2 switches on core 0)
Nov 05 07:38:29.231288 n-d-766380-23 devstack@placement-api.service[114516]: DEBUG placement.requestlog [req-5abb8e5e-b82b-4f88-88f4-48fc1a268883 req-5d4b780a-b723-4588-aeeb-6cd5fe7d6688 None None] Starting request: 10.222.0.43 "GET /placement/resource_providers/5d150630-a9e3-44f1-920a-514ebe16e702/allocations" {{(pid=114516) __call__ /opt/stack/placement/placement/requestlog.py:55}}
Nov 05 07:38:29.258019 n-d-766380-23 devstack@placement-api.service[114516]: INFO placement.requestlog [req-5abb8e5e-b82b-4f88-88f4-48fc1a268883 req-5d4b780a-b723-4588-aeeb-6cd5fe7d6688 service placement] 10.222.0.43 "GET /placement/resource_providers/5d150630-a9e3-44f1-920a-514ebe16e702/allocations" status: 200 len: 155 microversion: 1.0
Nov 05 07:38:29.258519 n-d-766380-23 devstack@placement-api.service[114516]: [pid: 114516|app: 0|req: 513/1032] 10.222.0.43 () {58 vars in 1390 bytes} [Fri Nov 5 07:38:29 2021] GET /placement/resource_providers/5d150630-a9e3-44f1-920a-514ebe16e702/allocations => generated 155 bytes in 28 msecs (HTTP/1.1 200) 6 headers in 224 bytes (1 switches on core 0)
Nov 05 07:38:31.280299 n-d-766380-23 devstack@placement-api.service[114515]: DEBUG placement.requestlog [req-0694224d-a02f-4b4e-94de-5fca56d68ba5 req-eb7551fa-8ebe-4af3-8a8d-b7fc1669ea80 None None] Starting request: 10.222.0.15 "GET /placement/resource_providers/aec41b11-9569-44f6-b32c-46086cc57c35/allocations" {{(pid=114515) __call__ /opt/stack/placement/placement/requestlog.py:55}}
Nov 05 07:38:31.303635 n-d-766380-23 devstack@placement-api.service[114515]: INFO placement.requestlog [req-0694224d-a02f-4b4e-94de-5fca56d68ba5 req-eb7551fa-8ebe-4af3-8a8d-b7fc1669ea80 service placement] 10.222.0.15 "GET /placement/resource_providers/aec41b11-9569-44f6-b32c-46086cc57c35/allocations" status: 200 len: 55 microversion: 1.0
Nov 05 07:38:31.304898 n-d-766380-23 devstack@placement-api.service[114515]: [pid: 114515|app: 0|req: 520/1033] 10.222.0.15 () {58 vars in 1390 bytes} [Fri Nov 5 07:38:31 2021] GET /placement/resource_providers/aec41b11-9569-44f6-b32c-46086cc57c35/allocations => generated 55 bytes in 24 msecs (HTTP/1.1 200) 6 headers in 223 bytes (1 switches on core 0)
Nov 05 07:38:33.902043 n-d-766380-23 devstack@placement-api.service[114516]: DEBUG placement.requestlog [req-bf9c8a15-acab-45d2-bcff-0ba5e8422cc4 req-56c58096-95eb-4943-97bb-bae0cb4636c7 None None] Starting request: 10.222.0.13 "GET /placement/allocation_candidates?limit=1000&resources=DISK_GB%3A1%2CMEMORY_MB%3A1024%2CVCPU%3A1&root_required=%21COMPUTE_STATUS_DISABLED" {{(pid=114516) __call__ /opt/stack/placement/placement/requestlog.py:55}}
Nov 05 07:38:33.981146 n-d-766380-23 devstack@placement-api.service[114516]: DEBUG placement.objects.research_context [req-bf9c8a15-acab-45d2-bcff-0ba5e8422cc4 req-56c58096-95eb-4943-97bb-bae0cb4636c7 service placement] getting providers with 1 DISK_GB {{(pid=114516) __init__ /opt/stack/placement/placement/objects/research_context.py:126}}
Nov 05 07:38:33.991834 n-d-766380-23 devstack@placement-api.service[114516]: DEBUG placement.objects.research_context [req-bf9c8a15-acab-45d2-bcff-0ba5e8422cc4 req-56c58096-95eb-4943-97bb-bae0cb4636c7 service placement] getting providers with 1024 MEMORY_MB {{(pid=114516) __init__ /opt/stack/placement/placement/objects/research_context.py:126}}
Nov 05 07:38:34.005867 n-d-766380-23 devstack@placement-api.service[114516]: DEBUG placement.objects.research_context [req-bf9c8a15-acab-45d2-bcff-0ba5e8422cc4 req-56c58096-95eb-4943-97bb-bae0cb4636c7 service placement] getting providers with 1 VCPU {{(pid=114516) __init__ /opt/stack/placement/placement/objects/research_context.py:126}}
Nov 05 07:38:34.013444 n-d-766380-23 devstack@placement-api.service[114516]: DEBUG placement.objects.research_context [req-bf9c8a15-acab-45d2-bcff-0ba5e8422cc4 req-56c58096-95eb-4943-97bb-bae0cb4636c7 service placement] found 2 providers with available 1 DISK_GB {{(pid=114516) get_provider_ids_matching /opt/stack/placement/placement/objects/research_context.py:549}}
Nov 05 07:38:34.020112 n-d-766380-23 devstack@placement-api.service[114516]: DEBUG placement.objects.research_context [req-bf9c8a15-acab-45d2-bcff-0ba5e8422cc4 req-56c58096-95eb-4943-97bb-bae0cb4636c7 service placement] found 2 providers with available 1024 MEMORY_MB {{(pid=114516) get_provider_ids_matching /opt/stack/placement/placement/objects/research_context.py:549}}
Nov 05 07:38:34.020112 n-d-766380-23 devstack@placement-api.service[114516]: DEBUG placement.objects.research_context [req-bf9c8a15-acab-45d2-bcff-0ba5e8422cc4 req-56c58096-95eb-4943-97bb-bae0cb4636c7 service placement] found 2 providers after filtering by previous result {{(pid=114516) get_provider_ids_matching /opt/stack/placement/placement/objects/research_context.py:580}}
Nov 05 07:38:34.020112 n-d-766380-23 devstack@placement-api.service[114516]: DEBUG placement.objects.research_context [req-bf9c8a15-acab-45d2-bcff-0ba5e8422cc4 req-56c58096-95eb-4943-97bb-bae0cb4636c7 service placement] found 2 providers with available 1 VCPU {{(pid=114516) get_provider_ids_matching /opt/stack/placement/placement/objects/research_context.py:549}}
Nov 05 07:38:34.020112 n-d-766380-23 devstack@placement-api.service[114516]: DEBUG placement.objects.research_context [req-bf9c8a15-acab-45d2-bcff-0ba5e8422cc4 req-56c58096-95eb-4943-97bb-bae0cb4636c7 service placement] found 2 providers after filtering by previous result {{(pid=114516) get_provider_ids_matching /opt/stack/placement/placement/objects/research_context.py:580}}
Nov 05 07:38:34.031486 n-d-766380-23 devstack@placement-api.service[114516]: DEBUG placement.objects.allocation_candidate [req-bf9c8a15-acab-45d2-bcff-0ba5e8422cc4 req-56c58096-95eb-4943-97bb-bae0cb4636c7 service placement] RequestGroup(use_same_provider=False, resources={DISK_GB:1, MEMORY_MB:1024, VCPU:1}, traits=[], aggregates=[]) (suffix '') returned 2 matches {{(pid=114516) _get_by_requests /opt/stack/placement/placement/objects/allocation_candidate.py:145}}
Nov 05 07:38:34.032026 n-d-766380-23 devstack@placement-api.service[114516]: DEBUG placement.objects.allocation_candidate [req-bf9c8a15-acab-45d2-bcff-0ba5e8422cc4 req-56c58096-95eb-4943-97bb-bae0cb4636c7 service placement] Merging candidates yields 2 allocation requests and 2 provider summaries {{(pid=114516) _merge_candidates /opt/stack/placement/placement/objects/allocation_candidate.py:783}}
Nov 05 07:38:34.035249 n-d-766380-23 devstack@placement-api.service[114516]: INFO placement.requestlog [req-bf9c8a15-acab-45d2-bcff-0ba5e8422cc4 req-56c58096-95eb-4943-97bb-bae0cb4636c7 service placement] 10.222.0.13 "GET /placement/allocation_candidates?limit=1000&resources=DISK_GB%3A1%2CMEMORY_MB%3A1024%2CVCPU%3A1&root_required=%21COMPUTE_STATUS_DISABLED" status: 200 len: 1306 microversion: 1.36
Nov 05 07:38:34.040968 n-d-766380-23 devstack@placement-api.service[114516]: [pid: 114516|app: 0|req: 514/1034] 10.222.0.13 () {60 vars in 1506 bytes} [Fri Nov 5 07:38:33 2021] GET /placement/allocation_candidates?limit=1000&resources=DISK_GB%3A1%2CMEMORY_MB%3A1024%2CVCPU%3A1&root_required=%21COMPUTE_STATUS_DISABLED => generated 1306 bytes in 138 msecs (HTTP/1.1 200) 8 headers in 297 bytes (1 switches on core 0)
Nov 05 07:38:34.150940 n-d-766380-23 devstack@placement-api.service[114515]: DEBUG placement.requestlog [req-bf9c8a15-acab-45d2-bcff-0ba5e8422cc4 req-9a6beffb-f579-42b6-8707-a82c565a1679 None None] Starting request: 10.222.0.13 "GET /placement/allocations/facf0fbe-fd70-4152-9765-797f1f6e0fc9" {{(pid=114515) __call__ /opt/stack/placement/placement/requestlog.py:55}}
Nov 05 07:38:34.180928 n-d-766380-23 devstack@placement-api.service[114515]: INFO placement.requestlog [req-bf9c8a15-acab-45d2-bcff-0ba5e8422cc4 req-9a6beffb-f579-42b6-8707-a82c565a1679 service placement] 10.222.0.13 "GET /placement/allocations/facf0fbe-fd70-4152-9765-797f1f6e0fc9" status: 200 len: 19 microversion: 1.28
Nov 05 07:38:34.182029 n-d-766380-23 devstack@placement-api.service[114515]: [pid: 114515|app: 0|req: 521/1035] 10.222.0.13 () {60 vars in 1380 bytes} [Fri Nov 5 07:38:34 2021] GET /placement/allocations/facf0fbe-fd70-4152-9765-797f1f6e0fc9 => generated 19 bytes in 31 msecs (HTTP/1.1 200) 8 headers in 295 bytes (1 switches on core 0)
Nov 05 07:38:34.192960 n-d-766380-23 devstack@placement-api.service[114516]: DEBUG placement.requestlog [req-bf9c8a15-acab-45d2-bcff-0ba5e8422cc4 req-72d5579d-363d-4372-bcd4-c816f660631a None None] Starting request: 10.222.0.13 "PUT /placement/allocations/facf0fbe-fd70-4152-9765-797f1f6e0fc9" {{(pid=114516) __call__ /opt/stack/placement/placement/requestlog.py:55}}
