Aug 10 00:46:19.328460 n-d-766380-21 devstack@placement-api.service[106440]: DEBUG placement.requestlog [req-2a68c080-56a3-4a6e-b9f1-dc23cd5a8383 req-57554290-9d41-4e7f-869f-3d2825c15215 None None] Starting request: 10.222.0.21 "GET /placement/allocations/b699f648-9959-42f0-89e0-04233d2cfa7b" {{(pid=106440) __call__ /opt/stack/placement/placement/requestlog.py:55}}
Aug 10 00:46:19.352282 n-d-766380-21 devstack@placement-api.service[106440]: INFO placement.requestlog [req-2a68c080-56a3-4a6e-b9f1-dc23cd5a8383 req-57554290-9d41-4e7f-869f-3d2825c15215 service placement] 10.222.0.21 "GET /placement/allocations/b699f648-9959-42f0-89e0-04233d2cfa7b" status: 200 len: 258 microversion: 1.28
Aug 10 00:46:19.352526 n-d-766380-21 devstack@placement-api.service[106440]: [pid: 106440|app: 0|req: 16/31] 10.222.0.21 () {60 vars in 1378 bytes} [Tue Aug 10 00:46:19 2021] GET /placement/allocations/b699f648-9959-42f0-89e0-04233d2cfa7b => generated 258 bytes in 29 msecs (HTTP/1.1 200) 8 headers in 296 bytes (1 switches on core 0)
Aug 10 00:46:31.457603 n-d-766380-21 devstack@placement-api.service[106439]: DEBUG placement.requestlog [req-81a303ba-ffa7-4cbc-ab99-a3638874adf3 req-058b99be-c4af-4ce9-b3f9-3311b19f2355 None None] Starting request: 10.222.0.25 "GET /placement/allocation_candidates?limit=1000&resources=DISK_GB%3A1%2CMEMORY_MB%3A1024%2CVCPU%3A1&root_required=%21COMPUTE_STATUS_DISABLED" {{(pid=106439) __call__ /opt/stack/placement/placement/requestlog.py:55}}
Aug 10 00:46:31.503393 n-d-766380-21 devstack@placement-api.service[106439]: DEBUG placement.objects.research_context [req-81a303ba-ffa7-4cbc-ab99-a3638874adf3 req-058b99be-c4af-4ce9-b3f9-3311b19f2355 service placement] getting providers with 1 DISK_GB {{(pid=106439) __init__ /opt/stack/placement/placement/objects/research_context.py:126}}
Aug 10 00:46:31.516540 n-d-766380-21 devstack@placement-api.service[106439]: DEBUG placement.objects.research_context [req-81a303ba-ffa7-4cbc-ab99-a3638874adf3 req-058b99be-c4af-4ce9-b3f9-3311b19f2355 service placement] getting providers with 1024 MEMORY_MB {{(pid=106439) __init__ /opt/stack/placement/placement/objects/research_context.py:126}}
Aug 10 00:46:31.522742 n-d-766380-21 devstack@placement-api.service[106439]: DEBUG placement.objects.research_context [req-81a303ba-ffa7-4cbc-ab99-a3638874adf3 req-058b99be-c4af-4ce9-b3f9-3311b19f2355 service placement] getting providers with 1 VCPU {{(pid=106439) __init__ /opt/stack/placement/placement/objects/research_context.py:126}}
Aug 10 00:46:31.530306 n-d-766380-21 devstack@placement-api.service[106439]: DEBUG placement.objects.research_context [req-81a303ba-ffa7-4cbc-ab99-a3638874adf3 req-058b99be-c4af-4ce9-b3f9-3311b19f2355 service placement] found 2 providers with available 1 DISK_GB {{(pid=106439) get_provider_ids_matching /opt/stack/placement/placement/objects/research_context.py:549}}
Aug 10 00:46:31.530858 n-d-766380-21 devstack@placement-api.service[106439]: DEBUG placement.objects.research_context [req-81a303ba-ffa7-4cbc-ab99-a3638874adf3 req-058b99be-c4af-4ce9-b3f9-3311b19f2355 service placement] found 2 providers with available 1024 MEMORY_MB {{(pid=106439) get_provider_ids_matching /opt/stack/placement/placement/objects/research_context.py:549}}
Aug 10 00:46:31.531327 n-d-766380-21 devstack@placement-api.service[106439]: DEBUG placement.objects.research_context [req-81a303ba-ffa7-4cbc-ab99-a3638874adf3 req-058b99be-c4af-4ce9-b3f9-3311b19f2355 service placement] found 2 providers after filtering by previous result {{(pid=106439) get_provider_ids_matching /opt/stack/placement/placement/objects/research_context.py:580}}
Aug 10 00:46:31.532245 n-d-766380-21 devstack@placement-api.service[106439]: DEBUG placement.objects.research_context [req-81a303ba-ffa7-4cbc-ab99-a3638874adf3 req-058b99be-c4af-4ce9-b3f9-3311b19f2355 service placement] found 2 providers with available 1 VCPU {{(pid=106439) get_provider_ids_matching /opt/stack/placement/placement/objects/research_context.py:549}}
Aug 10 00:46:31.532719 n-d-766380-21 devstack@placement-api.service[106439]: DEBUG placement.objects.research_context [req-81a303ba-ffa7-4cbc-ab99-a3638874adf3 req-058b99be-c4af-4ce9-b3f9-3311b19f2355 service placement] found 2 providers after filtering by previous result {{(pid=106439) get_provider_ids_matching /opt/stack/placement/placement/objects/research_context.py:580}}
Aug 10 00:46:31.545907 n-d-766380-21 devstack@placement-api.service[106439]: DEBUG placement.objects.allocation_candidate [req-81a303ba-ffa7-4cbc-ab99-a3638874adf3 req-058b99be-c4af-4ce9-b3f9-3311b19f2355 service placement] RequestGroup(use_same_provider=False, resources={DISK_GB:1, MEMORY_MB:1024, VCPU:1}, traits=[], aggregates=[]) (suffix '') returned 2 matches {{(pid=106439) _get_by_requests /opt/stack/placement/placement/objects/allocation_candidate.py:145}}
Aug 10 00:46:31.546339 n-d-766380-21 devstack@placement-api.service[106439]: DEBUG placement.objects.allocation_candidate [req-81a303ba-ffa7-4cbc-ab99-a3638874adf3 req-058b99be-c4af-4ce9-b3f9-3311b19f2355 service placement] Merging candidates yields 2 allocation requests and 2 provider summaries {{(pid=106439) _merge_candidates /opt/stack/placement/placement/objects/allocation_candidate.py:783}}
Aug 10 00:46:31.548736 n-d-766380-21 devstack@placement-api.service[106439]: INFO placement.requestlog [req-81a303ba-ffa7-4cbc-ab99-a3638874adf3 req-058b99be-c4af-4ce9-b3f9-3311b19f2355 service placement] 10.222.0.25 "GET /placement/allocation_candidates?limit=1000&resources=DISK_GB%3A1%2CMEMORY_MB%3A1024%2CVCPU%3A1&root_required=%21COMPUTE_STATUS_DISABLED" status: 200 len: 1306 microversion: 1.35
Aug 10 00:46:31.549554 n-d-766380-21 devstack@placement-api.service[106439]: [pid: 106439|app: 0|req: 16/32] 10.222.0.25 () {60 vars in 1507 bytes} [Tue Aug 10 00:46:31 2021] GET /placement/allocation_candidates?limit=1000&resources=DISK_GB%3A1%2CMEMORY_MB%3A1024%2CVCPU%3A1&root_required=%21COMPUTE_STATUS_DISABLED => generated 1306 bytes in 92 msecs (HTTP/1.1 200) 8 headers in 297 bytes (1 switches on core 0)
Aug 10 00:46:31.684319 n-d-766380-21 devstack@placement-api.service[106440]: DEBUG placement.requestlog [req-81a303ba-ffa7-4cbc-ab99-a3638874adf3 req-353e752e-c2ed-4f50-902a-8493ebea5398 None None] Starting request: 10.222.0.25 "GET /placement/allocations/fd1f1a34-c369-4ab3-8768-0568ded3f687" {{(pid=106440) __call__ /opt/stack/placement/placement/requestlog.py:55}}
Aug 10 00:46:31.694514 n-d-766380-21 devstack@placement-api.service[106440]: INFO placement.requestlog [req-81a303ba-ffa7-4cbc-ab99-a3638874adf3 req-353e752e-c2ed-4f50-902a-8493ebea5398 service placement] 10.222.0.25 "GET /placement/allocations/fd1f1a34-c369-4ab3-8768-0568ded3f687" status: 200 len: 19 microversion: 1.28
Aug 10 00:46:31.695080 n-d-766380-21 devstack@placement-api.service[106440]: [pid: 106440|app: 0|req: 17/33] 10.222.0.25 () {60 vars in 1381 bytes} [Tue Aug 10 00:46:31 2021] GET /placement/allocations/fd1f1a34-c369-4ab3-8768-0568ded3f687 => generated 19 bytes in 11 msecs (HTTP/1.1 200) 8 headers in 295 bytes (1 switches on core 0)
Aug 10 00:46:31.700679 n-d-766380-21 devstack@placement-api.service[106439]: DEBUG placement.requestlog [req-81a303ba-ffa7-4cbc-ab99-a3638874adf3 req-c6370f5b-789e-43f6-ae25-c9220102e544 None None] Starting request: 10.222.0.25 "PUT /placement/allocations/fd1f1a34-c369-4ab3-8768-0568ded3f687" {{(pid=106439) __call__ /opt/stack/placement/placement/requestlog.py:55}}
Aug 10 00:46:31.772726 n-d-766380-21 devstack@placement-api.service[106439]: DEBUG placement.handlers.allocation [req-81a303ba-ffa7-4cbc-ab99-a3638874adf3 req-c6370f5b-789e-43f6-ae25-c9220102e544 service placement] Successfully wrote allocations [, , ] {{(pid=106439) _create_allocations /opt/stack/placement/placement/handlers/allocation.py:435}}
Aug 10 00:46:31.773745 n-d-766380-21 devstack@placement-api.service[106439]: INFO placement.requestlog [req-81a303ba-ffa7-4cbc-ab99-a3638874adf3 req-c6370f5b-789e-43f6-ae25-c9220102e544 service placement] 10.222.0.25 "PUT /placement/allocations/fd1f1a34-c369-4ab3-8768-0568ded3f687" status: 204 len: 0 microversion: 1.35
Aug 10 00:46:31.774309 n-d-766380-21 devstack@placement-api.service[106439]: [pid: 106439|app: 0|req: 17/34] 10.222.0.25 () {64 vars in 1434 bytes} [Tue Aug 10 00:46:31 2021] PUT /placement/allocations/fd1f1a34-c369-4ab3-8768-0568ded3f687 => generated 0 bytes in 74 msecs (HTTP/1.1 204) 5 headers in 199 bytes (1 switches on core 0)
Aug 10 00:46:32.492878 n-d-766380-21 devstack@placement-api.service[106440]: DEBUG placement.requestlog [req-81a303ba-ffa7-4cbc-ab99-a3638874adf3 req-7e9afd04-7570-4c17-982c-3f6ccb23b56a None None] Starting request: 10.222.0.10 "GET /placement/allocations/fd1f1a34-c369-4ab3-8768-0568ded3f687" {{(pid=106440) __call__ /opt/stack/placement/placement/requestlog.py:55}}
Aug 10 00:46:32.521876 n-d-766380-21 devstack@placement-api.service[106440]: INFO placement.requestlog [req-81a303ba-ffa7-4cbc-ab99-a3638874adf3 req-7e9afd04-7570-4c17-982c-3f6ccb23b56a service placement] 10.222.0.10 "GET /placement/allocations/fd1f1a34-c369-4ab3-8768-0568ded3f687" status: 200 len: 258 microversion: 1.28
Aug 10 00:46:32.522784 n-d-766380-21 devstack@placement-api.service[106440]: [pid: 106440|app: 0|req: 18/35] 10.222.0.10 () {60 vars in 1378 bytes} [Tue Aug 10 00:46:32 2021] GET /placement/allocations/fd1f1a34-c369-4ab3-8768-0568ded3f687 => generated 258 bytes in 30 msecs (HTTP/1.1 200) 8 headers in 296 bytes (1 switches on core 0)
Aug 10 00:46:38.810882 n-d-766380-21 devstack@placement-api.service[106439]: DEBUG placement.requestlog [req-ceb8a9d9-4af9-40cc-a41c-639536ee29f9 req-a569ddb7-6d4c-41ef-b909-d97d24ee3819 None None] Starting request: 10.222.0.25 "GET /placement/allocation_candidates?limit=1000&resources=DISK_GB%3A1%2CMEMORY_MB%3A1024%2CVCPU%3A1&root_required=%21COMPUTE_STATUS_DISABLED" {{(pid=106439) __call__ /opt/stack/placement/placement/requestlog.py:55}}
Aug 10 00:46:38.895268 n-d-766380-21 devstack@placement-api.service[106439]: DEBUG placement.objects.research_context [req-ceb8a9d9-4af9-40cc-a41c-639536ee29f9 req-a569ddb7-6d4c-41ef-b909-d97d24ee3819 service placement] getting providers with 1 DISK_GB {{(pid=106439) __init__ /opt/stack/placement/placement/objects/research_context.py:126}}
Aug 10 00:46:38.901696 n-d-766380-21 devstack@placement-api.service[106439]: DEBUG placement.objects.research_context [req-ceb8a9d9-4af9-40cc-a41c-639536ee29f9 req-a569ddb7-6d4c-41ef-b909-d97d24ee3819 service placement] getting providers with 1024 MEMORY_MB {{(pid=106439) __init__ /opt/stack/placement/placement/objects/research_context.py:126}}
Aug 10 00:46:38.916936 n-d-766380-21 devstack@placement-api.service[106439]: DEBUG placement.objects.research_context [req-ceb8a9d9-4af9-40cc-a41c-639536ee29f9 req-a569ddb7-6d4c-41ef-b909-d97d24ee3819 service placement] getting providers with 1 VCPU {{(pid=106439) __init__ /opt/stack/placement/placement/objects/research_context.py:126}}
Aug 10 00:46:38.926425 n-d-766380-21 devstack@placement-api.service[106439]: DEBUG placement.objects.research_context [req-ceb8a9d9-4af9-40cc-a41c-639536ee29f9 req-a569ddb7-6d4c-41ef-b909-d97d24ee3819 service placement] found 2 providers with available 1 DISK_GB {{(pid=106439) get_provider_ids_matching /opt/stack/placement/placement/objects/research_context.py:549}}
Aug 10 00:46:38.927258 n-d-766380-21 devstack@placement-api.service[106439]: DEBUG placement.objects.research_context [req-ceb8a9d9-4af9-40cc-a41c-639536ee29f9 req-a569ddb7-6d4c-41ef-b909-d97d24ee3819 service placement] found 2 providers with available 1024 MEMORY_MB {{(pid=106439) get_provider_ids_matching /opt/stack/placement/placement/objects/research_context.py:549}}
Aug 10 00:46:38.927609 n-d-766380-21 devstack@placement-api.service[106439]: DEBUG placement.objects.research_context [req-ceb8a9d9-4af9-40cc-a41c-639536ee29f9 req-a569ddb7-6d4c-41ef-b909-d97d24ee3819 service placement] found 2 providers after filtering by previous result {{(pid=106439) get_provider_ids_matching /opt/stack/placement/placement/objects/research_context.py:580}}
Aug 10 00:46:38.928646 n-d-766380-21 devstack@placement-api.service[106439]: DEBUG placement.objects.research_context [req-ceb8a9d9-4af9-40cc-a41c-639536ee29f9 req-a569ddb7-6d4c-41ef-b909-d97d24ee3819 service placement] found 2 providers with available 1 VCPU {{(pid=106439) get_provider_ids_matching /opt/stack/placement/placement/objects/research_context.py:549}}
Aug 10 00:46:38.929114 n-d-766380-21 devstack@placement-api.service[106439]: DEBUG placement.objects.research_context [req-ceb8a9d9-4af9-40cc-a41c-639536ee29f9 req-a569ddb7-6d4c-41ef-b909-d97d24ee3819 service placement] found 2 providers after filtering by previous result {{(pid=106439) get_provider_ids_matching /opt/stack/placement/placement/objects/research_context.py:580}}
Aug 10 00:46:38.941405 n-d-766380-21 devstack@placement-api.service[106439]: DEBUG placement.objects.allocation_candidate [req-ceb8a9d9-4af9-40cc-a41c-639536ee29f9 req-a569ddb7-6d4c-41ef-b909-d97d24ee3819 service placement] RequestGroup(use_same_provider=False, resources={DISK_GB:1, MEMORY_MB:1024, VCPU:1}, traits=[], aggregates=[]) (suffix '') returned 2 matches {{(pid=106439) _get_by_requests /opt/stack/placement/placement/objects/allocation_candidate.py:145}}
Aug 10 00:46:38.941785 n-d-766380-21 devstack@placement-api.service[106439]: DEBUG placement.objects.allocation_candidate [req-ceb8a9d9-4af9-40cc-a41c-639536ee29f9 req-a569ddb7-6d4c-41ef-b909-d97d24ee3819 service placement] Merging candidates yields 2 allocation requests and 2 provider summaries {{(pid=106439) _merge_candidates /opt/stack/placement/placement/objects/allocation_candidate.py:783}}
Aug 10 00:46:38.944443 n-d-766380-21 devstack@placement-api.service[106439]: INFO placement.requestlog [req-ceb8a9d9-4af9-40cc-a41c-639536ee29f9 req-a569ddb7-6d4c-41ef-b909-d97d24ee3819 service placement] 10.222.0.25 "GET /placement/allocation_candidates?limit=1000&resources=DISK_GB%3A1%2CMEMORY_MB%3A1024%2CVCPU%3A1&root_required=%21COMPUTE_STATUS_DISABLED" status: 200 len: 1309 microversion: 1.35
Aug 10 00:46:38.944794 n-d-766380-21 devstack@placement-api.service[106439]: [pid: 106439|app: 0|req: 18/36] 10.222.0.25 () {60 vars in 1507 bytes} [Tue Aug 10 00:46:38 2021] GET /placement/allocation_candidates?limit=1000&resources=DISK_GB%3A1%2CMEMORY_MB%3A1024%2CVCPU%3A1&root_required=%21COMPUTE_STATUS_DISABLED => generated 1309 bytes in 134 msecs (HTTP/1.1 200) 8 headers in 297 bytes (1 switches on core 0)
Aug 10 00:46:39.006063 n-d-766380-21 devstack@placement-api.service[106440]: DEBUG placement.requestlog [req-ceb8a9d9-4af9-40cc-a41c-639536ee29f9 req-edde3c9e-8a41-49ca-9f02-cfae662adee5 None None] Starting request: 10.222.0.25 "GET /placement/allocations/aef47af6-08a5-4502-ac9d-c1af7e4076bd" {{(pid=106440) __call__ /opt/stack/placement/placement/requestlog.py:55}}
Aug 10 00:46:39.040460 n-d-766380-21 devstack@placement-api.service[106440]: INFO placement.requestlog [req-ceb8a9d9-4af9-40cc-a41c-639536ee29f9 req-edde3c9e-8a41-49ca-9f02-cfae662adee5 service placement] 10.222.0.25 "GET /placement/allocations/aef47af6-08a5-4502-ac9d-c1af7e4076bd" status: 200 len: 19 microversion: 1.28
Aug 10 00:46:39.041760 n-d-766380-21 devstack@placement-api.service[106440]: [pid: 106440|app: 0|req: 19/37] 10.222.0.25 () {60 vars in 1381 bytes} [Tue Aug 10 00:46:39 2021] GET /placement/allocations/aef47af6-08a5-4502-ac9d-c1af7e4076bd => generated 19 bytes in 36 msecs (HTTP/1.1 200) 8 headers in 295 bytes (1 switches on core 0)
Aug 10 00:46:39.047901 n-d-766380-21 devstack@placement-api.service[106439]: DEBUG placement.requestlog [req-ceb8a9d9-4af9-40cc-a41c-639536ee29f9 req-c68fbfef-ca8a-4e68-9d63-bafeb17ae158 None None] Starting request: 10.222.0.25 "PUT /placement/allocations/aef47af6-08a5-4502-ac9d-c1af7e4076bd" {{(pid=106439) __call__ /opt/stack/placement/placement/requestlog.py:55}}
Aug 10 00:46:39.157322 n-d-766380-21 devstack@placement-api.service[106439]: DEBUG placement.handlers.allocation [req-ceb8a9d9-4af9-40cc-a41c-639536ee29f9 req-c68fbfef-ca8a-4e68-9d63-bafeb17ae158 service placement] Successfully wrote allocations [, , ] {{(pid=106439) _create_allocations /opt/stack/placement/placement/handlers/allocation.py:435}}
Aug 10 00:46:39.157901 n-d-766380-21 devstack@placement-api.service[106439]: INFO placement.requestlog [req-ceb8a9d9-4af9-40cc-a41c-639536ee29f9 req-c68fbfef-ca8a-4e68-9d63-bafeb17ae158 service placement] 10.222.0.25 "PUT /placement/allocations/aef47af6-08a5-4502-ac9d-c1af7e4076bd" status: 204 len: 0 microversion: 1.35
Aug 10 00:46:39.158746 n-d-766380-21 devstack@placement-api.service[106439]: [pid: 106439|app: 0|req: 19/38] 10.222.0.25 () {64 vars in 1434 bytes} [Tue Aug 10 00:46:39 2021] PUT /placement/allocations/aef47af6-08a5-4502-ac9d-c1af7e4076bd => generated 0 bytes in 111 msecs (HTTP/1.1 204) 5 headers in 199 bytes (1 switches on core 0)
Aug 10 00:46:39.517051 n-d-766380-21 devstack@placement-api.service[106440]: DEBUG placement.requestlog [req-6974bcee-a53b-4607-b9e0-6adc7eee89e7 req-f0ecfce8-10bd-4763-92a7-dbae66cc1e4b None None] Starting request: 10.222.0.25 "GET /placement/allocation_candidates?limit=1000&resources=DISK_GB%3A1%2CMEMORY_MB%3A1024%2CVCPU%3A1&root_required=%21COMPUTE_STATUS_DISABLED" {{(pid=106440) __call__ /opt/stack/placement/placement/requestlog.py:55}}
Aug 10 00:46:39.560223 n-d-766380-21 devstack@placement-api.service[106440]: DEBUG placement.objects.research_context [req-6974bcee-a53b-4607-b9e0-6adc7eee89e7 req-f0ecfce8-10bd-4763-92a7-dbae66cc1e4b service placement] getting providers with 1 DISK_GB {{(pid=106440) __init__ /opt/stack/placement/placement/objects/research_context.py:126}}
Aug 10 00:46:39.571182 n-d-766380-21 devstack@placement-api.service[106440]: DEBUG placement.objects.research_context [req-6974bcee-a53b-4607-b9e0-6adc7eee89e7 req-f0ecfce8-10bd-4763-92a7-dbae66cc1e4b service placement] getting providers with 1024 MEMORY_MB {{(pid=106440) __init__ /opt/stack/placement/placement/objects/research_context.py:126}}
Aug 10 00:46:39.579901 n-d-766380-21 devstack@placement-api.service[106440]: DEBUG placement.objects.research_context [req-6974bcee-a53b-4607-b9e0-6adc7eee89e7 req-f0ecfce8-10bd-4763-92a7-dbae66cc1e4b service placement] getting providers with 1 VCPU {{(pid=106440) __init__ /opt/stack/placement/placement/objects/research_context.py:126}}
Aug 10 00:46:39.587448 n-d-766380-21 devstack@placement-api.service[106440]: DEBUG placement.objects.research_context [req-6974bcee-a53b-4607-b9e0-6adc7eee89e7 req-f0ecfce8-10bd-4763-92a7-dbae66cc1e4b service placement] found 2 providers with available 1 DISK_GB {{(pid=106440) get_provider_ids_matching /opt/stack/placement/placement/objects/research_context.py:549}}
Aug 10 00:46:39.588015 n-d-766380-21 devstack@placement-api.service[106440]: DEBUG placement.objects.research_context [req-6974bcee-a53b-4607-b9e0-6adc7eee89e7 req-f0ecfce8-10bd-4763-92a7-dbae66cc1e4b service placement] found 2 providers with available 1024 MEMORY_MB {{(pid=106440) get_provider_ids_matching /opt/stack/placement/placement/objects/research_context.py:549}}
Aug 10 00:46:39.588661 n-d-766380-21 devstack@placement-api.service[106440]: DEBUG placement.objects.research_context [req-6974bcee-a53b-4607-b9e0-6adc7eee89e7 req-f0ecfce8-10bd-4763-92a7-dbae66cc1e4b service placement] found 2 providers after filtering by previous result {{(pid=106440) get_provider_ids_matching /opt/stack/placement/placement/objects/research_context.py:580}}
Aug 10 00:46:39.589364 n-d-766380-21 devstack@placement-api.service[106440]: DEBUG placement.objects.research_context [req-6974bcee-a53b-4607-b9e0-6adc7eee89e7 req-f0ecfce8-10bd-4763-92a7-dbae66cc1e4b service placement] found 2 providers with available 1 VCPU {{(pid=106440) get_provider_ids_matching /opt/stack/placement/placement/objects/research_context.py:549}}
Aug 10 00:46:39.589827 n-d-766380-21 devstack@placement-api.service[106440]: DEBUG placement.objects.research_context [req-6974bcee-a53b-4607-b9e0-6adc7eee89e7 req-f0ecfce8-10bd-4763-92a7-dbae66cc1e4b service placement] found 2 providers after filtering by previous result {{(pid=106440) get_provider_ids_matching /opt/stack/placement/placement/objects/research_context.py:580}}
Aug 10 00:46:39.610130 n-d-766380-21 devstack@placement-api.service[106440]: DEBUG placement.objects.allocation_candidate [req-6974bcee-a53b-4607-b9e0-6adc7eee89e7 req-f0ecfce8-10bd-4763-92a7-dbae66cc1e4b service placement] RequestGroup(use_same_provider=False, resources={DISK_GB:1, MEMORY_MB:1024, VCPU:1}, traits=[], aggregates=[]) (suffix '') returned 2 matches {{(pid=106440) _get_by_requests /opt/stack/placement/placement/objects/allocation_candidate.py:145}}
Aug 10 00:46:39.610777 n-d-766380-21 devstack@placement-api.service[106440]: DEBUG placement.objects.allocation_candidate [req-6974bcee-a53b-4607-b9e0-6adc7eee89e7 req-f0ecfce8-10bd-4763-92a7-dbae66cc1e4b service placement] Merging candidates yields 2 allocation requests and 2 provider summaries {{(pid=106440) _merge_candidates /opt/stack/placement/placement/objects/allocation_candidate.py:783}}
Aug 10 00:46:39.612969 n-d-766380-21 devstack@placement-api.service[106440]: INFO placement.requestlog [req-6974bcee-a53b-4607-b9e0-6adc7eee89e7 req-f0ecfce8-10bd-4763-92a7-dbae66cc1e4b service placement] 10.222.0.25 "GET /placement/allocation_candidates?limit=1000&resources=DISK_GB%3A1%2CMEMORY_MB%3A1024%2CVCPU%3A1&root_required=%21COMPUTE_STATUS_DISABLED" status: 200 len: 1309 microversion: 1.35
Aug 10 00:46:39.617244 n-d-766380-21 devstack@placement-api.service[106439]: DEBUG placement.requestlog [req-ceb8a9d9-4af9-40cc-a41c-639536ee29f9 req-f777b8bd-b333-4bf1-9133-6b9b5063b849 None None] Starting request: 10.222.0.21 "GET /placement/allocations/aef47af6-08a5-4502-ac9d-c1af7e4076bd" {{(pid=106439) __call__ /opt/stack/placement/placement/requestlog.py:55}}
Aug 10 00:46:39.618793 n-d-766380-21 devstack@placement-api.service[106440]: [pid: 106440|app: 0|req: 20/39] 10.222.0.25 () {60 vars in 1507 bytes} [Tue Aug 10 00:46:39 2021] GET /placement/allocation_candidates?limit=1000&resources=DISK_GB%3A1%2CMEMORY_MB%3A1024%2CVCPU%3A1&root_required=%21COMPUTE_STATUS_DISABLED => generated 1309 bytes in 102 msecs (HTTP/1.1 200) 8 headers in 297 bytes (1 switches on core 0)
Aug 10 00:46:39.673098 n-d-766380-21 devstack@placement-api.service[106440]: DEBUG placement.requestlog [req-6974bcee-a53b-4607-b9e0-6adc7eee89e7 req-87501b61-4e10-4170-9715-317cbcbf63f1 None None] Starting request: 10.222.0.25 "GET /placement/allocations/4ad3a066-fd6a-412e-9aab-f9b44225e3a3" {{(pid=106440) __call__ /opt/stack/placement/placement/requestlog.py:55}}
Aug 10 00:46:39.673457 n-d-766380-21 devstack@placement-api.service[106439]: INFO placement.requestlog [req-ceb8a9d9-4af9-40cc-a41c-639536ee29f9 req-f777b8bd-b333-4bf1-9133-6b9b5063b849 service placement] 10.222.0.21 "GET /placement/allocations/aef47af6-08a5-4502-ac9d-c1af7e4076bd" status: 200 len: 258 microversion: 1.28
Aug 10 00:46:39.674069 n-d-766380-21 devstack@placement-api.service[106439]: [pid: 106439|app: 0|req: 20/40] 10.222.0.21 () {60 vars in 1378 bytes} [Tue Aug 10 00:46:39 2021] GET /placement/allocations/aef47af6-08a5-4502-ac9d-c1af7e4076bd => generated 258 bytes in 57 msecs (HTTP/1.1 200) 8 headers in 296 bytes (2 switches on core 0)
Aug 10 00:46:39.685901 n-d-766380-21 devstack@placement-api.service[106440]: INFO placement.requestlog [req-6974bcee-a53b-4607-b9e0-6adc7eee89e7 req-87501b61-4e10-4170-9715-317cbcbf63f1 service placement] 10.222.0.25 "GET /placement/allocations/4ad3a066-fd6a-412e-9aab-f9b44225e3a3" status: 200 len: 19 microversion: 1.28
Aug 10 00:46:39.696754 n-d-766380-21 devstack@placement-api.service[106440]: [pid: 106440|app: 0|req: 21/41] 10.222.0.25 () {60 vars in 1381 bytes} [Tue Aug 10 00:46:39 2021] GET /placement/allocations/4ad3a066-fd6a-412e-9aab-f9b44225e3a3 => generated 19 bytes in 24 msecs (HTTP/1.1 200) 8 headers in 295 bytes (2 switches on core 0)
Aug 10 00:46:39.709342 n-d-766380-21 devstack@placement-api.service[106439]: DEBUG placement.requestlog [req-6974bcee-a53b-4607-b9e0-6adc7eee89e7 req-de5b4963-04e5-4a19-bb11-d284dca674bf None None] Starting request: 10.222.0.25 "PUT /placement/allocations/4ad3a066-fd6a-412e-9aab-f9b44225e3a3" {{(pid=106439) __call__ /opt/stack/placement/placement/requestlog.py:55}}
Aug 10 00:46:39.859689 n-d-766380-21 devstack@placement-api.service[106439]: DEBUG placement.handlers.allocation [req-6974bcee-a53b-4607-b9e0-6adc7eee89e7 req-de5b4963-04e5-4a19-bb11-d284dca674bf service placement] Successfully wrote allocations [, , ] {{(pid=106439) _create_allocations /opt/stack/placement/placement/handlers/allocation.py:435}}
Aug 10 00:46:39.860382 n-d-766380-21 devstack@placement-api.service[106439]: INFO placement.requestlog [req-6974bcee-a53b-4607-b9e0-6adc7eee89e7 req-de5b4963-04e5-4a19-bb11-d284dca674bf service placement] 10.222.0.25 "PUT /placement/allocations/4ad3a066-fd6a-412e-9aab-f9b44225e3a3" status: 204 len: 0 microversion: 1.35
Aug 10 00:46:39.860491 n-d-766380-21 devstack@placement-api.service[106439]: [pid: 106439|app: 0|req: 21/42] 10.222.0.25 () {64 vars in 1434 bytes} [Tue Aug 10 00:46:39 2021] PUT /placement/allocations/4ad3a066-fd6a-412e-9aab-f9b44225e3a3 => generated 0 bytes in 151 msecs (HTTP/1.1 204) 5 headers in 199 bytes (1 switches on core 0)
Aug 10 00:46:40.305362 n-d-766380-21 devstack@placement-api.service[106440]: DEBUG placement.requestlog [req-69a608ed-0fad-4318-a9d9-e963e05f4bf1 req-44d16c44-49fb-40a4-93cc-e4018f4361bd None None] Starting request: 10.222.0.25 "GET /placement/allocation_candidates?limit=1000&resources=DISK_GB%3A1%2CMEMORY_MB%3A1024%2CVCPU%3A1&root_required=%21COMPUTE_STATUS_DISABLED" {{(pid=106440) __call__ /opt/stack/placement/placement/requestlog.py:55}}
Aug 10 00:46:40.349548 n-d-766380-21 devstack@placement-api.service[106440]: DEBUG placement.objects.research_context [req-69a608ed-0fad-4318-a9d9-e963e05f4bf1 req-44d16c44-49fb-40a4-93cc-e4018f4361bd service placement] getting providers with 1 DISK_GB {{(pid=106440) __init__ /opt/stack/placement/placement/objects/research_context.py:126}}
Aug 10 00:46:40.358707 n-d-766380-21 devstack@placement-api.service[106440]: DEBUG placement.objects.research_context [req-69a608ed-0fad-4318-a9d9-e963e05f4bf1 req-44d16c44-49fb-40a4-93cc-e4018f4361bd service placement] getting providers with 1024 MEMORY_MB {{(pid=106440) __init__ /opt/stack/placement/placement/objects/research_context.py:126}}
Aug 10 00:46:40.370203 n-d-766380-21 devstack@placement-api.service[106440]: DEBUG placement.objects.research_context [req-69a608ed-0fad-4318-a9d9-e963e05f4bf1 req-44d16c44-49fb-40a4-93cc-e4018f4361bd service placement] getting providers with 1 VCPU {{(pid=106440) __init__ /opt/stack/placement/placement/objects/research_context.py:126}}
Aug 10 00:46:40.411133 n-d-766380-21 devstack@placement-api.service[106440]: DEBUG placement.objects.research_context [req-69a608ed-0fad-4318-a9d9-e963e05f4bf1 req-44d16c44-49fb-40a4-93cc-e4018f4361bd service placement] found 2 providers with available 1 DISK_GB {{(pid=106440) get_provider_ids_matching /opt/stack/placement/placement/objects/research_context.py:549}}
Aug 10 00:46:40.411451 n-d-766380-21 devstack@placement-api.service[106440]: DEBUG placement.objects.research_context [req-69a608ed-0fad-4318-a9d9-e963e05f4bf1 req-44d16c44-49fb-40a4-93cc-e4018f4361bd service placement] found 2 providers with available 1024 MEMORY_MB {{(pid=106440) get_provider_ids_matching /opt/stack/placement/placement/objects/research_context.py:549}}
Aug 10 00:46:40.413665 n-d-766380-21 devstack@placement-api.service[106440]: DEBUG placement.objects.research_context [req-69a608ed-0fad-4318-a9d9-e963e05f4bf1 req-44d16c44-49fb-40a4-93cc-e4018f4361bd service placement] found 2 providers after filtering by previous result {{(pid=106440) get_provider_ids_matching /opt/stack/placement/placement/objects/research_context.py:580}}
Aug 10 00:46:40.415975 n-d-766380-21 devstack@placement-api.service[106440]: DEBUG placement.objects.research_context [req-69a608ed-0fad-4318-a9d9-e963e05f4bf1 req-44d16c44-49fb-40a4-93cc-e4018f4361bd service placement] found 2 providers with available 1 VCPU {{(pid=106440) get_provider_ids_matching /opt/stack/placement/placement/objects/research_context.py:549}}
Aug 10 00:46:40.416259 n-d-766380-21 devstack@placement-api.service[106440]: DEBUG placement.objects.research_context [req-69a608ed-0fad-4318-a9d9-e963e05f4bf1 req-44d16c44-49fb-40a4-93cc-e4018f4361bd service placement] found 2 providers after filtering by previous result {{(pid=106440) get_provider_ids_matching /opt/stack/placement/placement/objects/research_context.py:580}}
Aug 10 00:46:40.459041 n-d-766380-21 devstack@placement-api.service[106440]: DEBUG placement.objects.allocation_candidate [req-69a608ed-0fad-4318-a9d9-e963e05f4bf1 req-44d16c44-49fb-40a4-93cc-e4018f4361bd service placement] RequestGroup(use_same_provider=False, resources={DISK_GB:1, MEMORY_MB:1024, VCPU:1}, traits=[], aggregates=[]) (suffix '') returned 2 matches {{(pid=106440) _get_by_requests /opt/stack/placement/placement/objects/allocation_candidate.py:145}}
Aug 10 00:46:40.461316 n-d-766380-21 devstack@placement-api.service[106440]: DEBUG placement.objects.allocation_candidate [req-69a608ed-0fad-4318-a9d9-e963e05f4bf1 req-44d16c44-49fb-40a4-93cc-e4018f4361bd service placement] Merging candidates yields 2 allocation requests and 2 provider summaries {{(pid=106440) _merge_candidates /opt/stack/placement/placement/objects/allocation_candidate.py:783}}
Aug 10 00:46:40.466043 n-d-766380-21 devstack@placement-api.service[106440]: INFO placement.requestlog [req-69a608ed-0fad-4318-a9d9-e963e05f4bf1 req-44d16c44-49fb-40a4-93cc-e4018f4361bd service placement] 10.222.0.25 "GET /placement/allocation_candidates?limit=1000&resources=DISK_GB%3A1%2CMEMORY_MB%3A1024%2CVCPU%3A1&root_required=%21COMPUTE_STATUS_DISABLED" status: 200 len: 1309 microversion: 1.35
Aug 10 00:46:40.467177 n-d-766380-21 devstack@placement-api.service[106440]: [pid: 106440|app: 0|req: 22/43] 10.222.0.25 () {60 vars in 1507 bytes} [Tue Aug 10 00:46:40 2021] GET /placement/allocation_candidates?limit=1000&resources=DISK_GB%3A1%2CMEMORY_MB%3A1024%2CVCPU%3A1&root_required=%21COMPUTE_STATUS_DISABLED => generated 1309 bytes in 162 msecs (HTTP/1.1 200) 8 headers in 297 bytes (2 switches on core 0)
Aug 10 00:46:40.482218 n-d-766380-21 devstack@placement-api.service[106439]: DEBUG placement.requestlog [req-6974bcee-a53b-4607-b9e0-6adc7eee89e7 req-84a42728-bf55-4dee-9245-5428e00cb432 None None] Starting request: 10.222.0.21 "GET /placement/allocations/4ad3a066-fd6a-412e-9aab-f9b44225e3a3" {{(pid=106439) __call__ /opt/stack/placement/placement/requestlog.py:55}}
Aug 10 00:46:40.519180 n-d-766380-21 devstack@placement-api.service[106439]: INFO placement.requestlog [req-6974bcee-a53b-4607-b9e0-6adc7eee89e7 req-84a42728-bf55-4dee-9245-5428e00cb432 service placement] 10.222.0.21 "GET /placement/allocations/4ad3a066-fd6a-412e-9aab-f9b44225e3a3" status: 200 len: 258 microversion: 1.28
Aug 10 00:46:40.519653 n-d-766380-21 devstack@placement-api.service[106439]: [pid: 106439|app: 0|req: 22/44] 10.222.0.21 () {60 vars in 1378 bytes} [Tue Aug 10 00:46:40 2021] GET /placement/allocations/4ad3a066-fd6a-412e-9aab-f9b44225e3a3 => generated 258 bytes in 38 msecs (HTTP/1.1 200) 8 headers in 296 bytes (1 switches on core 0)
Aug 10 00:46:40.598436 n-d-766380-21 devstack@placement-api.service[106440]: DEBUG placement.requestlog [req-69a608ed-0fad-4318-a9d9-e963e05f4bf1 req-496a4e04-5f88-459f-b555-b782325c8ec3 None None] Starting request: 10.222.0.25 "GET /placement/allocations/20b2d4bd-205a-4a93-9fb0-2d66cc22665e" {{(pid=106440) __call__ /opt/stack/placement/placement/requestlog.py:55}}
Aug 10 00:46:40.641497 n-d-766380-21 devstack@placement-api.service[106440]: INFO placement.requestlog [req-69a608ed-0fad-4318-a9d9-e963e05f4bf1 req-496a4e04-5f88-459f-b555-b782325c8ec3 service placement] 10.222.0.25 "GET /placement/allocations/20b2d4bd-205a-4a93-9fb0-2d66cc22665e" status: 200 len: 19 microversion: 1.28
Aug 10 00:46:40.644257 n-d-766380-21 devstack@placement-api.service[106440]: [pid: 106440|app: 0|req: 23/45] 10.222.0.25 () {60 vars in 1381 bytes} [Tue Aug 10 00:46:40 2021] GET /placement/allocations/20b2d4bd-205a-4a93-9fb0-2d66cc22665e => generated 19 bytes in 46 msecs (HTTP/1.1 200) 8 headers in 295 bytes (1 switches on core 0)
Aug 10 00:46:40.650707 n-d-766380-21 devstack@placement-api.service[106439]: DEBUG placement.requestlog [req-69a608ed-0fad-4318-a9d9-e963e05f4bf1 req-60c0d0c5-175b-40f2-b5d4-82207719a085 None None] Starting request: 10.222.0.25 "PUT /placement/allocations/20b2d4bd-205a-4a93-9fb0-2d66cc22665e" {{(pid=106439) __call__ /opt/stack/placement/placement/requestlog.py:55}}
Aug 10 00:46:40.780460 n-d-766380-21 devstack@placement-api.service[106439]: DEBUG placement.handlers.allocation [req-69a608ed-0fad-4318-a9d9-e963e05f4bf1 req-60c0d0c5-175b-40f2-b5d4-82207719a085 service placement] Successfully wrote allocations [, , ] {{(pid=106439) _create_allocations /opt/stack/placement/placement/handlers/allocation.py:435}}
Aug 10 00:46:40.781331 n-d-766380-21 devstack@placement-api.service[106439]: INFO placement.requestlog [req-69a608ed-0fad-4318-a9d9-e963e05f4bf1 req-60c0d0c5-175b-40f2-b5d4-82207719a085 service placement] 10.222.0.25 "PUT /placement/allocations/20b2d4bd-205a-4a93-9fb0-2d66cc22665e" status: 204 len: 0 microversion: 1.35
Aug 10 00:46:40.781686 n-d-766380-21 devstack@placement-api.service[106439]: [pid: 106439|app: 0|req: 23/46] 10.222.0.25 () {64 vars in 1434 bytes} [Tue Aug 10 00:46:40 2021] PUT /placement/allocations/20b2d4bd-205a-4a93-9fb0-2d66cc22665e => generated 0 bytes in 131 msecs (HTTP/1.1 204) 5 headers in 199 bytes (1 switches on core 0)
Aug 10 00:46:41.135048 n-d-766380-21 devstack@placement-api.service[106440]: DEBUG placement.requestlog [req-69a608ed-0fad-4318-a9d9-e963e05f4bf1 req-0c640a03-fcc2-40d3-acee-151681738998 None None] Starting request: 10.222.0.10 "GET /placement/allocations/20b2d4bd-205a-4a93-9fb0-2d66cc22665e" {{(pid=106440) __call__ /opt/stack/placement/placement/requestlog.py:55}}
Aug 10 00:46:41.159219 n-d-766380-21 devstack@placement-api.service[106440]: INFO placement.requestlog [req-69a608ed-0fad-4318-a9d9-e963e05f4bf1 req-0c640a03-fcc2-40d3-acee-151681738998 service placement] 10.222.0.10 "GET /placement/allocations/20b2d4bd-205a-4a93-9fb0-2d66cc22665e" status: 200 len: 258 microversion: 1.28
Aug 10 00:46:41.159733 n-d-766380-21 devstack@placement-api.service[106440]: [pid: 106440|app: 0|req: 24/47] 10.222.0.10 () {60 vars in 1378 bytes} [Tue Aug 10 00:46:41 2021] GET /placement/allocations/20b2d4bd-205a-4a93-9fb0-2d66cc22665e => generated 258 bytes in 26 msecs (HTTP/1.1 200) 8 headers in 296 bytes (1 switches on core 0)
Aug 10 00:46:45.832384 n-d-766380-21 devstack@placement-api.service[106439]: DEBUG placement.requestlog [None req-e7e01090-5a52-48f0-be56-8786e9db9d2c None None] Starting request: 10.222.0.25 "GET /placement/" {{(pid=106439) __call__ /opt/stack/placement/placement/requestlog.py:55}}
Aug 10 00:46:45.833374 n-d-766380-21 devstack@placement-api.service[106439]: INFO placement.requestlog [None req-e7e01090-5a52-48f0-be56-8786e9db9d2c None None] 10.222.0.25 "GET /placement/" status: 200 len: 136 microversion: 1.0
Aug 10 00:46:45.833559 n-d-766380-21 devstack@placement-api.service[106439]: [pid: 106439|app: 0|req: 24/48] 10.222.0.25 () {54 vars in 907 bytes} [Tue Aug 10 00:46:45 2021] GET /placement => generated 136 bytes in 2 msecs (HTTP/1.1 200) 6 headers in 224 bytes (1 switches on core 0)
Aug 10 00:46:45.849054 n-d-766380-21 devstack@placement-api.service[106440]: DEBUG placement.requestlog [req-4f65b247-7347-4a9d-bf12-17a334711aab req-e9e669ef-0f41-4c16-ba06-c8d992e4883a None None] Starting request: 10.222.0.25 "GET /placement/resource_providers?name=n-h1-766380-21" {{(pid=106440) __call__ /opt/stack/placement/placement/requestlog.py:55}}
Aug 10 00:46:45.952257 n-d-766380-21 devstack@placement-api.service[106440]: INFO placement.requestlog [req-4f65b247-7347-4a9d-bf12-17a334711aab req-e9e669ef-0f41-4c16-ba06-c8d992e4883a service placement] 10.222.0.25 "GET /placement/resource_providers?name=n-h1-766380-21" status: 200 len: 441 microversion: 1.0
Aug 10 00:46:45.958535 n-d-766380-21 devstack@placement-api.service[106440]: [pid: 106440|app: 0|req: 25/49] 10.222.0.25 () {58 vars in 1277 bytes} [Tue Aug 10 00:46:45 2021] GET /placement/resource_providers?name=n-h1-766380-21 => generated 441 bytes in 110 msecs (HTTP/1.1 200) 6 headers in 224 bytes (1 switches on core 0)
Aug 10 00:46:45.959513 n-d-766380-21 devstack@placement-api.service[106439]: DEBUG placement.requestlog [req-4f65b247-7347-4a9d-bf12-17a334711aab req-4b7d7127-0950-4a5b-9938-54b116efe7d6 None None] Starting request: 10.222.0.25 "GET /placement/resource_providers/fbeff142-3594-4d56-9ecb-6999d435fef8/aggregates" {{(pid=106439) __call__ /opt/stack/placement/placement/requestlog.py:55}}
Aug 10 00:46:45.972768 n-d-766380-21 devstack@placement-api.service[106439]: INFO placement.requestlog [req-4f65b247-7347-4a9d-bf12-17a334711aab req-4b7d7127-0950-4a5b-9938-54b116efe7d6 service placement] 10.222.0.25 "GET /placement/resource_providers/fbeff142-3594-4d56-9ecb-6999d435fef8/aggregates" status: 200 len: 91 microversion: 1.19
Aug 10 00:46:45.974843 n-d-766380-21 devstack@placement-api.service[106439]: [pid: 106439|app: 0|req: 25/50] 10.222.0.25 () {60 vars in 1426 bytes} [Tue Aug 10 00:46:45 2021] GET /placement/resource_providers/fbeff142-3594-4d56-9ecb-6999d435fef8/aggregates => generated 91 bytes in 16 msecs (HTTP/1.1 200) 8 headers in 295 bytes (1 switches on core 0)
Aug 10 00:46:45.980311 n-d-766380-21 devstack@placement-api.service[106440]: DEBUG placement.requestlog [req-4f65b247-7347-4a9d-bf12-17a334711aab req-9a27052f-372e-4313-b40d-2264a1f61bcf None None] Starting request: 10.222.0.25 "PUT /placement/resource_providers/fbeff142-3594-4d56-9ecb-6999d435fef8/aggregates" {{(pid=106440) __call__ /opt/stack/placement/placement/requestlog.py:55}}
Aug 10 00:46:45.995995 n-d-766380-21 devstack@placement-api.service[106440]: DEBUG placement.objects.resource_provider [req-4f65b247-7347-4a9d-bf12-17a334711aab req-9a27052f-372e-4313-b40d-2264a1f61bcf service placement] Setting aggregates for provider fbeff142-3594-4d56-9ecb-6999d435fef8. Successfully disassociated aggregate 6de22912-3b57-436c-b439-57e02e27dc31. {{(pid=106440) _set_aggregates /opt/stack/placement/placement/objects/resource_provider.py:403}}
Aug 10 00:46:46.011242 n-d-766380-21 devstack@placement-api.service[106440]: INFO placement.requestlog [req-4f65b247-7347-4a9d-bf12-17a334711aab req-9a27052f-372e-4313-b40d-2264a1f61bcf service placement] 10.222.0.25 "PUT /placement/resource_providers/fbeff142-3594-4d56-9ecb-6999d435fef8/aggregates" status: 200 len: 53 microversion: 1.19
Aug 10 00:46:46.012072 n-d-766380-21 devstack@placement-api.service[106440]: [pid: 106440|app: 0|req: 26/51] 10.222.0.25 () {64 vars in 1478 bytes} [Tue Aug 10 00:46:45 2021] PUT /placement/resource_providers/fbeff142-3594-4d56-9ecb-6999d435fef8/aggregates => generated 53 bytes in 32 msecs (HTTP/1.1 200) 8 headers in 295 bytes (1 switches on core 0)
Aug 10 00:46:48.086892 n-d-766380-21 devstack@placement-api.service[106439]: DEBUG placement.requestlog [req-7d4e2a08-110d-4714-b798-102d29ce5efc req-2aa12117-dd38-4aa8-9ca4-d6019e937249 None None] Starting request: 10.222.0.25 "GET /placement/resource_providers?name=n-h1-766380-21" {{(pid=106439) __call__ /opt/stack/placement/placement/requestlog.py:55}}
Aug 10 00:46:48.104805 n-d-766380-21 devstack@placement-api.service[106439]: INFO placement.requestlog [req-7d4e2a08-110d-4714-b798-102d29ce5efc req-2aa12117-dd38-4aa8-9ca4-d6019e937249 service placement] 10.222.0.25 "GET /placement/resource_providers?name=n-h1-766380-21" status: 200 len: 441 microversion: 1.0
Aug 10 00:46:48.105364 n-d-766380-21 devstack@placement-api.service[106439]: [pid: 106439|app: 0|req: 26/52] 10.222.0.25 () {58 vars in 1277 bytes} [Tue Aug 10 00:46:48 2021] GET /placement/resource_providers?name=n-h1-766380-21 => generated 441 bytes in 19 msecs (HTTP/1.1 200) 6 headers in 224 bytes (1 switches on core 0)
Aug 10 00:46:48.115866 n-d-766380-21 devstack@placement-api.service[106440]: DEBUG placement.requestlog [req-7d4e2a08-110d-4714-b798-102d29ce5efc req-43ed9871-7132-4ccc-9d9b-6c59e9b64f08 None None] Starting request: 10.222.0.25 "GET /placement/resource_providers/fbeff142-3594-4d56-9ecb-6999d435fef8/aggregates" {{(pid=106440) __call__ /opt/stack/placement/placement/requestlog.py:55}}
Aug 10 00:46:48.135734 n-d-766380-21 devstack@placement-api.service[106440]: INFO placement.requestlog [req-7d4e2a08-110d-4714-b798-102d29ce5efc req-43ed9871-7132-4ccc-9d9b-6c59e9b64f08 service placement] 10.222.0.25 "GET /placement/resource_providers/fbeff142-3594-4d56-9ecb-6999d435fef8/aggregates" status: 200 len: 53 microversion: 1.19
Aug 10 00:46:48.142884 n-d-766380-21 devstack@placement-api.service[106440]: [pid: 106440|app: 0|req: 27/53] 10.222.0.25 () {60 vars in 1426 bytes} [Tue Aug 10 00:46:48 2021] GET /placement/resource_providers/fbeff142-3594-4d56-9ecb-6999d435fef8/aggregates => generated 53 bytes in 27 msecs (HTTP/1.1 200) 8 headers in 295 bytes (1 switches on core 0)
Aug 10 00:46:48.145878 n-d-766380-21 devstack@placement-api.service[106439]: DEBUG placement.requestlog [req-7d4e2a08-110d-4714-b798-102d29ce5efc req-3d3ca585-718d-4fa6-81c7-e3139e71b1ea None None] Starting request: 10.222.0.25 "PUT /placement/resource_providers/fbeff142-3594-4d56-9ecb-6999d435fef8/aggregates" {{(pid=106439) __call__ /opt/stack/placement/placement/requestlog.py:55}}
Aug 10 00:46:48.164810 n-d-766380-21 devstack@placement-api.service[106439]: DEBUG placement.objects.resource_provider [req-7d4e2a08-110d-4714-b798-102d29ce5efc req-3d3ca585-718d-4fa6-81c7-e3139e71b1ea service placement] _ensure_aggregate() did not find aggregate bc17fec1-d284-44ff-8e36-d307a375e74e. Attempting to create it. {{(pid=106439) _ensure_aggregate /opt/stack/placement/placement/objects/resource_provider.py:320}}
Aug 10 00:46:48.167253 n-d-766380-21 devstack@placement-api.service[106439]: DEBUG placement.objects.resource_provider [req-7d4e2a08-110d-4714-b798-102d29ce5efc req-3d3ca585-718d-4fa6-81c7-e3139e71b1ea service placement] _ensure_aggregate() created new aggregate bc17fec1-d284-44ff-8e36-d307a375e74e (id=2). {{(pid=106439) _ensure_aggregate /opt/stack/placement/placement/objects/resource_provider.py:326}}
Aug 10 00:46:48.171387 n-d-766380-21 devstack@placement-api.service[106439]: DEBUG placement.objects.resource_provider [req-7d4e2a08-110d-4714-b798-102d29ce5efc req-3d3ca585-718d-4fa6-81c7-e3139e71b1ea service placement] Setting aggregates for provider fbeff142-3594-4d56-9ecb-6999d435fef8. Successfully associated aggregate bc17fec1-d284-44ff-8e36-d307a375e74e. {{(pid=106439) _set_aggregates /opt/stack/placement/placement/objects/resource_provider.py:388}}
Aug 10 00:46:48.179534 n-d-766380-21 devstack@placement-api.service[106439]: INFO placement.requestlog [req-7d4e2a08-110d-4714-b798-102d29ce5efc req-3d3ca585-718d-4fa6-81c7-e3139e71b1ea service placement] 10.222.0.25 "PUT /placement/resource_providers/fbeff142-3594-4d56-9ecb-6999d435fef8/aggregates" status: 200 len: 91 microversion: 1.19
Aug 10 00:46:48.180611 n-d-766380-21 devstack@placement-api.service[106439]: [pid: 106439|app: 0|req: 27/54] 10.222.0.25 () {64 vars in 1478 bytes} [Tue Aug 10 00:46:48 2021] PUT /placement/resource_providers/fbeff142-3594-4d56-9ecb-6999d435fef8/aggregates => generated 91 bytes in 35 msecs (HTTP/1.1 200) 8 headers in 295 bytes (1 switches on core 0)
Aug 10 00:46:48.589856 n-d-766380-21 devstack@placement-api.service[106440]: DEBUG placement.requestlog [req-d42cc3a0-d7ba-4839-a9bb-4b36ada870e0 req-b3b96a83-e9f3-4507-8daf-4db9a3e25bdb None None] Starting request: 10.222.0.25 "GET /placement/resource_providers?name=n-h1-766380-21" {{(pid=106440) __call__ /opt/stack/placement/placement/requestlog.py:55}}
Aug 10 00:46:48.602397 n-d-766380-21 devstack@placement-api.service[106440]: INFO placement.requestlog [req-d42cc3a0-d7ba-4839-a9bb-4b36ada870e0 req-b3b96a83-e9f3-4507-8daf-4db9a3e25bdb service placement] 10.222.0.25 "GET /placement/resource_providers?name=n-h1-766380-21" status: 200 len: 441 microversion: 1.0
Aug 10 00:46:48.603385 n-d-766380-21 devstack@placement-api.service[106440]: [pid: 106440|app: 0|req: 28/55] 10.222.0.25 () {58 vars in 1277 bytes} [Tue Aug 10 00:46:48 2021] GET /placement/resource_providers?name=n-h1-766380-21 => generated 441 bytes in 14 msecs (HTTP/1.1 200) 6 headers in 224 bytes (1 switches on core 0)
Aug 10 00:46:48.609544 n-d-766380-21 devstack@placement-api.service[106439]: DEBUG placement.requestlog [req-d42cc3a0-d7ba-4839-a9bb-4b36ada870e0 req-808288a2-dcce-4e07-8c6e-b9ded27e3158 None None] Starting request: 10.222.0.25 "GET /placement/resource_providers/fbeff142-3594-4d56-9ecb-6999d435fef8/aggregates" {{(pid=106439) __call__ /opt/stack/placement/placement/requestlog.py:55}}
Aug 10 00:46:48.627383 n-d-766380-21 devstack@placement-api.service[106439]: INFO placement.requestlog [req-d42cc3a0-d7ba-4839-a9bb-4b36ada870e0 req-808288a2-dcce-4e07-8c6e-b9ded27e3158 service placement] 10.222.0.25 "GET /placement/resource_providers/fbeff142-3594-4d56-9ecb-6999d435fef8/aggregates" status: 200 len: 91 microversion: 1.19
Aug 10 00:46:48.628087 n-d-766380-21 devstack@placement-api.service[106439]: [pid: 106439|app: 0|req: 28/56] 10.222.0.25 () {60 vars in 1426 bytes} [Tue Aug 10 00:46:48 2021] GET /placement/resource_providers/fbeff142-3594-4d56-9ecb-6999d435fef8/aggregates => generated 91 bytes in 18 msecs (HTTP/1.1 200) 8 headers in 295 bytes (1 switches on core 0)
Aug 10 00:46:48.638467 n-d-766380-21 devstack@placement-api.service[106440]: DEBUG placement.requestlog [req-d42cc3a0-d7ba-4839-a9bb-4b36ada870e0 req-86d969ed-9136-4775-9d7b-ef87a79db819 None None] Starting request: 10.222.0.25 "PUT /placement/resource_providers/fbeff142-3594-4d56-9ecb-6999d435fef8/aggregates" {{(pid=106440) __call__ /opt/stack/placement/placement/requestlog.py:55}}
Aug 10 00:46:48.655263 n-d-766380-21 devstack@placement-api.service[106440]: DEBUG placement.objects.resource_provider [req-d42cc3a0-d7ba-4839-a9bb-4b36ada870e0 req-86d969ed-9136-4775-9d7b-ef87a79db819 service placement] Setting aggregates for provider fbeff142-3594-4d56-9ecb-6999d435fef8. Successfully disassociated aggregate bc17fec1-d284-44ff-8e36-d307a375e74e. {{(pid=106440) _set_aggregates /opt/stack/placement/placement/objects/resource_provider.py:403}}
Aug 10 00:46:48.662099 n-d-766380-21 devstack@placement-api.service[106440]: INFO placement.requestlog [req-d42cc3a0-d7ba-4839-a9bb-4b36ada870e0 req-86d969ed-9136-4775-9d7b-ef87a79db819 service placement] 10.222.0.25 "PUT /placement/resource_providers/fbeff142-3594-4d56-9ecb-6999d435fef8/aggregates" status: 200 len: 53 microversion: 1.19
Aug 10 00:46:48.672867 n-d-766380-21 devstack@placement-api.service[106440]: [pid: 106440|app: 0|req: 29/57] 10.222.0.25 () {64 vars in 1478 bytes} [Tue Aug 10 00:46:48 2021] PUT /placement/resource_providers/fbeff142-3594-4d56-9ecb-6999d435fef8/aggregates => generated 53 bytes in 30 msecs (HTTP/1.1 200) 8 headers in 295 bytes (1 switches on core 0)
Aug 10 00:46:49.331581 n-d-766380-21 devstack@placement-api.service[106439]: DEBUG placement.requestlog [req-76418e7e-5fdf-4251-b50a-d248910f28ab req-6646acf6-a1b3-45ba-aa0f-59b52ecb9d67 None None] Starting request: 10.222.0.25 "GET /placement/resource_providers?name=n-h1-766380-21" {{(pid=106439) __call__ /opt/stack/placement/placement/requestlog.py:55}}
Aug 10 00:46:49.343837 n-d-766380-21 devstack@placement-api.service[106439]: INFO placement.requestlog [req-76418e7e-5fdf-4251-b50a-d248910f28ab req-6646acf6-a1b3-45ba-aa0f-59b52ecb9d67 service placement] 10.222.0.25 "GET /placement/resource_providers?name=n-h1-766380-21" status: 200 len: 441 microversion: 1.0
Aug 10 00:46:49.344401 n-d-766380-21 devstack@placement-api.service[106439]: [pid: 106439|app: 0|req: 29/58] 10.222.0.25 () {58 vars in 1277 bytes} [Tue Aug 10 00:46:49 2021] GET /placement/resource_providers?name=n-h1-766380-21 => generated 441 bytes in 13 msecs (HTTP/1.1 200) 6 headers in 224 bytes (1 switches on core 0)
Aug 10 00:46:49.351331 n-d-766380-21 devstack@placement-api.service[106440]: DEBUG placement.requestlog [req-76418e7e-5fdf-4251-b50a-d248910f28ab req-9c6c79c1-dc5b-4a24-9c65-4388a19681fb None None] Starting request: 10.222.0.25 "GET /placement/resource_providers/fbeff142-3594-4d56-9ecb-6999d435fef8/aggregates" {{(pid=106440) __call__ /opt/stack/placement/placement/requestlog.py:55}}
Aug 10 00:46:49.366306 n-d-766380-21 devstack@placement-api.service[106440]: INFO placement.requestlog [req-76418e7e-5fdf-4251-b50a-d248910f28ab req-9c6c79c1-dc5b-4a24-9c65-4388a19681fb service placement] 10.222.0.25 "GET /placement/resource_providers/fbeff142-3594-4d56-9ecb-6999d435fef8/aggregates" status: 200 len: 53 microversion: 1.19
Aug 10 00:46:49.366860 n-d-766380-21 devstack@placement-api.service[106440]: [pid: 106440|app: 0|req: 30/59] 10.222.0.25 () {60 vars in 1426 bytes} [Tue Aug 10 00:46:49 2021] GET /placement/resource_providers/fbeff142-3594-4d56-9ecb-6999d435fef8/aggregates => generated 53 bytes in 16 msecs (HTTP/1.1 200) 8 headers in 295 bytes (1 switches on core 0)
Aug 10 00:46:49.375866 n-d-766380-21 devstack@placement-api.service[106439]: DEBUG placement.requestlog [req-76418e7e-5fdf-4251-b50a-d248910f28ab req-b0c1762e-b0a6-4047-9794-4381425be2bc None None] Starting request: 10.222.0.25 "PUT /placement/resource_providers/fbeff142-3594-4d56-9ecb-6999d435fef8/aggregates" {{(pid=106439) __call__ /opt/stack/placement/placement/requestlog.py:55}}
