May 19 08:06:46.910528 n-d-765315-31 devstack@placement-api.service[111516]: DEBUG placement.objects.allocation_candidate [req-71ee30af-9943-401e-815f-06be628b9e4a req-b930e146-87b2-4bd6-ac77-a3d3d4210588 service placement] Merging candidates yields 2 allocation requests and 2 provider summaries {{(pid=111516) _merge_candidates /opt/stack/placement/placement/objects/allocation_candidate.py:809}}
May 19 08:06:46.917229 n-d-765315-31 devstack@placement-api.service[111516]: INFO placement.requestlog [req-71ee30af-9943-401e-815f-06be628b9e4a req-b930e146-87b2-4bd6-ac77-a3d3d4210588 service placement] 10.222.0.23 "GET /placement/allocation_candidates?limit=1000&resources=DISK_GB%3A1%2CMEMORY_MB%3A1024%2CVCPU%3A1&root_required=%21COMPUTE_STATUS_DISABLED" status: 200 len: 1309 microversion: 1.36
May 19 08:06:46.931433 n-d-765315-31 devstack@placement-api.service[111516]: [pid: 111516|app: 0|req: 377/752] 10.222.0.23 () {60 vars in 1506 bytes} [Thu May 19 08:06:46 2022] GET /placement/allocation_candidates?limit=1000&resources=DISK_GB%3A1%2CMEMORY_MB%3A1024%2CVCPU%3A1&root_required=%21COMPUTE_STATUS_DISABLED => generated 1309 bytes in 328 msecs (HTTP/1.1 200) 8 headers in 297 bytes (1 switches on core 0)
May 19 08:06:47.010278 n-d-765315-31 devstack@placement-api.service[111515]: DEBUG placement.requestlog [req-71ee30af-9943-401e-815f-06be628b9e4a req-8e44937b-de68-4ec8-b907-00037a12ac30 None None] Starting request: 10.222.0.23 "GET /placement/allocations/0c965a99-9595-4f9b-bcdb-83f2988b4016" {{(pid=111515) __call__ /opt/stack/placement/placement/requestlog.py:55}}
May 19 08:06:47.027225 n-d-765315-31 devstack@placement-api.service[111515]: INFO placement.requestlog [req-71ee30af-9943-401e-815f-06be628b9e4a req-8e44937b-de68-4ec8-b907-00037a12ac30 service placement] 10.222.0.23 "GET /placement/allocations/0c965a99-9595-4f9b-bcdb-83f2988b4016" status: 200 len: 19 microversion: 1.28
May 19 08:06:47.029404 n-d-765315-31 devstack@placement-api.service[111515]: [pid: 111515|app: 0|req: 376/753] 10.222.0.23 () {60 vars in 1380 bytes} [Thu May 19 08:06:47 2022] GET /placement/allocations/0c965a99-9595-4f9b-bcdb-83f2988b4016 => generated 19 bytes in 19 msecs (HTTP/1.1 200) 8 headers in 295 bytes (1 switches on core 0)
May 19 08:06:47.042911 n-d-765315-31 devstack@placement-api.service[111516]: DEBUG placement.requestlog [req-71ee30af-9943-401e-815f-06be628b9e4a req-72c98388-4644-4d87-b266-88e945e31385 None None] Starting request: 10.222.0.23 "PUT /placement/allocations/0c965a99-9595-4f9b-bcdb-83f2988b4016" {{(pid=111516) __call__ /opt/stack/placement/placement/requestlog.py:55}}
May 19 08:06:47.146398 n-d-765315-31 devstack@placement-api.service[111516]: DEBUG placement.handlers.allocation [req-71ee30af-9943-401e-815f-06be628b9e4a req-72c98388-4644-4d87-b266-88e945e31385 service placement] Successfully wrote allocations [, , ] {{(pid=111516) _update_consumers_and_create_allocations /opt/stack/placement/placement/handlers/allocation.py:462}}
May 19 08:06:47.158311 n-d-765315-31 devstack@placement-api.service[111516]: INFO placement.requestlog [req-71ee30af-9943-401e-815f-06be628b9e4a req-72c98388-4644-4d87-b266-88e945e31385 service placement] 10.222.0.23 "PUT /placement/allocations/0c965a99-9595-4f9b-bcdb-83f2988b4016" status: 204 len: 0 microversion: 1.36
May 19 08:06:47.161514 n-d-765315-31 devstack@placement-api.service[111516]: [pid: 111516|app: 0|req: 378/754] 10.222.0.23 () {64 vars in 1433 bytes} [Thu May 19 08:06:47 2022] PUT /placement/allocations/0c965a99-9595-4f9b-bcdb-83f2988b4016 => generated 0 bytes in 118 msecs (HTTP/1.1 204) 5 headers in 199 bytes (1 switches on core 0)
May 19 08:06:47.260316 n-d-765315-31 devstack@placement-api.service[111515]: DEBUG placement.requestlog [req-64bdb69a-e17d-4299-957e-952b7e6a72a4 req-3e42e50b-69c2-44a6-b0e1-29cfe1b75a0d None None] Starting request: 10.222.0.23 "GET /placement/allocation_candidates?limit=1000&resources=DISK_GB%3A1%2CMEMORY_MB%3A1024%2CVCPU%3A1&root_required=%21COMPUTE_STATUS_DISABLED" {{(pid=111515) __call__ /opt/stack/placement/placement/requestlog.py:55}}
May 19 08:06:47.396486 n-d-765315-31 devstack@placement-api.service[111515]: DEBUG placement.objects.research_context [req-64bdb69a-e17d-4299-957e-952b7e6a72a4 req-3e42e50b-69c2-44a6-b0e1-29cfe1b75a0d service placement] getting providers with 1 DISK_GB {{(pid=111515) __init__ /opt/stack/placement/placement/objects/research_context.py:136}}
May 19 08:06:47.412650 n-d-765315-31 devstack@placement-api.service[111515]: DEBUG placement.objects.research_context [req-64bdb69a-e17d-4299-957e-952b7e6a72a4 req-3e42e50b-69c2-44a6-b0e1-29cfe1b75a0d service placement] getting providers with 1024 MEMORY_MB {{(pid=111515) __init__ /opt/stack/placement/placement/objects/research_context.py:136}}
May 19 08:06:47.426917 n-d-765315-31 devstack@placement-api.service[111515]: DEBUG placement.objects.research_context [req-64bdb69a-e17d-4299-957e-952b7e6a72a4 req-3e42e50b-69c2-44a6-b0e1-29cfe1b75a0d service placement] getting providers with 1 VCPU {{(pid=111515) __init__ /opt/stack/placement/placement/objects/research_context.py:136}}
May 19 08:06:47.443336 n-d-765315-31 devstack@placement-api.service[111515]: DEBUG placement.objects.research_context [req-64bdb69a-e17d-4299-957e-952b7e6a72a4 req-3e42e50b-69c2-44a6-b0e1-29cfe1b75a0d service placement] found 2 providers with available 1 DISK_GB {{(pid=111515) get_provider_ids_matching /opt/stack/placement/placement/objects/research_context.py:563}}
May 19 08:06:47.445493 n-d-765315-31 devstack@placement-api.service[111515]: DEBUG placement.objects.research_context [req-64bdb69a-e17d-4299-957e-952b7e6a72a4 req-3e42e50b-69c2-44a6-b0e1-29cfe1b75a0d service placement] found 2 providers with available 1024 MEMORY_MB {{(pid=111515) get_provider_ids_matching /opt/stack/placement/placement/objects/research_context.py:563}}
May 19 08:06:47.445938 n-d-765315-31 devstack@placement-api.service[111515]: DEBUG placement.objects.research_context [req-64bdb69a-e17d-4299-957e-952b7e6a72a4 req-3e42e50b-69c2-44a6-b0e1-29cfe1b75a0d service placement] found 2 providers after filtering by previous result {{(pid=111515) get_provider_ids_matching /opt/stack/placement/placement/objects/research_context.py:594}}
May 19 08:06:47.447099 n-d-765315-31 devstack@placement-api.service[111515]: DEBUG placement.objects.research_context [req-64bdb69a-e17d-4299-957e-952b7e6a72a4 req-3e42e50b-69c2-44a6-b0e1-29cfe1b75a0d service placement] found 2 providers with available 1 VCPU {{(pid=111515) get_provider_ids_matching /opt/stack/placement/placement/objects/research_context.py:563}}
May 19 08:06:47.447549 n-d-765315-31 devstack@placement-api.service[111515]: DEBUG placement.objects.research_context [req-64bdb69a-e17d-4299-957e-952b7e6a72a4 req-3e42e50b-69c2-44a6-b0e1-29cfe1b75a0d service placement] found 2 providers after filtering by previous result {{(pid=111515) get_provider_ids_matching /opt/stack/placement/placement/objects/research_context.py:594}}
May 19 08:06:47.480381 n-d-765315-31 devstack@placement-api.service[111515]: DEBUG placement.objects.allocation_candidate [req-64bdb69a-e17d-4299-957e-952b7e6a72a4 req-3e42e50b-69c2-44a6-b0e1-29cfe1b75a0d service placement] RequestGroup(use_same_provider=False, resources={DISK_GB:1, MEMORY_MB:1024, VCPU:1}, traits=(), aggregates=[]) (suffix '') returned 2 matches {{(pid=111515) _get_by_requests /opt/stack/placement/placement/objects/allocation_candidate.py:156}}
May 19 08:06:47.482149 n-d-765315-31 devstack@placement-api.service[111515]: DEBUG placement.objects.allocation_candidate [req-64bdb69a-e17d-4299-957e-952b7e6a72a4 req-3e42e50b-69c2-44a6-b0e1-29cfe1b75a0d service placement] Merging candidates yields 2 allocation requests and 2 provider summaries {{(pid=111515) _merge_candidates /opt/stack/placement/placement/objects/allocation_candidate.py:809}}
May 19 08:06:47.485273 n-d-765315-31 devstack@placement-api.service[111515]: INFO placement.requestlog [req-64bdb69a-e17d-4299-957e-952b7e6a72a4 req-3e42e50b-69c2-44a6-b0e1-29cfe1b75a0d service placement] 10.222.0.23 "GET /placement/allocation_candidates?limit=1000&resources=DISK_GB%3A1%2CMEMORY_MB%3A1024%2CVCPU%3A1&root_required=%21COMPUTE_STATUS_DISABLED" status: 200 len: 1309 microversion: 1.36
May 19 08:06:47.487368 n-d-765315-31 devstack@placement-api.service[111515]: [pid: 111515|app: 0|req: 377/755] 10.222.0.23 () {60 vars in 1506 bytes} [Thu May 19 08:06:47 2022] GET /placement/allocation_candidates?limit=1000&resources=DISK_GB%3A1%2CMEMORY_MB%3A1024%2CVCPU%3A1&root_required=%21COMPUTE_STATUS_DISABLED => generated 1309 bytes in 227 msecs (HTTP/1.1 200) 8 headers in 297 bytes (1 switches on core 0)
May 19 08:06:47.670083 n-d-765315-31 devstack@placement-api.service[111516]: DEBUG placement.requestlog [req-64bdb69a-e17d-4299-957e-952b7e6a72a4 req-2be4be3c-0c0c-4280-b055-215c89545b1c None None] Starting request: 10.222.0.23 "GET /placement/allocations/3352daf0-1f36-4e08-91ae-3eaf5317cf65" {{(pid=111516) __call__ /opt/stack/placement/placement/requestlog.py:55}}
May 19 08:06:47.690438 n-d-765315-31 devstack@placement-api.service[111516]: INFO placement.requestlog [req-64bdb69a-e17d-4299-957e-952b7e6a72a4 req-2be4be3c-0c0c-4280-b055-215c89545b1c service placement] 10.222.0.23 "GET /placement/allocations/3352daf0-1f36-4e08-91ae-3eaf5317cf65" status: 200 len: 19 microversion: 1.28
May 19 08:06:47.696797 n-d-765315-31 devstack@placement-api.service[111516]: [pid: 111516|app: 0|req: 379/756] 10.222.0.23 () {60 vars in 1380 bytes} [Thu May 19 08:06:47 2022] GET /placement/allocations/3352daf0-1f36-4e08-91ae-3eaf5317cf65 => generated 19 bytes in 22 msecs (HTTP/1.1 200) 8 headers in 295 bytes (2 switches on core 0)
May 19 08:06:47.700214 n-d-765315-31 devstack@placement-api.service[111515]: DEBUG placement.requestlog [req-64bdb69a-e17d-4299-957e-952b7e6a72a4 req-47c278b0-2aa7-4ca1-8b73-3b38a8d33cfa None None] Starting request: 10.222.0.23 "PUT /placement/allocations/3352daf0-1f36-4e08-91ae-3eaf5317cf65" {{(pid=111515) __call__ /opt/stack/placement/placement/requestlog.py:55}}
May 19 08:06:47.756321 n-d-765315-31 devstack@placement-api.service[111516]: DEBUG placement.requestlog [req-71ee30af-9943-401e-815f-06be628b9e4a req-52f7a706-8a98-4cd4-8205-f37caaa88dba None None] Starting request: 10.222.0.65 "GET /placement/allocations/0c965a99-9595-4f9b-bcdb-83f2988b4016" {{(pid=111516) __call__ /opt/stack/placement/placement/requestlog.py:55}}
May 19 08:06:47.849913 n-d-765315-31 devstack@placement-api.service[111515]: DEBUG placement.handlers.allocation [req-64bdb69a-e17d-4299-957e-952b7e6a72a4 req-47c278b0-2aa7-4ca1-8b73-3b38a8d33cfa service placement] Successfully wrote allocations [, , ] {{(pid=111515) _update_consumers_and_create_allocations /opt/stack/placement/placement/handlers/allocation.py:462}}
May 19 08:06:47.859508 n-d-765315-31 devstack@placement-api.service[111515]: INFO placement.requestlog [req-64bdb69a-e17d-4299-957e-952b7e6a72a4 req-47c278b0-2aa7-4ca1-8b73-3b38a8d33cfa service placement] 10.222.0.23 "PUT /placement/allocations/3352daf0-1f36-4e08-91ae-3eaf5317cf65" status: 204 len: 0 microversion: 1.36
May 19 08:06:47.871089 n-d-765315-31 devstack@placement-api.service[111515]: [pid: 111515|app: 0|req: 378/757] 10.222.0.23 () {64 vars in 1433 bytes} [Thu May 19 08:06:47 2022] PUT /placement/allocations/3352daf0-1f36-4e08-91ae-3eaf5317cf65 => generated 0 bytes in 162 msecs (HTTP/1.1 204) 5 headers in 199 bytes (1 switches on core 0)
May 19 08:06:48.229533 n-d-765315-31 devstack@placement-api.service[111516]: INFO placement.requestlog [req-71ee30af-9943-401e-815f-06be628b9e4a req-52f7a706-8a98-4cd4-8205-f37caaa88dba service placement] 10.222.0.65 "GET /placement/allocations/0c965a99-9595-4f9b-bcdb-83f2988b4016" status: 200 len: 259 microversion: 1.28
May 19 08:06:48.230727 n-d-765315-31 devstack@placement-api.service[111516]: [pid: 111516|app: 0|req: 380/758] 10.222.0.65 () {60 vars in 1377 bytes} [Thu May 19 08:06:47 2022] GET /placement/allocations/0c965a99-9595-4f9b-bcdb-83f2988b4016 => generated 259 bytes in 475 msecs (HTTP/1.1 200) 8 headers in 296 bytes (1 switches on core 0)
May 19 08:06:48.470727 n-d-765315-31 devstack@placement-api.service[111515]: DEBUG placement.requestlog [req-71ee30af-9943-401e-815f-06be628b9e4a req-18015c4e-6a35-401d-8ff6-4d63febc120f None None] Starting request: 10.222.0.65 "GET /placement/resource_providers?in_tree=ccc60e8b-0a98-42fc-aec5-59f2b1652325" {{(pid=111515) __call__ /opt/stack/placement/placement/requestlog.py:55}}
May 19 08:06:48.496894 n-d-765315-31 devstack@placement-api.service[111515]: INFO placement.requestlog [req-71ee30af-9943-401e-815f-06be628b9e4a req-18015c4e-6a35-401d-8ff6-4d63febc120f service placement] 10.222.0.65 "GET /placement/resource_providers?in_tree=ccc60e8b-0a98-42fc-aec5-59f2b1652325" status: 200 len: 864 microversion: 1.14
May 19 08:06:48.498851 n-d-765315-31 devstack@placement-api.service[111515]: [pid: 111515|app: 0|req: 379/759] 10.222.0.65 () {60 vars in 1376 bytes} [Thu May 19 08:06:48 2022] GET /placement/resource_providers?in_tree=ccc60e8b-0a98-42fc-aec5-59f2b1652325 => generated 864 bytes in 28 msecs (HTTP/1.1 200) 6 headers in 225 bytes (1 switches on core 0)
May 19 08:06:48.510688 n-d-765315-31 devstack@placement-api.service[111516]: DEBUG placement.requestlog [req-71ee30af-9943-401e-815f-06be628b9e4a req-ab30d25d-e1f6-47d3-a71e-8d27754be7d1 None None] Starting request: 10.222.0.65 "GET /placement/resource_providers/ccc60e8b-0a98-42fc-aec5-59f2b1652325/inventories" {{(pid=111516) __call__ /opt/stack/placement/placement/requestlog.py:55}}
May 19 08:06:48.519562 n-d-765315-31 devstack@placement-api.service[111515]: DEBUG placement.requestlog [req-64bdb69a-e17d-4299-957e-952b7e6a72a4 req-9714a084-21b8-4053-8e06-1310aaec533c None None] Starting request: 10.222.0.65 "GET /placement/allocations/3352daf0-1f36-4e08-91ae-3eaf5317cf65" {{(pid=111515) __call__ /opt/stack/placement/placement/requestlog.py:55}}
May 19 08:06:48.558108 n-d-765315-31 devstack@placement-api.service[111515]: INFO placement.requestlog [req-64bdb69a-e17d-4299-957e-952b7e6a72a4 req-9714a084-21b8-4053-8e06-1310aaec533c service placement] 10.222.0.65 "GET /placement/allocations/3352daf0-1f36-4e08-91ae-3eaf5317cf65" status: 200 len: 259 microversion: 1.28
May 19 08:06:48.558527 n-d-765315-31 devstack@placement-api.service[111515]: [pid: 111515|app: 0|req: 380/760] 10.222.0.65 () {60 vars in 1377 bytes} [Thu May 19 08:06:48 2022] GET /placement/allocations/3352daf0-1f36-4e08-91ae-3eaf5317cf65 => generated 259 bytes in 41 msecs (HTTP/1.1 200) 8 headers in 296 bytes (1 switches on core 0)
May 19 08:06:48.563744 n-d-765315-31 devstack@placement-api.service[111516]: INFO placement.requestlog [req-71ee30af-9943-401e-815f-06be628b9e4a req-ab30d25d-e1f6-47d3-a71e-8d27754be7d1 service placement] 10.222.0.65 "GET /placement/resource_providers/ccc60e8b-0a98-42fc-aec5-59f2b1652325/inventories" status: 200 len: 398 microversion: 1.0
May 19 08:06:48.565194 n-d-765315-31 devstack@placement-api.service[111516]: [pid: 111516|app: 0|req: 381/761] 10.222.0.65 () {58 vars in 1390 bytes} [Thu May 19 08:06:48 2022] GET /placement/resource_providers/ccc60e8b-0a98-42fc-aec5-59f2b1652325/inventories => generated 398 bytes in 55 msecs (HTTP/1.1 200) 6 headers in 224 bytes (1 switches on core 0)
May 19 08:06:48.578075 n-d-765315-31 devstack@placement-api.service[111515]: DEBUG placement.requestlog [req-71ee30af-9943-401e-815f-06be628b9e4a req-703146bd-9bf6-4880-b08b-c3c58539db8f None None] Starting request: 10.222.0.65 "GET /placement/resource_providers/ccc60e8b-0a98-42fc-aec5-59f2b1652325/aggregates" {{(pid=111515) __call__ /opt/stack/placement/placement/requestlog.py:55}}
May 19 08:06:48.610037 n-d-765315-31 devstack@placement-api.service[111515]: INFO placement.requestlog [req-71ee30af-9943-401e-815f-06be628b9e4a req-703146bd-9bf6-4880-b08b-c3c58539db8f service placement] 10.222.0.65 "GET /placement/resource_providers/ccc60e8b-0a98-42fc-aec5-59f2b1652325/aggregates" status: 200 len: 54 microversion: 1.19
May 19 08:06:48.610932 n-d-765315-31 devstack@placement-api.service[111515]: [pid: 111515|app: 0|req: 381/762] 10.222.0.65 () {60 vars in 1431 bytes} [Thu May 19 08:06:48 2022] GET /placement/resource_providers/ccc60e8b-0a98-42fc-aec5-59f2b1652325/aggregates => generated 54 bytes in 33 msecs (HTTP/1.1 200) 8 headers in 295 bytes (1 switches on core 0)
May 19 08:06:48.618772 n-d-765315-31 devstack@placement-api.service[111516]: DEBUG placement.requestlog [req-71ee30af-9943-401e-815f-06be628b9e4a req-0d451e61-7e05-4c5d-9b26-c4d86b9c1192 None None] Starting request: 10.222.0.65 "GET /placement/resource_providers/ccc60e8b-0a98-42fc-aec5-59f2b1652325/traits" {{(pid=111516) __call__ /opt/stack/placement/placement/requestlog.py:55}}
May 19 08:06:48.701056 n-d-765315-31 devstack@placement-api.service[111516]: INFO placement.requestlog [req-71ee30af-9943-401e-815f-06be628b9e4a req-0d451e61-7e05-4c5d-9b26-c4d86b9c1192 service placement] 10.222.0.65 "GET /placement/resource_providers/ccc60e8b-0a98-42fc-aec5-59f2b1652325/traits" status: 200 len: 212 microversion: 1.6
May 19 08:06:48.701742 n-d-765315-31 devstack@placement-api.service[111516]: [pid: 111516|app: 0|req: 382/763] 10.222.0.65 () {60 vars in 1418 bytes} [Thu May 19 08:06:48 2022] GET /placement/resource_providers/ccc60e8b-0a98-42fc-aec5-59f2b1652325/traits => generated 212 bytes in 84 msecs (HTTP/1.1 200) 6 headers in 224 bytes (2 switches on core 0)
May 19 08:06:58.606620 n-d-765315-31 devstack@placement-api.service[111515]: DEBUG dbcounter [-] [111515] Writing DB stats placement:SELECT=68,placement:INSERT=4,placement:DELETE=2,placement:UPDATE=2 {{(pid=111515) stat_writer /usr/local/lib/python3.8/dist-packages/dbcounter.py:114}}
May 19 08:06:58.644482 n-d-765315-31 devstack@placement-api.service[111516]: DEBUG dbcounter [-] [111516] Writing DB stats placement:SELECT=40,placement:INSERT=4,placement:DELETE=2,placement:UPDATE=2 {{(pid=111516) stat_writer /usr/local/lib/python3.8/dist-packages/dbcounter.py:114}}
May 19 08:07:14.066258 n-d-765315-31 devstack@placement-api.service[111515]: DEBUG placement.requestlog [req-3f0b48d7-0de9-46f9-9978-743d0d9d6eaa req-29c47062-4ad1-4c9c-aa6b-5a72a256e224 None None] Starting request: 10.222.0.65 "DELETE /placement/allocations/0c965a99-9595-4f9b-bcdb-83f2988b4016" {{(pid=111515) __call__ /opt/stack/placement/placement/requestlog.py:55}}
May 19 08:07:14.130439 n-d-765315-31 devstack@placement-api.service[111515]: DEBUG placement.handlers.allocation [req-3f0b48d7-0de9-46f9-9978-743d0d9d6eaa req-29c47062-4ad1-4c9c-aa6b-5a72a256e224 service placement] Successfully deleted allocations [, , ] {{(pid=111515) delete_allocations /opt/stack/placement/placement/handlers/allocation.py:627}}
May 19 08:07:14.131574 n-d-765315-31 devstack@placement-api.service[111515]: INFO placement.requestlog [req-3f0b48d7-0de9-46f9-9978-743d0d9d6eaa req-29c47062-4ad1-4c9c-aa6b-5a72a256e224 service placement] 10.222.0.65 "DELETE /placement/allocations/0c965a99-9595-4f9b-bcdb-83f2988b4016" status: 204 len: 0 microversion: 1.0
May 19 08:07:14.132146 n-d-765315-31 devstack@placement-api.service[111515]: [pid: 111515|app: 0|req: 382/764] 10.222.0.65 () {60 vars in 1355 bytes} [Thu May 19 08:07:14 2022] DELETE /placement/allocations/0c965a99-9595-4f9b-bcdb-83f2988b4016 => generated 0 bytes in 66 msecs (HTTP/1.1 204) 5 headers in 198 bytes (2 switches on core 0)
May 19 08:07:16.703904 n-d-765315-31 devstack@placement-api.service[111516]: DEBUG placement.requestlog [req-d916e54f-068b-4d33-9595-1e5fb7bed0d1 req-388d89ea-3a7e-4f74-b467-079745bd2e9b None None] Starting request: 10.222.0.23 "GET /placement/allocation_candidates?limit=1000&resources=DISK_GB%3A1%2CMEMORY_MB%3A1024%2CVCPU%3A1&root_required=%21COMPUTE_STATUS_DISABLED" {{(pid=111516) __call__ /opt/stack/placement/placement/requestlog.py:55}}
May 19 08:07:16.834615 n-d-765315-31 devstack@placement-api.service[111516]: DEBUG placement.objects.research_context [req-d916e54f-068b-4d33-9595-1e5fb7bed0d1 req-388d89ea-3a7e-4f74-b467-079745bd2e9b service placement] getting providers with 1 DISK_GB {{(pid=111516) __init__ /opt/stack/placement/placement/objects/research_context.py:136}}
May 19 08:07:16.841912 n-d-765315-31 devstack@placement-api.service[111516]: DEBUG placement.objects.research_context [req-d916e54f-068b-4d33-9595-1e5fb7bed0d1 req-388d89ea-3a7e-4f74-b467-079745bd2e9b service placement] getting providers with 1024 MEMORY_MB {{(pid=111516) __init__ /opt/stack/placement/placement/objects/research_context.py:136}}
May 19 08:07:16.855894 n-d-765315-31 devstack@placement-api.service[111516]: DEBUG placement.objects.research_context [req-d916e54f-068b-4d33-9595-1e5fb7bed0d1 req-388d89ea-3a7e-4f74-b467-079745bd2e9b service placement] getting providers with 1 VCPU {{(pid=111516) __init__ /opt/stack/placement/placement/objects/research_context.py:136}}
May 19 08:07:16.867523 n-d-765315-31 devstack@placement-api.service[111516]: DEBUG placement.objects.research_context [req-d916e54f-068b-4d33-9595-1e5fb7bed0d1 req-388d89ea-3a7e-4f74-b467-079745bd2e9b service placement] found 2 providers with available 1 DISK_GB {{(pid=111516) get_provider_ids_matching /opt/stack/placement/placement/objects/research_context.py:563}}
May 19 08:07:16.868350 n-d-765315-31 devstack@placement-api.service[111516]: DEBUG placement.objects.research_context [req-d916e54f-068b-4d33-9595-1e5fb7bed0d1 req-388d89ea-3a7e-4f74-b467-079745bd2e9b service placement] found 2 providers with available 1024 MEMORY_MB {{(pid=111516) get_provider_ids_matching /opt/stack/placement/placement/objects/research_context.py:563}}
May 19 08:07:16.868754 n-d-765315-31 devstack@placement-api.service[111516]: DEBUG placement.objects.research_context [req-d916e54f-068b-4d33-9595-1e5fb7bed0d1 req-388d89ea-3a7e-4f74-b467-079745bd2e9b service placement] found 2 providers after filtering by previous result {{(pid=111516) get_provider_ids_matching /opt/stack/placement/placement/objects/research_context.py:594}}
May 19 08:07:16.869018 n-d-765315-31 devstack@placement-api.service[111516]: DEBUG placement.objects.research_context [req-d916e54f-068b-4d33-9595-1e5fb7bed0d1 req-388d89ea-3a7e-4f74-b467-079745bd2e9b service placement] found 2 providers with available 1 VCPU {{(pid=111516) get_provider_ids_matching /opt/stack/placement/placement/objects/research_context.py:563}}
May 19 08:07:16.869641 n-d-765315-31 devstack@placement-api.service[111516]: DEBUG placement.objects.research_context [req-d916e54f-068b-4d33-9595-1e5fb7bed0d1 req-388d89ea-3a7e-4f74-b467-079745bd2e9b service placement] found 2 providers after filtering by previous result {{(pid=111516) get_provider_ids_matching /opt/stack/placement/placement/objects/research_context.py:594}}
May 19 08:07:16.900914 n-d-765315-31 devstack@placement-api.service[111516]: DEBUG placement.objects.allocation_candidate [req-d916e54f-068b-4d33-9595-1e5fb7bed0d1 req-388d89ea-3a7e-4f74-b467-079745bd2e9b service placement] RequestGroup(use_same_provider=False, resources={DISK_GB:1, MEMORY_MB:1024, VCPU:1}, traits=(), aggregates=[]) (suffix '') returned 2 matches {{(pid=111516) _get_by_requests /opt/stack/placement/placement/objects/allocation_candidate.py:156}}
May 19 08:07:16.902780 n-d-765315-31 devstack@placement-api.service[111516]: DEBUG placement.objects.allocation_candidate [req-d916e54f-068b-4d33-9595-1e5fb7bed0d1 req-388d89ea-3a7e-4f74-b467-079745bd2e9b service placement] Merging candidates yields 2 allocation requests and 2 provider summaries {{(pid=111516) _merge_candidates /opt/stack/placement/placement/objects/allocation_candidate.py:809}}
May 19 08:07:16.905028 n-d-765315-31 devstack@placement-api.service[111516]: INFO placement.requestlog [req-d916e54f-068b-4d33-9595-1e5fb7bed0d1 req-388d89ea-3a7e-4f74-b467-079745bd2e9b service placement] 10.222.0.23 "GET /placement/allocation_candidates?limit=1000&resources=DISK_GB%3A1%2CMEMORY_MB%3A1024%2CVCPU%3A1&root_required=%21COMPUTE_STATUS_DISABLED" status: 200 len: 1309 microversion: 1.36
May 19 08:07:16.905986 n-d-765315-31 devstack@placement-api.service[111516]: [pid: 111516|app: 0|req: 383/765] 10.222.0.23 () {60 vars in 1506 bytes} [Thu May 19 08:07:16 2022] GET /placement/allocation_candidates?limit=1000&resources=DISK_GB%3A1%2CMEMORY_MB%3A1024%2CVCPU%3A1&root_required=%21COMPUTE_STATUS_DISABLED => generated 1309 bytes in 203 msecs (HTTP/1.1 200) 8 headers in 297 bytes (1 switches on core 0)
May 19 08:07:17.074324 n-d-765315-31 devstack@placement-api.service[111515]: DEBUG placement.requestlog [req-d916e54f-068b-4d33-9595-1e5fb7bed0d1 req-2a67e3f8-c1f4-4815-b380-624f78de4e67 None None] Starting request: 10.222.0.23 "GET /placement/allocations/dd3d5b77-3935-4918-a825-cd24526ac207" {{(pid=111515) __call__ /opt/stack/placement/placement/requestlog.py:55}}
May 19 08:07:17.089487 n-d-765315-31 devstack@placement-api.service[111515]: INFO placement.requestlog [req-d916e54f-068b-4d33-9595-1e5fb7bed0d1 req-2a67e3f8-c1f4-4815-b380-624f78de4e67 service placement] 10.222.0.23 "GET /placement/allocations/dd3d5b77-3935-4918-a825-cd24526ac207" status: 200 len: 19 microversion: 1.28
May 19 08:07:17.096697 n-d-765315-31 devstack@placement-api.service[111515]: [pid: 111515|app: 0|req: 383/766] 10.222.0.23 () {60 vars in 1380 bytes} [Thu May 19 08:07:17 2022] GET /placement/allocations/dd3d5b77-3935-4918-a825-cd24526ac207 => generated 19 bytes in 23 msecs (HTTP/1.1 200) 8 headers in 295 bytes (1 switches on core 0)
May 19 08:07:17.097707 n-d-765315-31 devstack@placement-api.service[111516]: DEBUG placement.requestlog [req-d916e54f-068b-4d33-9595-1e5fb7bed0d1 req-3b8f5e9d-1c0b-4ff0-95d4-e7ea255ed2f5 None None] Starting request: 10.222.0.23 "PUT /placement/allocations/dd3d5b77-3935-4918-a825-cd24526ac207" {{(pid=111516) __call__ /opt/stack/placement/placement/requestlog.py:55}}
May 19 08:07:17.230935 n-d-765315-31 devstack@placement-api.service[111516]: DEBUG placement.handlers.allocation [req-d916e54f-068b-4d33-9595-1e5fb7bed0d1 req-3b8f5e9d-1c0b-4ff0-95d4-e7ea255ed2f5 service placement] Successfully wrote allocations [, , ] {{(pid=111516) _update_consumers_and_create_allocations /opt/stack/placement/placement/handlers/allocation.py:462}}
May 19 08:07:17.239519 n-d-765315-31 devstack@placement-api.service[111516]: INFO placement.requestlog [req-d916e54f-068b-4d33-9595-1e5fb7bed0d1 req-3b8f5e9d-1c0b-4ff0-95d4-e7ea255ed2f5 service placement] 10.222.0.23 "PUT /placement/allocations/dd3d5b77-3935-4918-a825-cd24526ac207" status: 204 len: 0 microversion: 1.36
May 19 08:07:17.240298 n-d-765315-31 devstack@placement-api.service[111516]: [pid: 111516|app: 0|req: 384/767] 10.222.0.23 () {64 vars in 1433 bytes} [Thu May 19 08:07:17 2022] PUT /placement/allocations/dd3d5b77-3935-4918-a825-cd24526ac207 => generated 0 bytes in 143 msecs (HTTP/1.1 204) 5 headers in 199 bytes (1 switches on core 0)
May 19 08:07:17.751208 n-d-765315-31 devstack@placement-api.service[111515]: DEBUG placement.requestlog [req-d916e54f-068b-4d33-9595-1e5fb7bed0d1 req-70640df1-5f41-4afc-ba61-1f40be8210fd None None] Starting request: 10.222.0.69 "GET /placement/allocations/dd3d5b77-3935-4918-a825-cd24526ac207" {{(pid=111515) __call__ /opt/stack/placement/placement/requestlog.py:55}}
May 19 08:07:17.773071 n-d-765315-31 devstack@placement-api.service[111515]: INFO placement.requestlog [req-d916e54f-068b-4d33-9595-1e5fb7bed0d1 req-70640df1-5f41-4afc-ba61-1f40be8210fd service placement] 10.222.0.69 "GET /placement/allocations/dd3d5b77-3935-4918-a825-cd24526ac207" status: 200 len: 259 microversion: 1.28
May 19 08:07:17.774209 n-d-765315-31 devstack@placement-api.service[111515]: [pid: 111515|app: 0|req: 384/768] 10.222.0.69 () {60 vars in 1377 bytes} [Thu May 19 08:07:17 2022] GET /placement/allocations/dd3d5b77-3935-4918-a825-cd24526ac207 => generated 259 bytes in 24 msecs (HTTP/1.1 200) 8 headers in 296 bytes (1 switches on core 0)
May 19 08:07:26.264435 n-d-765315-31 devstack@placement-api.service[111516]: DEBUG placement.requestlog [req-09e6a489-c729-47bf-9aac-9ccad4e50d66 req-892c3e32-2f9b-4450-ae89-5b5021d1c9c2 None None] Starting request: 10.222.0.23 "GET /placement/allocation_candidates?limit=1000&resources=MEMORY_MB%3A1024%2CVCPU%3A1&root_required=%21COMPUTE_STATUS_DISABLED" {{(pid=111516) __call__ /opt/stack/placement/placement/requestlog.py:55}}
May 19 08:07:26.364162 n-d-765315-31 devstack@placement-api.service[111516]: DEBUG placement.objects.research_context [req-09e6a489-c729-47bf-9aac-9ccad4e50d66 req-892c3e32-2f9b-4450-ae89-5b5021d1c9c2 service placement] getting providers with 1024 MEMORY_MB {{(pid=111516) __init__ /opt/stack/placement/placement/objects/research_context.py:136}}
May 19 08:07:26.378131 n-d-765315-31 devstack@placement-api.service[111516]: DEBUG placement.objects.research_context [req-09e6a489-c729-47bf-9aac-9ccad4e50d66 req-892c3e32-2f9b-4450-ae89-5b5021d1c9c2 service placement] getting providers with 1 VCPU {{(pid=111516) __init__ /opt/stack/placement/placement/objects/research_context.py:136}}
May 19 08:07:26.394238 n-d-765315-31 devstack@placement-api.service[111516]: DEBUG placement.objects.research_context [req-09e6a489-c729-47bf-9aac-9ccad4e50d66 req-892c3e32-2f9b-4450-ae89-5b5021d1c9c2 service placement] found 2 providers with available 1024 MEMORY_MB {{(pid=111516) get_provider_ids_matching /opt/stack/placement/placement/objects/research_context.py:563}}
May 19 08:07:26.394978 n-d-765315-31 devstack@placement-api.service[111516]: DEBUG placement.objects.research_context [req-09e6a489-c729-47bf-9aac-9ccad4e50d66 req-892c3e32-2f9b-4450-ae89-5b5021d1c9c2 service placement] found 2 providers with available 1 VCPU {{(pid=111516) get_provider_ids_matching /opt/stack/placement/placement/objects/research_context.py:563}}
May 19 08:07:26.396407 n-d-765315-31 devstack@placement-api.service[111516]: DEBUG placement.objects.research_context [req-09e6a489-c729-47bf-9aac-9ccad4e50d66 req-892c3e32-2f9b-4450-ae89-5b5021d1c9c2 service placement] found 2 providers after filtering by previous result {{(pid=111516) get_provider_ids_matching /opt/stack/placement/placement/objects/research_context.py:594}}
May 19 08:07:26.418473 n-d-765315-31 devstack@placement-api.service[111516]: DEBUG placement.objects.allocation_candidate [req-09e6a489-c729-47bf-9aac-9ccad4e50d66 req-892c3e32-2f9b-4450-ae89-5b5021d1c9c2 service placement] RequestGroup(use_same_provider=False, resources={MEMORY_MB:1024, VCPU:1}, traits=(), aggregates=[]) (suffix '') returned 2 matches {{(pid=111516) _get_by_requests /opt/stack/placement/placement/objects/allocation_candidate.py:156}}
May 19 08:07:26.419171 n-d-765315-31 devstack@placement-api.service[111516]: DEBUG placement.objects.allocation_candidate [req-09e6a489-c729-47bf-9aac-9ccad4e50d66 req-892c3e32-2f9b-4450-ae89-5b5021d1c9c2 service placement] Merging candidates yields 2 allocation requests and 2 provider summaries {{(pid=111516) _merge_candidates /opt/stack/placement/placement/objects/allocation_candidate.py:809}}
May 19 08:07:26.421391 n-d-765315-31 devstack@placement-api.service[111516]: INFO placement.requestlog [req-09e6a489-c729-47bf-9aac-9ccad4e50d66 req-892c3e32-2f9b-4450-ae89-5b5021d1c9c2 service placement] 10.222.0.23 "GET /placement/allocation_candidates?limit=1000&resources=MEMORY_MB%3A1024%2CVCPU%3A1&root_required=%21COMPUTE_STATUS_DISABLED" status: 200 len: 1281 microversion: 1.36
May 19 08:07:26.436355 n-d-765315-31 devstack@placement-api.service[111516]: [pid: 111516|app: 0|req: 385/769] 10.222.0.23 () {60 vars in 1478 bytes} [Thu May 19 08:07:26 2022] GET /placement/allocation_candidates?limit=1000&resources=MEMORY_MB%3A1024%2CVCPU%3A1&root_required=%21COMPUTE_STATUS_DISABLED => generated 1281 bytes in 172 msecs (HTTP/1.1 200) 8 headers in 297 bytes (1 switches on core 0)
May 19 08:07:26.556833 n-d-765315-31 devstack@placement-api.service[111515]: DEBUG placement.requestlog [req-09e6a489-c729-47bf-9aac-9ccad4e50d66 req-4effd1a9-6087-4858-877b-66080892e35e None None] Starting request: 10.222.0.23 "GET /placement/allocations/d87b7de0-f515-462f-b011-2bcd9a4e49a2" {{(pid=111515) __call__ /opt/stack/placement/placement/requestlog.py:55}}
May 19 08:07:26.585497 n-d-765315-31 devstack@placement-api.service[111515]: INFO placement.requestlog [req-09e6a489-c729-47bf-9aac-9ccad4e50d66 req-4effd1a9-6087-4858-877b-66080892e35e service placement] 10.222.0.23 "GET /placement/allocations/d87b7de0-f515-462f-b011-2bcd9a4e49a2" status: 200 len: 19 microversion: 1.28
May 19 08:07:26.599521 n-d-765315-31 devstack@placement-api.service[111516]: DEBUG placement.requestlog [req-09e6a489-c729-47bf-9aac-9ccad4e50d66 req-a1d46711-3ef0-441e-8d4b-0cb5a7552c74 None None] Starting request: 10.222.0.23 "PUT /placement/allocations/d87b7de0-f515-462f-b011-2bcd9a4e49a2" {{(pid=111516) __call__ /opt/stack/placement/placement/requestlog.py:55}}
May 19 08:07:26.611317 n-d-765315-31 devstack@placement-api.service[111515]: [pid: 111515|app: 0|req: 385/770] 10.222.0.23 () {60 vars in 1380 bytes} [Thu May 19 08:07:26 2022] GET /placement/allocations/d87b7de0-f515-462f-b011-2bcd9a4e49a2 => generated 19 bytes in 58 msecs (HTTP/1.1 200) 8 headers in 295 bytes (1 switches on core 0)
May 19 08:07:26.797897 n-d-765315-31 devstack@placement-api.service[111516]: DEBUG placement.handlers.allocation [req-09e6a489-c729-47bf-9aac-9ccad4e50d66 req-a1d46711-3ef0-441e-8d4b-0cb5a7552c74 service placement] Successfully wrote allocations [, ] {{(pid=111516) _update_consumers_and_create_allocations /opt/stack/placement/placement/handlers/allocation.py:462}}
May 19 08:07:26.805209 n-d-765315-31 devstack@placement-api.service[111516]: INFO placement.requestlog [req-09e6a489-c729-47bf-9aac-9ccad4e50d66 req-a1d46711-3ef0-441e-8d4b-0cb5a7552c74 service placement] 10.222.0.23 "PUT /placement/allocations/d87b7de0-f515-462f-b011-2bcd9a4e49a2" status: 204 len: 0 microversion: 1.36
May 19 08:07:26.806211 n-d-765315-31 devstack@placement-api.service[111516]: [pid: 111516|app: 0|req: 386/771] 10.222.0.23 () {64 vars in 1433 bytes} [Thu May 19 08:07:26 2022] PUT /placement/allocations/d87b7de0-f515-462f-b011-2bcd9a4e49a2 => generated 0 bytes in 207 msecs (HTTP/1.1 204) 5 headers in 199 bytes (2 switches on core 0)
May 19 08:07:27.702028 n-d-765315-31 devstack@placement-api.service[111515]: DEBUG placement.requestlog [req-09e6a489-c729-47bf-9aac-9ccad4e50d66 req-9de7d5b9-f668-46bb-839d-b81256ca0ac4 None None] Starting request: 10.222.0.65 "GET /placement/allocations/d87b7de0-f515-462f-b011-2bcd9a4e49a2" {{(pid=111515) __call__ /opt/stack/placement/placement/requestlog.py:55}}
May 19 08:07:27.784649 n-d-765315-31 devstack@placement-api.service[111515]: INFO placement.requestlog [req-09e6a489-c729-47bf-9aac-9ccad4e50d66 req-9de7d5b9-f668-46bb-839d-b81256ca0ac4 service placement] 10.222.0.65 "GET /placement/allocations/d87b7de0-f515-462f-b011-2bcd9a4e49a2" status: 200 len: 245 microversion: 1.28
May 19 08:07:27.785781 n-d-765315-31 devstack@placement-api.service[111515]: [pid: 111515|app: 0|req: 386/772] 10.222.0.65 () {60 vars in 1377 bytes} [Thu May 19 08:07:27 2022] GET /placement/allocations/d87b7de0-f515-462f-b011-2bcd9a4e49a2 => generated 245 bytes in 85 msecs (HTTP/1.1 200) 8 headers in 296 bytes (1 switches on core 0)
May 19 08:07:31.390255 n-d-765315-31 devstack@placement-api.service[111516]: DEBUG placement.requestlog [req-616f3955-cab6-4f7b-b28f-960f6812f961 req-72674d5c-03be-4459-bb9d-d8dddd36a473 None None] Starting request: 10.222.0.65 "GET /placement/resource_providers/ccc60e8b-0a98-42fc-aec5-59f2b1652325/allocations" {{(pid=111516) __call__ /opt/stack/placement/placement/requestlog.py:55}}
May 19 08:07:31.420913 n-d-765315-31 devstack@placement-api.service[111515]: DEBUG placement.requestlog [req-a1166f70-7b51-4dae-836b-d55da7699e3d req-9ff2d8aa-6eaf-418e-a1ad-46bd00932fb1 None None] Starting request: 10.222.0.69 "GET /placement/resource_providers/3c08eac6-887f-4d37-8646-73d7eed4bf99/allocations" {{(pid=111515) __call__ /opt/stack/placement/placement/requestlog.py:55}}
May 19 08:07:31.457153 n-d-765315-31 devstack@placement-api.service[111516]: INFO placement.requestlog [req-616f3955-cab6-4f7b-b28f-960f6812f961 req-72674d5c-03be-4459-bb9d-d8dddd36a473 service placement] 10.222.0.65 "GET /placement/resource_providers/ccc60e8b-0a98-42fc-aec5-59f2b1652325/allocations" status: 200 len: 530 microversion: 1.0
May 19 08:07:31.457864 n-d-765315-31 devstack@placement-api.service[111516]: [pid: 111516|app: 0|req: 387/773] 10.222.0.65 () {58 vars in 1390 bytes} [Thu May 19 08:07:31 2022] GET /placement/resource_providers/ccc60e8b-0a98-42fc-aec5-59f2b1652325/allocations => generated 530 bytes in 68 msecs (HTTP/1.1 200) 6 headers in 224 bytes (1 switches on core 0)
May 19 08:07:31.508455 n-d-765315-31 devstack@placement-api.service[111515]: INFO placement.requestlog [req-a1166f70-7b51-4dae-836b-d55da7699e3d req-9ff2d8aa-6eaf-418e-a1ad-46bd00932fb1 service placement] 10.222.0.69 "GET /placement/resource_providers/3c08eac6-887f-4d37-8646-73d7eed4bf99/allocations" status: 200 len: 558 microversion: 1.0
May 19 08:07:31.511167 n-d-765315-31 devstack@placement-api.service[111515]: [pid: 111515|app: 0|req: 387/774] 10.222.0.69 () {58 vars in 1390 bytes} [Thu May 19 08:07:31 2022] GET /placement/resource_providers/3c08eac6-887f-4d37-8646-73d7eed4bf99/allocations => generated 558 bytes in 90 msecs (HTTP/1.1 200) 6 headers in 224 bytes (2 switches on core 0)
May 19 08:07:40.080876 n-d-765315-31 devstack@placement-api.service[111516]: DEBUG placement.requestlog [req-365d9c0d-dd31-4bd5-baec-6ccfe45a7d48 req-7dc9166a-5ceb-4894-a5ab-3940bbdd4221 None None] Starting request: 10.222.0.69 "DELETE /placement/allocations/dd3d5b77-3935-4918-a825-cd24526ac207" {{(pid=111516) __call__ /opt/stack/placement/placement/requestlog.py:55}}
May 19 08:07:40.090263 n-d-765315-31 devstack@placement-api.service[111516]: DEBUG dbcounter [-] [111516] Writing DB stats placement:SELECT=58,placement:INSERT=9,placement:DELETE=4,placement:UPDATE=4 {{(pid=111516) stat_writer /usr/local/lib/python3.8/dist-packages/dbcounter.py:114}}
May 19 08:07:40.156731 n-d-765315-31 devstack@placement-api.service[111516]: DEBUG placement.handlers.allocation [req-365d9c0d-dd31-4bd5-baec-6ccfe45a7d48 req-7dc9166a-5ceb-4894-a5ab-3940bbdd4221 service placement] Successfully deleted allocations [, , ] {{(pid=111516) delete_allocations /opt/stack/placement/placement/handlers/allocation.py:627}}
May 19 08:07:40.157224 n-d-765315-31 devstack@placement-api.service[111516]: INFO placement.requestlog [req-365d9c0d-dd31-4bd5-baec-6ccfe45a7d48 req-7dc9166a-5ceb-4894-a5ab-3940bbdd4221 service placement] 10.222.0.69 "DELETE /placement/allocations/dd3d5b77-3935-4918-a825-cd24526ac207" status: 204 len: 0 microversion: 1.0
May 19 08:07:40.157942 n-d-765315-31 devstack@placement-api.service[111516]: [pid: 111516|app: 0|req: 388/775] 10.222.0.69 () {60 vars in 1355 bytes} [Thu May 19 08:07:40 2022] DELETE /placement/allocations/dd3d5b77-3935-4918-a825-cd24526ac207 => generated 0 bytes in 77 msecs (HTTP/1.1 204) 5 headers in 198 bytes (1 switches on core 0)
May 19 08:07:41.496927 n-d-765315-31 devstack@placement-api.service[111515]: DEBUG dbcounter [-] [111515] Writing DB stats placement:SELECT=25,placement:DELETE=2 {{(pid=111515) stat_writer /usr/local/lib/python3.8/dist-packages/dbcounter.py:114}}
May 19 08:07:42.121452 n-d-765315-31 devstack@placement-api.service[111515]: DEBUG placement.requestlog [req-ad3d2490-d3dd-45e2-8c2c-8d2c6923f656 req-13bb2175-4cfc-4169-98e4-7fddcf0f17a4 None None] Starting request: 10.222.0.23 "GET /placement/allocation_candidates?limit=1000&resources=DISK_GB%3A1%2CMEMORY_MB%3A1024%2CVCPU%3A1&root_required=%21COMPUTE_STATUS_DISABLED" {{(pid=111515) __call__ /opt/stack/placement/placement/requestlog.py:55}}
May 19 08:07:42.200307 n-d-765315-31 devstack@placement-api.service[111515]: DEBUG placement.objects.research_context [req-ad3d2490-d3dd-45e2-8c2c-8d2c6923f656 req-13bb2175-4cfc-4169-98e4-7fddcf0f17a4 service placement] getting providers with 1 DISK_GB {{(pid=111515) __init__ /opt/stack/placement/placement/objects/research_context.py:136}}
May 19 08:07:42.212825 n-d-765315-31 devstack@placement-api.service[111515]: DEBUG placement.objects.research_context [req-ad3d2490-d3dd-45e2-8c2c-8d2c6923f656 req-13bb2175-4cfc-4169-98e4-7fddcf0f17a4 service placement] getting providers with 1024 MEMORY_MB {{(pid=111515) __init__ /opt/stack/placement/placement/objects/research_context.py:136}}
May 19 08:07:42.221449 n-d-765315-31 devstack@placement-api.service[111515]: DEBUG placement.objects.research_context [req-ad3d2490-d3dd-45e2-8c2c-8d2c6923f656 req-13bb2175-4cfc-4169-98e4-7fddcf0f17a4 service placement] getting providers with 1 VCPU {{(pid=111515) __init__ /opt/stack/placement/placement/objects/research_context.py:136}}
May 19 08:07:42.228976 n-d-765315-31 devstack@placement-api.service[111515]: DEBUG placement.objects.research_context [req-ad3d2490-d3dd-45e2-8c2c-8d2c6923f656 req-13bb2175-4cfc-4169-98e4-7fddcf0f17a4 service placement] found 2 providers with available 1 DISK_GB {{(pid=111515) get_provider_ids_matching /opt/stack/placement/placement/objects/research_context.py:563}}
May 19 08:07:42.229298 n-d-765315-31 devstack@placement-api.service[111515]: DEBUG placement.objects.research_context [req-ad3d2490-d3dd-45e2-8c2c-8d2c6923f656 req-13bb2175-4cfc-4169-98e4-7fddcf0f17a4 service placement] found 2 providers with available 1024 MEMORY_MB {{(pid=111515) get_provider_ids_matching /opt/stack/placement/placement/objects/research_context.py:563}}
May 19 08:07:42.229759 n-d-765315-31 devstack@placement-api.service[111515]: DEBUG placement.objects.research_context [req-ad3d2490-d3dd-45e2-8c2c-8d2c6923f656 req-13bb2175-4cfc-4169-98e4-7fddcf0f17a4 service placement] found 2 providers after filtering by previous result {{(pid=111515) get_provider_ids_matching /opt/stack/placement/placement/objects/research_context.py:594}}
May 19 08:07:42.230481 n-d-765315-31 devstack@placement-api.service[111515]: DEBUG placement.objects.research_context [req-ad3d2490-d3dd-45e2-8c2c-8d2c6923f656 req-13bb2175-4cfc-4169-98e4-7fddcf0f17a4 service placement] found 2 providers with available 1 VCPU {{(pid=111515) get_provider_ids_matching /opt/stack/placement/placement/objects/research_context.py:563}}
May 19 08:07:42.230998 n-d-765315-31 devstack@placement-api.service[111515]: DEBUG placement.objects.research_context [req-ad3d2490-d3dd-45e2-8c2c-8d2c6923f656 req-13bb2175-4cfc-4169-98e4-7fddcf0f17a4 service placement] found 2 providers after filtering by previous result {{(pid=111515) get_provider_ids_matching /opt/stack/placement/placement/objects/research_context.py:594}}
May 19 08:07:42.246103 n-d-765315-31 devstack@placement-api.service[111515]: DEBUG placement.objects.allocation_candidate [req-ad3d2490-d3dd-45e2-8c2c-8d2c6923f656 req-13bb2175-4cfc-4169-98e4-7fddcf0f17a4 service placement] RequestGroup(use_same_provider=False, resources={DISK_GB:1, MEMORY_MB:1024, VCPU:1}, traits=(), aggregates=[]) (suffix '') returned 2 matches {{(pid=111515) _get_by_requests /opt/stack/placement/placement/objects/allocation_candidate.py:156}}
May 19 08:07:42.247045 n-d-765315-31 devstack@placement-api.service[111515]: DEBUG placement.objects.allocation_candidate [req-ad3d2490-d3dd-45e2-8c2c-8d2c6923f656 req-13bb2175-4cfc-4169-98e4-7fddcf0f17a4 service placement] Merging candidates yields 2 allocation requests and 2 provider summaries {{(pid=111515) _merge_candidates /opt/stack/placement/placement/objects/allocation_candidate.py:809}}
May 19 08:07:42.249954 n-d-765315-31 devstack@placement-api.service[111515]: INFO placement.requestlog [req-ad3d2490-d3dd-45e2-8c2c-8d2c6923f656 req-13bb2175-4cfc-4169-98e4-7fddcf0f17a4 service placement] 10.222.0.23 "GET /placement/allocation_candidates?limit=1000&resources=DISK_GB%3A1%2CMEMORY_MB%3A1024%2CVCPU%3A1&root_required=%21COMPUTE_STATUS_DISABLED" status: 200 len: 1309 microversion: 1.36
May 19 08:07:42.263305 n-d-765315-31 devstack@placement-api.service[111515]: [pid: 111515|app: 0|req: 388/776] 10.222.0.23 () {60 vars in 1506 bytes} [Thu May 19 08:07:42 2022] GET /placement/allocation_candidates?limit=1000&resources=DISK_GB%3A1%2CMEMORY_MB%3A1024%2CVCPU%3A1&root_required=%21COMPUTE_STATUS_DISABLED => generated 1309 bytes in 142 msecs (HTTP/1.1 200) 8 headers in 297 bytes (1 switches on core 0)
May 19 08:07:42.353530 n-d-765315-31 devstack@placement-api.service[111516]: DEBUG placement.requestlog [req-ad3d2490-d3dd-45e2-8c2c-8d2c6923f656 req-b901a7ec-5a66-4c07-9456-c0eabec69060 None None] Starting request: 10.222.0.23 "GET /placement/allocations/71175690-6147-4771-acbd-b0ee95646d21" {{(pid=111516) __call__ /opt/stack/placement/placement/requestlog.py:55}}
May 19 08:07:42.364926 n-d-765315-31 devstack@placement-api.service[111516]: INFO placement.requestlog [req-ad3d2490-d3dd-45e2-8c2c-8d2c6923f656 req-b901a7ec-5a66-4c07-9456-c0eabec69060 service placement] 10.222.0.23 "GET /placement/allocations/71175690-6147-4771-acbd-b0ee95646d21" status: 200 len: 19 microversion: 1.28
May 19 08:07:42.365332 n-d-765315-31 devstack@placement-api.service[111516]: [pid: 111516|app: 0|req: 389/777] 10.222.0.23 () {60 vars in 1380 bytes} [Thu May 19 08:07:42 2022] GET /placement/allocations/71175690-6147-4771-acbd-b0ee95646d21 => generated 19 bytes in 12 msecs (HTTP/1.1 200) 8 headers in 295 bytes (1 switches on core 0)
May 19 08:07:42.375184 n-d-765315-31 devstack@placement-api.service[111515]: DEBUG placement.requestlog [req-ad3d2490-d3dd-45e2-8c2c-8d2c6923f656 req-57b27ace-cc0b-460c-8b5a-74b916ecad88 None None] Starting request: 10.222.0.23 "PUT /placement/allocations/71175690-6147-4771-acbd-b0ee95646d21" {{(pid=111515) __call__ /opt/stack/placement/placement/requestlog.py:55}}
May 19 08:07:42.473433 n-d-765315-31 devstack@placement-api.service[111515]: DEBUG placement.handlers.allocation [req-ad3d2490-d3dd-45e2-8c2c-8d2c6923f656 req-57b27ace-cc0b-460c-8b5a-74b916ecad88 service placement] Successfully wrote allocations [, , ] {{(pid=111515) _update_consumers_and_create_allocations /opt/stack/placement/placement/handlers/allocation.py:462}}
May 19 08:07:42.480911 n-d-765315-31 devstack@placement-api.service[111515]: INFO placement.requestlog [req-ad3d2490-d3dd-45e2-8c2c-8d2c6923f656 req-57b27ace-cc0b-460c-8b5a-74b916ecad88 service placement] 10.222.0.23 "PUT /placement/allocations/71175690-6147-4771-acbd-b0ee95646d21" status: 204 len: 0 microversion: 1.36
May 19 08:07:42.481600 n-d-765315-31 devstack@placement-api.service[111515]: [pid: 111515|app: 0|req: 389/778] 10.222.0.23 () {64 vars in 1433 bytes} [Thu May 19 08:07:42 2022] PUT /placement/allocations/71175690-6147-4771-acbd-b0ee95646d21 => generated 0 bytes in 107 msecs (HTTP/1.1 204) 5 headers in 199 bytes (1 switches on core 0)
May 19 08:07:42.953052 n-d-765315-31 devstack@placement-api.service[111516]: DEBUG placement.requestlog [req-ad3d2490-d3dd-45e2-8c2c-8d2c6923f656 req-13c71561-a164-4e63-b7a8-ed5412412baf None None] Starting request: 10.222.0.69 "GET /placement/allocations/71175690-6147-4771-acbd-b0ee95646d21" {{(pid=111516) __call__ /opt/stack/placement/placement/requestlog.py:55}}
May 19 08:07:42.986642 n-d-765315-31 devstack@placement-api.service[111516]: INFO placement.requestlog [req-ad3d2490-d3dd-45e2-8c2c-8d2c6923f656 req-13c71561-a164-4e63-b7a8-ed5412412baf service placement] 10.222.0.69 "GET /placement/allocations/71175690-6147-4771-acbd-b0ee95646d21" status: 200 len: 259 microversion: 1.28
May 19 08:07:42.987384 n-d-765315-31 devstack@placement-api.service[111516]: [pid: 111516|app: 0|req: 390/779] 10.222.0.69 () {60 vars in 1377 bytes} [Thu May 19 08:07:42 2022] GET /placement/allocations/71175690-6147-4771-acbd-b0ee95646d21 => generated 259 bytes in 35 msecs (HTTP/1.1 200) 8 headers in 296 bytes (2 switches on core 0)
May 19 08:07:43.594286 n-d-765315-31 devstack@placement-api.service[111515]: DEBUG placement.requestlog [req-702ecc10-12f8-45d4-9e6f-f95e759aba85 req-5f1f7b76-e035-4696-9c95-a8e979ab8f76 None None] Starting request: 10.222.0.65 "DELETE /placement/allocations/3352daf0-1f36-4e08-91ae-3eaf5317cf65" {{(pid=111515) __call__ /opt/stack/placement/placement/requestlog.py:55}}
May 19 08:07:43.694935 n-d-765315-31 devstack@placement-api.service[111515]: DEBUG placement.handlers.allocation [req-702ecc10-12f8-45d4-9e6f-f95e759aba85 req-5f1f7b76-e035-4696-9c95-a8e979ab8f76 service placement] Successfully deleted allocations [, , ] {{(pid=111515) delete_allocations /opt/stack/placement/placement/handlers/allocation.py:627}}
May 19 08:07:43.695337 n-d-765315-31 devstack@placement-api.service[111515]: INFO placement.requestlog [req-702ecc10-12f8-45d4-9e6f-f95e759aba85 req-5f1f7b76-e035-4696-9c95-a8e979ab8f76 service placement] 10.222.0.65 "DELETE /placement/allocations/3352daf0-1f36-4e08-91ae-3eaf5317cf65" status: 204 len: 0 microversion: 1.0
May 19 08:07:43.696414 n-d-765315-31 devstack@placement-api.service[111515]: [pid: 111515|app: 0|req: 390/780] 10.222.0.65 () {60 vars in 1355 bytes} [Thu May 19 08:07:43 2022] DELETE /placement/allocations/3352daf0-1f36-4e08-91ae-3eaf5317cf65 => generated 0 bytes in 102 msecs (HTTP/1.1 204) 5 headers in 198 bytes (2 switches on core 0)
May 19 08:07:52.981424 n-d-765315-31 devstack@placement-api.service[111516]: DEBUG dbcounter [-] [111516] Writing DB stats placement:SELECT=12,placement:DELETE=2 {{(pid=111516) stat_writer /usr/local/lib/python3.8/dist-packages/dbcounter.py:114}}
May 19 08:07:53.687579 n-d-765315-31 devstack@placement-api.service[111515]: DEBUG dbcounter [-] [111515] Writing DB stats placement:SELECT=32,placement:INSERT=4,placement:DELETE=4,placement:UPDATE=2 {{(pid=111515) stat_writer /usr/local/lib/python3.8/dist-packages/dbcounter.py:114}}
