May 19 07:49:38.796112 n-d-765315-31 devstack@placement-api.service[111515]: DEBUG placement.requestlog [req-417c8592-78c0-42a9-9c2a-e4a942010ff2 req-627913fa-f4fa-4cf9-9c58-5152cb2b36d8 None None] Starting request: 10.222.0.69 "GET /placement/allocations/1843ef0c-bc0b-4f48-8f01-ecf69f0c4bfd" {{(pid=111515) __call__ /opt/stack/placement/placement/requestlog.py:55}}
May 19 07:49:38.847300 n-d-765315-31 devstack@placement-api.service[111515]: INFO placement.requestlog [req-417c8592-78c0-42a9-9c2a-e4a942010ff2 req-627913fa-f4fa-4cf9-9c58-5152cb2b36d8 service placement] 10.222.0.69 "GET /placement/allocations/1843ef0c-bc0b-4f48-8f01-ecf69f0c4bfd" status: 200 len: 259 microversion: 1.28
May 19 07:49:38.847704 n-d-765315-31 devstack@placement-api.service[111515]: [pid: 111515|app: 0|req: 62/124] 10.222.0.69 () {60 vars in 1377 bytes} [Thu May 19 07:49:38 2022] GET /placement/allocations/1843ef0c-bc0b-4f48-8f01-ecf69f0c4bfd => generated 259 bytes in 52 msecs (HTTP/1.1 200) 8 headers in 296 bytes (1 switches on core 0)
May 19 07:49:38.860161 n-d-765315-31 devstack@placement-api.service[111516]: DEBUG placement.requestlog [req-417c8592-78c0-42a9-9c2a-e4a942010ff2 req-d290db39-4c46-4487-a078-becacccab7fc None None] Starting request: 10.222.0.69 "PUT /placement/allocations/1843ef0c-bc0b-4f48-8f01-ecf69f0c4bfd" {{(pid=111516) __call__ /opt/stack/placement/placement/requestlog.py:55}}
May 19 07:49:38.977756 n-d-765315-31 devstack@placement-api.service[111516]: DEBUG placement.handlers.allocation [req-417c8592-78c0-42a9-9c2a-e4a942010ff2 req-d290db39-4c46-4487-a078-becacccab7fc service placement] Successfully wrote allocations [, , ] {{(pid=111516) _update_consumers_and_create_allocations /opt/stack/placement/placement/handlers/allocation.py:462}}
May 19 07:49:38.985885 n-d-765315-31 devstack@placement-api.service[111516]: INFO placement.requestlog [req-417c8592-78c0-42a9-9c2a-e4a942010ff2 req-d290db39-4c46-4487-a078-becacccab7fc service placement] 10.222.0.69 "PUT /placement/allocations/1843ef0c-bc0b-4f48-8f01-ecf69f0c4bfd" status: 204 len: 0 microversion: 1.28
May 19 07:49:38.986684 n-d-765315-31 devstack@placement-api.service[111516]: [pid: 111516|app: 0|req: 63/125] 10.222.0.69 () {64 vars in 1430 bytes} [Thu May 19 07:49:38 2022] PUT /placement/allocations/1843ef0c-bc0b-4f48-8f01-ecf69f0c4bfd => generated 0 bytes in 127 msecs (HTTP/1.1 204) 5 headers in 199 bytes (1 switches on core 0)
May 19 07:49:40.927347 n-d-765315-31 devstack@placement-api.service[111515]: DEBUG placement.requestlog [req-7c995f60-422a-47c9-8c30-9806f7a9c5ae req-79b690b2-0bfe-44ec-bea4-785a9602b353 None None] Starting request: 10.222.0.69 "GET /placement/resource_providers/3c08eac6-887f-4d37-8646-73d7eed4bf99/allocations" {{(pid=111515) __call__ /opt/stack/placement/placement/requestlog.py:55}}
May 19 07:49:40.973204 n-d-765315-31 devstack@placement-api.service[111515]: INFO placement.requestlog [req-7c995f60-422a-47c9-8c30-9806f7a9c5ae req-79b690b2-0bfe-44ec-bea4-785a9602b353 service placement] 10.222.0.69 "GET /placement/resource_providers/3c08eac6-887f-4d37-8646-73d7eed4bf99/allocations" status: 200 len: 154 microversion: 1.0
May 19 07:49:40.974488 n-d-765315-31 devstack@placement-api.service[111515]: [pid: 111515|app: 0|req: 63/126] 10.222.0.69 () {58 vars in 1390 bytes} [Thu May 19 07:49:40 2022] GET /placement/resource_providers/3c08eac6-887f-4d37-8646-73d7eed4bf99/allocations => generated 154 bytes in 47 msecs (HTTP/1.1 200) 6 headers in 224 bytes (1 switches on core 0)
May 19 07:49:41.260571 n-d-765315-31 devstack@placement-api.service[111516]: DEBUG placement.requestlog [req-ce27f00f-2791-4344-bb64-7bf9ab1bde43 req-c6e35adf-a7a5-42ae-a1de-bbefdb6672e8 None None] Starting request: 10.222.0.23 "GET /placement/allocation_candidates?limit=1000&resources=DISK_GB%3A1%2CMEMORY_MB%3A1024%2CVCPU%3A1&root_required=%21COMPUTE_STATUS_DISABLED" {{(pid=111516) __call__ /opt/stack/placement/placement/requestlog.py:55}}
May 19 07:49:41.302313 n-d-765315-31 devstack@placement-api.service[111515]: DEBUG placement.requestlog [req-7c995f60-422a-47c9-8c30-9806f7a9c5ae req-611228a5-8f65-4977-af0f-2a6be2aa822f None None] Starting request: 10.222.0.69 "GET /placement/allocations/981e44ca-b2c1-465d-a888-ebbba4b61e27" {{(pid=111515) __call__ /opt/stack/placement/placement/requestlog.py:55}}
May 19 07:49:41.333293 n-d-765315-31 devstack@placement-api.service[111516]: DEBUG placement.objects.research_context [req-ce27f00f-2791-4344-bb64-7bf9ab1bde43 req-c6e35adf-a7a5-42ae-a1de-bbefdb6672e8 service placement] getting providers with 1 DISK_GB {{(pid=111516) __init__ /opt/stack/placement/placement/objects/research_context.py:136}}
May 19 07:49:41.341989 n-d-765315-31 devstack@placement-api.service[111515]: INFO placement.requestlog [req-7c995f60-422a-47c9-8c30-9806f7a9c5ae req-611228a5-8f65-4977-af0f-2a6be2aa822f service placement] 10.222.0.69 "GET /placement/allocations/981e44ca-b2c1-465d-a888-ebbba4b61e27" status: 200 len: 259 microversion: 1.28
May 19 07:49:41.343376 n-d-765315-31 devstack@placement-api.service[111515]: [pid: 111515|app: 0|req: 64/127] 10.222.0.69 () {60 vars in 1377 bytes} [Thu May 19 07:49:41 2022] GET /placement/allocations/981e44ca-b2c1-465d-a888-ebbba4b61e27 => generated 259 bytes in 41 msecs (HTTP/1.1 200) 8 headers in 296 bytes (2 switches on core 0)
May 19 07:49:41.349676 n-d-765315-31 devstack@placement-api.service[111516]: DEBUG placement.objects.research_context [req-ce27f00f-2791-4344-bb64-7bf9ab1bde43 req-c6e35adf-a7a5-42ae-a1de-bbefdb6672e8 service placement] getting providers with 1024 MEMORY_MB {{(pid=111516) __init__ /opt/stack/placement/placement/objects/research_context.py:136}}
May 19 07:49:41.351348 n-d-765315-31 devstack@placement-api.service[111515]: DEBUG placement.requestlog [req-7c995f60-422a-47c9-8c30-9806f7a9c5ae req-4e373f46-9dbb-4b1f-9c36-d3cbd504b5a3 None None] Starting request: 10.222.0.69 "PUT /placement/allocations/981e44ca-b2c1-465d-a888-ebbba4b61e27" {{(pid=111515) __call__ /opt/stack/placement/placement/requestlog.py:55}}
May 19 07:49:41.361432 n-d-765315-31 devstack@placement-api.service[111516]: DEBUG placement.objects.research_context [req-ce27f00f-2791-4344-bb64-7bf9ab1bde43 req-c6e35adf-a7a5-42ae-a1de-bbefdb6672e8 service placement] getting providers with 1 VCPU {{(pid=111516) __init__ /opt/stack/placement/placement/objects/research_context.py:136}}
May 19 07:49:41.374159 n-d-765315-31 devstack@placement-api.service[111516]: DEBUG placement.objects.research_context [req-ce27f00f-2791-4344-bb64-7bf9ab1bde43 req-c6e35adf-a7a5-42ae-a1de-bbefdb6672e8 service placement] found 2 providers with available 1 DISK_GB {{(pid=111516) get_provider_ids_matching /opt/stack/placement/placement/objects/research_context.py:563}}
May 19 07:49:41.374431 n-d-765315-31 devstack@placement-api.service[111516]: DEBUG placement.objects.research_context [req-ce27f00f-2791-4344-bb64-7bf9ab1bde43 req-c6e35adf-a7a5-42ae-a1de-bbefdb6672e8 service placement] found 2 providers with available 1024 MEMORY_MB {{(pid=111516) get_provider_ids_matching /opt/stack/placement/placement/objects/research_context.py:563}}
May 19 07:49:41.374802 n-d-765315-31 devstack@placement-api.service[111516]: DEBUG placement.objects.research_context [req-ce27f00f-2791-4344-bb64-7bf9ab1bde43 req-c6e35adf-a7a5-42ae-a1de-bbefdb6672e8 service placement] found 2 providers after filtering by previous result {{(pid=111516) get_provider_ids_matching /opt/stack/placement/placement/objects/research_context.py:594}}
May 19 07:49:41.375059 n-d-765315-31 devstack@placement-api.service[111516]: DEBUG placement.objects.research_context [req-ce27f00f-2791-4344-bb64-7bf9ab1bde43 req-c6e35adf-a7a5-42ae-a1de-bbefdb6672e8 service placement] found 2 providers with available 1 VCPU {{(pid=111516) get_provider_ids_matching /opt/stack/placement/placement/objects/research_context.py:563}}
May 19 07:49:41.375317 n-d-765315-31 devstack@placement-api.service[111516]: DEBUG placement.objects.research_context [req-ce27f00f-2791-4344-bb64-7bf9ab1bde43 req-c6e35adf-a7a5-42ae-a1de-bbefdb6672e8 service placement] found 2 providers after filtering by previous result {{(pid=111516) get_provider_ids_matching /opt/stack/placement/placement/objects/research_context.py:594}}
May 19 07:49:41.413906 n-d-765315-31 devstack@placement-api.service[111516]: DEBUG placement.objects.allocation_candidate [req-ce27f00f-2791-4344-bb64-7bf9ab1bde43 req-c6e35adf-a7a5-42ae-a1de-bbefdb6672e8 service placement] RequestGroup(use_same_provider=False, resources={DISK_GB:1, MEMORY_MB:1024, VCPU:1}, traits=(), aggregates=[]) (suffix '') returned 2 matches {{(pid=111516) _get_by_requests /opt/stack/placement/placement/objects/allocation_candidate.py:156}}
May 19 07:49:41.414175 n-d-765315-31 devstack@placement-api.service[111516]: DEBUG placement.objects.allocation_candidate [req-ce27f00f-2791-4344-bb64-7bf9ab1bde43 req-c6e35adf-a7a5-42ae-a1de-bbefdb6672e8 service placement] Merging candidates yields 2 allocation requests and 2 provider summaries {{(pid=111516) _merge_candidates /opt/stack/placement/placement/objects/allocation_candidate.py:809}}
May 19 07:49:41.418199 n-d-765315-31 devstack@placement-api.service[111516]: INFO placement.requestlog [req-ce27f00f-2791-4344-bb64-7bf9ab1bde43 req-c6e35adf-a7a5-42ae-a1de-bbefdb6672e8 service placement] 10.222.0.23 "GET /placement/allocation_candidates?limit=1000&resources=DISK_GB%3A1%2CMEMORY_MB%3A1024%2CVCPU%3A1&root_required=%21COMPUTE_STATUS_DISABLED" status: 200 len: 1309 microversion: 1.36
May 19 07:49:41.420932 n-d-765315-31 devstack@placement-api.service[111516]: [pid: 111516|app: 0|req: 64/128] 10.222.0.23 () {60 vars in 1506 bytes} [Thu May 19 07:49:41 2022] GET /placement/allocation_candidates?limit=1000&resources=DISK_GB%3A1%2CMEMORY_MB%3A1024%2CVCPU%3A1&root_required=%21COMPUTE_STATUS_DISABLED => generated 1309 bytes in 161 msecs (HTTP/1.1 200) 8 headers in 297 bytes (1 switches on core 0)
May 19 07:49:41.511568 n-d-765315-31 devstack@placement-api.service[111515]: DEBUG placement.handlers.allocation [req-7c995f60-422a-47c9-8c30-9806f7a9c5ae req-4e373f46-9dbb-4b1f-9c36-d3cbd504b5a3 service placement] Successfully wrote allocations [, , ] {{(pid=111515) _update_consumers_and_create_allocations /opt/stack/placement/placement/handlers/allocation.py:462}}
May 19 07:49:41.519816 n-d-765315-31 devstack@placement-api.service[111515]: INFO placement.requestlog [req-7c995f60-422a-47c9-8c30-9806f7a9c5ae req-4e373f46-9dbb-4b1f-9c36-d3cbd504b5a3 service placement] 10.222.0.69 "PUT /placement/allocations/981e44ca-b2c1-465d-a888-ebbba4b61e27" status: 204 len: 0 microversion: 1.28
May 19 07:49:41.520565 n-d-765315-31 devstack@placement-api.service[111515]: [pid: 111515|app: 0|req: 65/129] 10.222.0.69 () {64 vars in 1430 bytes} [Thu May 19 07:49:41 2022] PUT /placement/allocations/981e44ca-b2c1-465d-a888-ebbba4b61e27 => generated 0 bytes in 169 msecs (HTTP/1.1 204) 5 headers in 199 bytes (2 switches on core 0)
May 19 07:49:41.619016 n-d-765315-31 devstack@placement-api.service[111516]: DEBUG placement.requestlog [req-ce27f00f-2791-4344-bb64-7bf9ab1bde43 req-474a3dcf-0c04-4cc3-a285-1e9166714685 None None] Starting request: 10.222.0.23 "GET /placement/allocations/bef16ef1-2af4-42a9-85f9-511f3bec8e22" {{(pid=111516) __call__ /opt/stack/placement/placement/requestlog.py:55}}
May 19 07:49:41.648820 n-d-765315-31 devstack@placement-api.service[111516]: INFO placement.requestlog [req-ce27f00f-2791-4344-bb64-7bf9ab1bde43 req-474a3dcf-0c04-4cc3-a285-1e9166714685 service placement] 10.222.0.23 "GET /placement/allocations/bef16ef1-2af4-42a9-85f9-511f3bec8e22" status: 200 len: 19 microversion: 1.28
May 19 07:49:41.652940 n-d-765315-31 devstack@placement-api.service[111516]: [pid: 111516|app: 0|req: 65/130] 10.222.0.23 () {60 vars in 1380 bytes} [Thu May 19 07:49:41 2022] GET /placement/allocations/bef16ef1-2af4-42a9-85f9-511f3bec8e22 => generated 19 bytes in 34 msecs (HTTP/1.1 200) 8 headers in 295 bytes (1 switches on core 0)
May 19 07:49:41.662410 n-d-765315-31 devstack@placement-api.service[111515]: DEBUG placement.requestlog [req-ce27f00f-2791-4344-bb64-7bf9ab1bde43 req-9e45a63a-48e1-4242-a0b6-2528f2fb76db None None] Starting request: 10.222.0.23 "PUT /placement/allocations/bef16ef1-2af4-42a9-85f9-511f3bec8e22" {{(pid=111515) __call__ /opt/stack/placement/placement/requestlog.py:55}}
May 19 07:49:41.728109 n-d-765315-31 devstack@placement-api.service[111515]: DEBUG dbcounter [-] [111515] Writing DB stats placement:SELECT=73,placement:INSERT=9,placement:DELETE=11,placement:UPDATE=7 {{(pid=111515) stat_writer /usr/local/lib/python3.8/dist-packages/dbcounter.py:114}}
May 19 07:49:41.777525 n-d-765315-31 devstack@placement-api.service[111515]: DEBUG placement.handlers.allocation [req-ce27f00f-2791-4344-bb64-7bf9ab1bde43 req-9e45a63a-48e1-4242-a0b6-2528f2fb76db service placement] Successfully wrote allocations [, , ] {{(pid=111515) _update_consumers_and_create_allocations /opt/stack/placement/placement/handlers/allocation.py:462}}
May 19 07:49:41.786676 n-d-765315-31 devstack@placement-api.service[111515]: INFO placement.requestlog [req-ce27f00f-2791-4344-bb64-7bf9ab1bde43 req-9e45a63a-48e1-4242-a0b6-2528f2fb76db service placement] 10.222.0.23 "PUT /placement/allocations/bef16ef1-2af4-42a9-85f9-511f3bec8e22" status: 204 len: 0 microversion: 1.36
May 19 07:49:41.787794 n-d-765315-31 devstack@placement-api.service[111515]: [pid: 111515|app: 0|req: 66/131] 10.222.0.23 () {64 vars in 1433 bytes} [Thu May 19 07:49:41 2022] PUT /placement/allocations/bef16ef1-2af4-42a9-85f9-511f3bec8e22 => generated 0 bytes in 126 msecs (HTTP/1.1 204) 5 headers in 199 bytes (1 switches on core 0)
May 19 07:49:42.456330 n-d-765315-31 devstack@placement-api.service[111516]: DEBUG placement.requestlog [req-ce27f00f-2791-4344-bb64-7bf9ab1bde43 req-a3e2f726-909e-4c24-832e-2e494f3d077c None None] Starting request: 10.222.0.69 "GET /placement/allocations/bef16ef1-2af4-42a9-85f9-511f3bec8e22" {{(pid=111516) __call__ /opt/stack/placement/placement/requestlog.py:55}}
May 19 07:49:42.487758 n-d-765315-31 devstack@placement-api.service[111516]: INFO placement.requestlog [req-ce27f00f-2791-4344-bb64-7bf9ab1bde43 req-a3e2f726-909e-4c24-832e-2e494f3d077c service placement] 10.222.0.69 "GET /placement/allocations/bef16ef1-2af4-42a9-85f9-511f3bec8e22" status: 200 len: 259 microversion: 1.28
May 19 07:49:42.488137 n-d-765315-31 devstack@placement-api.service[111516]: [pid: 111516|app: 0|req: 66/132] 10.222.0.69 () {60 vars in 1377 bytes} [Thu May 19 07:49:42 2022] GET /placement/allocations/bef16ef1-2af4-42a9-85f9-511f3bec8e22 => generated 259 bytes in 32 msecs (HTTP/1.1 200) 8 headers in 296 bytes (1 switches on core 0)
May 19 07:49:43.364715 n-d-765315-31 devstack@placement-api.service[111515]: DEBUG placement.requestlog [req-6a98c2d8-889b-4c02-9802-c438dba12638 req-06d8f6d7-d989-486f-9684-8ae63f9486ef None None] Starting request: 10.222.0.65 "DELETE /placement/allocations/f032ad2b-8193-4e68-9cde-acabaa441031" {{(pid=111515) __call__ /opt/stack/placement/placement/requestlog.py:55}}
May 19 07:49:43.456632 n-d-765315-31 devstack@placement-api.service[111515]: DEBUG placement.handlers.allocation [req-6a98c2d8-889b-4c02-9802-c438dba12638 req-06d8f6d7-d989-486f-9684-8ae63f9486ef service placement] Successfully deleted allocations [, , ] {{(pid=111515) delete_allocations /opt/stack/placement/placement/handlers/allocation.py:627}}
May 19 07:49:43.457805 n-d-765315-31 devstack@placement-api.service[111515]: INFO placement.requestlog [req-6a98c2d8-889b-4c02-9802-c438dba12638 req-06d8f6d7-d989-486f-9684-8ae63f9486ef service placement] 10.222.0.65 "DELETE /placement/allocations/f032ad2b-8193-4e68-9cde-acabaa441031" status: 204 len: 0 microversion: 1.0
May 19 07:49:43.458620 n-d-765315-31 devstack@placement-api.service[111515]: [pid: 111515|app: 0|req: 67/133] 10.222.0.65 () {60 vars in 1355 bytes} [Thu May 19 07:49:43 2022] DELETE /placement/allocations/f032ad2b-8193-4e68-9cde-acabaa441031 => generated 0 bytes in 94 msecs (HTTP/1.1 204) 5 headers in 198 bytes (1 switches on core 0)
May 19 07:49:44.076578 n-d-765315-31 devstack@placement-api.service[111516]: DEBUG placement.requestlog [req-65d0cca5-b9ff-4acf-a756-cbc72242d377 req-7eb741a5-a779-4928-8e4b-ec4fbb41ad97 None None] Starting request: 10.222.0.23 "GET /placement/allocation_candidates?limit=1000&resources=DISK_GB%3A1%2CMEMORY_MB%3A1024%2CVCPU%3A1&root_required=%21COMPUTE_STATUS_DISABLED" {{(pid=111516) __call__ /opt/stack/placement/placement/requestlog.py:55}}
May 19 07:49:44.147875 n-d-765315-31 devstack@placement-api.service[111516]: DEBUG placement.objects.research_context [req-65d0cca5-b9ff-4acf-a756-cbc72242d377 req-7eb741a5-a779-4928-8e4b-ec4fbb41ad97 service placement] getting providers with 1 DISK_GB {{(pid=111516) __init__ /opt/stack/placement/placement/objects/research_context.py:136}}
May 19 07:49:44.157356 n-d-765315-31 devstack@placement-api.service[111516]: DEBUG placement.objects.research_context [req-65d0cca5-b9ff-4acf-a756-cbc72242d377 req-7eb741a5-a779-4928-8e4b-ec4fbb41ad97 service placement] getting providers with 1024 MEMORY_MB {{(pid=111516) __init__ /opt/stack/placement/placement/objects/research_context.py:136}}
May 19 07:49:44.164561 n-d-765315-31 devstack@placement-api.service[111516]: DEBUG placement.objects.research_context [req-65d0cca5-b9ff-4acf-a756-cbc72242d377 req-7eb741a5-a779-4928-8e4b-ec4fbb41ad97 service placement] getting providers with 1 VCPU {{(pid=111516) __init__ /opt/stack/placement/placement/objects/research_context.py:136}}
May 19 07:49:44.172616 n-d-765315-31 devstack@placement-api.service[111516]: DEBUG placement.objects.research_context [req-65d0cca5-b9ff-4acf-a756-cbc72242d377 req-7eb741a5-a779-4928-8e4b-ec4fbb41ad97 service placement] found 2 providers with available 1 DISK_GB {{(pid=111516) get_provider_ids_matching /opt/stack/placement/placement/objects/research_context.py:563}}
May 19 07:49:44.173697 n-d-765315-31 devstack@placement-api.service[111516]: DEBUG placement.objects.research_context [req-65d0cca5-b9ff-4acf-a756-cbc72242d377 req-7eb741a5-a779-4928-8e4b-ec4fbb41ad97 service placement] found 2 providers with available 1024 MEMORY_MB {{(pid=111516) get_provider_ids_matching /opt/stack/placement/placement/objects/research_context.py:563}}
May 19 07:49:44.174177 n-d-765315-31 devstack@placement-api.service[111516]: DEBUG placement.objects.research_context [req-65d0cca5-b9ff-4acf-a756-cbc72242d377 req-7eb741a5-a779-4928-8e4b-ec4fbb41ad97 service placement] found 2 providers after filtering by previous result {{(pid=111516) get_provider_ids_matching /opt/stack/placement/placement/objects/research_context.py:594}}
May 19 07:49:44.174774 n-d-765315-31 devstack@placement-api.service[111516]: DEBUG placement.objects.research_context [req-65d0cca5-b9ff-4acf-a756-cbc72242d377 req-7eb741a5-a779-4928-8e4b-ec4fbb41ad97 service placement] found 2 providers with available 1 VCPU {{(pid=111516) get_provider_ids_matching /opt/stack/placement/placement/objects/research_context.py:563}}
May 19 07:49:44.175267 n-d-765315-31 devstack@placement-api.service[111516]: DEBUG placement.objects.research_context [req-65d0cca5-b9ff-4acf-a756-cbc72242d377 req-7eb741a5-a779-4928-8e4b-ec4fbb41ad97 service placement] found 2 providers after filtering by previous result {{(pid=111516) get_provider_ids_matching /opt/stack/placement/placement/objects/research_context.py:594}}
May 19 07:49:44.188876 n-d-765315-31 devstack@placement-api.service[111516]: DEBUG placement.objects.allocation_candidate [req-65d0cca5-b9ff-4acf-a756-cbc72242d377 req-7eb741a5-a779-4928-8e4b-ec4fbb41ad97 service placement] RequestGroup(use_same_provider=False, resources={DISK_GB:1, MEMORY_MB:1024, VCPU:1}, traits=(), aggregates=[]) (suffix '') returned 2 matches {{(pid=111516) _get_by_requests /opt/stack/placement/placement/objects/allocation_candidate.py:156}}
May 19 07:49:44.190057 n-d-765315-31 devstack@placement-api.service[111516]: DEBUG placement.objects.allocation_candidate [req-65d0cca5-b9ff-4acf-a756-cbc72242d377 req-7eb741a5-a779-4928-8e4b-ec4fbb41ad97 service placement] Merging candidates yields 2 allocation requests and 2 provider summaries {{(pid=111516) _merge_candidates /opt/stack/placement/placement/objects/allocation_candidate.py:809}}
May 19 07:49:44.192540 n-d-765315-31 devstack@placement-api.service[111516]: INFO placement.requestlog [req-65d0cca5-b9ff-4acf-a756-cbc72242d377 req-7eb741a5-a779-4928-8e4b-ec4fbb41ad97 service placement] 10.222.0.23 "GET /placement/allocation_candidates?limit=1000&resources=DISK_GB%3A1%2CMEMORY_MB%3A1024%2CVCPU%3A1&root_required=%21COMPUTE_STATUS_DISABLED" status: 200 len: 1309 microversion: 1.36
May 19 07:49:44.198081 n-d-765315-31 devstack@placement-api.service[111516]: [pid: 111516|app: 0|req: 67/134] 10.222.0.23 () {60 vars in 1506 bytes} [Thu May 19 07:49:44 2022] GET /placement/allocation_candidates?limit=1000&resources=DISK_GB%3A1%2CMEMORY_MB%3A1024%2CVCPU%3A1&root_required=%21COMPUTE_STATUS_DISABLED => generated 1309 bytes in 122 msecs (HTTP/1.1 200) 8 headers in 297 bytes (1 switches on core 0)
May 19 07:49:44.291336 n-d-765315-31 devstack@placement-api.service[111515]: DEBUG placement.requestlog [req-65d0cca5-b9ff-4acf-a756-cbc72242d377 req-d7db2d84-6281-4721-a29c-0e9fa4eaadb7 None None] Starting request: 10.222.0.23 "GET /placement/allocations/2551b280-55c2-4d55-a24a-5915de4ba215" {{(pid=111515) __call__ /opt/stack/placement/placement/requestlog.py:55}}
May 19 07:49:44.314775 n-d-765315-31 devstack@placement-api.service[111515]: INFO placement.requestlog [req-65d0cca5-b9ff-4acf-a756-cbc72242d377 req-d7db2d84-6281-4721-a29c-0e9fa4eaadb7 service placement] 10.222.0.23 "GET /placement/allocations/2551b280-55c2-4d55-a24a-5915de4ba215" status: 200 len: 19 microversion: 1.28
May 19 07:49:44.317035 n-d-765315-31 devstack@placement-api.service[111515]: [pid: 111515|app: 0|req: 68/135] 10.222.0.23 () {60 vars in 1380 bytes} [Thu May 19 07:49:44 2022] GET /placement/allocations/2551b280-55c2-4d55-a24a-5915de4ba215 => generated 19 bytes in 26 msecs (HTTP/1.1 200) 8 headers in 295 bytes (1 switches on core 0)
May 19 07:49:44.322570 n-d-765315-31 devstack@placement-api.service[111516]: DEBUG placement.requestlog [req-65d0cca5-b9ff-4acf-a756-cbc72242d377 req-093a938f-da8c-4c8d-b653-d4f66a7d0611 None None] Starting request: 10.222.0.23 "PUT /placement/allocations/2551b280-55c2-4d55-a24a-5915de4ba215" {{(pid=111516) __call__ /opt/stack/placement/placement/requestlog.py:55}}
May 19 07:49:44.448110 n-d-765315-31 devstack@placement-api.service[111516]: DEBUG placement.handlers.allocation [req-65d0cca5-b9ff-4acf-a756-cbc72242d377 req-093a938f-da8c-4c8d-b653-d4f66a7d0611 service placement] Successfully wrote allocations [, , ] {{(pid=111516) _update_consumers_and_create_allocations /opt/stack/placement/placement/handlers/allocation.py:462}}
May 19 07:49:44.458126 n-d-765315-31 devstack@placement-api.service[111516]: INFO placement.requestlog [req-65d0cca5-b9ff-4acf-a756-cbc72242d377 req-093a938f-da8c-4c8d-b653-d4f66a7d0611 service placement] 10.222.0.23 "PUT /placement/allocations/2551b280-55c2-4d55-a24a-5915de4ba215" status: 204 len: 0 microversion: 1.36
May 19 07:49:44.458533 n-d-765315-31 devstack@placement-api.service[111516]: [pid: 111516|app: 0|req: 68/136] 10.222.0.23 () {64 vars in 1433 bytes} [Thu May 19 07:49:44 2022] PUT /placement/allocations/2551b280-55c2-4d55-a24a-5915de4ba215 => generated 0 bytes in 137 msecs (HTTP/1.1 204) 5 headers in 199 bytes (2 switches on core 0)
May 19 07:49:44.969116 n-d-765315-31 devstack@placement-api.service[111515]: DEBUG placement.requestlog [req-65d0cca5-b9ff-4acf-a756-cbc72242d377 req-a9b4b44f-aae1-4883-81f9-c3ad898a7579 None None] Starting request: 10.222.0.65 "GET /placement/allocations/2551b280-55c2-4d55-a24a-5915de4ba215" {{(pid=111515) __call__ /opt/stack/placement/placement/requestlog.py:55}}
May 19 07:49:45.004568 n-d-765315-31 devstack@placement-api.service[111515]: INFO placement.requestlog [req-65d0cca5-b9ff-4acf-a756-cbc72242d377 req-a9b4b44f-aae1-4883-81f9-c3ad898a7579 service placement] 10.222.0.65 "GET /placement/allocations/2551b280-55c2-4d55-a24a-5915de4ba215" status: 200 len: 258 microversion: 1.28
May 19 07:49:45.005914 n-d-765315-31 devstack@placement-api.service[111515]: [pid: 111515|app: 0|req: 69/137] 10.222.0.65 () {60 vars in 1377 bytes} [Thu May 19 07:49:44 2022] GET /placement/allocations/2551b280-55c2-4d55-a24a-5915de4ba215 => generated 258 bytes in 37 msecs (HTTP/1.1 200) 8 headers in 296 bytes (1 switches on core 0)
May 19 07:49:49.347196 n-d-765315-31 devstack@placement-api.service[111516]: DEBUG placement.requestlog [req-1777af6c-b093-4460-9c81-9a5cebe74f82 req-30209697-b327-4bce-8636-567ebd17f7dc None None] Starting request: 10.222.0.23 "GET /placement/allocation_candidates?limit=1000&resources=DISK_GB%3A1%2CMEMORY_MB%3A1024%2CVCPU%3A1&root_required=%21COMPUTE_STATUS_DISABLED" {{(pid=111516) __call__ /opt/stack/placement/placement/requestlog.py:55}}
May 19 07:49:49.457315 n-d-765315-31 devstack@placement-api.service[111516]: DEBUG placement.objects.research_context [req-1777af6c-b093-4460-9c81-9a5cebe74f82 req-30209697-b327-4bce-8636-567ebd17f7dc service placement] getting providers with 1 DISK_GB {{(pid=111516) __init__ /opt/stack/placement/placement/objects/research_context.py:136}}
May 19 07:49:49.476459 n-d-765315-31 devstack@placement-api.service[111516]: DEBUG placement.objects.research_context [req-1777af6c-b093-4460-9c81-9a5cebe74f82 req-30209697-b327-4bce-8636-567ebd17f7dc service placement] getting providers with 1024 MEMORY_MB {{(pid=111516) __init__ /opt/stack/placement/placement/objects/research_context.py:136}}
May 19 07:49:49.491766 n-d-765315-31 devstack@placement-api.service[111516]: DEBUG placement.objects.research_context [req-1777af6c-b093-4460-9c81-9a5cebe74f82 req-30209697-b327-4bce-8636-567ebd17f7dc service placement] getting providers with 1 VCPU {{(pid=111516) __init__ /opt/stack/placement/placement/objects/research_context.py:136}}
May 19 07:49:49.509097 n-d-765315-31 devstack@placement-api.service[111516]: DEBUG placement.objects.research_context [req-1777af6c-b093-4460-9c81-9a5cebe74f82 req-30209697-b327-4bce-8636-567ebd17f7dc service placement] found 2 providers with available 1 DISK_GB {{(pid=111516) get_provider_ids_matching /opt/stack/placement/placement/objects/research_context.py:563}}
May 19 07:49:49.509591 n-d-765315-31 devstack@placement-api.service[111516]: DEBUG placement.objects.research_context [req-1777af6c-b093-4460-9c81-9a5cebe74f82 req-30209697-b327-4bce-8636-567ebd17f7dc service placement] found 2 providers with available 1024 MEMORY_MB {{(pid=111516) get_provider_ids_matching /opt/stack/placement/placement/objects/research_context.py:563}}
May 19 07:49:49.510014 n-d-765315-31 devstack@placement-api.service[111516]: DEBUG placement.objects.research_context [req-1777af6c-b093-4460-9c81-9a5cebe74f82 req-30209697-b327-4bce-8636-567ebd17f7dc service placement] found 2 providers after filtering by previous result {{(pid=111516) get_provider_ids_matching /opt/stack/placement/placement/objects/research_context.py:594}}
May 19 07:49:49.519877 n-d-765315-31 devstack@placement-api.service[111516]: DEBUG placement.objects.research_context [req-1777af6c-b093-4460-9c81-9a5cebe74f82 req-30209697-b327-4bce-8636-567ebd17f7dc service placement] found 2 providers with available 1 VCPU {{(pid=111516) get_provider_ids_matching /opt/stack/placement/placement/objects/research_context.py:563}}
May 19 07:49:49.519998 n-d-765315-31 devstack@placement-api.service[111516]: DEBUG placement.objects.research_context [req-1777af6c-b093-4460-9c81-9a5cebe74f82 req-30209697-b327-4bce-8636-567ebd17f7dc service placement] found 2 providers after filtering by previous result {{(pid=111516) get_provider_ids_matching /opt/stack/placement/placement/objects/research_context.py:594}}
May 19 07:49:49.547180 n-d-765315-31 devstack@placement-api.service[111516]: DEBUG placement.objects.allocation_candidate [req-1777af6c-b093-4460-9c81-9a5cebe74f82 req-30209697-b327-4bce-8636-567ebd17f7dc service placement] RequestGroup(use_same_provider=False, resources={DISK_GB:1, MEMORY_MB:1024, VCPU:1}, traits=(), aggregates=[]) (suffix '') returned 2 matches {{(pid=111516) _get_by_requests /opt/stack/placement/placement/objects/allocation_candidate.py:156}}
May 19 07:49:49.547802 n-d-765315-31 devstack@placement-api.service[111516]: DEBUG placement.objects.allocation_candidate [req-1777af6c-b093-4460-9c81-9a5cebe74f82 req-30209697-b327-4bce-8636-567ebd17f7dc service placement] Merging candidates yields 2 allocation requests and 2 provider summaries {{(pid=111516) _merge_candidates /opt/stack/placement/placement/objects/allocation_candidate.py:809}}
May 19 07:49:49.551704 n-d-765315-31 devstack@placement-api.service[111516]: INFO placement.requestlog [req-1777af6c-b093-4460-9c81-9a5cebe74f82 req-30209697-b327-4bce-8636-567ebd17f7dc service placement] 10.222.0.23 "GET /placement/allocation_candidates?limit=1000&resources=DISK_GB%3A1%2CMEMORY_MB%3A1024%2CVCPU%3A1&root_required=%21COMPUTE_STATUS_DISABLED" status: 200 len: 1309 microversion: 1.36
May 19 07:49:49.555574 n-d-765315-31 devstack@placement-api.service[111516]: [pid: 111516|app: 0|req: 69/138] 10.222.0.23 () {60 vars in 1506 bytes} [Thu May 19 07:49:49 2022] GET /placement/allocation_candidates?limit=1000&resources=DISK_GB%3A1%2CMEMORY_MB%3A1024%2CVCPU%3A1&root_required=%21COMPUTE_STATUS_DISABLED => generated 1309 bytes in 208 msecs (HTTP/1.1 200) 8 headers in 297 bytes (1 switches on core 0)
May 19 07:49:49.705669 n-d-765315-31 devstack@placement-api.service[111515]: DEBUG placement.requestlog [req-1777af6c-b093-4460-9c81-9a5cebe74f82 req-ee075c24-a2a1-4d4c-b355-16b11a297379 None None] Starting request: 10.222.0.23 "GET /placement/allocations/e2b080ba-4f72-4da9-99a8-25880d0ca12a" {{(pid=111515) __call__ /opt/stack/placement/placement/requestlog.py:55}}
May 19 07:49:49.722768 n-d-765315-31 devstack@placement-api.service[111515]: INFO placement.requestlog [req-1777af6c-b093-4460-9c81-9a5cebe74f82 req-ee075c24-a2a1-4d4c-b355-16b11a297379 service placement] 10.222.0.23 "GET /placement/allocations/e2b080ba-4f72-4da9-99a8-25880d0ca12a" status: 200 len: 19 microversion: 1.28
May 19 07:49:49.724708 n-d-765315-31 devstack@placement-api.service[111515]: [pid: 111515|app: 0|req: 70/139] 10.222.0.23 () {60 vars in 1380 bytes} [Thu May 19 07:49:49 2022] GET /placement/allocations/e2b080ba-4f72-4da9-99a8-25880d0ca12a => generated 19 bytes in 20 msecs (HTTP/1.1 200) 8 headers in 295 bytes (1 switches on core 0)
May 19 07:49:49.732619 n-d-765315-31 devstack@placement-api.service[111516]: DEBUG placement.requestlog [req-1777af6c-b093-4460-9c81-9a5cebe74f82 req-1342ca66-4752-4f27-8bdb-08206110311e None None] Starting request: 10.222.0.23 "PUT /placement/allocations/e2b080ba-4f72-4da9-99a8-25880d0ca12a" {{(pid=111516) __call__ /opt/stack/placement/placement/requestlog.py:55}}
May 19 07:49:49.777489 n-d-765315-31 devstack@placement-api.service[111516]: DEBUG dbcounter [-] [111516] Writing DB stats placement:SELECT=85,placement:DELETE=6,placement:UPDATE=4,placement:INSERT=5 {{(pid=111516) stat_writer /usr/local/lib/python3.8/dist-packages/dbcounter.py:114}}
May 19 07:49:49.874631 n-d-765315-31 devstack@placement-api.service[111516]: DEBUG placement.handlers.allocation [req-1777af6c-b093-4460-9c81-9a5cebe74f82 req-1342ca66-4752-4f27-8bdb-08206110311e service placement] Successfully wrote allocations [, , ] {{(pid=111516) _update_consumers_and_create_allocations /opt/stack/placement/placement/handlers/allocation.py:462}}
May 19 07:49:49.886627 n-d-765315-31 devstack@placement-api.service[111516]: INFO placement.requestlog [req-1777af6c-b093-4460-9c81-9a5cebe74f82 req-1342ca66-4752-4f27-8bdb-08206110311e service placement] 10.222.0.23 "PUT /placement/allocations/e2b080ba-4f72-4da9-99a8-25880d0ca12a" status: 204 len: 0 microversion: 1.36
May 19 07:49:49.887165 n-d-765315-31 devstack@placement-api.service[111516]: [pid: 111516|app: 0|req: 70/140] 10.222.0.23 () {64 vars in 1433 bytes} [Thu May 19 07:49:49 2022] PUT /placement/allocations/e2b080ba-4f72-4da9-99a8-25880d0ca12a => generated 0 bytes in 156 msecs (HTTP/1.1 204) 5 headers in 199 bytes (1 switches on core 0)
May 19 07:49:50.508086 n-d-765315-31 devstack@placement-api.service[111515]: DEBUG placement.requestlog [req-1777af6c-b093-4460-9c81-9a5cebe74f82 req-66c309d0-fb26-44b4-8836-973c9fe1ffdf None None] Starting request: 10.222.0.69 "GET /placement/allocations/e2b080ba-4f72-4da9-99a8-25880d0ca12a" {{(pid=111515) __call__ /opt/stack/placement/placement/requestlog.py:55}}
May 19 07:49:50.533493 n-d-765315-31 devstack@placement-api.service[111515]: INFO placement.requestlog [req-1777af6c-b093-4460-9c81-9a5cebe74f82 req-66c309d0-fb26-44b4-8836-973c9fe1ffdf service placement] 10.222.0.69 "GET /placement/allocations/e2b080ba-4f72-4da9-99a8-25880d0ca12a" status: 200 len: 259 microversion: 1.28
May 19 07:49:50.534501 n-d-765315-31 devstack@placement-api.service[111515]: [pid: 111515|app: 0|req: 71/141] 10.222.0.69 () {60 vars in 1377 bytes} [Thu May 19 07:49:50 2022] GET /placement/allocations/e2b080ba-4f72-4da9-99a8-25880d0ca12a => generated 259 bytes in 27 msecs (HTTP/1.1 200) 8 headers in 296 bytes (1 switches on core 0)
May 19 07:49:59.874046 n-d-765315-31 devstack@placement-api.service[111516]: DEBUG dbcounter [-] [111516] Writing DB stats placement:INSERT=5,placement:SELECT=9,placement:DELETE=2,placement:UPDATE=2 {{(pid=111516) stat_writer /usr/local/lib/python3.8/dist-packages/dbcounter.py:114}}
May 19 07:50:00.530751 n-d-765315-31 devstack@placement-api.service[111515]: DEBUG dbcounter [-] [111515] Writing DB stats placement:SELECT=24,placement:DELETE=4,placement:INSERT=3,placement:UPDATE=2 {{(pid=111515) stat_writer /usr/local/lib/python3.8/dist-packages/dbcounter.py:114}}
May 19 07:50:01.961340 n-d-765315-31 devstack@placement-api.service[111516]: DEBUG placement.requestlog [None req-53da5e0e-24d3-4945-9100-b3e0a0ec7307 None None] Starting request: 10.222.0.23 "GET /placement/" {{(pid=111516) __call__ /opt/stack/placement/placement/requestlog.py:55}}
May 19 07:50:01.962314 n-d-765315-31 devstack@placement-api.service[111516]: INFO placement.requestlog [None req-53da5e0e-24d3-4945-9100-b3e0a0ec7307 None None] 10.222.0.23 "GET /placement/" status: 200 len: 136 microversion: 1.0
May 19 07:50:01.963074 n-d-765315-31 devstack@placement-api.service[111516]: [pid: 111516|app: 0|req: 71/142] 10.222.0.23 () {54 vars in 916 bytes} [Thu May 19 07:50:01 2022] GET /placement => generated 136 bytes in 2 msecs (HTTP/1.1 200) 6 headers in 224 bytes (1 switches on core 0)
May 19 07:50:01.977793 n-d-765315-31 devstack@placement-api.service[111515]: DEBUG placement.requestlog [req-e8ba76d9-7261-40ef-a8cf-cedb42fed069 req-083c86e5-605d-4666-bc70-15a7c30e1d77 None None] Starting request: 10.222.0.23 "GET /placement/allocations/bef16ef1-2af4-42a9-85f9-511f3bec8e22" {{(pid=111515) __call__ /opt/stack/placement/placement/requestlog.py:55}}
May 19 07:50:02.213546 n-d-765315-31 devstack@placement-api.service[111515]: INFO placement.requestlog [req-e8ba76d9-7261-40ef-a8cf-cedb42fed069 req-083c86e5-605d-4666-bc70-15a7c30e1d77 service placement] 10.222.0.23 "GET /placement/allocations/bef16ef1-2af4-42a9-85f9-511f3bec8e22" status: 200 len: 259 microversion: 1.28
May 19 07:50:02.214578 n-d-765315-31 devstack@placement-api.service[111515]: [pid: 111515|app: 0|req: 72/143] 10.222.0.23 () {60 vars in 1380 bytes} [Thu May 19 07:50:01 2022] GET /placement/allocations/bef16ef1-2af4-42a9-85f9-511f3bec8e22 => generated 259 bytes in 237 msecs (HTTP/1.1 200) 8 headers in 296 bytes (1 switches on core 0)
May 19 07:50:02.223928 n-d-765315-31 devstack@placement-api.service[111516]: DEBUG placement.requestlog [req-e8ba76d9-7261-40ef-a8cf-cedb42fed069 req-0ceb14c8-80a9-42e8-b236-58deeb12d8c6 None None] Starting request: 10.222.0.23 "GET /placement/allocations/bef16ef1-2af4-42a9-85f9-511f3bec8e22" {{(pid=111516) __call__ /opt/stack/placement/placement/requestlog.py:55}}
May 19 07:50:02.252967 n-d-765315-31 devstack@placement-api.service[111516]: INFO placement.requestlog [req-e8ba76d9-7261-40ef-a8cf-cedb42fed069 req-0ceb14c8-80a9-42e8-b236-58deeb12d8c6 service placement] 10.222.0.23 "GET /placement/allocations/bef16ef1-2af4-42a9-85f9-511f3bec8e22" status: 200 len: 259 microversion: 1.28
May 19 07:50:02.254019 n-d-765315-31 devstack@placement-api.service[111516]: [pid: 111516|app: 0|req: 72/144] 10.222.0.23 () {60 vars in 1380 bytes} [Thu May 19 07:50:02 2022] GET /placement/allocations/bef16ef1-2af4-42a9-85f9-511f3bec8e22 => generated 259 bytes in 30 msecs (HTTP/1.1 200) 8 headers in 296 bytes (1 switches on core 0)
May 19 07:50:02.261711 n-d-765315-31 devstack@placement-api.service[111515]: DEBUG placement.requestlog [req-e8ba76d9-7261-40ef-a8cf-cedb42fed069 req-bbdcce53-275c-43fa-8485-4db3f9488baf None None] Starting request: 10.222.0.23 "GET /placement/allocations/a646d3a7-f514-4352-8ddc-9d1c0b5e50ae" {{(pid=111515) __call__ /opt/stack/placement/placement/requestlog.py:55}}
May 19 07:50:02.278921 n-d-765315-31 devstack@placement-api.service[111515]: INFO placement.requestlog [req-e8ba76d9-7261-40ef-a8cf-cedb42fed069 req-bbdcce53-275c-43fa-8485-4db3f9488baf service placement] 10.222.0.23 "GET /placement/allocations/a646d3a7-f514-4352-8ddc-9d1c0b5e50ae" status: 200 len: 19 microversion: 1.28
May 19 07:50:02.280510 n-d-765315-31 devstack@placement-api.service[111515]: [pid: 111515|app: 0|req: 73/145] 10.222.0.23 () {60 vars in 1380 bytes} [Thu May 19 07:50:02 2022] GET /placement/allocations/a646d3a7-f514-4352-8ddc-9d1c0b5e50ae => generated 19 bytes in 19 msecs (HTTP/1.1 200) 8 headers in 295 bytes (1 switches on core 0)
May 19 07:50:02.287627 n-d-765315-31 devstack@placement-api.service[111516]: DEBUG placement.requestlog [req-e8ba76d9-7261-40ef-a8cf-cedb42fed069 req-fb546c87-b046-46b4-9b6b-8924a8d00345 None None] Starting request: 10.222.0.23 "POST /placement/allocations" {{(pid=111516) __call__ /opt/stack/placement/placement/requestlog.py:55}}
May 19 07:50:02.496208 n-d-765315-31 devstack@placement-api.service[111516]: DEBUG placement.handlers.allocation [req-e8ba76d9-7261-40ef-a8cf-cedb42fed069 req-fb546c87-b046-46b4-9b6b-8924a8d00345 service placement] Successfully wrote allocations [, , , , , ] {{(pid=111516) _update_consumers_and_create_allocations /opt/stack/placement/placement/handlers/allocation.py:572}}
May 19 07:50:02.502497 n-d-765315-31 devstack@placement-api.service[111516]: INFO placement.requestlog [req-e8ba76d9-7261-40ef-a8cf-cedb42fed069 req-fb546c87-b046-46b4-9b6b-8924a8d00345 service placement] 10.222.0.23 "POST /placement/allocations" status: 204 len: 0 microversion: 1.28
May 19 07:50:02.503314 n-d-765315-31 devstack@placement-api.service[111516]: [pid: 111516|app: 0|req: 73/146] 10.222.0.23 () {64 vars in 1323 bytes} [Thu May 19 07:50:02 2022] POST /placement/allocations => generated 0 bytes in 216 msecs (HTTP/1.1 204) 5 headers in 199 bytes (1 switches on core 0)
May 19 07:50:02.674655 n-d-765315-31 devstack@placement-api.service[111515]: DEBUG placement.requestlog [req-e8ba76d9-7261-40ef-a8cf-cedb42fed069 req-09a25951-65da-485b-adcd-647f13c11a1b None None] Starting request: 10.222.0.23 "GET /placement/allocation_candidates?limit=1000&resources=DISK_GB%3A1%2CMEMORY_MB%3A512%2CVCPU%3A1&root_required=%21COMPUTE_STATUS_DISABLED" {{(pid=111515) __call__ /opt/stack/placement/placement/requestlog.py:55}}
May 19 07:50:02.741112 n-d-765315-31 devstack@placement-api.service[111515]: DEBUG placement.objects.research_context [req-e8ba76d9-7261-40ef-a8cf-cedb42fed069 req-09a25951-65da-485b-adcd-647f13c11a1b service placement] getting providers with 1 DISK_GB {{(pid=111515) __init__ /opt/stack/placement/placement/objects/research_context.py:136}}
May 19 07:50:02.767393 n-d-765315-31 devstack@placement-api.service[111515]: DEBUG placement.objects.research_context [req-e8ba76d9-7261-40ef-a8cf-cedb42fed069 req-09a25951-65da-485b-adcd-647f13c11a1b service placement] getting providers with 512 MEMORY_MB {{(pid=111515) __init__ /opt/stack/placement/placement/objects/research_context.py:136}}
May 19 07:50:02.781163 n-d-765315-31 devstack@placement-api.service[111515]: DEBUG placement.objects.research_context [req-e8ba76d9-7261-40ef-a8cf-cedb42fed069 req-09a25951-65da-485b-adcd-647f13c11a1b service placement] getting providers with 1 VCPU {{(pid=111515) __init__ /opt/stack/placement/placement/objects/research_context.py:136}}
May 19 07:50:02.796952 n-d-765315-31 devstack@placement-api.service[111515]: DEBUG placement.objects.research_context [req-e8ba76d9-7261-40ef-a8cf-cedb42fed069 req-09a25951-65da-485b-adcd-647f13c11a1b service placement] found 2 providers with available 1 DISK_GB {{(pid=111515) get_provider_ids_matching /opt/stack/placement/placement/objects/research_context.py:563}}
May 19 07:50:02.797448 n-d-765315-31 devstack@placement-api.service[111515]: DEBUG placement.objects.research_context [req-e8ba76d9-7261-40ef-a8cf-cedb42fed069 req-09a25951-65da-485b-adcd-647f13c11a1b service placement] found 2 providers with available 512 MEMORY_MB {{(pid=111515) get_provider_ids_matching /opt/stack/placement/placement/objects/research_context.py:563}}
May 19 07:50:02.797812 n-d-765315-31 devstack@placement-api.service[111515]: DEBUG placement.objects.research_context [req-e8ba76d9-7261-40ef-a8cf-cedb42fed069 req-09a25951-65da-485b-adcd-647f13c11a1b service placement] found 2 providers after filtering by previous result {{(pid=111515) get_provider_ids_matching /opt/stack/placement/placement/objects/research_context.py:594}}
May 19 07:50:02.798238 n-d-765315-31 devstack@placement-api.service[111515]: DEBUG placement.objects.research_context [req-e8ba76d9-7261-40ef-a8cf-cedb42fed069 req-09a25951-65da-485b-adcd-647f13c11a1b service placement] found 2 providers with available 1 VCPU {{(pid=111515) get_provider_ids_matching /opt/stack/placement/placement/objects/research_context.py:563}}
May 19 07:50:02.798602 n-d-765315-31 devstack@placement-api.service[111515]: DEBUG placement.objects.research_context [req-e8ba76d9-7261-40ef-a8cf-cedb42fed069 req-09a25951-65da-485b-adcd-647f13c11a1b service placement] found 2 providers after filtering by previous result {{(pid=111515) get_provider_ids_matching /opt/stack/placement/placement/objects/research_context.py:594}}
May 19 07:50:02.826647 n-d-765315-31 devstack@placement-api.service[111515]: DEBUG placement.objects.allocation_candidate [req-e8ba76d9-7261-40ef-a8cf-cedb42fed069 req-09a25951-65da-485b-adcd-647f13c11a1b service placement] RequestGroup(use_same_provider=False, resources={DISK_GB:1, MEMORY_MB:512, VCPU:1}, traits=(), aggregates=[]) (suffix '') returned 2 matches {{(pid=111515) _get_by_requests /opt/stack/placement/placement/objects/allocation_candidate.py:156}}
May 19 07:50:02.827010 n-d-765315-31 devstack@placement-api.service[111515]: DEBUG placement.objects.allocation_candidate [req-e8ba76d9-7261-40ef-a8cf-cedb42fed069 req-09a25951-65da-485b-adcd-647f13c11a1b service placement] Merging candidates yields 2 allocation requests and 2 provider summaries {{(pid=111515) _merge_candidates /opt/stack/placement/placement/objects/allocation_candidate.py:809}}
May 19 07:50:02.838325 n-d-765315-31 devstack@placement-api.service[111515]: INFO placement.requestlog [req-e8ba76d9-7261-40ef-a8cf-cedb42fed069 req-09a25951-65da-485b-adcd-647f13c11a1b service placement] 10.222.0.23 "GET /placement/allocation_candidates?limit=1000&resources=DISK_GB%3A1%2CMEMORY_MB%3A512%2CVCPU%3A1&root_required=%21COMPUTE_STATUS_DISABLED" status: 200 len: 1307 microversion: 1.36
May 19 07:50:02.838325 n-d-765315-31 devstack@placement-api.service[111515]: [pid: 111515|app: 0|req: 74/147] 10.222.0.23 () {60 vars in 1504 bytes} [Thu May 19 07:50:02 2022] GET /placement/allocation_candidates?limit=1000&resources=DISK_GB%3A1%2CMEMORY_MB%3A512%2CVCPU%3A1&root_required=%21COMPUTE_STATUS_DISABLED => generated 1307 bytes in 157 msecs (HTTP/1.1 200) 8 headers in 297 bytes (1 switches on core 0)
May 19 07:50:03.046048 n-d-765315-31 devstack@placement-api.service[111516]: DEBUG placement.requestlog [req-e8ba76d9-7261-40ef-a8cf-cedb42fed069 req-7c4f8dd1-c817-401b-aa75-448359359639 None None] Starting request: 10.222.0.23 "GET /placement/allocations/bef16ef1-2af4-42a9-85f9-511f3bec8e22" {{(pid=111516) __call__ /opt/stack/placement/placement/requestlog.py:55}}
May 19 07:50:03.058656 n-d-765315-31 devstack@placement-api.service[111516]: INFO placement.requestlog [req-e8ba76d9-7261-40ef-a8cf-cedb42fed069 req-7c4f8dd1-c817-401b-aa75-448359359639 service placement] 10.222.0.23 "GET /placement/allocations/bef16ef1-2af4-42a9-85f9-511f3bec8e22" status: 200 len: 19 microversion: 1.28
May 19 07:50:03.066052 n-d-765315-31 devstack@placement-api.service[111516]: [pid: 111516|app: 0|req: 74/148] 10.222.0.23 () {60 vars in 1380 bytes} [Thu May 19 07:50:03 2022] GET /placement/allocations/bef16ef1-2af4-42a9-85f9-511f3bec8e22 => generated 19 bytes in 20 msecs (HTTP/1.1 200) 8 headers in 295 bytes (1 switches on core 0)
May 19 07:50:03.068511 n-d-765315-31 devstack@placement-api.service[111515]: DEBUG placement.requestlog [req-e8ba76d9-7261-40ef-a8cf-cedb42fed069 req-f82f5157-88a9-4c5f-a08b-7aed3f124a03 None None] Starting request: 10.222.0.23 "PUT /placement/allocations/bef16ef1-2af4-42a9-85f9-511f3bec8e22" {{(pid=111515) __call__ /opt/stack/placement/placement/requestlog.py:55}}
May 19 07:50:03.145671 n-d-765315-31 devstack@placement-api.service[111515]: DEBUG placement.handlers.allocation [req-e8ba76d9-7261-40ef-a8cf-cedb42fed069 req-f82f5157-88a9-4c5f-a08b-7aed3f124a03 service placement] Successfully wrote allocations [, , ] {{(pid=111515) _update_consumers_and_create_allocations /opt/stack/placement/placement/handlers/allocation.py:462}}
May 19 07:50:03.155260 n-d-765315-31 devstack@placement-api.service[111515]: INFO placement.requestlog [req-e8ba76d9-7261-40ef-a8cf-cedb42fed069 req-f82f5157-88a9-4c5f-a08b-7aed3f124a03 service placement] 10.222.0.23 "PUT /placement/allocations/bef16ef1-2af4-42a9-85f9-511f3bec8e22" status: 204 len: 0 microversion: 1.36
May 19 07:50:03.173793 n-d-765315-31 devstack@placement-api.service[111515]: [pid: 111515|app: 0|req: 75/149] 10.222.0.23 () {64 vars in 1433 bytes} [Thu May 19 07:50:03 2022] PUT /placement/allocations/bef16ef1-2af4-42a9-85f9-511f3bec8e22 => generated 0 bytes in 90 msecs (HTTP/1.1 204) 5 headers in 199 bytes (1 switches on core 0)
May 19 07:50:03.625745 n-d-765315-31 devstack@placement-api.service[111516]: DEBUG placement.requestlog [req-e8ba76d9-7261-40ef-a8cf-cedb42fed069 req-bd8fd5ce-b168-4187-89e1-145614eca216 None None] Starting request: 10.222.0.65 "GET /placement/allocations/bef16ef1-2af4-42a9-85f9-511f3bec8e22" {{(pid=111516) __call__ /opt/stack/placement/placement/requestlog.py:55}}
May 19 07:50:03.693515 n-d-765315-31 devstack@placement-api.service[111516]: INFO placement.requestlog [req-e8ba76d9-7261-40ef-a8cf-cedb42fed069 req-bd8fd5ce-b168-4187-89e1-145614eca216 service placement] 10.222.0.65 "GET /placement/allocations/bef16ef1-2af4-42a9-85f9-511f3bec8e22" status: 200 len: 257 microversion: 1.28
May 19 07:50:03.694080 n-d-765315-31 devstack@placement-api.service[111516]: [pid: 111516|app: 0|req: 75/150] 10.222.0.65 () {60 vars in 1377 bytes} [Thu May 19 07:50:03 2022] GET /placement/allocations/bef16ef1-2af4-42a9-85f9-511f3bec8e22 => generated 257 bytes in 69 msecs (HTTP/1.1 200) 8 headers in 296 bytes (1 switches on core 0)
May 19 07:50:07.046486 n-d-765315-31 devstack@placement-api.service[111515]: DEBUG placement.requestlog [req-a733a7e1-bb09-4401-a451-640fc4dac4ef req-345e0d44-f178-4af7-9eec-a1b39971df90 None None] Starting request: 10.222.0.23 "GET /placement/allocation_candidates?limit=1000&resources=DISK_GB%3A1%2CMEMORY_MB%3A1024%2CVCPU%3A1&root_required=%21COMPUTE_STATUS_DISABLED" {{(pid=111515) __call__ /opt/stack/placement/placement/requestlog.py:55}}
May 19 07:50:07.257566 n-d-765315-31 devstack@placement-api.service[111515]: DEBUG placement.objects.research_context [req-a733a7e1-bb09-4401-a451-640fc4dac4ef req-345e0d44-f178-4af7-9eec-a1b39971df90 service placement] getting providers with 1 DISK_GB {{(pid=111515) __init__ /opt/stack/placement/placement/objects/research_context.py:136}}
May 19 07:50:07.297145 n-d-765315-31 devstack@placement-api.service[111515]: DEBUG placement.objects.research_context [req-a733a7e1-bb09-4401-a451-640fc4dac4ef req-345e0d44-f178-4af7-9eec-a1b39971df90 service placement] getting providers with 1024 MEMORY_MB {{(pid=111515) __init__ /opt/stack/placement/placement/objects/research_context.py:136}}
May 19 07:50:07.316754 n-d-765315-31 devstack@placement-api.service[111515]: DEBUG placement.objects.research_context [req-a733a7e1-bb09-4401-a451-640fc4dac4ef req-345e0d44-f178-4af7-9eec-a1b39971df90 service placement] getting providers with 1 VCPU {{(pid=111515) __init__ /opt/stack/placement/placement/objects/research_context.py:136}}
May 19 07:50:07.367237 n-d-765315-31 devstack@placement-api.service[111515]: DEBUG placement.objects.research_context [req-a733a7e1-bb09-4401-a451-640fc4dac4ef req-345e0d44-f178-4af7-9eec-a1b39971df90 service placement] found 2 providers with available 1 DISK_GB {{(pid=111515) get_provider_ids_matching /opt/stack/placement/placement/objects/research_context.py:563}}
May 19 07:50:07.367515 n-d-765315-31 devstack@placement-api.service[111515]: DEBUG placement.objects.research_context [req-a733a7e1-bb09-4401-a451-640fc4dac4ef req-345e0d44-f178-4af7-9eec-a1b39971df90 service placement] found 2 providers with available 1024 MEMORY_MB {{(pid=111515) get_provider_ids_matching /opt/stack/placement/placement/objects/research_context.py:563}}
