Nov 12 08:08:13.245342 n-d-765315-29 neutron-server[102601]: DEBUG neutron_lib.callbacks.manager [None req-51cd32dd-63f2-4ca2-a1f9-b7d34eca2476 None None] Publish callbacks ['neutron.plugins.ml2.plugin.SecurityGroupDbMixin._ensure_default_security_group_handler-1578608'] for port, before_update {{(pid=102601) _notify_loop /usr/local/lib/python3.8/dist-packages/neutron_lib/callbacks/manager.py:175}}
Nov 12 08:08:13.281069 n-d-765315-29 neutron-server[102601]: DEBUG neutron.notifiers.nova [None req-51cd32dd-63f2-4ca2-a1f9-b7d34eca2476 None None] Ignoring state change previous_port_status: DOWN current_port_status: BUILD port_id de99e56c-83ee-498c-ae79-1317a8b21e24 {{(pid=102601) record_port_status_changed /opt/stack/neutron/neutron/notifiers/nova.py:224}}
Nov 12 08:08:13.353934 n-d-765315-29 neutron-server[102601]: DEBUG neutron.plugins.ml2.db [None req-51cd32dd-63f2-4ca2-a1f9-b7d34eca2476 None None] For port de99e56c-83ee-498c-ae79-1317a8b21e24, host n-h2-765315-29, got binding levels [PortBindingLevel(driver='hyperv',host='n-h2-765315-29',level=0,port_id=de99e56c-83ee-498c-ae79-1317a8b21e24,segment=NetworkSegment(c1acfdd1-5634-4383-a3b0-beb6da56b542),segment_id=c1acfdd1-5634-4383-a3b0-beb6da56b542)] {{(pid=102601) get_binding_level_objs /opt/stack/neutron/neutron/plugins/ml2/db.py:74}}
Nov 12 08:08:13.359357 n-d-765315-29 neutron-server[102601]: DEBUG neutron_lib.callbacks.manager [None req-51cd32dd-63f2-4ca2-a1f9-b7d34eca2476 None None] Publish callbacks ['neutron.plugins.ml2.plugin.SecurityGroupServerNotifierRpcMixin._notify_sg_on_port_change-1637596', 'neutron.plugins.ml2.ovo_rpc._ObjectChangeHandler.handle_event-357520', 'neutron.api.rpc.agentnotifiers.dhcp_rpc_agent_api.DhcpAgentNotifyAPI._native_event_send_dhcp_notification-568724', 'neutron.db.l3_db.L3RpcNotifierMixin._notify_gateway_port_ip_changed-8762119822996', 'neutron.db.l3_dvrscheduler_db._notify_l3_agent_port_update-8762119394708', 'neutron.db.l3_hascheduler_db._notify_l3_agent_ha_port_update-8762119394726'] for port, after_update {{(pid=102601) _notify_loop /usr/local/lib/python3.8/dist-packages/neutron_lib/callbacks/manager.py:175}}
Nov 12 08:08:13.464664 n-d-765315-29 neutron-server[102599]: DEBUG neutron.wsgi [-] (102599) accepted ('10.222.0.26', 60326) {{(pid=102599) server /usr/local/lib/python3.8/dist-packages/eventlet/wsgi.py:982}}
Nov 12 08:08:13.469439 n-d-765315-29 neutron-server[102601]: DEBUG neutron.api.rpc.handlers.resources_rpc [None req-51cd32dd-63f2-4ca2-a1f9-b7d34eca2476 None None] Pushing event updated for resources: {'Port': ['ID=de99e56c-83ee-498c-ae79-1317a8b21e24,revision_number=4']} {{(pid=102601) push /opt/stack/neutron/neutron/api/rpc/handlers/resources_rpc.py:237}}
Nov 12 08:08:13.493100 n-d-765315-29 neutron-server[102599]: DEBUG neutron_lib.callbacks.manager [None req-dde04a97-accd-4307-8f7f-bbdf900c2096 admin admin] Publish callbacks [] for security_group, before_create {{(pid=102599) _notify_loop /usr/local/lib/python3.8/dist-packages/neutron_lib/callbacks/manager.py:175}}
Nov 12 08:08:13.594313 n-d-765315-29 neutron-server[102599]: DEBUG neutron_lib.callbacks.manager [None req-dde04a97-accd-4307-8f7f-bbdf900c2096 admin admin] Publish callbacks [] for security_group, precommit_create {{(pid=102599) _notify_loop /usr/local/lib/python3.8/dist-packages/neutron_lib/callbacks/manager.py:175}}
Nov 12 08:08:13.599895 n-d-765315-29 neutron-server[102599]: DEBUG neutron_lib.callbacks.manager [None req-dde04a97-accd-4307-8f7f-bbdf900c2096 admin admin] Publish callbacks ['neutron.plugins.ml2.ovo_rpc._ObjectChangeHandler.handle_event-528344'] for security_group, after_create {{(pid=102599) _notify_loop /usr/local/lib/python3.8/dist-packages/neutron_lib/callbacks/manager.py:175}}
Nov 12 08:08:13.602728 n-d-765315-29 neutron-server[102600]: DEBUG neutron.pecan_wsgi.hooks.policy_enforcement [req-6cc36a99-6910-4954-91ed-ec58ad62039b req-d7a81da4-bcc9-48b9-b97c-a77a7f8966ee tempest-FloatingIPsAssociationTestJSON-2139033411 tempest-FloatingIPsAssociationTestJSON-2139033411-project] Attributes excluded by policy engine: ['standard_attr_id', 'binding:profile', 'binding:host_id', 'binding:vif_type', 'binding:vif_details'] {{(pid=102600) _exclude_attributes_by_policy /opt/stack/neutron/neutron/pecan_wsgi/hooks/policy_enforcement.py:255}}
Nov 12 08:08:13.604484 n-d-765315-29 neutron-server[102600]: INFO neutron.wsgi [req-6cc36a99-6910-4954-91ed-ec58ad62039b req-d7a81da4-bcc9-48b9-b97c-a77a7f8966ee tempest-FloatingIPsAssociationTestJSON-2139033411 tempest-FloatingIPsAssociationTestJSON-2139033411-project] 10.222.0.26 "GET /v2.0/ports?device_id=053da00c-e5c3-4f45-bacd-a2cffaf1c4e3 HTTP/1.1" status: 200 len: 931 time: 0.1108007
Nov 12 08:08:13.621690 n-d-765315-29 neutron-server[102600]: DEBUG neutron.notifiers.nova [req-1be091b4-8560-4fce-857c-8e242728e4c2 req-7a58555a-2739-4aa7-8783-e41e4d50e9d5 service neutron] Ignoring state change previous_port_status: DOWN current_port_status: DOWN port_id 64c9cd6b-64f0-45b3-a976-8b00bb48b94a {{(pid=102600) record_port_status_changed /opt/stack/neutron/neutron/notifiers/nova.py:224}}
Nov 12 08:08:13.638941 n-d-765315-29 neutron-server[102600]: DEBUG neutron_lib.callbacks.manager [req-1be091b4-8560-4fce-857c-8e242728e4c2 req-7a58555a-2739-4aa7-8783-e41e4d50e9d5 service neutron] Publish callbacks [] for port, precommit_update {{(pid=102600) _notify_loop /usr/local/lib/python3.8/dist-packages/neutron_lib/callbacks/manager.py:175}}
Nov 12 08:08:13.644616 n-d-765315-29 neutron-server[102599]: INFO neutron.wsgi [None req-dde04a97-accd-4307-8f7f-bbdf900c2096 admin admin] 10.222.0.26 "GET /v2.0/security-groups?tenant_id=7c0b58e5482b4eeba075da163bfc7779&name=default HTTP/1.1" status: 200 len: 2996 time: 0.1772459
Nov 12 08:08:13.650052 n-d-765315-29 neutron-server[102600]: DEBUG neutron.wsgi [-] (102600) accepted ('10.222.0.26', 60328) {{(pid=102600) server /usr/local/lib/python3.8/dist-packages/eventlet/wsgi.py:982}}
Nov 12 08:08:13.661175 n-d-765315-29 neutron-server[102599]: DEBUG neutron.api.rpc.handlers.resources_rpc [None req-dde04a97-accd-4307-8f7f-bbdf900c2096 admin admin] Pushing event updated for resources: {'SecurityGroup': ['ID=9cd34fa8-d05a-45e1-9e07-9e989dfa0a59,revision_number=1']} {{(pid=102599) push /opt/stack/neutron/neutron/api/rpc/handlers/resources_rpc.py:237}}
Nov 12 08:08:13.694185 n-d-765315-29 neutron-server[102601]: DEBUG neutron.plugins.ml2.db [None req-51cd32dd-63f2-4ca2-a1f9-b7d34eca2476 None None] get_ports_and_sgs() called for port_ids ['de99e56c-83ee-498c-ae79-1317a8b21e24'] {{(pid=102601) get_ports_and_sgs /opt/stack/neutron/neutron/plugins/ml2/db.py:156}}
Nov 12 08:08:13.699699 n-d-765315-29 neutron-server[102600]: DEBUG neutron.db.provisioning_blocks [req-1be091b4-8560-4fce-857c-8e242728e4c2 req-7a58555a-2739-4aa7-8783-e41e4d50e9d5 service neutron] Transition to ACTIVE for port object 64c9cd6b-64f0-45b3-a976-8b00bb48b94a will not be triggered until provisioned by entity L2. {{(pid=102600) add_provisioning_component /opt/stack/neutron/neutron/db/provisioning_blocks.py:73}}
Nov 12 08:08:13.722388 n-d-765315-29 neutron-server[102600]: DEBUG neutron_lib.callbacks.manager [req-1be091b4-8560-4fce-857c-8e242728e4c2 req-7a58555a-2739-4aa7-8783-e41e4d50e9d5 service neutron] Publish callbacks ['neutron.plugins.ml2.plugin.SecurityGroupServerNotifierRpcMixin._notify_sg_on_port_change-1637596', 'neutron.plugins.ml2.ovo_rpc._ObjectChangeHandler.handle_event-357520', 'neutron.api.rpc.agentnotifiers.dhcp_rpc_agent_api.DhcpAgentNotifyAPI._native_event_send_dhcp_notification-568724', 'neutron.db.l3_db.L3RpcNotifierMixin._notify_gateway_port_ip_changed-8762119822996', 'neutron.db.l3_dvrscheduler_db._notify_l3_agent_port_update-8762119394708', 'neutron.db.l3_hascheduler_db._notify_l3_agent_ha_port_update-8762119394726'] for port, after_update {{(pid=102600) _notify_loop /usr/local/lib/python3.8/dist-packages/neutron_lib/callbacks/manager.py:175}}
Nov 12 08:08:13.836370 n-d-765315-29 neutron-server[102600]: INFO neutron.wsgi [req-6cc36a99-6910-4954-91ed-ec58ad62039b req-d1c2fd3e-4c7f-4d0b-8494-172b68e5ae58 tempest-FloatingIPsAssociationTestJSON-2139033411 tempest-FloatingIPsAssociationTestJSON-2139033411-project] 10.222.0.26 "GET /v2.0/security-groups?id=16890e38-f1af-4c01-becd-7b74bb4a1689&fields=id&fields=name HTTP/1.1" status: 200 len: 286 time: 0.2251005
Nov 12 08:08:13.866813 n-d-765315-29 neutron-server[102599]: DEBUG neutron_lib.callbacks.manager [None req-153594e6-59ce-4a30-be41-ce3ce5c6dbd4 admin admin] Publish callbacks [] for security_group, before_create {{(pid=102599) _notify_loop /usr/local/lib/python3.8/dist-packages/neutron_lib/callbacks/manager.py:175}}
Nov 12 08:08:13.927938 n-d-765315-29 neutron-server[102600]: DEBUG neutron_lib.callbacks.manager [None req-684195bf-53e4-4c37-b078-5b6926b1b5e2 admin admin] Publish callbacks [] for security_group, before_delete {{(pid=102600) _notify_loop /usr/local/lib/python3.8/dist-packages/neutron_lib/callbacks/manager.py:175}}
Nov 12 08:08:14.036877 n-d-765315-29 neutron-server[102600]: DEBUG neutron.api.rpc.handlers.resources_rpc [None req-7a58555a-2739-4aa7-8783-e41e4d50e9d5 service neutron] Pushing event updated for resources: {'Port': ['ID=64c9cd6b-64f0-45b3-a976-8b00bb48b94a,revision_number=2']} {{(pid=102600) push /opt/stack/neutron/neutron/api/rpc/handlers/resources_rpc.py:237}}
Nov 12 08:08:14.043793 n-d-765315-29 neutron-server[102599]: DEBUG neutron_lib.callbacks.manager [None req-153594e6-59ce-4a30-be41-ce3ce5c6dbd4 admin admin] Publish callbacks [] for security_group, precommit_create {{(pid=102599) _notify_loop /usr/local/lib/python3.8/dist-packages/neutron_lib/callbacks/manager.py:175}}
Nov 12 08:08:14.057312 n-d-765315-29 neutron-server[102599]: DEBUG neutron_lib.callbacks.manager [None req-153594e6-59ce-4a30-be41-ce3ce5c6dbd4 admin admin] Publish callbacks ['neutron.plugins.ml2.ovo_rpc._ObjectChangeHandler.handle_event-528344'] for security_group, after_create {{(pid=102599) _notify_loop /usr/local/lib/python3.8/dist-packages/neutron_lib/callbacks/manager.py:175}}
Nov 12 08:08:14.135646 n-d-765315-29 neutron-server[102599]: DEBUG neutron.api.rpc.handlers.resources_rpc [None req-153594e6-59ce-4a30-be41-ce3ce5c6dbd4 admin admin] Pushing event updated for resources: {'SecurityGroup': ['ID=3118d489-1023-4251-b5b1-8f56aec3bc5b,revision_number=1']} {{(pid=102599) push /opt/stack/neutron/neutron/api/rpc/handlers/resources_rpc.py:237}}
Nov 12 08:08:14.161256 n-d-765315-29 neutron-server[102600]: DEBUG neutron_lib.callbacks.manager [None req-684195bf-53e4-4c37-b078-5b6926b1b5e2 admin admin] Publish callbacks [] for security_group, precommit_delete {{(pid=102600) _notify_loop /usr/local/lib/python3.8/dist-packages/neutron_lib/callbacks/manager.py:175}}
Nov 12 08:08:14.184502 n-d-765315-29 neutron-server[102599]: INFO neutron.wsgi [None req-153594e6-59ce-4a30-be41-ce3ce5c6dbd4 admin admin] 10.222.0.26 "GET /v2.0/security-groups?tenant_id=7b8a4f63c71e49eab02f8f0c5e744cdf&name=default HTTP/1.1" status: 200 len: 2996 time: 0.9602563
Nov 12 08:08:14.188845 n-d-765315-29 neutron-server[102599]: DEBUG neutron.wsgi [-] (102599) accepted ('10.222.0.26', 60340) {{(pid=102599) server /usr/local/lib/python3.8/dist-packages/eventlet/wsgi.py:982}}
Nov 12 08:08:14.229415 n-d-765315-29 neutron-server[102600]: DEBUG neutron.plugins.ml2.managers [req-1be091b4-8560-4fce-857c-8e242728e4c2 req-7a58555a-2739-4aa7-8783-e41e4d50e9d5 service neutron] Attempting to bind port 64c9cd6b-64f0-45b3-a976-8b00bb48b94a on host n-h1-765315-29 for vnic_type normal with profile {{(pid=102600) bind_port /opt/stack/neutron/neutron/plugins/ml2/managers.py:795}}
Nov 12 08:08:14.230014 n-d-765315-29 neutron-server[102600]: DEBUG neutron.plugins.ml2.managers [req-1be091b4-8560-4fce-857c-8e242728e4c2 req-7a58555a-2739-4aa7-8783-e41e4d50e9d5 service neutron] Attempting to bind port 64c9cd6b-64f0-45b3-a976-8b00bb48b94a by drivers openvswitch,hyperv on host n-h1-765315-29 at level 0 using segments [{'id': 'c37124f8-c757-4d0f-9db3-26d4f53bb063', 'network_type': 'vlan', 'physical_network': 'physnet1', 'segmentation_id': 340, 'network_id': 'a3156095-dd64-4768-883c-6857cbfc4c3d'}] {{(pid=102600) _bind_port_level /opt/stack/neutron/neutron/plugins/ml2/managers.py:820}}
Nov 12 08:08:14.230818 n-d-765315-29 neutron-server[102600]: DEBUG neutron.plugins.ml2.drivers.mech_agent [req-1be091b4-8560-4fce-857c-8e242728e4c2 req-7a58555a-2739-4aa7-8783-e41e4d50e9d5 service neutron] Attempting to bind port 64c9cd6b-64f0-45b3-a976-8b00bb48b94a on network a3156095-dd64-4768-883c-6857cbfc4c3d {{(pid=102600) bind_port /opt/stack/neutron/neutron/plugins/ml2/drivers/mech_agent.py:91}}
Nov 12 08:08:14.244104 n-d-765315-29 neutron-server[102600]: DEBUG neutron.plugins.ml2.drivers.mech_agent [req-1be091b4-8560-4fce-857c-8e242728e4c2 req-7a58555a-2739-4aa7-8783-e41e4d50e9d5 service neutron] Port 64c9cd6b-64f0-45b3-a976-8b00bb48b94a on network a3156095-dd64-4768-883c-6857cbfc4c3d not bound, no agent of type Open vSwitch agent registered on host n-h1-765315-29 {{(pid=102600) bind_port /opt/stack/neutron/neutron/plugins/ml2/drivers/mech_agent.py:103}}
Nov 12 08:08:14.244848 n-d-765315-29 neutron-server[102600]: DEBUG neutron.plugins.ml2.drivers.mech_agent [req-1be091b4-8560-4fce-857c-8e242728e4c2 req-7a58555a-2739-4aa7-8783-e41e4d50e9d5 service neutron] Attempting to bind port 64c9cd6b-64f0-45b3-a976-8b00bb48b94a on network a3156095-dd64-4768-883c-6857cbfc4c3d {{(pid=102600) bind_port /opt/stack/neutron/neutron/plugins/ml2/drivers/mech_agent.py:91}}
Nov 12 08:08:14.250006 n-d-765315-29 neutron-server[102599]: DEBUG neutron.pecan_wsgi.hooks.policy_enforcement [req-8233c21a-b96d-40e4-b465-274a8f90f060 req-123bfa84-7cf8-4128-ae4f-dec034838ca8 tempest-ServersWithSpecificFlavorTestJSON-1426617465 tempest-ServersWithSpecificFlavorTestJSON-1426617465-project] Attributes excluded by policy engine: ['standard_attr_id', 'binding:profile', 'binding:host_id', 'binding:vif_type', 'binding:vif_details'] {{(pid=102599) _exclude_attributes_by_policy /opt/stack/neutron/neutron/pecan_wsgi/hooks/policy_enforcement.py:255}}
Nov 12 08:08:14.254782 n-d-765315-29 neutron-server[102600]: DEBUG neutron.plugins.ml2.drivers.mech_agent [req-1be091b4-8560-4fce-857c-8e242728e4c2 req-7a58555a-2739-4aa7-8783-e41e4d50e9d5 service neutron] Checking agent: {'id': '26215384-8035-4ce2-971a-8e67be80da90', 'agent_type': 'HyperV agent', 'binary': 'neutron-hyperv-agent', 'topic': 'N/A', 'host': 'n-h1-765315-29', 'admin_state_up': True, 'created_at': datetime.datetime(2021, 11, 12, 8, 4, 35), 'started_at': datetime.datetime(2021, 11, 12, 8, 4, 35), 'heartbeat_timestamp': datetime.datetime(2021, 11, 12, 8, 8, 5), 'description': None, 'resources_synced': None, 'availability_zone': None, 'alive': True, 'configurations': {'vswitch_mappings': {'physnet1$': 'br-data'}}, 'resource_versions': {}} {{(pid=102600) bind_port /opt/stack/neutron/neutron/plugins/ml2/drivers/mech_agent.py:110}}
Nov 12 08:08:14.254782 n-d-765315-29 neutron-server[102600]: DEBUG neutron.plugins.ml2.drivers.mech_agent [req-1be091b4-8560-4fce-857c-8e242728e4c2 req-7a58555a-2739-4aa7-8783-e41e4d50e9d5 service neutron] Checking segment: {'id': 'c37124f8-c757-4d0f-9db3-26d4f53bb063', 'network_type': 'vlan', 'physical_network': 'physnet1', 'segmentation_id': 340, 'network_id': 'a3156095-dd64-4768-883c-6857cbfc4c3d'} for mappings: {'physnet1$': 'br-data'} with network types: ['local', 'flat', 'vlan'] {{(pid=102600) check_segment_for_agent /opt/stack/neutron/neutron/plugins/ml2/drivers/mech_agent.py:371}}
Nov 12 08:08:14.254782 n-d-765315-29 neutron-server[102600]: DEBUG neutron.plugins.ml2.drivers.mech_agent [req-1be091b4-8560-4fce-857c-8e242728e4c2 req-7a58555a-2739-4aa7-8783-e41e4d50e9d5 service neutron] Bound using segment: {'id': 'c37124f8-c757-4d0f-9db3-26d4f53bb063', 'network_type': 'vlan', 'physical_network': 'physnet1', 'segmentation_id': 340, 'network_id': 'a3156095-dd64-4768-883c-6857cbfc4c3d'} {{(pid=102600) bind_port /opt/stack/neutron/neutron/plugins/ml2/drivers/mech_agent.py:120}}
Nov 12 08:08:14.254782 n-d-765315-29 neutron-server[102600]: DEBUG neutron.plugins.ml2.managers [req-1be091b4-8560-4fce-857c-8e242728e4c2 req-7a58555a-2739-4aa7-8783-e41e4d50e9d5 service neutron] Bound port: 64c9cd6b-64f0-45b3-a976-8b00bb48b94a, host: n-h1-765315-29, vif_type: hyperv, vif_details: {"connectivity": "legacy", "port_filter": false}, binding_levels: [{'bound_driver': 'hyperv', 'bound_segment': {'id': 'c37124f8-c757-4d0f-9db3-26d4f53bb063', 'network_type': 'vlan', 'physical_network': 'physnet1', 'segmentation_id': 340, 'network_id': 'a3156095-dd64-4768-883c-6857cbfc4c3d'}}] {{(pid=102600) _bind_port_level /opt/stack/neutron/neutron/plugins/ml2/managers.py:932}}
Nov 12 08:08:14.255474 n-d-765315-29 neutron-server[102600]: DEBUG neutron_lib.callbacks.manager [req-1be091b4-8560-4fce-857c-8e242728e4c2 req-7a58555a-2739-4aa7-8783-e41e4d50e9d5 service neutron] Publish callbacks ['neutron.plugins.ml2.plugin.SecurityGroupDbMixin._ensure_default_security_group_handler-1578608'] for port, before_update {{(pid=102600) _notify_loop /usr/local/lib/python3.8/dist-packages/neutron_lib/callbacks/manager.py:175}}
Nov 12 08:08:14.262494 n-d-765315-29 neutron-server[102599]: INFO neutron.wsgi [req-8233c21a-b96d-40e4-b465-274a8f90f060 req-123bfa84-7cf8-4128-ae4f-dec034838ca8 tempest-ServersWithSpecificFlavorTestJSON-1426617465 tempest-ServersWithSpecificFlavorTestJSON-1426617465-project] 10.222.0.26 "GET /v2.0/ports?device_id=af81c23c-9a36-4719-91a6-b1d1873de119 HTTP/1.1" status: 200 len: 944 time: 0.1817906
Nov 12 08:08:14.324697 n-d-765315-29 neutron-server[102600]: DEBUG neutron_lib.callbacks.manager [None req-684195bf-53e4-4c37-b078-5b6926b1b5e2 admin admin] Publish callbacks ['neutron.plugins.ml2.ovo_rpc._ObjectChangeHandler.handle_event-528344'] for security_group, after_delete {{(pid=102600) _notify_loop /usr/local/lib/python3.8/dist-packages/neutron_lib/callbacks/manager.py:175}}
Nov 12 08:08:14.328049 n-d-765315-29 neutron-server[102600]: DEBUG neutron_lib.callbacks.manager [None req-684195bf-53e4-4c37-b078-5b6926b1b5e2 admin admin] Publish callbacks [] for security_group, before_response {{(pid=102600) _notify_loop /usr/local/lib/python3.8/dist-packages/neutron_lib/callbacks/manager.py:175}}
Nov 12 08:08:14.333635 n-d-765315-29 neutron-server[102600]: INFO neutron.wsgi [None req-684195bf-53e4-4c37-b078-5b6926b1b5e2 admin admin] 10.222.0.26 "DELETE /v2.0/security-groups/9cd34fa8-d05a-45e1-9e07-9e989dfa0a59 HTTP/1.1" status: 204 len: 168 time: 0.6806273
Nov 12 08:08:14.342959 n-d-765315-29 neutron-server[102599]: DEBUG neutron_lib.callbacks.manager [None req-f1b5c86b-14ac-4ca1-b034-fab62f5cf19f admin admin] Publish callbacks [] for security_group, before_delete {{(pid=102599) _notify_loop /usr/local/lib/python3.8/dist-packages/neutron_lib/callbacks/manager.py:175}}
Nov 12 08:08:14.353001 n-d-765315-29 neutron-server[102600]: DEBUG neutron.wsgi [-] (102600) accepted ('10.222.0.26', 60348) {{(pid=102600) server /usr/local/lib/python3.8/dist-packages/eventlet/wsgi.py:982}}
Nov 12 08:08:14.365481 n-d-765315-29 neutron-server[102600]: DEBUG neutron.api.rpc.handlers.resources_rpc [None req-684195bf-53e4-4c37-b078-5b6926b1b5e2 admin admin] Pushing event deleted for resources: {'SecurityGroup': ['ID=9cd34fa8-d05a-45e1-9e07-9e989dfa0a59,revision_number=None']} {{(pid=102600) push /opt/stack/neutron/neutron/api/rpc/handlers/resources_rpc.py:237}}
Nov 12 08:08:14.399877 n-d-765315-29 neutron-server[102599]: DEBUG neutron_lib.callbacks.manager [None req-f1b5c86b-14ac-4ca1-b034-fab62f5cf19f admin admin] Publish callbacks [] for security_group, precommit_delete {{(pid=102599) _notify_loop /usr/local/lib/python3.8/dist-packages/neutron_lib/callbacks/manager.py:175}}
Nov 12 08:08:14.410854 n-d-765315-29 neutron-server[102599]: INFO neutron.wsgi [req-8233c21a-b96d-40e4-b465-274a8f90f060 req-ac3208ba-5318-477d-8028-6ead5f4aa101 tempest-ServersWithSpecificFlavorTestJSON-1426617465 tempest-ServersWithSpecificFlavorTestJSON-1426617465-project] 10.222.0.26 "GET /v2.0/security-groups?id=3e2c6d71-9d00-4992-8976-785692969164&fields=id&fields=name HTTP/1.1" status: 200 len: 312 time: 0.1470652
Nov 12 08:08:14.494956 n-d-765315-29 neutron-server[102600]: DEBUG neutron.plugins.ml2.db [req-1be091b4-8560-4fce-857c-8e242728e4c2 req-7a58555a-2739-4aa7-8783-e41e4d50e9d5 service neutron] For port 64c9cd6b-64f0-45b3-a976-8b00bb48b94a, host n-h1-765315-29, cleared binding levels {{(pid=102600) clear_binding_levels /opt/stack/neutron/neutron/plugins/ml2/db.py:87}}
Nov 12 08:08:14.500905 n-d-765315-29 neutron-server[102600]: DEBUG neutron.plugins.ml2.db [req-1be091b4-8560-4fce-857c-8e242728e4c2 req-7a58555a-2739-4aa7-8783-e41e4d50e9d5 service neutron] For port 64c9cd6b-64f0-45b3-a976-8b00bb48b94a, host n-h1-765315-29, set binding levels [PortBindingLevel(driver='hyperv',host='n-h1-765315-29',level=0,port_id=64c9cd6b-64f0-45b3-a976-8b00bb48b94a,segment=NetworkSegment(c37124f8-c757-4d0f-9db3-26d4f53bb063),segment_id=c37124f8-c757-4d0f-9db3-26d4f53bb063)] {{(pid=102600) set_binding_levels /opt/stack/neutron/neutron/plugins/ml2/db.py:59}}
Nov 12 08:08:14.505173 n-d-765315-29 neutron-server[102599]: DEBUG neutron_lib.callbacks.manager [None req-f1b5c86b-14ac-4ca1-b034-fab62f5cf19f admin admin] Publish callbacks ['neutron.plugins.ml2.ovo_rpc._ObjectChangeHandler.handle_event-528344'] for security_group, after_delete {{(pid=102599) _notify_loop /usr/local/lib/python3.8/dist-packages/neutron_lib/callbacks/manager.py:175}}
Nov 12 08:08:14.512545 n-d-765315-29 neutron-server[102599]: DEBUG neutron_lib.callbacks.manager [None req-f1b5c86b-14ac-4ca1-b034-fab62f5cf19f admin admin] Publish callbacks [] for security_group, before_response {{(pid=102599) _notify_loop /usr/local/lib/python3.8/dist-packages/neutron_lib/callbacks/manager.py:175}}
Nov 12 08:08:14.518162 n-d-765315-29 neutron-server[102599]: INFO neutron.wsgi [None req-f1b5c86b-14ac-4ca1-b034-fab62f5cf19f admin admin] 10.222.0.26 "DELETE /v2.0/security-groups/3118d489-1023-4251-b5b1-8f56aec3bc5b HTTP/1.1" status: 204 len: 168 time: 0.3279505
Nov 12 08:08:14.521990 n-d-765315-29 neutron-server[102600]: DEBUG neutron.pecan_wsgi.hooks.policy_enforcement [req-f7ffd2a5-1abb-484f-9eb9-b95139582f23 req-452710af-302a-4d98-9088-74b9b30cd35e tempest-DeleteServersAdminTestJSON-424817118 tempest-DeleteServersAdminTestJSON-424817118-project] Attributes excluded by policy engine: ['standard_attr_id', 'binding:profile', 'binding:host_id', 'binding:vif_type', 'binding:vif_details'] {{(pid=102600) _exclude_attributes_by_policy /opt/stack/neutron/neutron/pecan_wsgi/hooks/policy_enforcement.py:255}}
Nov 12 08:08:14.523982 n-d-765315-29 neutron-server[102600]: INFO neutron.wsgi [req-f7ffd2a5-1abb-484f-9eb9-b95139582f23 req-452710af-302a-4d98-9088-74b9b30cd35e tempest-DeleteServersAdminTestJSON-424817118 tempest-DeleteServersAdminTestJSON-424817118-project] 10.222.0.26 "GET /v2.0/ports?device_id=7bac7656-eae6-45c5-830c-66f549600c2d HTTP/1.1" status: 200 len: 950 time: 0.1380966
Nov 12 08:08:14.527954 n-d-765315-29 neutron-server[102600]: DEBUG neutron_lib.callbacks.manager [req-1be091b4-8560-4fce-857c-8e242728e4c2 req-7a58555a-2739-4aa7-8783-e41e4d50e9d5 service neutron] Publish callbacks ['neutron.plugins.ml2.plugin.SecurityGroupServerNotifierRpcMixin._notify_sg_on_port_change-1637596', 'neutron.plugins.ml2.ovo_rpc._ObjectChangeHandler.handle_event-357520', 'neutron.api.rpc.agentnotifiers.dhcp_rpc_agent_api.DhcpAgentNotifyAPI._native_event_send_dhcp_notification-568724', 'neutron.db.l3_db.L3RpcNotifierMixin._notify_gateway_port_ip_changed-8762119822996', 'neutron.db.l3_dvrscheduler_db._notify_l3_agent_port_update-8762119394708', 'neutron.db.l3_hascheduler_db._notify_l3_agent_ha_port_update-8762119394726'] for port, after_update {{(pid=102600) _notify_loop /usr/local/lib/python3.8/dist-packages/neutron_lib/callbacks/manager.py:175}}
Nov 12 08:08:14.537374 n-d-765315-29 neutron-server[102599]: DEBUG neutron.api.rpc.handlers.resources_rpc [None req-f1b5c86b-14ac-4ca1-b034-fab62f5cf19f admin admin] Pushing event deleted for resources: {'SecurityGroup': ['ID=3118d489-1023-4251-b5b1-8f56aec3bc5b,revision_number=None']} {{(pid=102599) push /opt/stack/neutron/neutron/api/rpc/handlers/resources_rpc.py:237}}
Nov 12 08:08:14.617667 n-d-765315-29 neutron-server[102600]: DEBUG neutron.pecan_wsgi.hooks.policy_enforcement [req-1be091b4-8560-4fce-857c-8e242728e4c2 req-7a58555a-2739-4aa7-8783-e41e4d50e9d5 service neutron] Attributes excluded by policy engine: ['standard_attr_id'] {{(pid=102600) _exclude_attributes_by_policy /opt/stack/neutron/neutron/pecan_wsgi/hooks/policy_enforcement.py:255}}
Nov 12 08:08:14.618526 n-d-765315-29 neutron-server[102600]: DEBUG neutron_lib.callbacks.manager [req-1be091b4-8560-4fce-857c-8e242728e4c2 req-7a58555a-2739-4aa7-8783-e41e4d50e9d5 service neutron] Publish callbacks ['neutron.notifiers.nova.Notifier._send_nova_notification-65270'] for port, before_response {{(pid=102600) _notify_loop /usr/local/lib/python3.8/dist-packages/neutron_lib/callbacks/manager.py:175}}
Nov 12 08:08:14.620317 n-d-765315-29 neutron-server[102600]: INFO neutron.wsgi [req-1be091b4-8560-4fce-857c-8e242728e4c2 req-7a58555a-2739-4aa7-8783-e41e4d50e9d5 service neutron] 10.222.0.21 "PUT /v2.0/ports/64c9cd6b-64f0-45b3-a976-8b00bb48b94a HTTP/1.1" status: 200 len: 1092 time: 1.9850695
Nov 12 08:08:14.620798 n-d-765315-29 neutron-server[102600]: DEBUG neutron.notifiers.nova [-] Sending events: [{'name': 'network-changed', 'server_uuid': '053da00c-e5c3-4f45-bacd-a2cffaf1c4e3', 'tag': '64c9cd6b-64f0-45b3-a976-8b00bb48b94a'}] {{(pid=102600) send_events /opt/stack/neutron/neutron/notifiers/nova.py:262}}
Nov 12 08:08:14.623354 n-d-765315-29 neutron-server[102600]: DEBUG novaclient.v2.client [-] REQ: curl -g -i --cacert "/opt/stack/data/ca-bundle.pem" -X POST http://10.222.0.26/compute/v2.1/os-server-external-events -H "Accept: application/json" -H "Content-Type: application/json" -H "User-Agent: python-novaclient" -H "X-Auth-Token: {SHA256}d6923369e4d49f58b1735f5a6041bb75b63dba10761be74e9d420275b10f2ee3" -H "X-OpenStack-Nova-API-Version: 2.1" -H "X-OpenStack-Request-ID: req-0e660399-2ec1-4201-8c94-a2d00406d00a" -d '{"events": [{"name": "network-changed", "server_uuid": "053da00c-e5c3-4f45-bacd-a2cffaf1c4e3", "tag": "64c9cd6b-64f0-45b3-a976-8b00bb48b94a"}]}' {{(pid=102600) _http_log_request /usr/local/lib/python3.8/dist-packages/keystoneauth1/session.py:519}}
Nov 12 08:08:14.639560 n-d-765315-29 neutron-server[102600]: DEBUG neutron.api.rpc.handlers.resources_rpc [None req-7a58555a-2739-4aa7-8783-e41e4d50e9d5 service neutron] Pushing event updated for resources: {'Port': ['ID=64c9cd6b-64f0-45b3-a976-8b00bb48b94a,revision_number=3']} {{(pid=102600) push /opt/stack/neutron/neutron/api/rpc/handlers/resources_rpc.py:237}}
Nov 12 08:08:14.763315 n-d-765315-29 neutron-server[102600]: DEBUG novaclient.v2.client [-] RESP: [200] Connection: close Content-Length: 179 Content-Type: application/json Date: Fri, 12 Nov 2021 08:08:14 GMT OpenStack-API-Version: compute 2.1 Server: Apache/2.4.41 (Ubuntu) Vary: OpenStack-API-Version,X-OpenStack-Nova-API-Version X-OpenStack-Nova-API-Version: 2.1 x-compute-request-id: req-82e3d8f7-eaf5-45ec-b177-d312e8489af1 x-openstack-request-id: req-82e3d8f7-eaf5-45ec-b177-d312e8489af1 {{(pid=102600) _http_log_response /usr/local/lib/python3.8/dist-packages/keystoneauth1/session.py:550}}
Nov 12 08:08:14.763996 n-d-765315-29 neutron-server[102600]: DEBUG novaclient.v2.client [-] RESP BODY: {"events": [{"name": "network-changed", "server_uuid": "053da00c-e5c3-4f45-bacd-a2cffaf1c4e3", "tag": "64c9cd6b-64f0-45b3-a976-8b00bb48b94a", "status": "completed", "code": 200}]} {{(pid=102600) _http_log_response /usr/local/lib/python3.8/dist-packages/keystoneauth1/session.py:582}}
Nov 12 08:08:14.764453 n-d-765315-29 neutron-server[102600]: DEBUG novaclient.v2.client [-] POST call to compute for http://10.222.0.26/compute/v2.1/os-server-external-events used request id req-82e3d8f7-eaf5-45ec-b177-d312e8489af1 {{(pid=102600) request /usr/local/lib/python3.8/dist-packages/keystoneauth1/session.py:954}}
Nov 12 08:08:14.765059 n-d-765315-29 neutron-server[102600]: INFO neutron.notifiers.nova [-] Nova event response: {'name': 'network-changed', 'server_uuid': '053da00c-e5c3-4f45-bacd-a2cffaf1c4e3', 'tag': '64c9cd6b-64f0-45b3-a976-8b00bb48b94a', 'status': 'completed', 'code': 200}
Nov 12 08:08:14.774275 n-d-765315-29 neutron-server[102600]: INFO neutron.wsgi [req-f7ffd2a5-1abb-484f-9eb9-b95139582f23 req-d133663c-597b-49e1-ae21-86c0a5466758 tempest-DeleteServersAdminTestJSON-424817118 tempest-DeleteServersAdminTestJSON-424817118-project] 10.222.0.26 "GET /v2.0/security-groups?id=4d23910f-b5d9-458f-a594-0a3fa5fb2ff8&fields=id&fields=name HTTP/1.1" status: 200 len: 286 time: 0.2213972
Nov 12 08:08:14.790846 n-d-765315-29 neutron-server[102600]: DEBUG neutron.pecan_wsgi.hooks.policy_enforcement [req-1be091b4-8560-4fce-857c-8e242728e4c2 req-2b609c70-3631-47bf-809b-d689b422dd24 service neutron] Attributes excluded by policy engine: ['standard_attr_id'] {{(pid=102600) _exclude_attributes_by_policy /opt/stack/neutron/neutron/pecan_wsgi/hooks/policy_enforcement.py:255}}
Nov 12 08:08:14.795334 n-d-765315-29 neutron-server[102600]: INFO neutron.wsgi [req-1be091b4-8560-4fce-857c-8e242728e4c2 req-2b609c70-3631-47bf-809b-d689b422dd24 service neutron] 10.222.0.21 "GET /v2.0/ports?tenant_id=2c540c0464294343b65b342f4c6f01b0&device_id=053da00c-e5c3-4f45-bacd-a2cffaf1c4e3 HTTP/1.1" status: 200 len: 1095 time: 0.0912366
Nov 12 08:08:14.859025 n-d-765315-29 neutron-server[102600]: INFO neutron.wsgi [req-1be091b4-8560-4fce-857c-8e242728e4c2 req-63a35140-2bba-46e7-8882-1e0c9e7ac8e0 service neutron] 10.222.0.21 "GET /v2.0/floatingips?fixed_ip_address=172.20.0.6&port_id=64c9cd6b-64f0-45b3-a976-8b00bb48b94a HTTP/1.1" status: 200 len: 217 time: 0.0549738
Nov 12 08:08:14.881935 n-d-765315-29 neutron-server[102601]: DEBUG neutron.plugins.ml2.rpc [None req-51cd32dd-63f2-4ca2-a1f9-b7d34eca2476 None None] Device de99e56c-83ee-498c-ae79-1317a8b21e24 up at agent hyperv_n-h2-765315-29 {{(pid=102601) update_device_up /opt/stack/neutron/neutron/plugins/ml2/rpc.py:296}}
Nov 12 08:08:14.887217 n-d-765315-29 neutron-server[102600]: DEBUG neutron.api.v2.base [None req-435d3ece-a7f8-4a89-a5a9-8be927914153 admin admin] Request body: {'network': {'name': 'tempest-LiveAutoBlockMigrationV225Test-1902618094-network', 'tenant_id': 'd3f3ef4a14134700a36c0967765d4c9a'}} {{(pid=102600) prepare_request_body /opt/stack/neutron/neutron/api/v2/base.py:729}}
Nov 12 08:08:15.002122 n-d-765315-29 neutron-server[102600]: DEBUG neutron.pecan_wsgi.hooks.quota_enforcement [None req-435d3ece-a7f8-4a89-a5a9-8be927914153 admin admin] Made reservation on behalf of d3f3ef4a14134700a36c0967765d4c9a for: {'network': 1} {{(pid=102600) before /opt/stack/neutron/neutron/pecan_wsgi/hooks/quota_enforcement.py:53}}
Nov 12 08:08:15.008084 n-d-765315-29 neutron-server[102600]: DEBUG neutron_lib.callbacks.manager [None req-435d3ece-a7f8-4a89-a5a9-8be927914153 admin admin] Publish callbacks ['neutron.plugins.ml2.plugin.SecurityGroupDbMixin._ensure_default_security_group_handler-1578608'] for network, before_create {{(pid=102600) _notify_loop /usr/local/lib/python3.8/dist-packages/neutron_lib/callbacks/manager.py:175}}
Nov 12 08:08:15.026269 n-d-765315-29 neutron-server[102600]: DEBUG neutron_lib.callbacks.manager [None req-435d3ece-a7f8-4a89-a5a9-8be927914153 admin admin] Publish callbacks [] for security_group, before_create {{(pid=102600) _notify_loop /usr/local/lib/python3.8/dist-packages/neutron_lib/callbacks/manager.py:175}}
Nov 12 08:08:15.044763 n-d-765315-29 neutron-server[102600]: DEBUG neutron.pecan_wsgi.hooks.policy_enforcement [req-1be091b4-8560-4fce-857c-8e242728e4c2 req-da2ef3f0-8796-4e04-8da9-b8cc585e6d85 service neutron] Attributes excluded by policy engine: ['standard_attr_id', 'shared'] {{(pid=102600) _exclude_attributes_by_policy /opt/stack/neutron/neutron/pecan_wsgi/hooks/policy_enforcement.py:255}}
Nov 12 08:08:15.046281 n-d-765315-29 neutron-server[102600]: INFO neutron.wsgi [req-1be091b4-8560-4fce-857c-8e242728e4c2 req-da2ef3f0-8796-4e04-8da9-b8cc585e6d85 service neutron] 10.222.0.21 "GET /v2.0/subnets?id=5faf708b-0fdf-49a2-9148-2d75ea940abb HTTP/1.1" status: 200 len: 860 time: 0.1778076
Nov 12 08:08:15.065128 n-d-765315-29 neutron-server[102601]: DEBUG neutron.db.provisioning_blocks [None req-51cd32dd-63f2-4ca2-a1f9-b7d34eca2476 None None] Provisioning for port de99e56c-83ee-498c-ae79-1317a8b21e24 completed by entity L2. {{(pid=102601) provisioning_complete /opt/stack/neutron/neutron/db/provisioning_blocks.py:133}}
Nov 12 08:08:15.075150 n-d-765315-29 neutron-server[102601]: DEBUG neutron.db.provisioning_blocks [None req-51cd32dd-63f2-4ca2-a1f9-b7d34eca2476 None None] Provisioning complete for port de99e56c-83ee-498c-ae79-1317a8b21e24 triggered by entity L2. {{(pid=102601) provisioning_complete /opt/stack/neutron/neutron/db/provisioning_blocks.py:139}}
Nov 12 08:08:15.075750 n-d-765315-29 neutron-server[102601]: DEBUG neutron_lib.callbacks.manager [None req-51cd32dd-63f2-4ca2-a1f9-b7d34eca2476 None None] Publish callbacks ['neutron.plugins.ml2.plugin.Ml2Plugin._port_provisioned-1900849'] for port, provisioning_complete {{(pid=102601) _notify_loop /usr/local/lib/python3.8/dist-packages/neutron_lib/callbacks/manager.py:175}}
Nov 12 08:08:15.248953 n-d-765315-29 neutron-server[102601]: DEBUG neutron_lib.callbacks.manager [None req-51cd32dd-63f2-4ca2-a1f9-b7d34eca2476 None None] Publish callbacks ['neutron.plugins.ml2.plugin.SecurityGroupDbMixin._ensure_default_security_group_handler-1578608'] for port, before_update {{(pid=102601) _notify_loop /usr/local/lib/python3.8/dist-packages/neutron_lib/callbacks/manager.py:175}}
Nov 12 08:08:15.286233 n-d-765315-29 neutron-server[102600]: DEBUG neutron.pecan_wsgi.hooks.policy_enforcement [req-1be091b4-8560-4fce-857c-8e242728e4c2 req-6e04d1ef-da8e-49b8-85bf-932d817d6f02 service neutron] Attributes excluded by policy engine: ['standard_attr_id'] {{(pid=102600) _exclude_attributes_by_policy /opt/stack/neutron/neutron/pecan_wsgi/hooks/policy_enforcement.py:255}}
Nov 12 08:08:15.288399 n-d-765315-29 neutron-server[102600]: INFO neutron.wsgi [req-1be091b4-8560-4fce-857c-8e242728e4c2 req-6e04d1ef-da8e-49b8-85bf-932d817d6f02 service neutron] 10.222.0.21 "GET /v2.0/ports?network_id=a3156095-dd64-4768-883c-6857cbfc4c3d&device_owner=network%3Adhcp HTTP/1.1" status: 200 len: 1164 time: 0.1703618
Nov 12 08:08:15.305031 n-d-765315-29 neutron-server[102601]: DEBUG neutron.plugins.ml2.db [None req-51cd32dd-63f2-4ca2-a1f9-b7d34eca2476 None None] For port de99e56c-83ee-498c-ae79-1317a8b21e24, host n-h2-765315-29, got binding levels [PortBindingLevel(driver='hyperv',host='n-h2-765315-29',level=0,port_id=de99e56c-83ee-498c-ae79-1317a8b21e24,segment=NetworkSegment(c1acfdd1-5634-4383-a3b0-beb6da56b542),segment_id=c1acfdd1-5634-4383-a3b0-beb6da56b542)] {{(pid=102601) get_binding_level_objs /opt/stack/neutron/neutron/plugins/ml2/db.py:74}}
Nov 12 08:08:15.306874 n-d-765315-29 neutron-server[102601]: DEBUG neutron.notifiers.nova [-] Sending events: [{'server_uuid': 'af81c23c-9a36-4719-91a6-b1d1873de119', 'name': 'network-vif-plugged', 'status': 'completed', 'tag': 'de99e56c-83ee-498c-ae79-1317a8b21e24'}] {{(pid=102601) send_events /opt/stack/neutron/neutron/notifiers/nova.py:262}}
Nov 12 08:08:15.312701 n-d-765315-29 neutron-server[102601]: DEBUG novaclient.v2.client [-] REQ: curl -g -i --cacert "/opt/stack/data/ca-bundle.pem" -X POST http://10.222.0.26/compute/v2.1/os-server-external-events -H "Accept: application/json" -H "Content-Type: application/json" -H "User-Agent: python-novaclient" -H "X-Auth-Token: {SHA256}0e8a2b136fc03ef8e804826eec72db49b3115a02f87b5a6b1fdd335171ad23dd" -H "X-OpenStack-Nova-API-Version: 2.1" -H "X-OpenStack-Request-ID: req-3620400e-5819-423e-a61a-ef27b4a090a0" -d '{"events": [{"server_uuid": "af81c23c-9a36-4719-91a6-b1d1873de119", "name": "network-vif-plugged", "status": "completed", "tag": "de99e56c-83ee-498c-ae79-1317a8b21e24"}]}' {{(pid=102601) _http_log_request /usr/local/lib/python3.8/dist-packages/keystoneauth1/session.py:519}}
Nov 12 08:08:15.316962 n-d-765315-29 neutron-server[102600]: DEBUG neutron.pecan_wsgi.hooks.policy_enforcement [req-84d9f22b-f8f5-4ae7-b2bb-38b6e2c0090c req-e90c48f4-fc7f-4c4e-88c1-dac0b287cb34 tempest-FloatingIPsAssociationTestJSON-2139033411 tempest-FloatingIPsAssociationTestJSON-2139033411-project] Attributes excluded by policy engine: ['standard_attr_id', 'binding:profile', 'binding:host_id', 'binding:vif_type', 'binding:vif_details'] {{(pid=102600) _exclude_attributes_by_policy /opt/stack/neutron/neutron/pecan_wsgi/hooks/policy_enforcement.py:255}}
Nov 12 08:08:15.320849 n-d-765315-29 neutron-server[102600]: INFO neutron.wsgi [req-84d9f22b-f8f5-4ae7-b2bb-38b6e2c0090c req-e90c48f4-fc7f-4c4e-88c1-dac0b287cb34 tempest-FloatingIPsAssociationTestJSON-2139033411 tempest-FloatingIPsAssociationTestJSON-2139033411-project] 10.222.0.26 "GET /v2.0/ports?device_id=053da00c-e5c3-4f45-bacd-a2cffaf1c4e3 HTTP/1.1" status: 200 len: 943 time: 0.2967227
Nov 12 08:08:15.328359 n-d-765315-29 neutron-server[102601]: DEBUG neutron_lib.callbacks.manager [None req-51cd32dd-63f2-4ca2-a1f9-b7d34eca2476 None None] Publish callbacks ['neutron.plugins.ml2.plugin.SecurityGroupServerNotifierRpcMixin._notify_sg_on_port_change-1637596', 'neutron.plugins.ml2.ovo_rpc._ObjectChangeHandler.handle_event-357520', 'neutron.api.rpc.agentnotifiers.dhcp_rpc_agent_api.DhcpAgentNotifyAPI._native_event_send_dhcp_notification-568724', 'neutron.db.l3_db.L3RpcNotifierMixin._notify_gateway_port_ip_changed-8762119822996', 'neutron.db.l3_dvrscheduler_db._notify_l3_agent_port_update-8762119394708', 'neutron.db.l3_hascheduler_db._notify_l3_agent_ha_port_update-8762119394726'] for port, after_update {{(pid=102601) _notify_loop /usr/local/lib/python3.8/dist-packages/neutron_lib/callbacks/manager.py:175}}
Nov 12 08:08:15.406404 n-d-765315-29 neutron-server[102601]: DEBUG neutron.api.rpc.handlers.resources_rpc [None req-51cd32dd-63f2-4ca2-a1f9-b7d34eca2476 None None] Pushing event updated for resources: {'Port': ['ID=de99e56c-83ee-498c-ae79-1317a8b21e24,revision_number=5']} {{(pid=102601) push /opt/stack/neutron/neutron/api/rpc/handlers/resources_rpc.py:237}}
Nov 12 08:08:15.540264 n-d-765315-29 neutron-server[102600]: INFO neutron.wsgi [req-1be091b4-8560-4fce-857c-8e242728e4c2 req-86123690-4660-4a7b-9f08-00c29d2a03a0 service neutron] 10.222.0.21 "GET /v2.0/networks/a3156095-dd64-4768-883c-6857cbfc4c3d?fields=segments HTTP/1.1" status: 200 len: 212 time: 0.2005970
Nov 12 08:08:15.541540 n-d-765315-29 neutron-server[102599]: DEBUG neutron.wsgi [-] (102599) accepted ('10.222.0.26', 60380) {{(pid=102599) server /usr/local/lib/python3.8/dist-packages/eventlet/wsgi.py:982}}
Nov 12 08:08:15.577882 n-d-765315-29 neutron-server[102599]: DEBUG neutron_lib.callbacks.manager [None req-444c4fbc-269b-4c33-bb5c-fbcdde241deb admin admin] Publish callbacks [] for security_group, before_create {{(pid=102599) _notify_loop /usr/local/lib/python3.8/dist-packages/neutron_lib/callbacks/manager.py:175}}
Nov 12 08:08:15.705539 n-d-765315-29 neutron-server[102599]: DEBUG neutron_lib.callbacks.manager [None req-444c4fbc-269b-4c33-bb5c-fbcdde241deb admin admin] Publish callbacks [] for security_group, precommit_create {{(pid=102599) _notify_loop /usr/local/lib/python3.8/dist-packages/neutron_lib/callbacks/manager.py:175}}
Nov 12 08:08:15.713662 n-d-765315-29 neutron-server[102599]: DEBUG neutron_lib.callbacks.manager [None req-444c4fbc-269b-4c33-bb5c-fbcdde241deb admin admin] Publish callbacks ['neutron.plugins.ml2.ovo_rpc._ObjectChangeHandler.handle_event-528344'] for security_group, after_create {{(pid=102599) _notify_loop /usr/local/lib/python3.8/dist-packages/neutron_lib/callbacks/manager.py:175}}
Nov 12 08:08:15.789675 n-d-765315-29 neutron-server[102599]: INFO neutron.wsgi [None req-444c4fbc-269b-4c33-bb5c-fbcdde241deb admin admin] 10.222.0.26 "GET /v2.0/security-groups?tenant_id=e4ac5b4cb7464fe6b2de33ec5c92313f&name=default HTTP/1.1" status: 200 len: 2996 time: 0.2467821
Nov 12 08:08:15.790364 n-d-765315-29 neutron-server[102599]: DEBUG neutron.wsgi [-] (102599) accepted ('10.222.0.26', 60388) {{(pid=102599) server /usr/local/lib/python3.8/dist-packages/eventlet/wsgi.py:982}}
Nov 12 08:08:15.790996 n-d-765315-29 neutron-server[102599]: DEBUG neutron.api.rpc.handlers.resources_rpc [None req-444c4fbc-269b-4c33-bb5c-fbcdde241deb admin admin] Pushing event updated for resources: {'SecurityGroup': ['ID=01e2bfef-38a2-428e-a715-1094c4e341be,revision_number=1']} {{(pid=102599) push /opt/stack/neutron/neutron/api/rpc/handlers/resources_rpc.py:237}}
Nov 12 08:08:15.832898 n-d-765315-29 neutron-server[102600]: INFO neutron.wsgi [req-84d9f22b-f8f5-4ae7-b2bb-38b6e2c0090c req-75f0227f-5c0d-48bd-8f23-1a1d8be0ee6a tempest-FloatingIPsAssociationTestJSON-2139033411 tempest-FloatingIPsAssociationTestJSON-2139033411-project] 10.222.0.26 "GET /v2.0/security-groups?id=16890e38-f1af-4c01-becd-7b74bb4a1689&fields=id&fields=name HTTP/1.1" status: 200 len: 286 time: 0.4691067
Nov 12 08:08:15.899672 n-d-765315-29 neutron-server[102599]: DEBUG neutron_lib.callbacks.manager [None req-08fe4c5f-f51a-4434-8a04-56127ce1d370 admin admin] Publish callbacks [] for security_group, before_delete {{(pid=102599) _notify_loop /usr/local/lib/python3.8/dist-packages/neutron_lib/callbacks/manager.py:175}}
Nov 12 08:08:15.921970 n-d-765315-29 neutron-server[102601]: DEBUG novaclient.v2.client [-] RESP: [200] Connection: close Content-Length: 183 Content-Type: application/json Date: Fri, 12 Nov 2021 08:08:15 GMT OpenStack-API-Version: compute 2.1 Server: Apache/2.4.41 (Ubuntu) Vary: OpenStack-API-Version,X-OpenStack-Nova-API-Version X-OpenStack-Nova-API-Version: 2.1 x-compute-request-id: req-50e65daa-3a12-43a1-bcbe-e776d095ba68 x-openstack-request-id: req-50e65daa-3a12-43a1-bcbe-e776d095ba68 {{(pid=102601) _http_log_response /usr/local/lib/python3.8/dist-packages/keystoneauth1/session.py:550}}
Nov 12 08:08:15.922470 n-d-765315-29 neutron-server[102601]: DEBUG novaclient.v2.client [-] RESP BODY: {"events": [{"server_uuid": "af81c23c-9a36-4719-91a6-b1d1873de119", "name": "network-vif-plugged", "status": "completed", "tag": "de99e56c-83ee-498c-ae79-1317a8b21e24", "code": 200}]} {{(pid=102601) _http_log_response /usr/local/lib/python3.8/dist-packages/keystoneauth1/session.py:582}}
Nov 12 08:08:15.922691 n-d-765315-29 neutron-server[102601]: DEBUG novaclient.v2.client [-] POST call to compute for http://10.222.0.26/compute/v2.1/os-server-external-events used request id req-50e65daa-3a12-43a1-bcbe-e776d095ba68 {{(pid=102601) request /usr/local/lib/python3.8/dist-packages/keystoneauth1/session.py:954}}
Nov 12 08:08:15.923049 n-d-765315-29 neutron-server[102601]: INFO neutron.notifiers.nova [-] Nova event response: {'server_uuid': 'af81c23c-9a36-4719-91a6-b1d1873de119', 'name': 'network-vif-plugged', 'status': 'completed', 'tag': 'de99e56c-83ee-498c-ae79-1317a8b21e24', 'code': 200}
Nov 12 08:08:15.926039 n-d-765315-29 neutron-server[102600]: DEBUG neutron_lib.callbacks.manager [None req-435d3ece-a7f8-4a89-a5a9-8be927914153 admin admin] Publish callbacks [] for security_group, precommit_create {{(pid=102600) _notify_loop /usr/local/lib/python3.8/dist-packages/neutron_lib/callbacks/manager.py:175}}
Nov 12 08:08:15.967651 n-d-765315-29 neutron-server[102599]: DEBUG neutron_lib.callbacks.manager [None req-08fe4c5f-f51a-4434-8a04-56127ce1d370 admin admin] Publish callbacks [] for security_group, precommit_delete {{(pid=102599) _notify_loop /usr/local/lib/python3.8/dist-packages/neutron_lib/callbacks/manager.py:175}}
Nov 12 08:08:15.971459 n-d-765315-29 neutron-server[102600]: DEBUG neutron_lib.callbacks.manager [None req-435d3ece-a7f8-4a89-a5a9-8be927914153 admin admin] Publish callbacks ['neutron.plugins.ml2.ovo_rpc._ObjectChangeHandler.handle_event-528344'] for security_group, after_create {{(pid=102600) _notify_loop /usr/local/lib/python3.8/dist-packages/neutron_lib/callbacks/manager.py:175}}
Nov 12 08:08:16.023921 n-d-765315-29 neutron-server[102600]: DEBUG neutron.plugins.ml2.drivers.helpers [None req-435d3ece-a7f8-4a89-a5a9-8be927914153 admin admin] vlan segment allocate from pool success with {'vlan_id': 327, 'physical_network': 'physnet1'} {{(pid=102600) allocate_partially_specified_segment /opt/stack/neutron/neutron/plugins/ml2/drivers/helpers.py:153}}
Nov 12 08:08:16.039553 n-d-765315-29 neutron-server[102600]: DEBUG neutron_lib.callbacks.manager [None req-435d3ece-a7f8-4a89-a5a9-8be927914153 admin admin] Publish callbacks ['neutron.plugins.ml2.plugin.Ml2Plugin._handle_segment_change-2021596'] for segment, precommit_create {{(pid=102600) _notify_loop /usr/local/lib/python3.8/dist-packages/neutron_lib/callbacks/manager.py:175}}
Nov 12 08:08:16.039900 n-d-765315-29 neutron-server[102600]: INFO neutron.db.segments_db [None req-435d3ece-a7f8-4a89-a5a9-8be927914153 admin admin] Added segment 1db27ece-82b2-4c8d-abc3-e56edcdd7b0a of type vlan for network e20d0ee5-0c01-4db1-aa95-4ea5bc470460
Nov 12 08:08:16.165100 n-d-765315-29 neutron-server[102599]: DEBUG neutron.pecan_wsgi.hooks.policy_enforcement [req-6054e8e0-9f2b-4dcd-aaa7-aa8fc2b8d269 req-acc2e96f-c37d-477e-a980-8012c4a758b9 service neutron] Attributes excluded by policy engine: ['standard_attr_id'] {{(pid=102599) _exclude_attributes_by_policy /opt/stack/neutron/neutron/pecan_wsgi/hooks/policy_enforcement.py:255}}
Nov 12 08:08:16.166913 n-d-765315-29 neutron-server[102599]: INFO neutron.wsgi [req-6054e8e0-9f2b-4dcd-aaa7-aa8fc2b8d269 req-acc2e96f-c37d-477e-a980-8012c4a758b9 service neutron] 10.222.0.44 "GET /v2.0/ports?device_id=af81c23c-9a36-4719-91a6-b1d1873de119 HTTP/1.1" status: 200 len: 1097 time: 0.1149998
Nov 12 08:08:16.181983 n-d-765315-29 neutron-server[102599]: DEBUG neutron.pecan_wsgi.hooks.policy_enforcement [req-2096c4ac-430c-432d-bcce-832d66617081 req-b0240ddd-4f7a-4a80-a03a-03bb41ca110f tempest-DeleteServersAdminTestJSON-424817118 tempest-DeleteServersAdminTestJSON-424817118-project] Attributes excluded by policy engine: ['standard_attr_id', 'binding:profile', 'binding:host_id', 'binding:vif_type', 'binding:vif_details'] {{(pid=102599) _exclude_attributes_by_policy /opt/stack/neutron/neutron/pecan_wsgi/hooks/policy_enforcement.py:255}}
Nov 12 08:08:16.186970 n-d-765315-29 neutron-server[102599]: INFO neutron.wsgi [req-2096c4ac-430c-432d-bcce-832d66617081 req-b0240ddd-4f7a-4a80-a03a-03bb41ca110f tempest-DeleteServersAdminTestJSON-424817118 tempest-DeleteServersAdminTestJSON-424817118-project] 10.222.0.26 "GET /v2.0/ports?device_id=7bac7656-eae6-45c5-830c-66f549600c2d HTTP/1.1" status: 200 len: 950 time: 0.1352036
Nov 12 08:08:16.199523 n-d-765315-29 neutron-server[102600]: DEBUG neutron.api.rpc.handlers.resources_rpc [None req-435d3ece-a7f8-4a89-a5a9-8be927914153 admin admin] Pushing event updated for resources: {'SecurityGroup': ['ID=fa645396-f4c7-480c-a064-4014bbf1e510,revision_number=1']} {{(pid=102600) push /opt/stack/neutron/neutron/api/rpc/handlers/resources_rpc.py:237}}
Nov 12 08:08:16.207154 n-d-765315-29 neutron-server[102600]: INFO neutron.wsgi [req-1be091b4-8560-4fce-857c-8e242728e4c2 req-44c948eb-1126-4ae6-843b-73ec5a1803b6 service neutron] 10.222.0.21 "GET /v2.0/networks/a3156095-dd64-4768-883c-6857cbfc4c3d?fields=provider%3Aphysical_network&fields=provider%3Anetwork_type HTTP/1.1" status: 200 len: 281 time: 0.6324344
Nov 12 08:08:16.208670 n-d-765315-29 neutron-server[102600]: DEBUG neutron_lib.callbacks.manager [None req-435d3ece-a7f8-4a89-a5a9-8be927914153 admin admin] Publish callbacks ['neutron.services.auto_allocate.db._ensure_external_network_default_value_callback-8762119379932'] for network, precommit_create {{(pid=102600) _notify_loop /usr/local/lib/python3.8/dist-packages/neutron_lib/callbacks/manager.py:175}}
Nov 12 08:08:16.237138 n-d-765315-29 neutron-server[102600]: DEBUG neutron.pecan_wsgi.hooks.policy_enforcement [req-f253ff9f-cc3d-4b94-b1b0-e84377537974 req-97b35d86-74bb-492c-837d-036f19fde419 tempest-ServersWithSpecificFlavorTestJSON-1426617465 tempest-ServersWithSpecificFlavorTestJSON-1426617465-project] Attributes excluded by policy engine: ['standard_attr_id', 'binding:profile', 'binding:host_id', 'binding:vif_type', 'binding:vif_details'] {{(pid=102600) _exclude_attributes_by_policy /opt/stack/neutron/neutron/pecan_wsgi/hooks/policy_enforcement.py:255}}
Nov 12 08:08:16.237138 n-d-765315-29 neutron-server[102600]: INFO neutron.wsgi [req-f253ff9f-cc3d-4b94-b1b0-e84377537974 req-97b35d86-74bb-492c-837d-036f19fde419 tempest-ServersWithSpecificFlavorTestJSON-1426617465 tempest-ServersWithSpecificFlavorTestJSON-1426617465-project] 10.222.0.26 "GET /v2.0/ports?device_id=af81c23c-9a36-4719-91a6-b1d1873de119 HTTP/1.1" status: 200 len: 945 time: 0.1779687
Nov 12 08:08:16.255408 n-d-765315-29 neutron-server[102599]: DEBUG neutron_lib.callbacks.manager [None req-08fe4c5f-f51a-4434-8a04-56127ce1d370 admin admin] Publish callbacks ['neutron.plugins.ml2.ovo_rpc._ObjectChangeHandler.handle_event-528344'] for security_group, after_delete {{(pid=102599) _notify_loop /usr/local/lib/python3.8/dist-packages/neutron_lib/callbacks/manager.py:175}}
Nov 12 08:08:16.258857 n-d-765315-29 neutron-server[102599]: DEBUG neutron_lib.callbacks.manager [None req-08fe4c5f-f51a-4434-8a04-56127ce1d370 admin admin] Publish callbacks [] for security_group, before_response {{(pid=102599) _notify_loop /usr/local/lib/python3.8/dist-packages/neutron_lib/callbacks/manager.py:175}}
Nov 12 08:08:16.260229 n-d-765315-29 neutron-server[102599]: INFO neutron.wsgi [None req-08fe4c5f-f51a-4434-8a04-56127ce1d370 admin admin] 10.222.0.26 "DELETE /v2.0/security-groups/01e2bfef-38a2-428e-a715-1094c4e341be HTTP/1.1" status: 204 len: 168 time: 0.4663591
