Nov 12 08:07:13.239703 n-d-765315-29 neutron-server[102601]: DEBUG neutron.db.l3_hamode_db [None req-130766dd-c771-44e0-b00b-1e9dc5a6caf2 None None] neutron.services.l3_router.l3_router_plugin.L3RouterPlugin method _process_sync_ha_data called with arguments (, [{'id': 'bde7935a-2b96-4e20-a2c9-08e3ef6f6a63', 'name': 'tempest-TaggedBootDevicesTest-299403947-router', 'tenant_id': 'caeb26ccc5c74ed4b3562c36be1bd442', 'admin_state_up': True, 'status': 'ACTIVE', 'external_gateway_info': {'network_id': 'd709f64f-f9e6-4525-b020-ad48633b9bbf', 'external_fixed_ips': [{'subnet_id': '751b3851-3866-4b1d-bbde-3f90bad4fb44', 'ip_address': '172.25.2.74'}], 'enable_snat': True}, 'gw_port_id': 'e2a06b59-f1df-4b89-9d0e-6c871db10b05', 'description': '', 'availability_zones': ['nova'], 'distributed': False, 'ha': False, 'ha_vr_id': 0, 'availability_zone_hints': [], 'routes': [], 'flavor_id': None, 'tags': [], 'created_at': '2021-11-12T08:07:01Z', 'updated_at': '2021-11-12T08:07:06Z', 'revision_number': 4, 'project_id': 'caeb26ccc5c74ed4b3562c36be1bd442', 'gw_port': {'id': 'e2a06b59-f1df-4b89-9d0e-6c871db10b05', 'name': '', 'network_id': 'd709f64f-f9e6-4525-b020-ad48633b9bbf', 'tenant_id': '', 'mac_address': 'fa:16:3e:52:35:41', 'admin_state_up': True, 'status': 'ACTIVE', 'device_id': 'bde7935a-2b96-4e20-a2c9-08e3ef6f6a63', 'device_owner': 'network:router_gateway', 'standard_attr_id': 101, 'fixed_ips': [{'subnet_id': '751b3851-3866-4b1d-bbde-3f90bad4fb44', 'ip_address': '172.25.2.74', 'prefixlen': 24}], 'allowed_address_pairs': [], 'extra_dhcp_opts': [], 'security_groups': [], 'description': '', 'binding:vnic_type': 'normal', 'binding:profile': {}, 'binding:host_id': 'n-d-765315-29', 'binding:vif_type': 'ovs', 'binding:vif_details': {'connectivity': 'l2', 'port_filter': True, 'ovs_hybrid_plug': False, 'datapath_type': 'system', 'bridge_name': 'br-int'}, 'port_security_enabled': False, 'tags': [], 'created_at': '2021-11-12T08:07:01Z', 'updated_at': '2021-11-12T08:07:08Z', 'revision_number': 4, 'project_id': '', 'subnets': [{'id': '751b3851-3866-4b1d-bbde-3f90bad4fb44', 'cidr': '172.25.2.0/24', 'gateway_ip': '172.25.2.1', 'dns_nameservers': [], 'ipv6_ra_mode': None, 'subnetpool_id': None}], 'extra_subnets': [], 'address_scopes': {4: None, 6: None}, 'mtu': 1500}, 'enable_snat': True, 'gw_port_host': 'n-d-765315-29', '_interfaces': [{'id': '368b1f59-edaa-4692-bce6-09350eef70bc', 'name': '', 'network_id': '24a4ad48-a7af-4b0d-bf7a-0953ccc45cdb', 'tenant_id': 'caeb26ccc5c74ed4b3562c36be1bd442', 'mac_address': 'fa:16:3e:72:70:e4', 'admin_state_up': True, 'status': 'DOWN', 'device_id': 'bde7935a-2b96-4e20-a2c9-08e3ef6f6a63', 'device_owner': 'network:router_interface', 'standard_attr_id': 112, 'fixed_ips': [{'subnet_id': 'a038e6b9-1cba-4ddf-94d9-98b3c825b6ae', 'ip_address': '172.20.0.1', 'prefixlen': 28}], 'allowed_address_pairs': [], 'extra_dhcp_opts': [], 'security_groups': [], 'description': '', 'binding:vnic_type': 'normal', 'binding:profile': {}, 'binding:host_id': 'n-d-765315-29', 'binding:vif_type': 'ovs', 'binding:vif_details': {'connectivity': 'l2', 'port_filter': True, 'ovs_hybrid_plug': False, 'datapath_type': 'system', 'bridge_name': 'br-int'}, 'port_security_enabled': False, 'tags': [], 'created_at': '2021-11-12T08:07:05Z', 'updated_at': '2021-11-12T08:07:11Z', 'revision_number': 4, 'project_id': 'caeb26ccc5c74ed4b3562c36be1bd442', 'subnets': [{'id': 'a038e6b9-1cba-4ddf-94d9-98b3c825b6ae', 'cidr': '172.20.0.0/28', 'gateway_ip': '172.20.0.1', 'dns_nameservers': [], 'ipv6_ra_mode': None, 'subnetpool_id': None}], 'extra_subnets': [], 'address_scopes': {4: None, 6: None}, 'mtu': 1500}]}], 'n-d-765315-29', False) {} {{(pid=102601) wrapper /usr/local/lib/python3.8/dist-packages/oslo_log/helpers.py:65}}
Nov 12 08:07:13.280573 n-d-765315-29 neutron-server[102600]: DEBUG neutron_lib.callbacks.manager [None req-498a38c3-3311-45dc-8704-8122701cf9e8 admin admin] Publish callbacks ['neutron.plugins.ml2.ovo_rpc._ObjectChangeHandler.handle_event-528344'] for security_group, after_delete {{(pid=102600) _notify_loop /usr/local/lib/python3.8/dist-packages/neutron_lib/callbacks/manager.py:175}}
Nov 12 08:07:13.290902 n-d-765315-29 neutron-server[102600]: DEBUG neutron_lib.callbacks.manager [None req-498a38c3-3311-45dc-8704-8122701cf9e8 admin admin] Publish callbacks [] for security_group, before_response {{(pid=102600) _notify_loop /usr/local/lib/python3.8/dist-packages/neutron_lib/callbacks/manager.py:175}}
Nov 12 08:07:13.293702 n-d-765315-29 neutron-server[102601]: DEBUG neutron.api.rpc.handlers.l3_rpc [None req-130766dd-c771-44e0-b00b-1e9dc5a6caf2 None None] The sync data for ids ['bde7935a-2b96-4e20-a2c9-08e3ef6f6a63'] in n-d-765315-29 is: [{'id': 'bde7935a-2b96-4e20-a2c9-08e3ef6f6a63', 'name': 'tempest-TaggedBootDevicesTest-299403947-router', 'tenant_id': 'caeb26ccc5c74ed4b3562c36be1bd442', 'admin_state_up': True, 'status': 'ACTIVE', 'external_gateway_info': {'network_id': 'd709f64f-f9e6-4525-b020-ad48633b9bbf', 'external_fixed_ips': [{'subnet_id': '751b3851-3866-4b1d-bbde-3f90bad4fb44', 'ip_address': '172.25.2.74'}], 'enable_snat': True}, 'gw_port_id': 'e2a06b59-f1df-4b89-9d0e-6c871db10b05', 'description': '', 'availability_zones': ['nova'], 'distributed': False, 'ha': False, 'ha_vr_id': 0, 'availability_zone_hints': [], 'routes': [], 'flavor_id': None, 'tags': [], 'created_at': '2021-11-12T08:07:01Z', 'updated_at': '2021-11-12T08:07:06Z', 'revision_number': 4, 'project_id': 'caeb26ccc5c74ed4b3562c36be1bd442', 'gw_port': {'id': 'e2a06b59-f1df-4b89-9d0e-6c871db10b05', 'name': '', 'network_id': 'd709f64f-f9e6-4525-b020-ad48633b9bbf', 'tenant_id': '', 'mac_address': 'fa:16:3e:52:35:41', 'admin_state_up': True, 'status': 'ACTIVE', 'device_id': 'bde7935a-2b96-4e20-a2c9-08e3ef6f6a63', 'device_owner': 'network:router_gateway', 'standard_attr_id': 101, 'fixed_ips': [{'subnet_id': '751b3851-3866-4b1d-bbde-3f90bad4fb44', 'ip_address': '172.25.2.74', 'prefixlen': 24}], 'allowed_address_pairs': [], 'extra_dhcp_opts': [], 'security_groups': [], 'description': '', 'binding:vnic_type': 'normal', 'binding:profile': {}, 'binding:host_id': 'n-d-765315-29', 'binding:vif_type': 'ovs', 'binding:vif_details': {'connectivity': 'l2', 'port_filter': True, 'ovs_hybrid_plug': False, 'datapath_type': 'system', 'bridge_name': 'br-int'}, 'port_security_enabled': False, 'tags': [], 'created_at': '2021-11-12T08:07:01Z', 'updated_at': '2021-11-12T08:07:08Z', 'revision_number': 4, 'project_id': '', 'subnets': [{'id': '751b3851-3866-4b1d-bbde-3f90bad4fb44', 'cidr': '172.25.2.0/24', 'gateway_ip': '172.25.2.1', 'dns_nameservers': [], 'ipv6_ra_mode': None, 'subnetpool_id': None}], 'extra_subnets': [], 'address_scopes': {4: None, 6: None}, 'mtu': 1500}, 'enable_snat': True, 'gw_port_host': 'n-d-765315-29', '_interfaces': [{'id': '368b1f59-edaa-4692-bce6-09350eef70bc', 'name': '', 'network_id': '24a4ad48-a7af-4b0d-bf7a-0953ccc45cdb', 'tenant_id': 'caeb26ccc5c74ed4b3562c36be1bd442', 'mac_address': 'fa:16:3e:72:70:e4', 'admin_state_up': True, 'status': 'DOWN', 'device_id': 'bde7935a-2b96-4e20-a2c9-08e3ef6f6a63', 'device_owner': 'network:router_interface', 'standard_attr_id': 112, 'fixed_ips': [{'subnet_id': 'a038e6b9-1cba-4ddf-94d9-98b3c825b6ae', 'ip_address': '172.20.0.1', 'prefixlen': 28}], 'allowed_address_pairs': [], 'extra_dhcp_opts': [], 'security_groups': [], 'description': '', 'binding:vnic_type': 'normal', 'binding:profile': {}, 'binding:host_id': 'n-d-765315-29', 'binding:vif_type': 'ovs', 'binding:vif_details': {'connectivity': 'l2', 'port_filter': True, 'ovs_hybrid_plug': False, 'datapath_type': 'system', 'bridge_name': 'br-int'}, 'port_security_enabled': False, 'tags': [], 'created_at': '2021-11-12T08:07:05Z', 'updated_at': '2021-11-12T08:07:11Z', 'revision_number': 4, 'project_id': 'caeb26ccc5c74ed4b3562c36be1bd442', 'subnets': [{'id': 'a038e6b9-1cba-4ddf-94d9-98b3c825b6ae', 'cidr': '172.20.0.0/28', 'gateway_ip': '172.20.0.1', 'dns_nameservers': [], 'ipv6_ra_mode': None, 'subnetpool_id': None}], 'extra_subnets': [], 'address_scopes': {4: None, 6: None}, 'mtu': 1500}]}] {{(pid=102601) sync_routers /opt/stack/neutron/neutron/api/rpc/handlers/l3_rpc.py:137}}
Nov 12 08:07:13.300283 n-d-765315-29 neutron-server[102600]: INFO neutron.wsgi [None req-498a38c3-3311-45dc-8704-8122701cf9e8 admin admin] 10.222.0.26 "DELETE /v2.0/security-groups/8812553b-7335-4690-b023-c2140d54a7f0 HTTP/1.1" status: 204 len: 168 time: 0.1940055
Nov 12 08:07:13.330233 n-d-765315-29 neutron-server[102600]: DEBUG neutron.api.rpc.handlers.resources_rpc [None req-498a38c3-3311-45dc-8704-8122701cf9e8 admin admin] Pushing event deleted for resources: {'SecurityGroup': ['ID=8812553b-7335-4690-b023-c2140d54a7f0,revision_number=None']} {{(pid=102600) push /opt/stack/neutron/neutron/api/rpc/handlers/resources_rpc.py:237}}
Nov 12 08:07:13.839952 n-d-765315-29 neutron-server[102600]: DEBUG novaclient.v2.client [-] RESP: [200] Connection: close Content-Length: 179 Content-Type: application/json Date: Fri, 12 Nov 2021 08:07:12 GMT OpenStack-API-Version: compute 2.1 Server: Apache/2.4.41 (Ubuntu) Vary: OpenStack-API-Version,X-OpenStack-Nova-API-Version X-OpenStack-Nova-API-Version: 2.1 x-compute-request-id: req-9a7c6f92-dc0f-4d4f-95c2-66d86b05b054 x-openstack-request-id: req-9a7c6f92-dc0f-4d4f-95c2-66d86b05b054 {{(pid=102600) _http_log_response /usr/local/lib/python3.8/dist-packages/keystoneauth1/session.py:550}}
Nov 12 08:07:13.840486 n-d-765315-29 neutron-server[102600]: DEBUG novaclient.v2.client [-] RESP BODY: {"events": [{"name": "network-changed", "server_uuid": "5c549cf4-8b8a-4091-9464-b846b1b87e99", "tag": "a3f15631-2ed5-4a5f-91ca-05a1c1162978", "status": "completed", "code": 200}]} {{(pid=102600) _http_log_response /usr/local/lib/python3.8/dist-packages/keystoneauth1/session.py:582}}
Nov 12 08:07:13.840486 n-d-765315-29 neutron-server[102600]: DEBUG novaclient.v2.client [-] POST call to compute for http://10.222.0.26/compute/v2.1/os-server-external-events used request id req-9a7c6f92-dc0f-4d4f-95c2-66d86b05b054 {{(pid=102600) request /usr/local/lib/python3.8/dist-packages/keystoneauth1/session.py:954}}
Nov 12 08:07:13.840936 n-d-765315-29 neutron-server[102600]: INFO neutron.notifiers.nova [-] Nova event response: {'name': 'network-changed', 'server_uuid': '5c549cf4-8b8a-4091-9464-b846b1b87e99', 'tag': 'a3f15631-2ed5-4a5f-91ca-05a1c1162978', 'status': 'completed', 'code': 200}
Nov 12 08:07:14.104176 n-d-765315-29 neutron-server[102601]: DEBUG neutron.plugins.ml2.rpc [None req-05927327-50ed-408e-a587-da2eea448f97 None None] Device 368b1f59-edaa-4692-bce6-09350eef70bc up at agent ovs-agent-n-d-765315-29 {{(pid=102601) update_device_up /opt/stack/neutron/neutron/plugins/ml2/rpc.py:296}}
Nov 12 08:07:14.181001 n-d-765315-29 neutron-server[102599]: DEBUG neutron.pecan_wsgi.hooks.policy_enforcement [req-785bd2c8-2a0e-4752-8cad-273394d94d5c req-5b1c1b43-645c-4de4-8460-baeb8cac64fb tempest-AggregatesAdminTestJSON-81161647 tempest-AggregatesAdminTestJSON-81161647-project] Attributes excluded by policy engine: ['standard_attr_id', 'binding:profile', 'binding:host_id', 'binding:vif_type', 'binding:vif_details'] {{(pid=102599) _exclude_attributes_by_policy /opt/stack/neutron/neutron/pecan_wsgi/hooks/policy_enforcement.py:255}}
Nov 12 08:07:14.185910 n-d-765315-29 neutron-server[102599]: INFO neutron.wsgi [req-785bd2c8-2a0e-4752-8cad-273394d94d5c req-5b1c1b43-645c-4de4-8460-baeb8cac64fb tempest-AggregatesAdminTestJSON-81161647 tempest-AggregatesAdminTestJSON-81161647-project] 10.222.0.26 "GET /v2.0/ports?device_id=5c549cf4-8b8a-4091-9464-b846b1b87e99 HTTP/1.1" status: 200 len: 969 time: 0.1382360
Nov 12 08:07:14.281241 n-d-765315-29 neutron-server[102601]: DEBUG neutron.db.provisioning_blocks [None req-05927327-50ed-408e-a587-da2eea448f97 None None] Provisioning complete for port 368b1f59-edaa-4692-bce6-09350eef70bc triggered by entity L2. {{(pid=102601) provisioning_complete /opt/stack/neutron/neutron/db/provisioning_blocks.py:139}}
Nov 12 08:07:14.281976 n-d-765315-29 neutron-server[102601]: DEBUG neutron_lib.callbacks.manager [None req-05927327-50ed-408e-a587-da2eea448f97 None None] Publish callbacks ['neutron.plugins.ml2.plugin.Ml2Plugin._port_provisioned-1900849'] for port, provisioning_complete {{(pid=102601) _notify_loop /usr/local/lib/python3.8/dist-packages/neutron_lib/callbacks/manager.py:175}}
Nov 12 08:07:14.295868 n-d-765315-29 neutron-server[102599]: INFO neutron.wsgi [req-785bd2c8-2a0e-4752-8cad-273394d94d5c req-e1a4bd9c-d3bf-402c-b8a7-6fde2c9a258f tempest-AggregatesAdminTestJSON-81161647 tempest-AggregatesAdminTestJSON-81161647-project] 10.222.0.26 "GET /v2.0/security-groups?id=b77c4906-9bfa-4787-9845-f0c28cf33794&fields=id&fields=name HTTP/1.1" status: 200 len: 286 time: 0.0861619
Nov 12 08:07:14.416250 n-d-765315-29 neutron-server[102600]: DEBUG neutron.pecan_wsgi.hooks.policy_enforcement [req-fba7d916-96d9-4e6c-909a-3e56ac2e7f26 req-45d9560e-2e36-4257-8f75-32c4f5ec50e7 service neutron] Attributes excluded by policy engine: ['standard_attr_id'] {{(pid=102600) _exclude_attributes_by_policy /opt/stack/neutron/neutron/pecan_wsgi/hooks/policy_enforcement.py:255}}
Nov 12 08:07:14.424401 n-d-765315-29 neutron-server[102600]: INFO neutron.wsgi [req-fba7d916-96d9-4e6c-909a-3e56ac2e7f26 req-45d9560e-2e36-4257-8f75-32c4f5ec50e7 service neutron] 10.222.0.21 "GET /v2.0/ports?tenant_id=0ff5722845894941901a554afb0844ff&device_id=5c549cf4-8b8a-4091-9464-b846b1b87e99 HTTP/1.1" status: 200 len: 1121 time: 0.1295600
Nov 12 08:07:14.519866 n-d-765315-29 neutron-server[102600]: DEBUG neutron.wsgi [-] (102600) accepted ('10.222.0.26', 58620) {{(pid=102600) server /usr/local/lib/python3.8/dist-packages/eventlet/wsgi.py:982}}
Nov 12 08:07:14.950902 n-d-765315-29 neutron-server[102599]: DEBUG neutron.wsgi [-] (102599) accepted ('10.222.0.26', 58630) {{(pid=102599) server /usr/local/lib/python3.8/dist-packages/eventlet/wsgi.py:982}}
Nov 12 08:07:14.999299 n-d-765315-29 neutron-server[102599]: DEBUG neutron_lib.callbacks.manager [None req-441601b5-136d-4284-a52e-91001d09b7b4 admin admin] Publish callbacks [] for security_group, before_create {{(pid=102599) _notify_loop /usr/local/lib/python3.8/dist-packages/neutron_lib/callbacks/manager.py:175}}
Nov 12 08:07:15.292159 n-d-765315-29 neutron-server[102599]: DEBUG neutron_lib.callbacks.manager [None req-441601b5-136d-4284-a52e-91001d09b7b4 admin admin] Publish callbacks [] for security_group, precommit_create {{(pid=102599) _notify_loop /usr/local/lib/python3.8/dist-packages/neutron_lib/callbacks/manager.py:175}}
Nov 12 08:07:15.309077 n-d-765315-29 neutron-server[102599]: DEBUG neutron_lib.callbacks.manager [None req-441601b5-136d-4284-a52e-91001d09b7b4 admin admin] Publish callbacks ['neutron.plugins.ml2.ovo_rpc._ObjectChangeHandler.handle_event-528344'] for security_group, after_create {{(pid=102599) _notify_loop /usr/local/lib/python3.8/dist-packages/neutron_lib/callbacks/manager.py:175}}
Nov 12 08:07:15.336427 n-d-765315-29 neutron-server[102600]: DEBUG neutron.pecan_wsgi.hooks.policy_enforcement [req-fba7d916-96d9-4e6c-909a-3e56ac2e7f26 req-b96b07b7-b5f3-421b-a2a8-e1f44e985671 service neutron] Attributes excluded by policy engine: ['standard_attr_id', 'vlan_transparent'] {{(pid=102600) _exclude_attributes_by_policy /opt/stack/neutron/neutron/pecan_wsgi/hooks/policy_enforcement.py:255}}
Nov 12 08:07:15.382867 n-d-765315-29 neutron-server[102600]: INFO neutron.wsgi [req-fba7d916-96d9-4e6c-909a-3e56ac2e7f26 req-b96b07b7-b5f3-421b-a2a8-e1f44e985671 service neutron] 10.222.0.21 "GET /v2.0/networks?id=107743df-d3df-459d-a6cd-9e2ab4303016 HTTP/1.1" status: 200 len: 870 time: 0.7861879
Nov 12 08:07:15.401609 n-d-765315-29 neutron-server[102599]: DEBUG neutron.api.rpc.handlers.resources_rpc [None req-441601b5-136d-4284-a52e-91001d09b7b4 admin admin] Pushing event updated for resources: {'SecurityGroup': ['ID=78caaff2-5e38-4bb6-b2a8-8c789969094f,revision_number=1']} {{(pid=102599) push /opt/stack/neutron/neutron/api/rpc/handlers/resources_rpc.py:237}}
Nov 12 08:07:15.419963 n-d-765315-29 neutron-server[102599]: INFO neutron.wsgi [None req-441601b5-136d-4284-a52e-91001d09b7b4 admin admin] 10.222.0.26 "GET /v2.0/security-groups?tenant_id=4a176dc25ea84de9b2a91643c1caf958&name=default HTTP/1.1" status: 200 len: 2996 time: 0.4674232
Nov 12 08:07:15.426297 n-d-765315-29 neutron-server[102599]: DEBUG neutron.wsgi [-] (102599) accepted ('10.222.0.26', 58644) {{(pid=102599) server /usr/local/lib/python3.8/dist-packages/eventlet/wsgi.py:982}}
Nov 12 08:07:15.518267 n-d-765315-29 neutron-server[102600]: INFO neutron.wsgi [req-fba7d916-96d9-4e6c-909a-3e56ac2e7f26 req-24510630-30f3-4581-af2d-95a402520ea1 service neutron] 10.222.0.21 "GET /v2.0/floatingips?fixed_ip_address=192.168.233.46&port_id=a3f15631-2ed5-4a5f-91ca-05a1c1162978 HTTP/1.1" status: 200 len: 217 time: 0.1219833
Nov 12 08:07:15.605935 n-d-765315-29 neutron-server[102600]: DEBUG neutron_lib.callbacks.manager [None req-a66e480f-3534-487f-a209-88ad9b952b78 admin admin] Publish callbacks [] for security_group, before_create {{(pid=102600) _notify_loop /usr/local/lib/python3.8/dist-packages/neutron_lib/callbacks/manager.py:175}}
Nov 12 08:07:15.625974 n-d-765315-29 neutron-server[102599]: DEBUG neutron_lib.callbacks.manager [None req-184b0355-0f48-47a6-8b9b-06f6a0e6d301 admin admin] Publish callbacks [] for security_group, before_delete {{(pid=102599) _notify_loop /usr/local/lib/python3.8/dist-packages/neutron_lib/callbacks/manager.py:175}}
Nov 12 08:07:15.701742 n-d-765315-29 neutron-server[102600]: DEBUG neutron.pecan_wsgi.hooks.policy_enforcement [req-fba7d916-96d9-4e6c-909a-3e56ac2e7f26 req-180abfbe-6672-48b0-a6ed-dd3e22c84c3e service neutron] Attributes excluded by policy engine: ['standard_attr_id', 'shared'] {{(pid=102600) _exclude_attributes_by_policy /opt/stack/neutron/neutron/pecan_wsgi/hooks/policy_enforcement.py:255}}
Nov 12 08:07:15.713832 n-d-765315-29 neutron-server[102600]: INFO neutron.wsgi [req-fba7d916-96d9-4e6c-909a-3e56ac2e7f26 req-180abfbe-6672-48b0-a6ed-dd3e22c84c3e service neutron] 10.222.0.21 "GET /v2.0/subnets?id=e6d4b14a-9d09-41f3-8e50-2db1c4dd2db1 HTTP/1.1" status: 200 len: 843 time: 0.1327381
Nov 12 08:07:15.733894 n-d-765315-29 neutron-server[102599]: DEBUG neutron.pecan_wsgi.hooks.policy_enforcement [req-1f8de424-a65e-4c0a-b8f9-21060788267b req-d39d3ef5-3362-4cf2-89f7-cf673b3b8ce4 tempest-AggregatesAdminTestJSON-81161647 tempest-AggregatesAdminTestJSON-81161647-project] Attributes excluded by policy engine: ['standard_attr_id', 'binding:profile', 'binding:host_id', 'binding:vif_type', 'binding:vif_details'] {{(pid=102599) _exclude_attributes_by_policy /opt/stack/neutron/neutron/pecan_wsgi/hooks/policy_enforcement.py:255}}
Nov 12 08:07:15.765088 n-d-765315-29 neutron-server[102599]: INFO neutron.wsgi [req-1f8de424-a65e-4c0a-b8f9-21060788267b req-d39d3ef5-3362-4cf2-89f7-cf673b3b8ce4 tempest-AggregatesAdminTestJSON-81161647 tempest-AggregatesAdminTestJSON-81161647-project] 10.222.0.26 "GET /v2.0/ports?device_id=5c549cf4-8b8a-4091-9464-b846b1b87e99 HTTP/1.1" status: 200 len: 969 time: 0.2613680
Nov 12 08:07:15.826622 n-d-765315-29 neutron-server[102599]: DEBUG neutron_lib.callbacks.manager [None req-184b0355-0f48-47a6-8b9b-06f6a0e6d301 admin admin] Publish callbacks [] for security_group, precommit_delete {{(pid=102599) _notify_loop /usr/local/lib/python3.8/dist-packages/neutron_lib/callbacks/manager.py:175}}
Nov 12 08:07:15.850659 n-d-765315-29 neutron-server[102600]: DEBUG neutron_lib.callbacks.manager [None req-a66e480f-3534-487f-a209-88ad9b952b78 admin admin] Publish callbacks [] for security_group, precommit_create {{(pid=102600) _notify_loop /usr/local/lib/python3.8/dist-packages/neutron_lib/callbacks/manager.py:175}}
Nov 12 08:07:15.856616 n-d-765315-29 neutron-server[102600]: DEBUG neutron_lib.callbacks.manager [None req-a66e480f-3534-487f-a209-88ad9b952b78 admin admin] Publish callbacks ['neutron.plugins.ml2.ovo_rpc._ObjectChangeHandler.handle_event-528344'] for security_group, after_create {{(pid=102600) _notify_loop /usr/local/lib/python3.8/dist-packages/neutron_lib/callbacks/manager.py:175}}
Nov 12 08:07:15.961385 n-d-765315-29 neutron-server[102600]: INFO neutron.wsgi [None req-a66e480f-3534-487f-a209-88ad9b952b78 admin admin] 10.222.0.26 "GET /v2.0/security-groups?tenant_id=1128c1f4945b4eb495f376549431cccb&name=default HTTP/1.1" status: 200 len: 2996 time: 1.4399877
Nov 12 08:07:15.962671 n-d-765315-29 neutron-server[102600]: DEBUG neutron.api.rpc.handlers.resources_rpc [None req-a66e480f-3534-487f-a209-88ad9b952b78 admin admin] Pushing event updated for resources: {'SecurityGroup': ['ID=2a9e1a72-d678-498b-b642-8f2a4da56220,revision_number=1']} {{(pid=102600) push /opt/stack/neutron/neutron/api/rpc/handlers/resources_rpc.py:237}}
Nov 12 08:07:15.967023 n-d-765315-29 neutron-server[102600]: DEBUG neutron.wsgi [-] (102600) accepted ('10.222.0.26', 58652) {{(pid=102600) server /usr/local/lib/python3.8/dist-packages/eventlet/wsgi.py:982}}
Nov 12 08:07:15.994619 n-d-765315-29 neutron-server[102599]: INFO neutron.wsgi [req-1f8de424-a65e-4c0a-b8f9-21060788267b req-5405558f-ae5a-4e73-99ba-b3fd2999b86e tempest-AggregatesAdminTestJSON-81161647 tempest-AggregatesAdminTestJSON-81161647-project] 10.222.0.26 "GET /v2.0/security-groups?id=b77c4906-9bfa-4787-9845-f0c28cf33794&fields=id&fields=name HTTP/1.1" status: 200 len: 286 time: 0.2281806
Nov 12 08:07:16.019945 n-d-765315-29 neutron-server[102599]: DEBUG neutron_lib.callbacks.manager [None req-184b0355-0f48-47a6-8b9b-06f6a0e6d301 admin admin] Publish callbacks ['neutron.plugins.ml2.ovo_rpc._ObjectChangeHandler.handle_event-528344'] for security_group, after_delete {{(pid=102599) _notify_loop /usr/local/lib/python3.8/dist-packages/neutron_lib/callbacks/manager.py:175}}
Nov 12 08:07:16.023909 n-d-765315-29 neutron-server[102599]: DEBUG neutron_lib.callbacks.manager [None req-184b0355-0f48-47a6-8b9b-06f6a0e6d301 admin admin] Publish callbacks [] for security_group, before_response {{(pid=102599) _notify_loop /usr/local/lib/python3.8/dist-packages/neutron_lib/callbacks/manager.py:175}}
Nov 12 08:07:16.027887 n-d-765315-29 neutron-server[102599]: INFO neutron.wsgi [None req-184b0355-0f48-47a6-8b9b-06f6a0e6d301 admin admin] 10.222.0.26 "DELETE /v2.0/security-groups/78caaff2-5e38-4bb6-b2a8-8c789969094f HTTP/1.1" status: 204 len: 168 time: 0.5987601
Nov 12 08:07:16.048105 n-d-765315-29 neutron-server[102599]: DEBUG neutron.api.rpc.handlers.resources_rpc [None req-184b0355-0f48-47a6-8b9b-06f6a0e6d301 admin admin] Pushing event deleted for resources: {'SecurityGroup': ['ID=78caaff2-5e38-4bb6-b2a8-8c789969094f,revision_number=None']} {{(pid=102599) push /opt/stack/neutron/neutron/api/rpc/handlers/resources_rpc.py:237}}
Nov 12 08:07:16.097410 n-d-765315-29 neutron-server[102600]: DEBUG neutron_lib.callbacks.manager [None req-cd13354c-eab8-4c23-8e79-9d24e87adc61 admin admin] Publish callbacks [] for security_group, before_delete {{(pid=102600) _notify_loop /usr/local/lib/python3.8/dist-packages/neutron_lib/callbacks/manager.py:175}}
Nov 12 08:07:16.125373 n-d-765315-29 neutron-server[102600]: DEBUG neutron_lib.callbacks.manager [None req-cd13354c-eab8-4c23-8e79-9d24e87adc61 admin admin] Publish callbacks [] for security_group, precommit_delete {{(pid=102600) _notify_loop /usr/local/lib/python3.8/dist-packages/neutron_lib/callbacks/manager.py:175}}
Nov 12 08:07:16.249664 n-d-765315-29 neutron-server[102600]: DEBUG neutron_lib.callbacks.manager [None req-cd13354c-eab8-4c23-8e79-9d24e87adc61 admin admin] Publish callbacks ['neutron.plugins.ml2.ovo_rpc._ObjectChangeHandler.handle_event-528344'] for security_group, after_delete {{(pid=102600) _notify_loop /usr/local/lib/python3.8/dist-packages/neutron_lib/callbacks/manager.py:175}}
Nov 12 08:07:16.269068 n-d-765315-29 neutron-server[102600]: DEBUG neutron_lib.callbacks.manager [None req-cd13354c-eab8-4c23-8e79-9d24e87adc61 admin admin] Publish callbacks [] for security_group, before_response {{(pid=102600) _notify_loop /usr/local/lib/python3.8/dist-packages/neutron_lib/callbacks/manager.py:175}}
Nov 12 08:07:16.269068 n-d-765315-29 neutron-server[102600]: INFO neutron.wsgi [None req-cd13354c-eab8-4c23-8e79-9d24e87adc61 admin admin] 10.222.0.26 "DELETE /v2.0/security-groups/2a9e1a72-d678-498b-b642-8f2a4da56220 HTTP/1.1" status: 204 len: 168 time: 0.2886729
Nov 12 08:07:16.278012 n-d-765315-29 neutron-server[102600]: DEBUG neutron.api.rpc.handlers.resources_rpc [None req-cd13354c-eab8-4c23-8e79-9d24e87adc61 admin admin] Pushing event deleted for resources: {'SecurityGroup': ['ID=2a9e1a72-d678-498b-b642-8f2a4da56220,revision_number=None']} {{(pid=102600) push /opt/stack/neutron/neutron/api/rpc/handlers/resources_rpc.py:237}}
Nov 12 08:07:16.781742 n-d-765315-29 neutron-server[102602]: DEBUG neutron.db.agents_db [None req-6c18d381-dcc3-40bb-9c99-6f5fb6498751 None None] Agent healthcheck: found 7 active agents {{(pid=102602) agent_health_check /opt/stack/neutron/neutron/db/agents_db.py:317}}
Nov 12 08:07:16.852190 n-d-765315-29 neutron-server[102600]: DEBUG neutron.pecan_wsgi.hooks.policy_enforcement [req-fba7d916-96d9-4e6c-909a-3e56ac2e7f26 req-c2a0488f-f372-4b76-a851-6d00e1f3d751 service neutron] Attributes excluded by policy engine: ['standard_attr_id'] {{(pid=102600) _exclude_attributes_by_policy /opt/stack/neutron/neutron/pecan_wsgi/hooks/policy_enforcement.py:255}}
Nov 12 08:07:16.853819 n-d-765315-29 neutron-server[102600]: INFO neutron.wsgi [req-fba7d916-96d9-4e6c-909a-3e56ac2e7f26 req-c2a0488f-f372-4b76-a851-6d00e1f3d751 service neutron] 10.222.0.21 "GET /v2.0/ports?network_id=107743df-d3df-459d-a6cd-9e2ab4303016&device_owner=network%3Adhcp HTTP/1.1" status: 200 len: 1167 time: 0.1703644
Nov 12 08:07:17.138540 n-d-765315-29 neutron-server[102600]: INFO neutron.wsgi [req-fba7d916-96d9-4e6c-909a-3e56ac2e7f26 req-9090f39e-7b98-4af7-81f1-a20c7df07215 service neutron] 10.222.0.21 "GET /v2.0/networks/107743df-d3df-459d-a6cd-9e2ab4303016?fields=segments HTTP/1.1" status: 200 len: 212 time: 0.2723494
Nov 12 08:07:17.217632 n-d-765315-29 neutron-server[102599]: DEBUG neutron.pecan_wsgi.hooks.policy_enforcement [req-f46cc4c2-9797-444f-8ed3-4d10c57c654f req-9d27fb2b-eb24-4814-b18e-796568299466 tempest-AggregatesAdminTestJSON-81161647 tempest-AggregatesAdminTestJSON-81161647-project] Attributes excluded by policy engine: ['standard_attr_id', 'binding:profile', 'binding:host_id', 'binding:vif_type', 'binding:vif_details'] {{(pid=102599) _exclude_attributes_by_policy /opt/stack/neutron/neutron/pecan_wsgi/hooks/policy_enforcement.py:255}}
Nov 12 08:07:17.222455 n-d-765315-29 neutron-server[102599]: INFO neutron.wsgi [req-f46cc4c2-9797-444f-8ed3-4d10c57c654f req-9d27fb2b-eb24-4814-b18e-796568299466 tempest-AggregatesAdminTestJSON-81161647 tempest-AggregatesAdminTestJSON-81161647-project] 10.222.0.26 "GET /v2.0/ports?device_id=5c549cf4-8b8a-4091-9464-b846b1b87e99 HTTP/1.1" status: 200 len: 969 time: 0.1030664
Nov 12 08:07:17.343864 n-d-765315-29 neutron-server[102599]: INFO neutron.wsgi [req-f46cc4c2-9797-444f-8ed3-4d10c57c654f req-8898a47c-1530-4b3e-80d2-96d69fafe2da tempest-AggregatesAdminTestJSON-81161647 tempest-AggregatesAdminTestJSON-81161647-project] 10.222.0.26 "GET /v2.0/security-groups?id=b77c4906-9bfa-4787-9845-f0c28cf33794&fields=id&fields=name HTTP/1.1" status: 200 len: 286 time: 0.1059909
Nov 12 08:07:17.402949 n-d-765315-29 neutron-server[102599]: DEBUG neutron.wsgi [-] (102599) accepted ('10.222.0.26', 58702) {{(pid=102599) server /usr/local/lib/python3.8/dist-packages/eventlet/wsgi.py:982}}
Nov 12 08:07:17.426312 n-d-765315-29 neutron-server[102599]: DEBUG neutron_lib.callbacks.manager [None req-720084f2-d13c-4819-a95a-c558b85a81dd admin admin] Publish callbacks [] for security_group, before_create {{(pid=102599) _notify_loop /usr/local/lib/python3.8/dist-packages/neutron_lib/callbacks/manager.py:175}}
Nov 12 08:07:17.544605 n-d-765315-29 neutron-server[102600]: INFO neutron.wsgi [req-fba7d916-96d9-4e6c-909a-3e56ac2e7f26 req-38de0056-f82f-46a2-91cd-06b9fb811b39 service neutron] 10.222.0.21 "GET /v2.0/networks/107743df-d3df-459d-a6cd-9e2ab4303016?fields=provider%3Aphysical_network&fields=provider%3Anetwork_type HTTP/1.1" status: 200 len: 281 time: 0.2288816
Nov 12 08:07:17.626721 n-d-765315-29 neutron-server[102599]: DEBUG neutron_lib.callbacks.manager [None req-720084f2-d13c-4819-a95a-c558b85a81dd admin admin] Publish callbacks [] for security_group, precommit_create {{(pid=102599) _notify_loop /usr/local/lib/python3.8/dist-packages/neutron_lib/callbacks/manager.py:175}}
Nov 12 08:07:17.633991 n-d-765315-29 neutron-server[102599]: DEBUG neutron_lib.callbacks.manager [None req-720084f2-d13c-4819-a95a-c558b85a81dd admin admin] Publish callbacks ['neutron.plugins.ml2.ovo_rpc._ObjectChangeHandler.handle_event-528344'] for security_group, after_create {{(pid=102599) _notify_loop /usr/local/lib/python3.8/dist-packages/neutron_lib/callbacks/manager.py:175}}
Nov 12 08:07:17.699914 n-d-765315-29 neutron-server[102599]: INFO neutron.wsgi [None req-720084f2-d13c-4819-a95a-c558b85a81dd admin admin] 10.222.0.26 "GET /v2.0/security-groups?tenant_id=6eff95326cd343a9aa6f6ae641d84acd&name=default HTTP/1.1" status: 200 len: 2996 time: 0.2956517
Nov 12 08:07:17.701145 n-d-765315-29 neutron-server[102599]: DEBUG neutron.api.rpc.handlers.resources_rpc [None req-720084f2-d13c-4819-a95a-c558b85a81dd admin admin] Pushing event updated for resources: {'SecurityGroup': ['ID=dd7182fc-6043-4f42-8b24-3e08c49b0fb5,revision_number=1']} {{(pid=102599) push /opt/stack/neutron/neutron/api/rpc/handlers/resources_rpc.py:237}}
Nov 12 08:07:17.702704 n-d-765315-29 neutron-server[102600]: DEBUG neutron.wsgi [-] (102600) accepted ('10.222.0.26', 58716) {{(pid=102600) server /usr/local/lib/python3.8/dist-packages/eventlet/wsgi.py:982}}
Nov 12 08:07:17.782301 n-d-765315-29 neutron-server[102600]: DEBUG neutron_lib.callbacks.manager [None req-a9bf7660-c887-415a-a35c-193b6fcc7844 admin admin] Publish callbacks [] for security_group, before_delete {{(pid=102600) _notify_loop /usr/local/lib/python3.8/dist-packages/neutron_lib/callbacks/manager.py:175}}
Nov 12 08:07:17.819415 n-d-765315-29 neutron-server[102600]: DEBUG neutron_lib.callbacks.manager [None req-a9bf7660-c887-415a-a35c-193b6fcc7844 admin admin] Publish callbacks [] for security_group, precommit_delete {{(pid=102600) _notify_loop /usr/local/lib/python3.8/dist-packages/neutron_lib/callbacks/manager.py:175}}
Nov 12 08:07:17.910140 n-d-765315-29 neutron-server[102600]: DEBUG neutron_lib.callbacks.manager [None req-a9bf7660-c887-415a-a35c-193b6fcc7844 admin admin] Publish callbacks ['neutron.plugins.ml2.ovo_rpc._ObjectChangeHandler.handle_event-528344'] for security_group, after_delete {{(pid=102600) _notify_loop /usr/local/lib/python3.8/dist-packages/neutron_lib/callbacks/manager.py:175}}
Nov 12 08:07:17.914756 n-d-765315-29 neutron-server[102600]: DEBUG neutron_lib.callbacks.manager [None req-a9bf7660-c887-415a-a35c-193b6fcc7844 admin admin] Publish callbacks [] for security_group, before_response {{(pid=102600) _notify_loop /usr/local/lib/python3.8/dist-packages/neutron_lib/callbacks/manager.py:175}}
Nov 12 08:07:17.917723 n-d-765315-29 neutron-server[102600]: INFO neutron.wsgi [None req-a9bf7660-c887-415a-a35c-193b6fcc7844 admin admin] 10.222.0.26 "DELETE /v2.0/security-groups/dd7182fc-6043-4f42-8b24-3e08c49b0fb5 HTTP/1.1" status: 204 len: 168 time: 0.2135587
Nov 12 08:07:17.944630 n-d-765315-29 neutron-server[102600]: DEBUG neutron.api.rpc.handlers.resources_rpc [None req-a9bf7660-c887-415a-a35c-193b6fcc7844 admin admin] Pushing event deleted for resources: {'SecurityGroup': ['ID=dd7182fc-6043-4f42-8b24-3e08c49b0fb5,revision_number=None']} {{(pid=102600) push /opt/stack/neutron/neutron/api/rpc/handlers/resources_rpc.py:237}}
Nov 12 08:07:18.501872 n-d-765315-29 neutron-server[102599]: DEBUG neutron.pecan_wsgi.hooks.policy_enforcement [req-8ce4dc46-21d6-45fe-b410-5e4d77428ec2 req-6ac87496-3041-4c38-b060-6ed0194012bf tempest-AggregatesAdminTestJSON-81161647 tempest-AggregatesAdminTestJSON-81161647-project] Attributes excluded by policy engine: ['standard_attr_id', 'binding:profile', 'binding:host_id', 'binding:vif_type', 'binding:vif_details'] {{(pid=102599) _exclude_attributes_by_policy /opt/stack/neutron/neutron/pecan_wsgi/hooks/policy_enforcement.py:255}}
Nov 12 08:07:18.509838 n-d-765315-29 neutron-server[102599]: INFO neutron.wsgi [req-8ce4dc46-21d6-45fe-b410-5e4d77428ec2 req-6ac87496-3041-4c38-b060-6ed0194012bf tempest-AggregatesAdminTestJSON-81161647 tempest-AggregatesAdminTestJSON-81161647-project] 10.222.0.26 "GET /v2.0/ports?device_id=5c549cf4-8b8a-4091-9464-b846b1b87e99 HTTP/1.1" status: 200 len: 969 time: 0.0706384
Nov 12 08:07:18.570154 n-d-765315-29 neutron-server[102599]: INFO neutron.wsgi [req-8ce4dc46-21d6-45fe-b410-5e4d77428ec2 req-198a343a-b8e8-4050-9065-7184fcc13a9f tempest-AggregatesAdminTestJSON-81161647 tempest-AggregatesAdminTestJSON-81161647-project] 10.222.0.26 "GET /v2.0/security-groups?id=b77c4906-9bfa-4787-9845-f0c28cf33794&fields=id&fields=name HTTP/1.1" status: 200 len: 286 time: 0.0591934
Nov 12 08:07:18.960665 n-d-765315-29 neutron-server[102600]: DEBUG neutron.wsgi [-] (102600) accepted ('10.222.0.26', 58774) {{(pid=102600) server /usr/local/lib/python3.8/dist-packages/eventlet/wsgi.py:982}}
Nov 12 08:07:19.278486 n-d-765315-29 neutron-server[102600]: DEBUG neutron.api.v2.base [None req-813a9980-44de-410e-8a35-00a12b3822c6 admin admin] Request body: {'network': {'name': 'tempest-ServersWithSpecificFlavorTestJSON-1275168530-network', 'tenant_id': '8b8773b9ba7c4e19ac14f719fc98c803'}} {{(pid=102600) prepare_request_body /opt/stack/neutron/neutron/api/v2/base.py:729}}
Nov 12 08:07:19.328337 n-d-765315-29 neutron-server[102600]: DEBUG neutron.pecan_wsgi.hooks.quota_enforcement [None req-813a9980-44de-410e-8a35-00a12b3822c6 admin admin] Made reservation on behalf of 8b8773b9ba7c4e19ac14f719fc98c803 for: {'network': 1} {{(pid=102600) before /opt/stack/neutron/neutron/pecan_wsgi/hooks/quota_enforcement.py:53}}
Nov 12 08:07:19.330822 n-d-765315-29 neutron-server[102600]: DEBUG neutron_lib.callbacks.manager [None req-813a9980-44de-410e-8a35-00a12b3822c6 admin admin] Publish callbacks ['neutron.plugins.ml2.plugin.SecurityGroupDbMixin._ensure_default_security_group_handler-1578608'] for network, before_create {{(pid=102600) _notify_loop /usr/local/lib/python3.8/dist-packages/neutron_lib/callbacks/manager.py:175}}
Nov 12 08:07:19.344641 n-d-765315-29 neutron-server[102600]: DEBUG neutron_lib.callbacks.manager [None req-813a9980-44de-410e-8a35-00a12b3822c6 admin admin] Publish callbacks [] for security_group, before_create {{(pid=102600) _notify_loop /usr/local/lib/python3.8/dist-packages/neutron_lib/callbacks/manager.py:175}}
Nov 12 08:07:19.474822 n-d-765315-29 neutron-server[102600]: DEBUG neutron_lib.callbacks.manager [None req-813a9980-44de-410e-8a35-00a12b3822c6 admin admin] Publish callbacks [] for security_group, precommit_create {{(pid=102600) _notify_loop /usr/local/lib/python3.8/dist-packages/neutron_lib/callbacks/manager.py:175}}
Nov 12 08:07:19.480356 n-d-765315-29 neutron-server[102600]: DEBUG neutron_lib.callbacks.manager [None req-813a9980-44de-410e-8a35-00a12b3822c6 admin admin] Publish callbacks ['neutron.plugins.ml2.ovo_rpc._ObjectChangeHandler.handle_event-528344'] for security_group, after_create {{(pid=102600) _notify_loop /usr/local/lib/python3.8/dist-packages/neutron_lib/callbacks/manager.py:175}}
Nov 12 08:07:19.511062 n-d-765315-29 neutron-server[102600]: DEBUG neutron.plugins.ml2.drivers.helpers [None req-813a9980-44de-410e-8a35-00a12b3822c6 admin admin] vlan segment allocate from pool success with {'vlan_id': 346, 'physical_network': 'physnet1'} {{(pid=102600) allocate_partially_specified_segment /opt/stack/neutron/neutron/plugins/ml2/drivers/helpers.py:153}}
Nov 12 08:07:19.522253 n-d-765315-29 neutron-server[102600]: DEBUG neutron.api.rpc.handlers.resources_rpc [None req-813a9980-44de-410e-8a35-00a12b3822c6 admin admin] Pushing event updated for resources: {'SecurityGroup': ['ID=54321eeb-f2f5-4a9d-ad2e-5d6f4862e51c,revision_number=1']} {{(pid=102600) push /opt/stack/neutron/neutron/api/rpc/handlers/resources_rpc.py:237}}
Nov 12 08:07:19.527623 n-d-765315-29 neutron-server[102600]: DEBUG neutron_lib.callbacks.manager [None req-813a9980-44de-410e-8a35-00a12b3822c6 admin admin] Publish callbacks ['neutron.plugins.ml2.plugin.Ml2Plugin._handle_segment_change-2021596'] for segment, precommit_create {{(pid=102600) _notify_loop /usr/local/lib/python3.8/dist-packages/neutron_lib/callbacks/manager.py:175}}
Nov 12 08:07:19.528543 n-d-765315-29 neutron-server[102600]: INFO neutron.db.segments_db [None req-813a9980-44de-410e-8a35-00a12b3822c6 admin admin] Added segment c1acfdd1-5634-4383-a3b0-beb6da56b542 of type vlan for network 8e17c76e-613f-40d2-ae39-1725682b1af7
Nov 12 08:07:19.596112 n-d-765315-29 neutron-server[102600]: DEBUG neutron_lib.callbacks.manager [None req-813a9980-44de-410e-8a35-00a12b3822c6 admin admin] Publish callbacks ['neutron.services.auto_allocate.db._ensure_external_network_default_value_callback-8762119379932'] for network, precommit_create {{(pid=102600) _notify_loop /usr/local/lib/python3.8/dist-packages/neutron_lib/callbacks/manager.py:175}}
Nov 12 08:07:19.627530 n-d-765315-29 neutron-server[102600]: DEBUG neutron_lib.callbacks.manager [None req-813a9980-44de-410e-8a35-00a12b3822c6 admin admin] Publish callbacks ['neutron.plugins.ml2.ovo_rpc._ObjectChangeHandler.handle_event-530542', 'neutron.api.rpc.agentnotifiers.dhcp_rpc_agent_api.DhcpAgentNotifyAPI._native_event_send_dhcp_notification-568724'] for network, after_create {{(pid=102600) _notify_loop /usr/local/lib/python3.8/dist-packages/neutron_lib/callbacks/manager.py:175}}
Nov 12 08:07:19.629143 n-d-765315-29 neutron-server[102600]: DEBUG neutron.pecan_wsgi.hooks.policy_enforcement [None req-813a9980-44de-410e-8a35-00a12b3822c6 admin admin] Attributes excluded by policy engine: ['standard_attr_id', 'vlan_transparent'] {{(pid=102600) _exclude_attributes_by_policy /opt/stack/neutron/neutron/pecan_wsgi/hooks/policy_enforcement.py:255}}
Nov 12 08:07:19.629924 n-d-765315-29 neutron-server[102600]: DEBUG neutron_lib.callbacks.manager [None req-813a9980-44de-410e-8a35-00a12b3822c6 admin admin] Publish callbacks ['neutron.api.rpc.agentnotifiers.dhcp_rpc_agent_api.DhcpAgentNotifyAPI._send_dhcp_notification-568706'] for network, before_response {{(pid=102600) _notify_loop /usr/local/lib/python3.8/dist-packages/neutron_lib/callbacks/manager.py:175}}
Nov 12 08:07:19.720466 n-d-765315-29 neutron-server[102599]: DEBUG neutron.wsgi [-] (102599) accepted ('10.222.0.26', 58808) {{(pid=102599) server /usr/local/lib/python3.8/dist-packages/eventlet/wsgi.py:982}}
Nov 12 08:07:19.721051 n-d-765315-29 neutron-server[102600]: INFO neutron.wsgi [None req-813a9980-44de-410e-8a35-00a12b3822c6 admin admin] 10.222.0.26 "POST /v2.0/networks HTTP/1.1" status: 201 len: 897 time: 0.7580245
Nov 12 08:07:19.727763 n-d-765315-29 neutron-server[102599]: DEBUG neutron.api.v2.base [None req-948c3517-23d6-4c84-8923-d0f5f518f450 admin admin] Request body: {'subnet': {'network_id': '8e17c76e-613f-40d2-ae39-1725682b1af7', 'cidr': '172.20.0.0/28', 'name': 'tempest-ServersWithSpecificFlavorTestJSON-1275168530-subnet', 'tenant_id': '8b8773b9ba7c4e19ac14f719fc98c803', 'enable_dhcp': True, 'ip_version': 4}} {{(pid=102599) prepare_request_body /opt/stack/neutron/neutron/api/v2/base.py:729}}
Nov 12 08:07:19.743647 n-d-765315-29 neutron-server[102600]: DEBUG neutron.api.rpc.handlers.resources_rpc [None req-813a9980-44de-410e-8a35-00a12b3822c6 admin admin] Pushing event updated for resources: {'Network': ['ID=8e17c76e-613f-40d2-ae39-1725682b1af7,revision_number=1']} {{(pid=102600) push /opt/stack/neutron/neutron/api/rpc/handlers/resources_rpc.py:237}}
Nov 12 08:07:19.758370 n-d-765315-29 neutron-server[102601]: DEBUG neutron.plugins.ml2.rpc [None req-05927327-50ed-408e-a587-da2eea448f97 None None] Network 8e17c76e-613f-40d2-ae39-1725682b1af7 details requested by agent ovs-agent-n-d-765315-29 with host n-d-765315-29 {{(pid=102601) get_network_details /opt/stack/neutron/neutron/plugins/ml2/rpc.py:248}}
Nov 12 08:07:19.781060 n-d-765315-29 neutron-server[102600]: DEBUG neutron.pecan_wsgi.hooks.policy_enforcement [req-3566ce4e-d1ce-4fbb-919f-717079d52149 req-d589fa6d-b542-49b4-aaba-cbdab3ad1c4c tempest-AggregatesAdminTestJSON-81161647 tempest-AggregatesAdminTestJSON-81161647-project] Attributes excluded by policy engine: ['standard_attr_id', 'binding:profile', 'binding:host_id', 'binding:vif_type', 'binding:vif_details'] {{(pid=102600) _exclude_attributes_by_policy /opt/stack/neutron/neutron/pecan_wsgi/hooks/policy_enforcement.py:255}}
Nov 12 08:07:19.782919 n-d-765315-29 neutron-server[102600]: INFO neutron.wsgi [req-3566ce4e-d1ce-4fbb-919f-717079d52149 req-d589fa6d-b542-49b4-aaba-cbdab3ad1c4c tempest-AggregatesAdminTestJSON-81161647 tempest-AggregatesAdminTestJSON-81161647-project] 10.222.0.26 "GET /v2.0/ports?device_id=5c549cf4-8b8a-4091-9464-b846b1b87e99 HTTP/1.1" status: 200 len: 969 time: 0.1217294
Nov 12 08:07:19.790109 n-d-765315-29 neutron-server[102599]: DEBUG neutron.pecan_wsgi.hooks.quota_enforcement [None req-948c3517-23d6-4c84-8923-d0f5f518f450 admin admin] Made reservation on behalf of 8b8773b9ba7c4e19ac14f719fc98c803 for: {'subnet': 1} {{(pid=102599) before /opt/stack/neutron/neutron/pecan_wsgi/hooks/quota_enforcement.py:53}}
Nov 12 08:07:19.793968 n-d-765315-29 neutron-server[102599]: DEBUG neutron_lib.callbacks.manager [None req-948c3517-23d6-4c84-8923-d0f5f518f450 admin admin] Publish callbacks [] for subnet, before_create {{(pid=102599) _notify_loop /usr/local/lib/python3.8/dist-packages/neutron_lib/callbacks/manager.py:175}}
Nov 12 08:07:19.919344 n-d-765315-29 neutron-server[102600]: INFO neutron.wsgi [req-3566ce4e-d1ce-4fbb-919f-717079d52149 req-83c2c76d-0119-4961-8007-459c6107f2d7 tempest-AggregatesAdminTestJSON-81161647 tempest-AggregatesAdminTestJSON-81161647-project] 10.222.0.26 "GET /v2.0/security-groups?id=b77c4906-9bfa-4787-9845-f0c28cf33794&fields=id&fields=name HTTP/1.1" status: 200 len: 286 time: 0.1268284
Nov 12 08:07:19.974894 n-d-765315-29 neutron-server[102600]: DEBUG neutron.wsgi [-] (102600) accepted ('10.222.0.26', 58816) {{(pid=102600) server /usr/local/lib/python3.8/dist-packages/eventlet/wsgi.py:982}}
Nov 12 08:07:20.030782 n-d-765315-29 neutron-server[102599]: DEBUG neutron_lib.callbacks.manager [None req-948c3517-23d6-4c84-8923-d0f5f518f450 admin admin] Publish callbacks ['neutron.plugins.ml2.ovo_rpc._ObjectChangeHandler.handle_event-550673', 'neutron.api.rpc.agentnotifiers.dhcp_rpc_agent_api.DhcpAgentNotifyAPI._native_event_send_dhcp_notification-568724'] for subnet, after_create {{(pid=102599) _notify_loop /usr/local/lib/python3.8/dist-packages/neutron_lib/callbacks/manager.py:175}}
Nov 12 08:07:20.085739 n-d-765315-29 neutron-server[102599]: DEBUG neutron.api.rpc.handlers.resources_rpc [None req-948c3517-23d6-4c84-8923-d0f5f518f450 admin admin] Pushing event updated for resources: {'Subnet': ['ID=73099bd0-5c51-4de3-ba74-9eb47a87705d,revision_number=0']} {{(pid=102599) push /opt/stack/neutron/neutron/api/rpc/handlers/resources_rpc.py:237}}
Nov 12 08:07:20.104549 n-d-765315-29 neutron-server[102599]: DEBUG neutron.plugins.ml2.drivers.mech_agent [None req-948c3517-23d6-4c84-8923-d0f5f518f450 admin admin] Checking segment: {'id': 'c1acfdd1-5634-4383-a3b0-beb6da56b542', 'network_type': 'vlan', 'physical_network': 'physnet1', 'segmentation_id': 346, 'network_id': '8e17c76e-613f-40d2-ae39-1725682b1af7'} for mappings: {'physnet1': 'br-data'} with network types: ['local', 'flat', 'vlan'] {{(pid=102599) check_segment_for_agent /opt/stack/neutron/neutron/plugins/ml2/drivers/mech_agent.py:371}}
Nov 12 08:07:20.105163 n-d-765315-29 neutron-server[102599]: DEBUG neutron.scheduler.dhcp_agent_scheduler [None req-948c3517-23d6-4c84-8923-d0f5f518f450 admin admin] Network hostable DHCP agents. Network: 8e17c76e-613f-40d2-ae39-1725682b1af7, hostable agents: ['739822cd-1605-4e8e-9640-c5ef93d539b6'], hosted agents: [] {{(pid=102599) _get_network_hostable_dhcp_agents /opt/stack/neutron/neutron/scheduler/dhcp_agent_scheduler.py:329}}
Nov 12 08:07:20.124765 n-d-765315-29 neutron-server[102599]: DEBUG neutron.scheduler.dhcp_agent_scheduler [None req-948c3517-23d6-4c84-8923-d0f5f518f450 admin admin] Network 8e17c76e-613f-40d2-ae39-1725682b1af7 is scheduled to be hosted by DHCP agent 739822cd-1605-4e8e-9640-c5ef93d539b6 with binding_index 1 {{(pid=102599) bind /opt/stack/neutron/neutron/scheduler/dhcp_agent_scheduler.py:227}}
Nov 12 08:07:20.137124 n-d-765315-29 neutron-server[102600]: DEBUG neutron_lib.callbacks.manager [None req-0f41162d-1161-4513-a186-5469f28915b8 admin admin] Publish callbacks [] for security_group, before_create {{(pid=102600) _notify_loop /usr/local/lib/python3.8/dist-packages/neutron_lib/callbacks/manager.py:175}}
Nov 12 08:07:20.141632 n-d-765315-29 neutron-server[102599]: DEBUG neutron.scheduler.base_scheduler [None req-948c3517-23d6-4c84-8923-d0f5f518f450 admin admin] Resources bound (agent type, host, resource id): (DHCP agent, n-d-765315-29, 8e17c76e-613f-40d2-ae39-1725682b1af7) {{(pid=102599) schedule /opt/stack/neutron/neutron/scheduler/base_scheduler.py:57}}
Nov 12 08:07:20.151656 n-d-765315-29 neutron-server[102599]: DEBUG neutron.pecan_wsgi.hooks.policy_enforcement [None req-948c3517-23d6-4c84-8923-d0f5f518f450 admin admin] Attributes excluded by policy engine: ['standard_attr_id', 'shared', 'network'] {{(pid=102599) _exclude_attributes_by_policy /opt/stack/neutron/neutron/pecan_wsgi/hooks/policy_enforcement.py:255}}
Nov 12 08:07:20.152689 n-d-765315-29 neutron-server[102599]: DEBUG neutron_lib.callbacks.manager [None req-948c3517-23d6-4c84-8923-d0f5f518f450 admin admin] Publish callbacks ['neutron.api.rpc.agentnotifiers.dhcp_rpc_agent_api.DhcpAgentNotifyAPI._send_dhcp_notification-568706'] for subnet, before_response {{(pid=102599) _notify_loop /usr/local/lib/python3.8/dist-packages/neutron_lib/callbacks/manager.py:175}}
Nov 12 08:07:20.153778 n-d-765315-29 neutron-server[102601]: DEBUG neutron.api.rpc.handlers.dhcp_rpc [None req-b760ca8c-a22f-475a-b7ab-5d1ee39d6824 None None] Network 8e17c76e-613f-40d2-ae39-1725682b1af7 requested from n-d-765315-29 {{(pid=102601) get_network_info /opt/stack/neutron/neutron/api/rpc/handlers/dhcp_rpc.py:218}}
Nov 12 08:07:20.176457 n-d-765315-29 neutron-server[102599]: INFO neutron.wsgi [None req-948c3517-23d6-4c84-8923-d0f5f518f450 admin admin] 10.222.0.26 "POST /v2.0/subnets HTTP/1.1" status: 201 len: 860 time: 0.4539039
Nov 12 08:07:20.179601 n-d-765315-29 neutron-server[102599]: DEBUG neutron.wsgi [-] (102599) accepted ('10.222.0.26', 58822) {{(pid=102599) server /usr/local/lib/python3.8/dist-packages/eventlet/wsgi.py:982}}
Nov 12 08:07:20.186792 n-d-765315-29 neutron-server[102599]: DEBUG neutron.api.v2.base [None req-43237a74-b017-48dc-98be-c58b7cf123d5 admin admin] Request body: {'router': {'name': 'tempest-ServersWithSpecificFlavorTestJSON-1275168530-router', 'tenant_id': '8b8773b9ba7c4e19ac14f719fc98c803', 'external_gateway_info': {'network_id': 'd709f64f-f9e6-4525-b020-ad48633b9bbf'}}} {{(pid=102599) prepare_request_body /opt/stack/neutron/neutron/api/v2/base.py:729}}
Nov 12 08:07:20.224595 n-d-765315-29 neutron-server[102599]: DEBUG neutron_lib.callbacks.manager [None req-43237a74-b017-48dc-98be-c58b7cf123d5 admin admin] Publish callbacks ['neutron.services.l3_router.l3_router_plugin.L3_HA_NAT_db_mixin._before_router_create_handler-918947', 'neutron.services.l3_router.service_providers.driver_controller.DriverController._check_router_request-57785'] for router, before_create {{(pid=102599) _notify_loop /usr/local/lib/python3.8/dist-packages/neutron_lib/callbacks/manager.py:175}}
Nov 12 08:07:20.226154 n-d-765315-29 neutron-server[102599]: DEBUG neutron_lib.callbacks.manager [None req-43237a74-b017-48dc-98be-c58b7cf123d5 admin admin] Publish callbacks ['neutron.services.l3_router.l3_router_plugin.L3_HA_NAT_db_mixin._precommit_router_create-919347', 'neutron.services.l3_router.l3_router_plugin.DVRResourceOperationHandler._set_distributed_flag-932969', 'neutron.services.l3_router.l3_router_plugin.RouterAvailabilityZoneMixin._process_az_request-538834', 'neutron.services.l3_router.service_providers.driver_controller.DriverController._set_router_provider-57782'] for router, precommit_create {{(pid=102599) _notify_loop /usr/local/lib/python3.8/dist-packages/neutron_lib/callbacks/manager.py:175}}
Nov 12 08:07:20.291796 n-d-765315-29 neutron-server[102600]: DEBUG neutron_lib.callbacks.manager [None req-0f41162d-1161-4513-a186-5469f28915b8 admin admin] Publish callbacks [] for security_group, precommit_create {{(pid=102600) _notify_loop /usr/local/lib/python3.8/dist-packages/neutron_lib/callbacks/manager.py:175}}
Nov 12 08:07:20.296530 n-d-765315-29 neutron-server[102600]: DEBUG neutron_lib.callbacks.manager [None req-0f41162d-1161-4513-a186-5469f28915b8 admin admin] Publish callbacks ['neutron.plugins.ml2.ovo_rpc._ObjectChangeHandler.handle_event-528344'] for security_group, after_create {{(pid=102600) _notify_loop /usr/local/lib/python3.8/dist-packages/neutron_lib/callbacks/manager.py:175}}
Nov 12 08:07:20.351504 n-d-765315-29 neutron-server[102600]: INFO neutron.wsgi [None req-0f41162d-1161-4513-a186-5469f28915b8 admin admin] 10.222.0.26 "GET /v2.0/security-groups?tenant_id=1244eb58370e45fe9853837b1e66614c&name=default HTTP/1.1" status: 200 len: 2996 time: 0.3743811
Nov 12 08:07:20.354653 n-d-765315-29 neutron-server[102600]: DEBUG neutron.wsgi [-] (102600) accepted ('10.222.0.26', 58830) {{(pid=102600) server /usr/local/lib/python3.8/dist-packages/eventlet/wsgi.py:982}}
