Nov 12 08:07:20.399177 n-d-765315-29 neutron-server[102600]: DEBUG neutron.api.rpc.handlers.resources_rpc [None req-0f41162d-1161-4513-a186-5469f28915b8 admin admin] Pushing event updated for resources: {'SecurityGroup': ['ID=8e2f1979-0628-4c77-8cea-90c7ce47f19b,revision_number=1']} {{(pid=102600) push /opt/stack/neutron/neutron/api/rpc/handlers/resources_rpc.py:237}}
Nov 12 08:07:20.429691 n-d-765315-29 neutron-server[102599]: DEBUG neutron_lib.callbacks.manager [None req-43237a74-b017-48dc-98be-c58b7cf123d5 admin admin] Publish callbacks [] for router_controller, precommit_add_association {{(pid=102599) _notify_loop /usr/local/lib/python3.8/dist-packages/neutron_lib/callbacks/manager.py:175}}
Nov 12 08:07:20.444066 n-d-765315-29 neutron-server[102600]: DEBUG neutron_lib.callbacks.manager [None req-e3e70367-d416-44ec-8d32-09672b19b4da admin admin] Publish callbacks [] for security_group, before_delete {{(pid=102600) _notify_loop /usr/local/lib/python3.8/dist-packages/neutron_lib/callbacks/manager.py:175}}
Nov 12 08:07:20.498348 n-d-765315-29 neutron-server[102600]: DEBUG neutron_lib.callbacks.manager [None req-e3e70367-d416-44ec-8d32-09672b19b4da admin admin] Publish callbacks [] for security_group, precommit_delete {{(pid=102600) _notify_loop /usr/local/lib/python3.8/dist-packages/neutron_lib/callbacks/manager.py:175}}
Nov 12 08:07:20.613582 n-d-765315-29 neutron-server[102600]: DEBUG neutron_lib.callbacks.manager [None req-e3e70367-d416-44ec-8d32-09672b19b4da admin admin] Publish callbacks ['neutron.plugins.ml2.ovo_rpc._ObjectChangeHandler.handle_event-528344'] for security_group, after_delete {{(pid=102600) _notify_loop /usr/local/lib/python3.8/dist-packages/neutron_lib/callbacks/manager.py:175}}
Nov 12 08:07:20.627588 n-d-765315-29 neutron-server[102600]: DEBUG neutron_lib.callbacks.manager [None req-e3e70367-d416-44ec-8d32-09672b19b4da admin admin] Publish callbacks [] for security_group, before_response {{(pid=102600) _notify_loop /usr/local/lib/python3.8/dist-packages/neutron_lib/callbacks/manager.py:175}}
Nov 12 08:07:20.639066 n-d-765315-29 neutron-server[102600]: INFO neutron.wsgi [None req-e3e70367-d416-44ec-8d32-09672b19b4da admin admin] 10.222.0.26 "DELETE /v2.0/security-groups/8e2f1979-0628-4c77-8cea-90c7ce47f19b HTTP/1.1" status: 204 len: 168 time: 0.2830164
Nov 12 08:07:20.656800 n-d-765315-29 neutron-server[102600]: DEBUG neutron.api.rpc.handlers.resources_rpc [None req-e3e70367-d416-44ec-8d32-09672b19b4da admin admin] Pushing event deleted for resources: {'SecurityGroup': ['ID=8e2f1979-0628-4c77-8cea-90c7ce47f19b,revision_number=None']} {{(pid=102600) push /opt/stack/neutron/neutron/api/rpc/handlers/resources_rpc.py:237}}
Nov 12 08:07:20.706847 n-d-765315-29 neutron-server[102601]: DEBUG neutron.api.rpc.handlers.dhcp_rpc [None req-63f9f9b4-c27a-4359-bcfc-cc7076a3b25f None None] Create dhcp port {'port': {'name': '', 'admin_state_up': True, 'device_id': 'dhcp84e6562b-c6b6-58c8-9e61-62b2e075d157-8e17c76e-613f-40d2-ae39-1725682b1af7', 'network_id': '8e17c76e-613f-40d2-ae39-1725682b1af7', 'tenant_id': '8b8773b9ba7c4e19ac14f719fc98c803', 'fixed_ips': [{'subnet_id': '73099bd0-5c51-4de3-ba74-9eb47a87705d'}]}} from n-d-765315-29. {{(pid=102601) create_dhcp_port /opt/stack/neutron/neutron/api/rpc/handlers/dhcp_rpc.py:285}}
Nov 12 08:07:20.707721 n-d-765315-29 neutron-server[102601]: DEBUG neutron_lib.callbacks.manager [None req-63f9f9b4-c27a-4359-bcfc-cc7076a3b25f None None] Publish callbacks ['neutron.plugins.ml2.plugin.SecurityGroupDbMixin._ensure_default_security_group_handler-1578608'] for port, before_create {{(pid=102601) _notify_loop /usr/local/lib/python3.8/dist-packages/neutron_lib/callbacks/manager.py:175}}
Nov 12 08:07:20.806562 n-d-765315-29 neutron-server[102599]: DEBUG neutron_lib.callbacks.manager [None req-43237a74-b017-48dc-98be-c58b7cf123d5 admin admin] Publish callbacks [] for router_gateway, precommit_update {{(pid=102599) _notify_loop /usr/local/lib/python3.8/dist-packages/neutron_lib/callbacks/manager.py:175}}
Nov 12 08:07:20.931098 n-d-765315-29 neutron-server[102600]: DEBUG neutron.wsgi [-] (102600) accepted ('10.222.0.26', 58844) {{(pid=102600) server /usr/local/lib/python3.8/dist-packages/eventlet/wsgi.py:982}}
Nov 12 08:07:20.948465 n-d-765315-29 neutron-server[102601]: DEBUG neutron.db.db_base_plugin_common [None req-63f9f9b4-c27a-4359-bcfc-cc7076a3b25f None None] Allocated IP 172.20.0.2 (8e17c76e-613f-40d2-ae39-1725682b1af7/73099bd0-5c51-4de3-ba74-9eb47a87705d/1c14e602-21ad-4abd-a61e-3c882dfadf34) {{(pid=102601) _store_ip_allocation /opt/stack/neutron/neutron/db/db_base_plugin_common.py:131}}
Nov 12 08:07:21.122367 n-d-765315-29 neutron-server[102601]: DEBUG neutron_lib.callbacks.manager [None req-63f9f9b4-c27a-4359-bcfc-cc7076a3b25f None None] Publish callbacks [] for port, precommit_create {{(pid=102601) _notify_loop /usr/local/lib/python3.8/dist-packages/neutron_lib/callbacks/manager.py:175}}
Nov 12 08:07:21.138461 n-d-765315-29 neutron-server[102601]: DEBUG neutron_lib.callbacks.manager [None req-63f9f9b4-c27a-4359-bcfc-cc7076a3b25f None None] Publish callbacks ['neutron.plugins.ml2.plugin.SecurityGroupServerNotifierRpcMixin._notify_sg_on_port_change-1637596', 'neutron.plugins.ml2.ovo_rpc._ObjectChangeHandler.handle_event-357520', 'neutron.api.rpc.agentnotifiers.dhcp_rpc_agent_api.DhcpAgentNotifyAPI._native_event_send_dhcp_notification-568724', 'neutron.db.l3_dvrscheduler_db._notify_l3_agent_new_port-8762119394690'] for port, after_create {{(pid=102601) _notify_loop /usr/local/lib/python3.8/dist-packages/neutron_lib/callbacks/manager.py:175}}
Nov 12 08:07:21.214784 n-d-765315-29 neutron-server[102599]: DEBUG neutron_lib.callbacks.manager [None req-43237a74-b017-48dc-98be-c58b7cf123d5 admin admin] Publish callbacks [] for router_gateway, before_create {{(pid=102599) _notify_loop /usr/local/lib/python3.8/dist-packages/neutron_lib/callbacks/manager.py:175}}
Nov 12 08:07:21.235963 n-d-765315-29 neutron-server[102601]: DEBUG neutron.api.rpc.handlers.resources_rpc [None req-63f9f9b4-c27a-4359-bcfc-cc7076a3b25f None None] Pushing event updated for resources: {'Port': ['ID=1c14e602-21ad-4abd-a61e-3c882dfadf34,revision_number=1']} {{(pid=102601) push /opt/stack/neutron/neutron/api/rpc/handlers/resources_rpc.py:237}}
Nov 12 08:07:21.257294 n-d-765315-29 neutron-server[102601]: DEBUG neutron.scheduler.dhcp_agent_scheduler [None req-63f9f9b4-c27a-4359-bcfc-cc7076a3b25f None None] Network 8e17c76e-613f-40d2-ae39-1725682b1af7 is already hosted by enough agents. {{(pid=102601) _get_dhcp_agents_hosting_network /opt/stack/neutron/neutron/scheduler/dhcp_agent_scheduler.py:275}}
Nov 12 08:07:21.259316 n-d-765315-29 neutron-server[102601]: DEBUG neutron.scheduler.base_scheduler [None req-63f9f9b4-c27a-4359-bcfc-cc7076a3b25f None None] Resources bound (agent type, host, resource id): {{(pid=102601) schedule /opt/stack/neutron/neutron/scheduler/base_scheduler.py:57}}
Nov 12 08:07:21.262295 n-d-765315-29 neutron-server[102601]: DEBUG neutron.db.l3_dvrscheduler_db [None req-63f9f9b4-c27a-4359-bcfc-cc7076a3b25f None None] Received port after_create {{(pid=102601) _notify_l3_agent_new_port /opt/stack/neutron/neutron/db/l3_dvrscheduler_db.py:535}}
Nov 12 08:07:21.264121 n-d-765315-29 neutron-server[102599]: DEBUG neutron.pecan_wsgi.hooks.policy_enforcement [req-c9de1a71-993b-4dca-9c2f-e9752e15c956 req-f6c6ed53-164e-4e5f-ad4e-06b3a8424f3e tempest-AggregatesAdminTestJSON-81161647 tempest-AggregatesAdminTestJSON-81161647-project] Attributes excluded by policy engine: ['standard_attr_id', 'binding:profile', 'binding:host_id', 'binding:vif_type', 'binding:vif_details'] {{(pid=102599) _exclude_attributes_by_policy /opt/stack/neutron/neutron/pecan_wsgi/hooks/policy_enforcement.py:255}}
Nov 12 08:07:21.269794 n-d-765315-29 neutron-server[102599]: INFO neutron.wsgi [req-c9de1a71-993b-4dca-9c2f-e9752e15c956 req-f6c6ed53-164e-4e5f-ad4e-06b3a8424f3e tempest-AggregatesAdminTestJSON-81161647 tempest-AggregatesAdminTestJSON-81161647-project] 10.222.0.26 "GET /v2.0/ports?device_id=5c549cf4-8b8a-4091-9464-b846b1b87e99 HTTP/1.1" status: 200 len: 969 time: 0.1331093
Nov 12 08:07:21.282053 n-d-765315-29 neutron-server[102599]: DEBUG neutron_lib.callbacks.manager [None req-43237a74-b017-48dc-98be-c58b7cf123d5 admin admin] Publish callbacks ['neutron.plugins.ml2.plugin.SecurityGroupDbMixin._ensure_default_security_group_handler-1578608'] for port, before_create {{(pid=102599) _notify_loop /usr/local/lib/python3.8/dist-packages/neutron_lib/callbacks/manager.py:175}}
Nov 12 08:07:21.342718 n-d-765315-29 neutron-server[102601]: DEBUG neutron.plugins.ml2.managers [None req-63f9f9b4-c27a-4359-bcfc-cc7076a3b25f None None] Attempting to bind port 1c14e602-21ad-4abd-a61e-3c882dfadf34 on host n-d-765315-29 for vnic_type normal with profile {{(pid=102601) bind_port /opt/stack/neutron/neutron/plugins/ml2/managers.py:795}}
Nov 12 08:07:21.343110 n-d-765315-29 neutron-server[102601]: DEBUG neutron.plugins.ml2.managers [None req-63f9f9b4-c27a-4359-bcfc-cc7076a3b25f None None] Attempting to bind port 1c14e602-21ad-4abd-a61e-3c882dfadf34 by drivers openvswitch,hyperv on host n-d-765315-29 at level 0 using segments [{'id': 'c1acfdd1-5634-4383-a3b0-beb6da56b542', 'network_type': 'vlan', 'physical_network': 'physnet1', 'segmentation_id': 346, 'network_id': '8e17c76e-613f-40d2-ae39-1725682b1af7'}] {{(pid=102601) _bind_port_level /opt/stack/neutron/neutron/plugins/ml2/managers.py:820}}
Nov 12 08:07:21.343562 n-d-765315-29 neutron-server[102601]: DEBUG neutron.plugins.ml2.drivers.mech_agent [None req-63f9f9b4-c27a-4359-bcfc-cc7076a3b25f None None] Attempting to bind port 1c14e602-21ad-4abd-a61e-3c882dfadf34 on network 8e17c76e-613f-40d2-ae39-1725682b1af7 {{(pid=102601) bind_port /opt/stack/neutron/neutron/plugins/ml2/drivers/mech_agent.py:91}}
Nov 12 08:07:21.357617 n-d-765315-29 neutron-server[102599]: INFO neutron.wsgi [req-c9de1a71-993b-4dca-9c2f-e9752e15c956 req-814141ac-9c4b-4b83-b95f-de6f05feb9d6 tempest-AggregatesAdminTestJSON-81161647 tempest-AggregatesAdminTestJSON-81161647-project] 10.222.0.26 "GET /v2.0/security-groups?id=b77c4906-9bfa-4787-9845-f0c28cf33794&fields=id&fields=name HTTP/1.1" status: 200 len: 286 time: 0.0828936
Nov 12 08:07:21.374867 n-d-765315-29 neutron-server[102601]: DEBUG neutron.plugins.ml2.drivers.mech_agent [None req-63f9f9b4-c27a-4359-bcfc-cc7076a3b25f None None] Checking agent: {'id': '917dae5c-c820-450e-9340-b3e5a421e05e', 'agent_type': 'Open vSwitch agent', 'binary': 'neutron-openvswitch-agent', 'topic': 'N/A', 'host': 'n-d-765315-29', 'admin_state_up': True, 'created_at': datetime.datetime(2021, 11, 12, 7, 56, 40), 'started_at': datetime.datetime(2021, 11, 12, 7, 57, 10), 'heartbeat_timestamp': datetime.datetime(2021, 11, 12, 8, 7, 10), 'description': None, 'resources_synced': None, 'availability_zone': None, 'alive': True, 'configurations': {'arp_responder_enabled': False, 'baremetal_smartnic': False, 'bridge_mappings': {'physnet1': 'br-data'}, 'datapath_type': 'system', 'devices': 0, 'enable_distributed_routing': False, 'extensions': [], 'in_distributed_mode': False, 'integration_bridge': 'br-int', 'l2_population': False, 'log_agent_heartbeats': False, 'ovs_capabilities': {'datapath_types': ['netdev', 'system'], 'iface_types': ['erspan', 'geneve', 'gre', 'internal', 'ip6erspan', 'ip6gre', 'lisp', 'patch', 'stt', 'system', 'tap', 'vxlan']}, 'ovs_hybrid_plug': False, 'resource_provider_bandwidths': {}, 'resource_provider_hypervisors': {'br-data': 'n-d-765315-29'}, 'resource_provider_inventory_defaults': {'allocation_ratio': 1.0, 'min_unit': 1, 'step_size': 1, 'reserved': 0}, 'resource_provider_packet_processing_inventory_defaults': {'allocation_ratio': 1.0, 'min_unit': 1, 'step_size': 1, 'reserved': 0}, 'resource_provider_packet_processing_with_direction': {}, 'resource_provider_packet_processing_without_direction': {}, 'tunnel_types': [], 'tunneling_ip': None, 'vhostuser_socket_dir': '/var/run/openvswitch'}, 'resource_versions': {'AddressGroup': '1.2', 'ConntrackHelper': '1.0', 'Log': '1.0', 'Network': '1.1', 'Port': '1.7', 'PortForwarding': '1.2', 'QosPolicy': '1.10', 'SecurityGroup': '1.5', 'SecurityGroupRule': '1.2', 'SubPort': '1.0', 'Subnet': '1.1', 'Trunk': '1.1'}} {{(pid=102601) bind_port /opt/stack/neutron/neutron/plugins/ml2/drivers/mech_agent.py:110}}
Nov 12 08:07:21.375769 n-d-765315-29 neutron-server[102601]: DEBUG neutron.plugins.ml2.drivers.mech_agent [None req-63f9f9b4-c27a-4359-bcfc-cc7076a3b25f None None] Checking segment: {'id': 'c1acfdd1-5634-4383-a3b0-beb6da56b542', 'network_type': 'vlan', 'physical_network': 'physnet1', 'segmentation_id': 346, 'network_id': '8e17c76e-613f-40d2-ae39-1725682b1af7'} for mappings: {'physnet1': 'br-data'} with network types: ['local', 'flat', 'vlan'] {{(pid=102601) check_segment_for_agent /opt/stack/neutron/neutron/plugins/ml2/drivers/mech_agent.py:371}}
Nov 12 08:07:21.376176 n-d-765315-29 neutron-server[102601]: DEBUG neutron_lib.callbacks.manager [None req-63f9f9b4-c27a-4359-bcfc-cc7076a3b25f None None] Publish callbacks [] for ovs_bridge_name, before_read {{(pid=102601) _notify_loop /usr/local/lib/python3.8/dist-packages/neutron_lib/callbacks/manager.py:175}}
Nov 12 08:07:21.376573 n-d-765315-29 neutron-server[102601]: DEBUG neutron.plugins.ml2.drivers.mech_agent [None req-63f9f9b4-c27a-4359-bcfc-cc7076a3b25f None None] Bound using segment: {'id': 'c1acfdd1-5634-4383-a3b0-beb6da56b542', 'network_type': 'vlan', 'physical_network': 'physnet1', 'segmentation_id': 346, 'network_id': '8e17c76e-613f-40d2-ae39-1725682b1af7'} {{(pid=102601) bind_port /opt/stack/neutron/neutron/plugins/ml2/drivers/mech_agent.py:120}}
Nov 12 08:07:21.377059 n-d-765315-29 neutron-server[102601]: DEBUG neutron.plugins.ml2.managers [None req-63f9f9b4-c27a-4359-bcfc-cc7076a3b25f None None] Bound port: 1c14e602-21ad-4abd-a61e-3c882dfadf34, host: n-d-765315-29, vif_type: ovs, vif_details: {"connectivity": "l2", "port_filter": true, "ovs_hybrid_plug": false, "datapath_type": "system", "bridge_name": "br-int"}, binding_levels: [{'bound_driver': 'openvswitch', 'bound_segment': {'id': 'c1acfdd1-5634-4383-a3b0-beb6da56b542', 'network_type': 'vlan', 'physical_network': 'physnet1', 'segmentation_id': 346, 'network_id': '8e17c76e-613f-40d2-ae39-1725682b1af7'}}] {{(pid=102601) _bind_port_level /opt/stack/neutron/neutron/plugins/ml2/managers.py:932}}
Nov 12 08:07:21.377457 n-d-765315-29 neutron-server[102601]: DEBUG neutron_lib.callbacks.manager [None req-63f9f9b4-c27a-4359-bcfc-cc7076a3b25f None None] Publish callbacks ['neutron.plugins.ml2.plugin.SecurityGroupDbMixin._ensure_default_security_group_handler-1578608'] for port, before_update {{(pid=102601) _notify_loop /usr/local/lib/python3.8/dist-packages/neutron_lib/callbacks/manager.py:175}}
Nov 12 08:07:21.418756 n-d-765315-29 neutron-server[102600]: DEBUG neutron_lib.callbacks.manager [None req-cd1298b2-f0b6-475b-b504-4e7144e6917e admin admin] Publish callbacks [] for security_group, before_create {{(pid=102600) _notify_loop /usr/local/lib/python3.8/dist-packages/neutron_lib/callbacks/manager.py:175}}
Nov 12 08:07:21.517365 n-d-765315-29 neutron-server[102601]: DEBUG neutron.plugins.ml2.db [None req-63f9f9b4-c27a-4359-bcfc-cc7076a3b25f None None] For port 1c14e602-21ad-4abd-a61e-3c882dfadf34, host n-d-765315-29, cleared binding levels {{(pid=102601) clear_binding_levels /opt/stack/neutron/neutron/plugins/ml2/db.py:87}}
Nov 12 08:07:21.519912 n-d-765315-29 neutron-server[102600]: DEBUG neutron_lib.callbacks.manager [None req-cd1298b2-f0b6-475b-b504-4e7144e6917e admin admin] Publish callbacks [] for security_group, precommit_create {{(pid=102600) _notify_loop /usr/local/lib/python3.8/dist-packages/neutron_lib/callbacks/manager.py:175}}
Nov 12 08:07:21.527567 n-d-765315-29 neutron-server[102600]: DEBUG neutron_lib.callbacks.manager [None req-cd1298b2-f0b6-475b-b504-4e7144e6917e admin admin] Publish callbacks ['neutron.plugins.ml2.ovo_rpc._ObjectChangeHandler.handle_event-528344'] for security_group, after_create {{(pid=102600) _notify_loop /usr/local/lib/python3.8/dist-packages/neutron_lib/callbacks/manager.py:175}}
Nov 12 08:07:21.573215 n-d-765315-29 neutron-server[102599]: DEBUG neutron.db.db_base_plugin_common [None req-43237a74-b017-48dc-98be-c58b7cf123d5 admin admin] Allocated IP 172.25.2.33 (d709f64f-f9e6-4525-b020-ad48633b9bbf/751b3851-3866-4b1d-bbde-3f90bad4fb44/f7a31a17-46d0-4238-9d9b-1b7e1a56a003) {{(pid=102599) _store_ip_allocation /opt/stack/neutron/neutron/db/db_base_plugin_common.py:131}}
Nov 12 08:07:21.577751 n-d-765315-29 neutron-server[102601]: DEBUG neutron.plugins.ml2.db [None req-63f9f9b4-c27a-4359-bcfc-cc7076a3b25f None None] For port 1c14e602-21ad-4abd-a61e-3c882dfadf34, host n-d-765315-29, set binding levels [PortBindingLevel(driver='openvswitch',host='n-d-765315-29',level=0,port_id=1c14e602-21ad-4abd-a61e-3c882dfadf34,segment=NetworkSegment(c1acfdd1-5634-4383-a3b0-beb6da56b542),segment_id=c1acfdd1-5634-4383-a3b0-beb6da56b542)] {{(pid=102601) set_binding_levels /opt/stack/neutron/neutron/plugins/ml2/db.py:59}}
Nov 12 08:07:21.584933 n-d-765315-29 neutron-server[102600]: INFO neutron.wsgi [None req-cd1298b2-f0b6-475b-b504-4e7144e6917e admin admin] 10.222.0.26 "GET /v2.0/security-groups?tenant_id=4c180fd6dda44e209ef5657106fda1c1&name=default HTTP/1.1" status: 200 len: 2996 time: 0.6522815
Nov 12 08:07:21.585794 n-d-765315-29 neutron-server[102600]: DEBUG neutron.api.rpc.handlers.resources_rpc [None req-cd1298b2-f0b6-475b-b504-4e7144e6917e admin admin] Pushing event updated for resources: {'SecurityGroup': ['ID=75d4ea50-1cc8-40ca-a9c0-c5efe9197ad6,revision_number=1']} {{(pid=102600) push /opt/stack/neutron/neutron/api/rpc/handlers/resources_rpc.py:237}}
Nov 12 08:07:21.589013 n-d-765315-29 neutron-server[102600]: DEBUG neutron.wsgi [-] (102600) accepted ('10.222.0.26', 58856) {{(pid=102600) server /usr/local/lib/python3.8/dist-packages/eventlet/wsgi.py:982}}
Nov 12 08:07:21.590392 n-d-765315-29 neutron-server[102601]: DEBUG neutron_lib.callbacks.manager [None req-63f9f9b4-c27a-4359-bcfc-cc7076a3b25f None None] Publish callbacks ['neutron.plugins.ml2.plugin.SecurityGroupServerNotifierRpcMixin._notify_sg_on_port_change-1637596', 'neutron.plugins.ml2.ovo_rpc._ObjectChangeHandler.handle_event-357520', 'neutron.api.rpc.agentnotifiers.dhcp_rpc_agent_api.DhcpAgentNotifyAPI._native_event_send_dhcp_notification-568724', 'neutron.db.l3_db.L3RpcNotifierMixin._notify_gateway_port_ip_changed-8762119822996', 'neutron.db.l3_dvrscheduler_db._notify_l3_agent_port_update-8762119394708', 'neutron.db.l3_hascheduler_db._notify_l3_agent_ha_port_update-8762119394726'] for port, after_update {{(pid=102601) _notify_loop /usr/local/lib/python3.8/dist-packages/neutron_lib/callbacks/manager.py:175}}
Nov 12 08:07:21.658041 n-d-765315-29 neutron-server[102600]: DEBUG neutron_lib.callbacks.manager [None req-e674c145-36c9-4623-89c0-12b5ea6c344e admin admin] Publish callbacks [] for security_group, before_delete {{(pid=102600) _notify_loop /usr/local/lib/python3.8/dist-packages/neutron_lib/callbacks/manager.py:175}}
Nov 12 08:07:21.719246 n-d-765315-29 neutron-server[102601]: DEBUG neutron.api.rpc.handlers.resources_rpc [None req-63f9f9b4-c27a-4359-bcfc-cc7076a3b25f None None] Pushing event updated for resources: {'Port': ['ID=1c14e602-21ad-4abd-a61e-3c882dfadf34,revision_number=2']} {{(pid=102601) push /opt/stack/neutron/neutron/api/rpc/handlers/resources_rpc.py:237}}
Nov 12 08:07:21.723026 n-d-765315-29 neutron-server[102600]: DEBUG neutron_lib.callbacks.manager [None req-e674c145-36c9-4623-89c0-12b5ea6c344e admin admin] Publish callbacks [] for security_group, precommit_delete {{(pid=102600) _notify_loop /usr/local/lib/python3.8/dist-packages/neutron_lib/callbacks/manager.py:175}}
Nov 12 08:07:21.759947 n-d-765315-29 neutron-server[102600]: DEBUG neutron.wsgi [-] (102600) accepted ('10.222.0.26', 58864) {{(pid=102600) server /usr/local/lib/python3.8/dist-packages/eventlet/wsgi.py:982}}
Nov 12 08:07:21.791775 n-d-765315-29 neutron-server[102600]: DEBUG neutron_lib.callbacks.manager [None req-40b8a8b5-c7db-456f-9c54-2eef9b2858f1 admin admin] Publish callbacks [] for security_group, before_create {{(pid=102600) _notify_loop /usr/local/lib/python3.8/dist-packages/neutron_lib/callbacks/manager.py:175}}
Nov 12 08:07:21.853069 n-d-765315-29 neutron-server[102599]: DEBUG neutron_lib.callbacks.manager [None req-43237a74-b017-48dc-98be-c58b7cf123d5 admin admin] Publish callbacks [] for port, precommit_create {{(pid=102599) _notify_loop /usr/local/lib/python3.8/dist-packages/neutron_lib/callbacks/manager.py:175}}
Nov 12 08:07:21.889692 n-d-765315-29 neutron-server[102600]: DEBUG neutron_lib.callbacks.manager [None req-e674c145-36c9-4623-89c0-12b5ea6c344e admin admin] Publish callbacks ['neutron.plugins.ml2.ovo_rpc._ObjectChangeHandler.handle_event-528344'] for security_group, after_delete {{(pid=102600) _notify_loop /usr/local/lib/python3.8/dist-packages/neutron_lib/callbacks/manager.py:175}}
Nov 12 08:07:21.893063 n-d-765315-29 neutron-server[102600]: DEBUG neutron_lib.callbacks.manager [None req-e674c145-36c9-4623-89c0-12b5ea6c344e admin admin] Publish callbacks [] for security_group, before_response {{(pid=102600) _notify_loop /usr/local/lib/python3.8/dist-packages/neutron_lib/callbacks/manager.py:175}}
Nov 12 08:07:21.897381 n-d-765315-29 neutron-server[102600]: INFO neutron.wsgi [None req-e674c145-36c9-4623-89c0-12b5ea6c344e admin admin] 10.222.0.26 "DELETE /v2.0/security-groups/75d4ea50-1cc8-40ca-a9c0-c5efe9197ad6 HTTP/1.1" status: 204 len: 168 time: 0.3042791
Nov 12 08:07:21.909328 n-d-765315-29 neutron-server[102599]: DEBUG neutron_lib.callbacks.manager [None req-43237a74-b017-48dc-98be-c58b7cf123d5 admin admin] Publish callbacks ['neutron.plugins.ml2.plugin.SecurityGroupServerNotifierRpcMixin._notify_sg_on_port_change-1637596', 'neutron.plugins.ml2.ovo_rpc._ObjectChangeHandler.handle_event-357520', 'neutron.api.rpc.agentnotifiers.dhcp_rpc_agent_api.DhcpAgentNotifyAPI._native_event_send_dhcp_notification-568724', 'neutron.db.l3_dvrscheduler_db._notify_l3_agent_new_port-8762119394690'] for port, after_create {{(pid=102599) _notify_loop /usr/local/lib/python3.8/dist-packages/neutron_lib/callbacks/manager.py:175}}
Nov 12 08:07:21.942323 n-d-765315-29 neutron-server[102600]: DEBUG neutron.api.rpc.handlers.resources_rpc [None req-e674c145-36c9-4623-89c0-12b5ea6c344e admin admin] Pushing event deleted for resources: {'SecurityGroup': ['ID=75d4ea50-1cc8-40ca-a9c0-c5efe9197ad6,revision_number=None']} {{(pid=102600) push /opt/stack/neutron/neutron/api/rpc/handlers/resources_rpc.py:237}}
Nov 12 08:07:21.966323 n-d-765315-29 neutron-server[102599]: DEBUG neutron.scheduler.dhcp_agent_scheduler [None req-43237a74-b017-48dc-98be-c58b7cf123d5 admin admin] Network d709f64f-f9e6-4525-b020-ad48633b9bbf is already hosted by enough agents. {{(pid=102599) _get_dhcp_agents_hosting_network /opt/stack/neutron/neutron/scheduler/dhcp_agent_scheduler.py:275}}
Nov 12 08:07:21.973184 n-d-765315-29 neutron-server[102599]: DEBUG neutron.scheduler.base_scheduler [None req-43237a74-b017-48dc-98be-c58b7cf123d5 admin admin] Resources bound (agent type, host, resource id): {{(pid=102599) schedule /opt/stack/neutron/neutron/scheduler/base_scheduler.py:57}}
Nov 12 08:07:21.982670 n-d-765315-29 neutron-server[102599]: DEBUG neutron.db.l3_dvrscheduler_db [None req-43237a74-b017-48dc-98be-c58b7cf123d5 admin admin] Received port after_create {{(pid=102599) _notify_l3_agent_new_port /opt/stack/neutron/neutron/db/l3_dvrscheduler_db.py:535}}
Nov 12 08:07:22.027977 n-d-765315-29 neutron-server[102600]: DEBUG neutron_lib.callbacks.manager [None req-40b8a8b5-c7db-456f-9c54-2eef9b2858f1 admin admin] Publish callbacks [] for security_group, precommit_create {{(pid=102600) _notify_loop /usr/local/lib/python3.8/dist-packages/neutron_lib/callbacks/manager.py:175}}
Nov 12 08:07:22.088241 n-d-765315-29 neutron-server[102600]: DEBUG neutron_lib.callbacks.manager [None req-40b8a8b5-c7db-456f-9c54-2eef9b2858f1 admin admin] Publish callbacks ['neutron.plugins.ml2.ovo_rpc._ObjectChangeHandler.handle_event-528344'] for security_group, after_create {{(pid=102600) _notify_loop /usr/local/lib/python3.8/dist-packages/neutron_lib/callbacks/manager.py:175}}
Nov 12 08:07:22.162818 n-d-765315-29 neutron-server[102600]: INFO neutron.wsgi [None req-40b8a8b5-c7db-456f-9c54-2eef9b2858f1 admin admin] 10.222.0.26 "GET /v2.0/security-groups?tenant_id=8ca918ee4d9a42b18a2620b4124e1e98&name=default HTTP/1.1" status: 200 len: 2996 time: 0.3964629
Nov 12 08:07:22.172568 n-d-765315-29 neutron-server[102600]: DEBUG neutron.wsgi [-] (102600) accepted ('10.222.0.26', 58868) {{(pid=102600) server /usr/local/lib/python3.8/dist-packages/eventlet/wsgi.py:982}}
Nov 12 08:07:22.203248 n-d-765315-29 neutron-server[102599]: DEBUG neutron.api.rpc.handlers.resources_rpc [None req-43237a74-b017-48dc-98be-c58b7cf123d5 admin admin] Pushing event updated for resources: {'Port': ['ID=f7a31a17-46d0-4238-9d9b-1b7e1a56a003,revision_number=1']} {{(pid=102599) push /opt/stack/neutron/neutron/api/rpc/handlers/resources_rpc.py:237}}
Nov 12 08:07:22.261724 n-d-765315-29 neutron-server[102600]: DEBUG neutron.api.rpc.handlers.resources_rpc [None req-40b8a8b5-c7db-456f-9c54-2eef9b2858f1 admin admin] Pushing event updated for resources: {'SecurityGroup': ['ID=addf0bf5-7616-4488-b27c-b08f298b409b,revision_number=1']} {{(pid=102600) push /opt/stack/neutron/neutron/api/rpc/handlers/resources_rpc.py:237}}
Nov 12 08:07:22.331874 n-d-765315-29 neutron-server[102600]: DEBUG neutron_lib.callbacks.manager [None req-84a4609b-eae2-4e96-bac9-5f2f70e9bde4 admin admin] Publish callbacks [] for security_group, before_delete {{(pid=102600) _notify_loop /usr/local/lib/python3.8/dist-packages/neutron_lib/callbacks/manager.py:175}}
Nov 12 08:07:22.361878 n-d-765315-29 neutron-server[102599]: DEBUG neutron_lib.callbacks.manager [None req-43237a74-b017-48dc-98be-c58b7cf123d5 admin admin] Publish callbacks [] for router_gateway, after_create {{(pid=102599) _notify_loop /usr/local/lib/python3.8/dist-packages/neutron_lib/callbacks/manager.py:175}}
Nov 12 08:07:22.364413 n-d-765315-29 neutron-server[102600]: DEBUG neutron_lib.callbacks.manager [None req-84a4609b-eae2-4e96-bac9-5f2f70e9bde4 admin admin] Publish callbacks [] for security_group, precommit_delete {{(pid=102600) _notify_loop /usr/local/lib/python3.8/dist-packages/neutron_lib/callbacks/manager.py:175}}
Nov 12 08:07:22.429802 n-d-765315-29 neutron-server[102600]: DEBUG neutron_lib.callbacks.manager [None req-84a4609b-eae2-4e96-bac9-5f2f70e9bde4 admin admin] Publish callbacks ['neutron.plugins.ml2.ovo_rpc._ObjectChangeHandler.handle_event-528344'] for security_group, after_delete {{(pid=102600) _notify_loop /usr/local/lib/python3.8/dist-packages/neutron_lib/callbacks/manager.py:175}}
Nov 12 08:07:22.433906 n-d-765315-29 neutron-server[102600]: DEBUG neutron_lib.callbacks.manager [None req-84a4609b-eae2-4e96-bac9-5f2f70e9bde4 admin admin] Publish callbacks [] for security_group, before_response {{(pid=102600) _notify_loop /usr/local/lib/python3.8/dist-packages/neutron_lib/callbacks/manager.py:175}}
Nov 12 08:07:22.438392 n-d-765315-29 neutron-server[102600]: INFO neutron.wsgi [None req-84a4609b-eae2-4e96-bac9-5f2f70e9bde4 admin admin] 10.222.0.26 "DELETE /v2.0/security-groups/addf0bf5-7616-4488-b27c-b08f298b409b HTTP/1.1" status: 204 len: 168 time: 0.2645981
Nov 12 08:07:22.448411 n-d-765315-29 neutron-server[102600]: DEBUG neutron.api.rpc.handlers.resources_rpc [None req-84a4609b-eae2-4e96-bac9-5f2f70e9bde4 admin admin] Pushing event deleted for resources: {'SecurityGroup': ['ID=addf0bf5-7616-4488-b27c-b08f298b409b,revision_number=None']} {{(pid=102600) push /opt/stack/neutron/neutron/api/rpc/handlers/resources_rpc.py:237}}
Nov 12 08:07:22.662403 n-d-765315-29 neutron-server[102599]: DEBUG neutron_lib.callbacks.manager [None req-43237a74-b017-48dc-98be-c58b7cf123d5 admin admin] Publish callbacks ['neutron.services.l3_router.l3_router_plugin.L3_HA_NAT_db_mixin._after_router_create-919354', 'neutron.services.l3_router.l3_router_plugin.DVRResourceOperationHandler._create_snat_interfaces_after_change-933052'] for router, after_create {{(pid=102599) _notify_loop /usr/local/lib/python3.8/dist-packages/neutron_lib/callbacks/manager.py:175}}
Nov 12 08:07:22.744834 n-d-765315-29 neutron-server[102600]: DEBUG neutron.wsgi [-] (102600) accepted ('10.222.0.26', 58876) {{(pid=102600) server /usr/local/lib/python3.8/dist-packages/eventlet/wsgi.py:982}}
Nov 12 08:07:22.765178 n-d-765315-29 neutron-server[102600]: DEBUG neutron_lib.callbacks.manager [None req-b7798980-243d-4f5b-9e7b-9935626a3d98 admin admin] Publish callbacks [] for security_group, before_create {{(pid=102600) _notify_loop /usr/local/lib/python3.8/dist-packages/neutron_lib/callbacks/manager.py:175}}
Nov 12 08:07:22.988023 n-d-765315-29 neutron-server[102599]: DEBUG neutron.pecan_wsgi.hooks.policy_enforcement [req-bd8471ee-d25c-41e6-92a3-5b876aa45be5 req-2eea38fe-42b0-40d7-b572-06c36e2ba426 tempest-AggregatesAdminTestJSON-81161647 tempest-AggregatesAdminTestJSON-81161647-project] Attributes excluded by policy engine: ['standard_attr_id', 'binding:profile', 'binding:host_id', 'binding:vif_type', 'binding:vif_details'] {{(pid=102599) _exclude_attributes_by_policy /opt/stack/neutron/neutron/pecan_wsgi/hooks/policy_enforcement.py:255}}
Nov 12 08:07:22.990774 n-d-765315-29 neutron-server[102599]: INFO neutron.wsgi [req-bd8471ee-d25c-41e6-92a3-5b876aa45be5 req-2eea38fe-42b0-40d7-b572-06c36e2ba426 tempest-AggregatesAdminTestJSON-81161647 tempest-AggregatesAdminTestJSON-81161647-project] 10.222.0.26 "GET /v2.0/ports?device_id=5c549cf4-8b8a-4091-9464-b846b1b87e99 HTTP/1.1" status: 200 len: 969 time: 0.3385949
Nov 12 08:07:23.006414 n-d-765315-29 neutron-server[102600]: DEBUG neutron_lib.callbacks.manager [None req-b7798980-243d-4f5b-9e7b-9935626a3d98 admin admin] Publish callbacks [] for security_group, precommit_create {{(pid=102600) _notify_loop /usr/local/lib/python3.8/dist-packages/neutron_lib/callbacks/manager.py:175}}
Nov 12 08:07:23.023338 n-d-765315-29 neutron-server[102600]: DEBUG neutron_lib.callbacks.manager [None req-b7798980-243d-4f5b-9e7b-9935626a3d98 admin admin] Publish callbacks ['neutron.plugins.ml2.ovo_rpc._ObjectChangeHandler.handle_event-528344'] for security_group, after_create {{(pid=102600) _notify_loop /usr/local/lib/python3.8/dist-packages/neutron_lib/callbacks/manager.py:175}}
Nov 12 08:07:23.115677 n-d-765315-29 neutron-server[102600]: INFO neutron.wsgi [None req-b7798980-243d-4f5b-9e7b-9935626a3d98 admin admin] 10.222.0.26 "GET /v2.0/security-groups?tenant_id=48b9abcb9aa3466b8db0bf47c360aec8&name=default HTTP/1.1" status: 200 len: 2996 time: 0.3696783
Nov 12 08:07:23.117304 n-d-765315-29 neutron-server[102600]: DEBUG neutron.api.rpc.handlers.resources_rpc [None req-b7798980-243d-4f5b-9e7b-9935626a3d98 admin admin] Pushing event updated for resources: {'SecurityGroup': ['ID=809b7c91-acf7-4493-9847-595a6a17acd6,revision_number=1']} {{(pid=102600) push /opt/stack/neutron/neutron/api/rpc/handlers/resources_rpc.py:237}}
Nov 12 08:07:23.121808 n-d-765315-29 neutron-server[102600]: DEBUG neutron.wsgi [-] (102600) accepted ('10.222.0.26', 58882) {{(pid=102600) server /usr/local/lib/python3.8/dist-packages/eventlet/wsgi.py:982}}
Nov 12 08:07:23.133503 n-d-765315-29 neutron-server[102599]: DEBUG neutron.scheduler.l3_agent_scheduler [None req-43237a74-b017-48dc-98be-c58b7cf123d5 admin admin] Router abb396ca-5907-4ff2-95d5-824dfef4332c is scheduled to L3 agent 25d7933b-3fde-42d2-96a1-656e2ab65721 with binding_index 1 {{(pid=102599) bind_router /opt/stack/neutron/neutron/scheduler/l3_agent_scheduler.py:209}}
Nov 12 08:07:23.146981 n-d-765315-29 neutron-server[102599]: INFO neutron.wsgi [req-bd8471ee-d25c-41e6-92a3-5b876aa45be5 req-473f1aab-cdce-48e7-a16d-6cfb58a109cb tempest-AggregatesAdminTestJSON-81161647 tempest-AggregatesAdminTestJSON-81161647-project] 10.222.0.26 "GET /v2.0/security-groups?id=b77c4906-9bfa-4787-9845-f0c28cf33794&fields=id&fields=name HTTP/1.1" status: 200 len: 286 time: 0.0807076
Nov 12 08:07:23.230481 n-d-765315-29 neutron-server[102600]: DEBUG neutron_lib.callbacks.manager [None req-021a857a-38d3-4b03-a14a-46ca9b471d53 admin admin] Publish callbacks [] for security_group, before_delete {{(pid=102600) _notify_loop /usr/local/lib/python3.8/dist-packages/neutron_lib/callbacks/manager.py:175}}
Nov 12 08:07:23.271495 n-d-765315-29 neutron-server[102600]: DEBUG neutron_lib.callbacks.manager [None req-021a857a-38d3-4b03-a14a-46ca9b471d53 admin admin] Publish callbacks [] for security_group, precommit_delete {{(pid=102600) _notify_loop /usr/local/lib/python3.8/dist-packages/neutron_lib/callbacks/manager.py:175}}
Nov 12 08:07:23.359761 n-d-765315-29 neutron-server[102600]: DEBUG neutron_lib.callbacks.manager [None req-021a857a-38d3-4b03-a14a-46ca9b471d53 admin admin] Publish callbacks ['neutron.plugins.ml2.ovo_rpc._ObjectChangeHandler.handle_event-528344'] for security_group, after_delete {{(pid=102600) _notify_loop /usr/local/lib/python3.8/dist-packages/neutron_lib/callbacks/manager.py:175}}
Nov 12 08:07:23.363179 n-d-765315-29 neutron-server[102600]: DEBUG neutron_lib.callbacks.manager [None req-021a857a-38d3-4b03-a14a-46ca9b471d53 admin admin] Publish callbacks [] for security_group, before_response {{(pid=102600) _notify_loop /usr/local/lib/python3.8/dist-packages/neutron_lib/callbacks/manager.py:175}}
Nov 12 08:07:23.368089 n-d-765315-29 neutron-server[102600]: INFO neutron.wsgi [None req-021a857a-38d3-4b03-a14a-46ca9b471d53 admin admin] 10.222.0.26 "DELETE /v2.0/security-groups/809b7c91-acf7-4493-9847-595a6a17acd6 HTTP/1.1" status: 204 len: 168 time: 0.2359533
Nov 12 08:07:23.380410 n-d-765315-29 neutron-server[102600]: DEBUG neutron.api.rpc.handlers.resources_rpc [None req-021a857a-38d3-4b03-a14a-46ca9b471d53 admin admin] Pushing event deleted for resources: {'SecurityGroup': ['ID=809b7c91-acf7-4493-9847-595a6a17acd6,revision_number=None']} {{(pid=102600) push /opt/stack/neutron/neutron/api/rpc/handlers/resources_rpc.py:237}}
Nov 12 08:07:23.405053 n-d-765315-29 neutron-server[102600]: DEBUG neutron.wsgi [-] (102600) accepted ('10.222.0.26', 58888) {{(pid=102600) server /usr/local/lib/python3.8/dist-packages/eventlet/wsgi.py:982}}
Nov 12 08:07:23.414322 n-d-765315-29 neutron-server[102599]: DEBUG neutron.api.rpc.agentnotifiers.l3_rpc_agent_api [None req-43237a74-b017-48dc-98be-c58b7cf123d5 admin admin] Notify agent at l3_agent.n-d-765315-29 the message routers_updated {{(pid=102599) _agent_notification /opt/stack/neutron/neutron/api/rpc/agentnotifiers/l3_rpc_agent_api.py:65}}
Nov 12 08:07:23.428388 n-d-765315-29 neutron-server[102602]: DEBUG neutron.api.rpc.handlers.l3_rpc [None req-4684e5bc-2e01-4a01-9947-86aceb27f89c None None] Sync routers for ids ['abb396ca-5907-4ff2-95d5-824dfef4332c'] in n-d-765315-29 {{(pid=102602) sync_routers /opt/stack/neutron/neutron/api/rpc/handlers/l3_rpc.py:125}}
Nov 12 08:07:23.461906 n-d-765315-29 neutron-server[102599]: DEBUG neutron_lib.callbacks.manager [None req-43237a74-b017-48dc-98be-c58b7cf123d5 admin admin] Publish callbacks [] for router, before_response {{(pid=102599) _notify_loop /usr/local/lib/python3.8/dist-packages/neutron_lib/callbacks/manager.py:175}}
Nov 12 08:07:23.463695 n-d-765315-29 neutron-server[102599]: INFO neutron.wsgi [None req-43237a74-b017-48dc-98be-c58b7cf123d5 admin admin] 10.222.0.26 "POST /v2.0/routers HTTP/1.1" status: 201 len: 935 time: 3.2820785
Nov 12 08:07:23.466287 n-d-765315-29 neutron-server[102599]: DEBUG neutron.wsgi [-] (102599) accepted ('10.222.0.26', 58890) {{(pid=102599) server /usr/local/lib/python3.8/dist-packages/eventlet/wsgi.py:982}}
Nov 12 08:07:23.467019 n-d-765315-29 neutron-server[102602]: DEBUG neutron.db.l3_dvrscheduler_db [None req-4684e5bc-2e01-4a01-9947-86aceb27f89c None None] Routers {'abb396ca-5907-4ff2-95d5-824dfef4332c'} bound to L3 agent in host n-d-765315-29 {{(pid=102602) _get_router_ids_for_agent /opt/stack/neutron/neutron/db/l3_dvrscheduler_db.py:420}}
Nov 12 08:07:23.471698 n-d-765315-29 neutron-server[102602]: DEBUG neutron.db.l3_hamode_db [None req-4684e5bc-2e01-4a01-9947-86aceb27f89c None None] neutron.services.l3_router.l3_router_plugin.L3RouterPlugin method get_ha_sync_data_for_host called with arguments (, 'n-d-765315-29', Agent(admin_state_up=True,agent_type='L3 agent',availability_zone='nova',binary='neutron-l3-agent',configurations={"agent_mode": "legacy", "ex_gw_ports": 2, "extensions": [], "floating_ips": 0, "handle_internal_only_routers": true, "interface_driver": "openvswitch", "interfaces": 1, "log_agent_heartbeats": false, "routers": 2},created_at=2021-11-12T07:56:36Z,description=,heartbeat_timestamp=2021-11-12T08:07:07Z,host='n-d-765315-29',id=25d7933b-3fde-42d2-96a1-656e2ab65721,load=0,resource_versions=,resources_synced=,started_at=2021-11-12T07:56:36Z,topic='l3_agent')) {'router_ids': ['abb396ca-5907-4ff2-95d5-824dfef4332c'], 'active': True} {{(pid=102602) wrapper /usr/local/lib/python3.8/dist-packages/oslo_log/helpers.py:65}}
Nov 12 08:07:23.482233 n-d-765315-29 neutron-server[102600]: DEBUG neutron_lib.callbacks.manager [None req-fc5dd5a3-aa23-4848-8fac-3235d30cfb6d admin admin] Publish callbacks [] for security_group, before_create {{(pid=102600) _notify_loop /usr/local/lib/python3.8/dist-packages/neutron_lib/callbacks/manager.py:175}}
Nov 12 08:07:23.540048 n-d-765315-29 neutron-server[102601]: DEBUG neutron.api.rpc.handlers.dhcp_rpc [None req-3569548e-11e5-4223-8d4b-32be9723769b None None] Network 8e17c76e-613f-40d2-ae39-1725682b1af7 requested from n-d-765315-29 {{(pid=102601) get_network_info /opt/stack/neutron/neutron/api/rpc/handlers/dhcp_rpc.py:218}}
Nov 12 08:07:23.660304 n-d-765315-29 neutron-server[102600]: DEBUG neutron_lib.callbacks.manager [None req-fc5dd5a3-aa23-4848-8fac-3235d30cfb6d admin admin] Publish callbacks [] for security_group, precommit_create {{(pid=102600) _notify_loop /usr/local/lib/python3.8/dist-packages/neutron_lib/callbacks/manager.py:175}}
Nov 12 08:07:23.683294 n-d-765315-29 neutron-server[102600]: DEBUG neutron_lib.callbacks.manager [None req-fc5dd5a3-aa23-4848-8fac-3235d30cfb6d admin admin] Publish callbacks ['neutron.plugins.ml2.ovo_rpc._ObjectChangeHandler.handle_event-528344'] for security_group, after_create {{(pid=102600) _notify_loop /usr/local/lib/python3.8/dist-packages/neutron_lib/callbacks/manager.py:175}}
Nov 12 08:07:23.695179 n-d-765315-29 neutron-server[102602]: DEBUG neutron.db.l3_dvr_db [None req-4684e5bc-2e01-4a01-9947-86aceb27f89c None None] Set router abb396ca-5907-4ff2-95d5-824dfef4332c gateway port host: n-d-765315-29 {{(pid=102602) _build_routers_list /opt/stack/neutron/neutron/db/l3_dvr_db.py:906}}
Nov 12 08:07:23.720679 n-d-765315-29 neutron-server[102600]: DEBUG neutron.api.rpc.handlers.resources_rpc [None req-fc5dd5a3-aa23-4848-8fac-3235d30cfb6d admin admin] Pushing event updated for resources: {'SecurityGroup': ['ID=5ed38c64-5e9d-4798-826e-ea9126e44549,revision_number=1']} {{(pid=102600) push /opt/stack/neutron/neutron/api/rpc/handlers/resources_rpc.py:237}}
Nov 12 08:07:23.740043 n-d-765315-29 neutron-server[102601]: DEBUG neutron.db.provisioning_blocks [None req-b9284c8a-f96a-4731-b2ef-5c2e368f544b None None] Provisioning complete for port 1c14e602-21ad-4abd-a61e-3c882dfadf34 triggered by entity DHCP. {{(pid=102601) provisioning_complete /opt/stack/neutron/neutron/db/provisioning_blocks.py:139}}
Nov 12 08:07:23.740410 n-d-765315-29 neutron-server[102601]: DEBUG neutron_lib.callbacks.manager [None req-b9284c8a-f96a-4731-b2ef-5c2e368f544b None None] Publish callbacks ['neutron.plugins.ml2.plugin.Ml2Plugin._port_provisioned-1900849'] for port, provisioning_complete {{(pid=102601) _notify_loop /usr/local/lib/python3.8/dist-packages/neutron_lib/callbacks/manager.py:175}}
Nov 12 08:07:23.767632 n-d-765315-29 neutron-server[102600]: INFO neutron.wsgi [None req-fc5dd5a3-aa23-4848-8fac-3235d30cfb6d admin admin] 10.222.0.26 "GET /v2.0/security-groups?tenant_id=b84e4048c96f494888ae2157e677fcd1&name=default HTTP/1.1" status: 200 len: 2996 time: 0.3604422
Nov 12 08:07:23.769931 n-d-765315-29 neutron-server[102600]: DEBUG neutron.wsgi [-] (102600) accepted ('10.222.0.26', 58894) {{(pid=102600) server /usr/local/lib/python3.8/dist-packages/eventlet/wsgi.py:982}}
Nov 12 08:07:23.906167 n-d-765315-29 neutron-server[102600]: DEBUG neutron_lib.callbacks.manager [None req-ba8ce482-06ec-41da-8012-c8c385efc724 admin admin] Publish callbacks [] for security_group, before_delete {{(pid=102600) _notify_loop /usr/local/lib/python3.8/dist-packages/neutron_lib/callbacks/manager.py:175}}
Nov 12 08:07:23.937744 n-d-765315-29 neutron-server[102600]: DEBUG neutron_lib.callbacks.manager [None req-ba8ce482-06ec-41da-8012-c8c385efc724 admin admin] Publish callbacks [] for security_group, precommit_delete {{(pid=102600) _notify_loop /usr/local/lib/python3.8/dist-packages/neutron_lib/callbacks/manager.py:175}}
Nov 12 08:07:23.990634 n-d-765315-29 neutron-server[102601]: DEBUG neutron_lib.callbacks.manager [None req-b9284c8a-f96a-4731-b2ef-5c2e368f544b None None] Publish callbacks ['neutron.plugins.ml2.plugin.SecurityGroupDbMixin._ensure_default_security_group_handler-1578608'] for port, before_update {{(pid=102601) _notify_loop /usr/local/lib/python3.8/dist-packages/neutron_lib/callbacks/manager.py:175}}
Nov 12 08:07:24.060577 n-d-765315-29 neutron-server[102600]: DEBUG neutron_lib.callbacks.manager [None req-ba8ce482-06ec-41da-8012-c8c385efc724 admin admin] Publish callbacks ['neutron.plugins.ml2.ovo_rpc._ObjectChangeHandler.handle_event-528344'] for security_group, after_delete {{(pid=102600) _notify_loop /usr/local/lib/python3.8/dist-packages/neutron_lib/callbacks/manager.py:175}}
Nov 12 08:07:24.064627 n-d-765315-29 neutron-server[102600]: DEBUG neutron_lib.callbacks.manager [None req-ba8ce482-06ec-41da-8012-c8c385efc724 admin admin] Publish callbacks [] for security_group, before_response {{(pid=102600) _notify_loop /usr/local/lib/python3.8/dist-packages/neutron_lib/callbacks/manager.py:175}}
Nov 12 08:07:24.066309 n-d-765315-29 neutron-server[102600]: INFO neutron.wsgi [None req-ba8ce482-06ec-41da-8012-c8c385efc724 admin admin] 10.222.0.26 "DELETE /v2.0/security-groups/5ed38c64-5e9d-4798-826e-ea9126e44549 HTTP/1.1" status: 204 len: 168 time: 0.2932138
Nov 12 08:07:24.085575 n-d-765315-29 neutron-server[102600]: DEBUG neutron.api.rpc.handlers.resources_rpc [None req-ba8ce482-06ec-41da-8012-c8c385efc724 admin admin] Pushing event deleted for resources: {'SecurityGroup': ['ID=5ed38c64-5e9d-4798-826e-ea9126e44549,revision_number=None']} {{(pid=102600) push /opt/stack/neutron/neutron/api/rpc/handlers/resources_rpc.py:237}}
Nov 12 08:07:24.156902 n-d-765315-29 neutron-server[102601]: DEBUG neutron.plugins.ml2.rpc [None req-05927327-50ed-408e-a587-da2eea448f97 None None] Device 1c14e602-21ad-4abd-a61e-3c882dfadf34 up at agent ovs-agent-n-d-765315-29 {{(pid=102601) update_device_up /opt/stack/neutron/neutron/plugins/ml2/rpc.py:296}}
Nov 12 08:07:24.202508 n-d-765315-29 neutron-server[102602]: DEBUG neutron.db.l3_hamode_db [None req-4684e5bc-2e01-4a01-9947-86aceb27f89c None None] neutron.services.l3_router.l3_router_plugin.L3RouterPlugin method _process_sync_ha_data called with arguments (, [{'id': 'abb396ca-5907-4ff2-95d5-824dfef4332c', 'name': 'tempest-ServersWithSpecificFlavorTestJSON-1275168530-router', 'tenant_id': '8b8773b9ba7c4e19ac14f719fc98c803', 'admin_state_up': True, 'status': 'ACTIVE', 'external_gateway_info': {'network_id': 'd709f64f-f9e6-4525-b020-ad48633b9bbf', 'external_fixed_ips': [{'subnet_id': '751b3851-3866-4b1d-bbde-3f90bad4fb44', 'ip_address': '172.25.2.33'}], 'enable_snat': True}, 'gw_port_id': 'f7a31a17-46d0-4238-9d9b-1b7e1a56a003', 'description': '', 'availability_zones': ['nova'], 'distributed': False, 'ha': False, 'ha_vr_id': 0, 'availability_zone_hints': [], 'routes': [], 'flavor_id': None, 'tags': [], 'created_at': '2021-11-12T08:07:20Z', 'updated_at': '2021-11-12T08:07:22Z', 'revision_number': 3, 'project_id': '8b8773b9ba7c4e19ac14f719fc98c803', 'gw_port': {'id': 'f7a31a17-46d0-4238-9d9b-1b7e1a56a003', 'name': '', 'network_id': 'd709f64f-f9e6-4525-b020-ad48633b9bbf', 'tenant_id': '', 'mac_address': 'fa:16:3e:48:95:a2', 'admin_state_up': True, 'status': 'DOWN', 'device_id': 'abb396ca-5907-4ff2-95d5-824dfef4332c', 'device_owner': 'network:router_gateway', 'standard_attr_id': 159, 'fixed_ips': [{'subnet_id': '751b3851-3866-4b1d-bbde-3f90bad4fb44', 'ip_address': '172.25.2.33', 'prefixlen': 24}], 'allowed_address_pairs': [], 'extra_dhcp_opts': [], 'security_groups': [], 'description': '', 'binding:vnic_type': 'normal', 'binding:profile': {}, 'binding:host_id': '', 'binding:vif_type': 'unbound', 'binding:vif_details': {}, 'port_security_enabled': False, 'tags': [], 'created_at': '2021-11-12T08:07:21Z', 'updated_at': '2021-11-12T08:07:21Z', 'revision_number': 1, 'project_id': '', 'subnets': [{'id': '751b3851-3866-4b1d-bbde-3f90bad4fb44', 'cidr': '172.25.2.0/24', 'gateway_ip': '172.25.2.1', 'dns_nameservers': [], 'ipv6_ra_mode': None, 'subnetpool_id': None}], 'extra_subnets': [], 'address_scopes': {4: None, 6: None}, 'mtu': 1500}, 'enable_snat': True, 'gw_port_host': 'n-d-765315-29'}], 'n-d-765315-29', False) {} {{(pid=102602) wrapper /usr/local/lib/python3.8/dist-packages/oslo_log/helpers.py:65}}
Nov 12 08:07:24.308206 n-d-765315-29 neutron-server[102601]: DEBUG neutron.plugins.ml2.db [None req-b9284c8a-f96a-4731-b2ef-5c2e368f544b None None] For port 1c14e602-21ad-4abd-a61e-3c882dfadf34, host n-d-765315-29, got binding levels [PortBindingLevel(driver='openvswitch',host='n-d-765315-29',level=0,port_id=1c14e602-21ad-4abd-a61e-3c882dfadf34,segment=NetworkSegment(c1acfdd1-5634-4383-a3b0-beb6da56b542),segment_id=c1acfdd1-5634-4383-a3b0-beb6da56b542)] {{(pid=102601) get_binding_level_objs /opt/stack/neutron/neutron/plugins/ml2/db.py:74}}
Nov 12 08:07:24.337757 n-d-765315-29 neutron-server[102602]: DEBUG neutron.api.rpc.handlers.l3_rpc [None req-4684e5bc-2e01-4a01-9947-86aceb27f89c None None] Checking router: abb396ca-5907-4ff2-95d5-824dfef4332c for host: n-d-765315-29 {{(pid=102602) _ensure_host_set_on_ports /opt/stack/neutron/neutron/api/rpc/handlers/l3_rpc.py:155}}
Nov 12 08:07:24.338293 n-d-765315-29 neutron-server[102602]: DEBUG neutron.api.rpc.handlers.l3_rpc [None req-4684e5bc-2e01-4a01-9947-86aceb27f89c None None] Updating router abb396ca-5907-4ff2-95d5-824dfef4332c port f7a31a17-46d0-4238-9d9b-1b7e1a56a003 binding host n-d-765315-29 {{(pid=102602) _ensure_host_set_on_port /opt/stack/neutron/neutron/api/rpc/handlers/l3_rpc.py:205}}
Nov 12 08:07:24.356869 n-d-765315-29 neutron-server[102601]: DEBUG neutron_lib.callbacks.manager [None req-b9284c8a-f96a-4731-b2ef-5c2e368f544b None None] Publish callbacks ['neutron.plugins.ml2.plugin.SecurityGroupServerNotifierRpcMixin._notify_sg_on_port_change-1637596', 'neutron.plugins.ml2.ovo_rpc._ObjectChangeHandler.handle_event-357520', 'neutron.api.rpc.agentnotifiers.dhcp_rpc_agent_api.DhcpAgentNotifyAPI._native_event_send_dhcp_notification-568724', 'neutron.db.l3_db.L3RpcNotifierMixin._notify_gateway_port_ip_changed-8762119822996', 'neutron.db.l3_dvrscheduler_db._notify_l3_agent_port_update-8762119394708', 'neutron.db.l3_hascheduler_db._notify_l3_agent_ha_port_update-8762119394726'] for port, after_update {{(pid=102601) _notify_loop /usr/local/lib/python3.8/dist-packages/neutron_lib/callbacks/manager.py:175}}
Nov 12 08:07:24.415308 n-d-765315-29 neutron-server[102602]: DEBUG neutron_lib.callbacks.manager [None req-4684e5bc-2e01-4a01-9947-86aceb27f89c None None] Publish callbacks ['neutron.plugins.ml2.plugin.SecurityGroupDbMixin._ensure_default_security_group_handler-1578608'] for port, before_update {{(pid=102602) _notify_loop /usr/local/lib/python3.8/dist-packages/neutron_lib/callbacks/manager.py:175}}
Nov 12 08:07:24.477844 n-d-765315-29 neutron-server[102600]: DEBUG neutron.pecan_wsgi.hooks.policy_enforcement [req-8444f629-09f5-44ee-ba0c-ef6c68e21574 req-1eaa294f-204e-49b8-8557-7ed3bc040ffb tempest-AggregatesAdminTestJSON-81161647 tempest-AggregatesAdminTestJSON-81161647-project] Attributes excluded by policy engine: ['standard_attr_id', 'binding:profile', 'binding:host_id', 'binding:vif_type', 'binding:vif_details'] {{(pid=102600) _exclude_attributes_by_policy /opt/stack/neutron/neutron/pecan_wsgi/hooks/policy_enforcement.py:255}}
Nov 12 08:07:24.491190 n-d-765315-29 neutron-server[102600]: INFO neutron.wsgi [req-8444f629-09f5-44ee-ba0c-ef6c68e21574 req-1eaa294f-204e-49b8-8557-7ed3bc040ffb tempest-AggregatesAdminTestJSON-81161647 tempest-AggregatesAdminTestJSON-81161647-project] 10.222.0.26 "GET /v2.0/ports?device_id=5c549cf4-8b8a-4091-9464-b846b1b87e99 HTTP/1.1" status: 200 len: 969 time: 0.1513858
Nov 12 08:07:24.539256 n-d-765315-29 neutron-server[102601]: DEBUG neutron.db.provisioning_blocks [None req-05927327-50ed-408e-a587-da2eea448f97 None None] Provisioning complete for port 1c14e602-21ad-4abd-a61e-3c882dfadf34 triggered by entity L2. {{(pid=102601) provisioning_complete /opt/stack/neutron/neutron/db/provisioning_blocks.py:139}}
Nov 12 08:07:24.541762 n-d-765315-29 neutron-server[102601]: DEBUG neutron_lib.callbacks.manager [None req-05927327-50ed-408e-a587-da2eea448f97 None None] Publish callbacks ['neutron.plugins.ml2.plugin.Ml2Plugin._port_provisioned-1900849'] for port, provisioning_complete {{(pid=102601) _notify_loop /usr/local/lib/python3.8/dist-packages/neutron_lib/callbacks/manager.py:175}}
Nov 12 08:07:24.549065 n-d-765315-29 neutron-server[102601]: DEBUG neutron.api.rpc.handlers.resources_rpc [None req-b9284c8a-f96a-4731-b2ef-5c2e368f544b None None] Pushing event updated for resources: {'Port': ['ID=1c14e602-21ad-4abd-a61e-3c882dfadf34,revision_number=3']} {{(pid=102601) push /opt/stack/neutron/neutron/api/rpc/handlers/resources_rpc.py:237}}
