Aug 16 01:31:58.124837 n-d-765315-27 neutron-server[94672]: DEBUG neutron.api.rpc.callbacks.version_manager [None req-467f1f05-c6a9-4c1b-9379-ca6884782303 service neutron] Version for resource type SubPort changed None to 1.0 on consumer Open vSwitch agent@n-d-765315-27 {{(pid=94672) _set_version /opt/stack/neutron/neutron/api/rpc/callbacks/version_manager.py:113}}
Aug 16 01:31:58.125166 n-d-765315-27 neutron-server[94672]: DEBUG neutron.api.rpc.callbacks.version_manager [None req-467f1f05-c6a9-4c1b-9379-ca6884782303 service neutron] Version for resource type Subnet changed None to 1.1 on consumer Open vSwitch agent@n-d-765315-27 {{(pid=94672) _set_version /opt/stack/neutron/neutron/api/rpc/callbacks/version_manager.py:113}}
Aug 16 01:31:58.125493 n-d-765315-27 neutron-server[94672]: DEBUG neutron.api.rpc.callbacks.version_manager [None req-467f1f05-c6a9-4c1b-9379-ca6884782303 service neutron] Version for resource type Trunk changed None to 1.1 on consumer Open vSwitch agent@n-d-765315-27 {{(pid=94672) _set_version /opt/stack/neutron/neutron/api/rpc/callbacks/version_manager.py:113}}
Aug 16 01:31:58.145749 n-d-765315-27 neutron-server[94672]: DEBUG neutron.plugins.ml2.managers [req-e9a07ace-b902-41fe-bd9b-63c011664e26 req-467f1f05-c6a9-4c1b-9379-ca6884782303 service neutron] Attempting to bind port a62b5efa-f56a-4377-aae7-db2be4ab6327 on host n-h2-765315-27 for vnic_type normal with profile {"migrating_to": "n-h1-765315-27"} {{(pid=94672) bind_port /opt/stack/neutron/neutron/plugins/ml2/managers.py:790}}
Aug 16 01:31:58.146121 n-d-765315-27 neutron-server[94672]: DEBUG neutron.plugins.ml2.managers [req-e9a07ace-b902-41fe-bd9b-63c011664e26 req-467f1f05-c6a9-4c1b-9379-ca6884782303 service neutron] Attempting to bind port a62b5efa-f56a-4377-aae7-db2be4ab6327 by drivers openvswitch,hyperv on host n-h2-765315-27 at level 0 using segments [{'id': '91ad9ac3-7f5c-4abe-ab6d-68c742b6e14f', 'network_type': 'vlan', 'physical_network': 'physnet1', 'segmentation_id': 593, 'network_id': '177f0fb8-8efe-42df-b46e-daf6f73cf24d'}] {{(pid=94672) _bind_port_level /opt/stack/neutron/neutron/plugins/ml2/managers.py:815}}
Aug 16 01:31:58.146449 n-d-765315-27 neutron-server[94672]: DEBUG neutron.plugins.ml2.drivers.mech_agent [req-e9a07ace-b902-41fe-bd9b-63c011664e26 req-467f1f05-c6a9-4c1b-9379-ca6884782303 service neutron] Attempting to bind port a62b5efa-f56a-4377-aae7-db2be4ab6327 on network 177f0fb8-8efe-42df-b46e-daf6f73cf24d {{(pid=94672) bind_port /opt/stack/neutron/neutron/plugins/ml2/drivers/mech_agent.py:85}}
Aug 16 01:31:58.151828 n-d-765315-27 neutron-server[94672]: DEBUG neutron.plugins.ml2.drivers.mech_agent [req-e9a07ace-b902-41fe-bd9b-63c011664e26 req-467f1f05-c6a9-4c1b-9379-ca6884782303 service neutron] Port a62b5efa-f56a-4377-aae7-db2be4ab6327 on network 177f0fb8-8efe-42df-b46e-daf6f73cf24d not bound, no agent of type Open vSwitch agent registered on host n-h2-765315-27 {{(pid=94672) bind_port /opt/stack/neutron/neutron/plugins/ml2/drivers/mech_agent.py:97}}
Aug 16 01:31:58.152457 n-d-765315-27 neutron-server[94672]: DEBUG neutron.plugins.ml2.drivers.mech_agent [req-e9a07ace-b902-41fe-bd9b-63c011664e26 req-467f1f05-c6a9-4c1b-9379-ca6884782303 service neutron] Attempting to bind port a62b5efa-f56a-4377-aae7-db2be4ab6327 on network 177f0fb8-8efe-42df-b46e-daf6f73cf24d {{(pid=94672) bind_port /opt/stack/neutron/neutron/plugins/ml2/drivers/mech_agent.py:85}}
Aug 16 01:31:58.158549 n-d-765315-27 neutron-server[94672]: DEBUG neutron.plugins.ml2.drivers.mech_agent [req-e9a07ace-b902-41fe-bd9b-63c011664e26 req-467f1f05-c6a9-4c1b-9379-ca6884782303 service neutron] Checking agent: {'id': '98eb4986-0a71-4292-b71b-79b79e8937d3', 'agent_type': 'HyperV agent', 'binary': 'neutron-hyperv-agent', 'topic': 'N/A', 'host': 'n-h2-765315-27', 'admin_state_up': True, 'created_at': datetime.datetime(2021, 8, 16, 1, 28, 38), 'started_at': datetime.datetime(2021, 8, 16, 1, 28, 38), 'heartbeat_timestamp': datetime.datetime(2021, 8, 16, 1, 31, 38), 'description': None, 'resources_synced': None, 'availability_zone': None, 'alive': True, 'configurations': {'vswitch_mappings': {'physnet1$': 'br-data'}}, 'resource_versions': {}} {{(pid=94672) bind_port /opt/stack/neutron/neutron/plugins/ml2/drivers/mech_agent.py:104}}
Aug 16 01:31:58.159052 n-d-765315-27 neutron-server[94672]: DEBUG neutron.plugins.ml2.drivers.mech_agent [req-e9a07ace-b902-41fe-bd9b-63c011664e26 req-467f1f05-c6a9-4c1b-9379-ca6884782303 service neutron] Checking segment: {'id': '91ad9ac3-7f5c-4abe-ab6d-68c742b6e14f', 'network_type': 'vlan', 'physical_network': 'physnet1', 'segmentation_id': 593, 'network_id': '177f0fb8-8efe-42df-b46e-daf6f73cf24d'} for mappings: {'physnet1$': 'br-data'} with network types: ['local', 'flat', 'vlan'] {{(pid=94672) check_segment_for_agent /opt/stack/neutron/neutron/plugins/ml2/drivers/mech_agent.py:352}}
Aug 16 01:31:58.159529 n-d-765315-27 neutron-server[94672]: DEBUG neutron.plugins.ml2.drivers.mech_agent [req-e9a07ace-b902-41fe-bd9b-63c011664e26 req-467f1f05-c6a9-4c1b-9379-ca6884782303 service neutron] Bound using segment: {'id': '91ad9ac3-7f5c-4abe-ab6d-68c742b6e14f', 'network_type': 'vlan', 'physical_network': 'physnet1', 'segmentation_id': 593, 'network_id': '177f0fb8-8efe-42df-b46e-daf6f73cf24d'} {{(pid=94672) bind_port /opt/stack/neutron/neutron/plugins/ml2/drivers/mech_agent.py:114}}
Aug 16 01:31:58.160044 n-d-765315-27 neutron-server[94672]: DEBUG neutron.plugins.ml2.managers [req-e9a07ace-b902-41fe-bd9b-63c011664e26 req-467f1f05-c6a9-4c1b-9379-ca6884782303 service neutron] Bound port: a62b5efa-f56a-4377-aae7-db2be4ab6327, host: n-h2-765315-27, vif_type: hyperv, vif_details: {"connectivity": "legacy", "port_filter": false}, binding_levels: [{'bound_driver': 'hyperv', 'bound_segment': {'id': '91ad9ac3-7f5c-4abe-ab6d-68c742b6e14f', 'network_type': 'vlan', 'physical_network': 'physnet1', 'segmentation_id': 593, 'network_id': '177f0fb8-8efe-42df-b46e-daf6f73cf24d'}}] {{(pid=94672) _bind_port_level /opt/stack/neutron/neutron/plugins/ml2/managers.py:928}}
Aug 16 01:31:58.160487 n-d-765315-27 neutron-server[94672]: DEBUG neutron_lib.callbacks.manager [req-e9a07ace-b902-41fe-bd9b-63c011664e26 req-467f1f05-c6a9-4c1b-9379-ca6884782303 service neutron] Notify callbacks ['neutron.plugins.ml2.plugin.SecurityGroupDbMixin._ensure_default_security_group_handler-706120'] for port, before_update {{(pid=94672) _notify_loop /usr/local/lib/python3.8/dist-packages/neutron_lib/callbacks/manager.py:192}}
Aug 16 01:31:58.169140 n-d-765315-27 neutron-server[94673]: DEBUG neutron_lib.callbacks.manager [None req-f934a8e6-4e60-434b-9046-7dce43bdc2b3 admin admin] Notify callbacks [] for security_group, before_create {{(pid=94673) _notify_loop /usr/local/lib/python3.8/dist-packages/neutron_lib/callbacks/manager.py:192}}
Aug 16 01:31:58.178472 n-d-765315-27 neutron-server[94673]: DEBUG neutron_lib.callbacks.manager [None req-01ba6e31-8cad-49d4-9b85-f4a21af6b6f9 admin admin] Notify callbacks [] for security_group, before_create {{(pid=94673) _notify_loop /usr/local/lib/python3.8/dist-packages/neutron_lib/callbacks/manager.py:192}}
Aug 16 01:31:58.226591 n-d-765315-27 neutron-server[94673]: DEBUG neutron_lib.db.api [None req-01ba6e31-8cad-49d4-9b85-f4a21af6b6f9 admin admin] Retry wrapper got retriable exception: (pymysql.err.OperationalError) (1213, 'Deadlock found when trying to get lock; try restarting transaction')
Aug 16 01:31:58.226591 n-d-765315-27 neutron-server[94673]: [SQL: INSERT INTO reservations (project_id, id, expiration) VALUES (%(project_id)s, %(id)s, %(expiration)s)]
Aug 16 01:31:58.226591 n-d-765315-27 neutron-server[94673]: [parameters: {'project_id': '95445abb2c574974a5f5982871a418b4', 'id': 'ab9eac8f-a412-4ba0-8c29-c9b33770be58', 'expiration': datetime.datetime(2021, 8, 16, 1, 33, 58, 218737)}]
Aug 16 01:31:58.226591 n-d-765315-27 neutron-server[94673]: (Background on this error at: https://sqlalche.me/e/14/e3q8) {{(pid=94673) wrapped /usr/local/lib/python3.8/dist-packages/neutron_lib/db/api.py:183}}
Aug 16 01:31:58.227063 n-d-765315-27 neutron-server[94673]: DEBUG oslo_db.api [None req-01ba6e31-8cad-49d4-9b85-f4a21af6b6f9 admin admin] Performing DB retry for function neutron.db.securitygroups_db.SecurityGroupDbMixin.create_security_group {{(pid=94673) wrapper /usr/local/lib/python3.8/dist-packages/oslo_db/api.py:155}}
Aug 16 01:31:58.273132 n-d-765315-27 neutron-server[94673]: DEBUG neutron.wsgi [-] (94673) accepted ('10.222.0.68', 60996) {{(pid=94673) server /usr/local/lib/python3.8/dist-packages/eventlet/wsgi.py:982}}
Aug 16 01:31:58.281927 n-d-765315-27 neutron-server[94672]: DEBUG neutron.pecan_wsgi.hooks.policy_enforcement [req-692b69dc-22b0-4d11-8e0e-e0de5e8ce6ea req-38fe3723-9549-43ef-93b8-d08c36519c95 tempest-ServersOnMultiNodesTest-712677039 tempest-ServersOnMultiNodesTest-712677039-project] Attributes excluded by policy engine: ['standard_attr_id', 'binding:profile', 'binding:host_id', 'binding:vif_type', 'binding:vif_details'] {{(pid=94672) _exclude_attributes_by_policy /opt/stack/neutron/neutron/pecan_wsgi/hooks/policy_enforcement.py:255}}
Aug 16 01:31:58.283734 n-d-765315-27 neutron-server[94672]: INFO neutron.wsgi [req-692b69dc-22b0-4d11-8e0e-e0de5e8ce6ea req-38fe3723-9549-43ef-93b8-d08c36519c95 tempest-ServersOnMultiNodesTest-712677039 tempest-ServersOnMultiNodesTest-712677039-project] 10.222.0.68 "GET /v2.0/ports?device_id=59159581-0f73-4576-bdda-aa930a1f3248 HTTP/1.1" status: 200 len: 950 time: 0.0835679
Aug 16 01:31:58.286450 n-d-765315-27 neutron-server[94672]: DEBUG neutron.plugins.ml2.db [req-e9a07ace-b902-41fe-bd9b-63c011664e26 req-467f1f05-c6a9-4c1b-9379-ca6884782303 service neutron] For port a62b5efa-f56a-4377-aae7-db2be4ab6327, host n-h2-765315-27, cleared binding levels {{(pid=94672) clear_binding_levels /opt/stack/neutron/neutron/plugins/ml2/db.py:87}}
Aug 16 01:31:58.289780 n-d-765315-27 neutron-server[94672]: DEBUG neutron.plugins.ml2.db [req-e9a07ace-b902-41fe-bd9b-63c011664e26 req-467f1f05-c6a9-4c1b-9379-ca6884782303 service neutron] For port a62b5efa-f56a-4377-aae7-db2be4ab6327, host n-h2-765315-27, set binding levels [PortBindingLevel(driver='hyperv',host='n-h2-765315-27',level=0,port_id=a62b5efa-f56a-4377-aae7-db2be4ab6327,segment=NetworkSegment(91ad9ac3-7f5c-4abe-ab6d-68c742b6e14f),segment_id=91ad9ac3-7f5c-4abe-ab6d-68c742b6e14f)] {{(pid=94672) set_binding_levels /opt/stack/neutron/neutron/plugins/ml2/db.py:59}}
Aug 16 01:31:58.293025 n-d-765315-27 neutron-server[94673]: DEBUG neutron_lib.callbacks.manager [None req-9c377314-f756-406d-ad15-9284caa9685f admin admin] Notify callbacks [] for security_group, before_create {{(pid=94673) _notify_loop /usr/local/lib/python3.8/dist-packages/neutron_lib/callbacks/manager.py:192}}
Aug 16 01:31:58.297417 n-d-765315-27 neutron-server[94672]: DEBUG neutron_lib.callbacks.manager [req-e9a07ace-b902-41fe-bd9b-63c011664e26 req-467f1f05-c6a9-4c1b-9379-ca6884782303 service neutron] Notify callbacks ['neutron.plugins.ml2.plugin.SecurityGroupServerNotifierRpcMixin._notify_sg_on_port_change-706534', 'neutron.plugins.ml2.ovo_rpc._ObjectChangeHandler.handle_event-140761', 'neutron.api.rpc.agentnotifiers.dhcp_rpc_agent_api.DhcpAgentNotifyAPI._native_event_send_dhcp_notification-1676294', 'neutron.db.l3_db.L3RpcNotifierMixin._notify_gateway_port_ip_changed-8736854119060', 'neutron.db.l3_dvrscheduler_db._notify_l3_agent_port_update-8736853647373', 'neutron.db.l3_hascheduler_db._notify_l3_agent_ha_port_update-8736853647391'] for port, after_update {{(pid=94672) _notify_loop /usr/local/lib/python3.8/dist-packages/neutron_lib/callbacks/manager.py:192}}
Aug 16 01:31:58.328478 n-d-765315-27 neutron-server[94673]: DEBUG neutron_lib.callbacks.manager [None req-f934a8e6-4e60-434b-9046-7dce43bdc2b3 admin admin] Notify callbacks [] for security_group, precommit_create {{(pid=94673) _notify_loop /usr/local/lib/python3.8/dist-packages/neutron_lib/callbacks/manager.py:192}}
Aug 16 01:31:58.334679 n-d-765315-27 neutron-server[94673]: DEBUG neutron_lib.callbacks.manager [None req-f934a8e6-4e60-434b-9046-7dce43bdc2b3 admin admin] Notify callbacks ['neutron.plugins.ml2.ovo_rpc._ObjectChangeHandler.handle_event-1692085'] for security_group, after_create {{(pid=94673) _notify_loop /usr/local/lib/python3.8/dist-packages/neutron_lib/callbacks/manager.py:192}}
Aug 16 01:31:58.340829 n-d-765315-27 neutron-server[94672]: DEBUG neutron.notifiers.nova [-] Sending events: [{'server_uuid': '4653f7ad-2d1d-45a1-b156-2114c5deb129', 'name': 'network-vif-unplugged', 'status': 'completed', 'tag': 'a62b5efa-f56a-4377-aae7-db2be4ab6327'}] {{(pid=94672) send_events /opt/stack/neutron/neutron/notifiers/nova.py:262}}
Aug 16 01:31:58.343080 n-d-765315-27 neutron-server[94672]: DEBUG novaclient.v2.client [-] REQ: curl -g -i --cacert "/opt/stack/data/ca-bundle.pem" -X POST http://10.222.0.68/compute/v2.1/os-server-external-events -H "Accept: application/json" -H "Content-Type: application/json" -H "User-Agent: python-novaclient" -H "X-Auth-Token: {SHA256}4dcb692bbcf5e2e992c095dea6bc8edd1aba35fd398121d3bca7bcd29fd902d4" -H "X-OpenStack-Nova-API-Version: 2.1" -H "X-OpenStack-Request-ID: req-a49ad1d9-813b-4b9e-b7a0-a569569d83bf" -d '{"events": [{"server_uuid": "4653f7ad-2d1d-45a1-b156-2114c5deb129", "name": "network-vif-unplugged", "status": "completed", "tag": "a62b5efa-f56a-4377-aae7-db2be4ab6327"}]}' {{(pid=94672) _http_log_request /usr/local/lib/python3.8/dist-packages/keystoneauth1/session.py:519}}
Aug 16 01:31:58.389982 n-d-765315-27 neutron-server[94672]: DEBUG novaclient.v2.client [-] RESP: [200] Connection: close Content-Length: 185 Content-Type: application/json Date: Mon, 16 Aug 2021 01:31:58 GMT OpenStack-API-Version: compute 2.1 Server: Apache/2.4.41 (Ubuntu) Vary: OpenStack-API-Version,X-OpenStack-Nova-API-Version X-OpenStack-Nova-API-Version: 2.1 x-compute-request-id: req-5a315fe6-7c23-47ea-b6c1-fda1c4288bad x-openstack-request-id: req-5a315fe6-7c23-47ea-b6c1-fda1c4288bad {{(pid=94672) _http_log_response /usr/local/lib/python3.8/dist-packages/keystoneauth1/session.py:550}}
Aug 16 01:31:58.390266 n-d-765315-27 neutron-server[94672]: DEBUG novaclient.v2.client [-] RESP BODY: {"events": [{"server_uuid": "4653f7ad-2d1d-45a1-b156-2114c5deb129", "name": "network-vif-unplugged", "status": "completed", "tag": "a62b5efa-f56a-4377-aae7-db2be4ab6327", "code": 200}]} {{(pid=94672) _http_log_response /usr/local/lib/python3.8/dist-packages/keystoneauth1/session.py:582}}
Aug 16 01:31:58.390506 n-d-765315-27 neutron-server[94672]: DEBUG novaclient.v2.client [-] POST call to compute for http://10.222.0.68/compute/v2.1/os-server-external-events used request id req-5a315fe6-7c23-47ea-b6c1-fda1c4288bad {{(pid=94672) request /usr/local/lib/python3.8/dist-packages/keystoneauth1/session.py:954}}
Aug 16 01:31:58.390880 n-d-765315-27 neutron-server[94672]: INFO neutron.notifiers.nova [-] Nova event response: {'server_uuid': '4653f7ad-2d1d-45a1-b156-2114c5deb129', 'name': 'network-vif-unplugged', 'status': 'completed', 'tag': 'a62b5efa-f56a-4377-aae7-db2be4ab6327', 'code': 200}
Aug 16 01:31:58.397240 n-d-765315-27 neutron-server[94673]: INFO neutron.wsgi [None req-f934a8e6-4e60-434b-9046-7dce43bdc2b3 admin admin] 10.222.0.68 "GET /v2.0/security-groups?tenant_id=e04f5d13f9d04a0f9617b0bf62005acb&name=default HTTP/1.1" status: 200 len: 2979 time: 0.6104398
Aug 16 01:31:58.398932 n-d-765315-27 neutron-server[94673]: DEBUG neutron.wsgi [-] (94673) accepted ('10.222.0.68', 32768) {{(pid=94673) server /usr/local/lib/python3.8/dist-packages/eventlet/wsgi.py:982}}
Aug 16 01:31:58.399550 n-d-765315-27 neutron-server[94673]: DEBUG neutron.api.rpc.handlers.resources_rpc [None req-f934a8e6-4e60-434b-9046-7dce43bdc2b3 admin admin] Pushing event updated for resources: {'SecurityGroup': ['ID=aa31c098-873c-427a-9c65-68ac20f5f33a,revision_number=1']} {{(pid=94673) push /opt/stack/neutron/neutron/api/rpc/handlers/resources_rpc.py:237}}
Aug 16 01:31:58.414832 n-d-765315-27 neutron-server[94672]: INFO neutron.wsgi [req-692b69dc-22b0-4d11-8e0e-e0de5e8ce6ea req-c84b352e-8359-4bf0-b7c3-12b9ddbf61d4 tempest-ServersOnMultiNodesTest-712677039 tempest-ServersOnMultiNodesTest-712677039-project] 10.222.0.68 "GET /v2.0/security-groups?id=235ddfb3-b8f5-4b3d-9972-b28a93192020&fields=id&fields=name HTTP/1.1" status: 200 len: 286 time: 0.1189365
Aug 16 01:31:58.417966 n-d-765315-27 neutron-server[94672]: DEBUG neutron.api.rpc.handlers.resources_rpc [None req-467f1f05-c6a9-4c1b-9379-ca6884782303 service neutron] Pushing event updated for resources: {'Port': ['ID=a62b5efa-f56a-4377-aae7-db2be4ab6327,revision_number=8']} {{(pid=94672) push /opt/stack/neutron/neutron/api/rpc/handlers/resources_rpc.py:237}}
Aug 16 01:31:58.422316 n-d-765315-27 neutron-server[94672]: DEBUG neutron.pecan_wsgi.hooks.policy_enforcement [req-e9a07ace-b902-41fe-bd9b-63c011664e26 req-467f1f05-c6a9-4c1b-9379-ca6884782303 service neutron] Attributes excluded by policy engine: ['standard_attr_id'] {{(pid=94672) _exclude_attributes_by_policy /opt/stack/neutron/neutron/pecan_wsgi/hooks/policy_enforcement.py:255}}
Aug 16 01:31:58.423251 n-d-765315-27 neutron-server[94672]: DEBUG neutron_lib.callbacks.manager [req-e9a07ace-b902-41fe-bd9b-63c011664e26 req-467f1f05-c6a9-4c1b-9379-ca6884782303 service neutron] Notify callbacks ['neutron.notifiers.nova.Notifier._send_nova_notification-157280', 'neutron.api.rpc.agentnotifiers.dhcp_rpc_agent_api.DhcpAgentNotifyAPI._send_dhcp_notification-1676312'] for port, before_response {{(pid=94672) _notify_loop /usr/local/lib/python3.8/dist-packages/neutron_lib/callbacks/manager.py:192}}
Aug 16 01:31:58.424604 n-d-765315-27 neutron-server[94672]: INFO neutron.wsgi [req-e9a07ace-b902-41fe-bd9b-63c011664e26 req-467f1f05-c6a9-4c1b-9379-ca6884782303 service neutron] 10.222.0.73 "PUT /v2.0/ports/a62b5efa-f56a-4377-aae7-db2be4ab6327 HTTP/1.1" status: 200 len: 1123 time: 1.3373973
Aug 16 01:31:58.507804 n-d-765315-27 neutron-server[94674]: DEBUG neutron.plugins.ml2.db [None req-956c602b-7a17-4603-8aca-d5b6f3a90302 None None] get_ports_and_sgs() called for port_ids ['a62b5efa-f56a-4377-aae7-db2be4ab6327'] {{(pid=94674) get_ports_and_sgs /opt/stack/neutron/neutron/plugins/ml2/db.py:156}}
Aug 16 01:31:58.512534 n-d-765315-27 neutron-server[94673]: DEBUG neutron_lib.callbacks.manager [None req-9fc1b537-1edc-4b33-af6c-cbf515c41b00 admin admin] Notify callbacks [] for security_group, before_delete {{(pid=94673) _notify_loop /usr/local/lib/python3.8/dist-packages/neutron_lib/callbacks/manager.py:192}}
Aug 16 01:31:58.546764 n-d-765315-27 neutron-server[94673]: DEBUG neutron_lib.callbacks.manager [None req-9c377314-f756-406d-ad15-9284caa9685f admin admin] Notify callbacks [] for security_group, precommit_create {{(pid=94673) _notify_loop /usr/local/lib/python3.8/dist-packages/neutron_lib/callbacks/manager.py:192}}
Aug 16 01:31:58.555289 n-d-765315-27 neutron-server[94673]: DEBUG neutron_lib.callbacks.manager [None req-9c377314-f756-406d-ad15-9284caa9685f admin admin] Notify callbacks ['neutron.plugins.ml2.ovo_rpc._ObjectChangeHandler.handle_event-1692085'] for security_group, after_create {{(pid=94673) _notify_loop /usr/local/lib/python3.8/dist-packages/neutron_lib/callbacks/manager.py:192}}
Aug 16 01:31:58.560056 n-d-765315-27 neutron-server[94673]: DEBUG neutron_lib.callbacks.manager [None req-9fc1b537-1edc-4b33-af6c-cbf515c41b00 admin admin] Notify callbacks [] for security_group, precommit_delete {{(pid=94673) _notify_loop /usr/local/lib/python3.8/dist-packages/neutron_lib/callbacks/manager.py:192}}
Aug 16 01:31:58.612541 n-d-765315-27 neutron-server[94674]: DEBUG neutron.plugins.ml2.rpc [None req-956c602b-7a17-4603-8aca-d5b6f3a90302 None None] Device 09793403-48b1-47d2-8ea0-997a18d1cc71 details requested by agent hyperv_n-h2-765315-27 with host n-h2-765315-27 {{(pid=94674) get_device_details /opt/stack/neutron/neutron/plugins/ml2/rpc.py:102}}
Aug 16 01:31:58.621214 n-d-765315-27 neutron-server[94673]: INFO neutron.wsgi [None req-9c377314-f756-406d-ad15-9284caa9685f admin admin] 10.222.0.68 "GET /v2.0/security-groups?tenant_id=ad86e8ba451b45ebb242a5fb082b9133&name=default HTTP/1.1" status: 200 len: 2979 time: 0.3470538
Aug 16 01:31:58.623942 n-d-765315-27 neutron-server[94672]: DEBUG neutron.wsgi [-] (94672) accepted ('10.222.0.68', 32776) {{(pid=94672) server /usr/local/lib/python3.8/dist-packages/eventlet/wsgi.py:982}}
Aug 16 01:31:58.633475 n-d-765315-27 neutron-server[94673]: DEBUG neutron.api.rpc.handlers.resources_rpc [None req-9c377314-f756-406d-ad15-9284caa9685f admin admin] Pushing event updated for resources: {'SecurityGroup': ['ID=4822c7a4-71d8-4d1c-8d12-1102e4d3b820,revision_number=1']} {{(pid=94673) push /opt/stack/neutron/neutron/api/rpc/handlers/resources_rpc.py:237}}
Aug 16 01:31:58.676196 n-d-765315-27 neutron-server[94673]: DEBUG neutron_lib.callbacks.manager [None req-9fc1b537-1edc-4b33-af6c-cbf515c41b00 admin admin] Notify callbacks ['neutron.plugins.ml2.ovo_rpc._ObjectChangeHandler.handle_event-1692085'] for security_group, after_delete {{(pid=94673) _notify_loop /usr/local/lib/python3.8/dist-packages/neutron_lib/callbacks/manager.py:192}}
Aug 16 01:31:58.680320 n-d-765315-27 neutron-server[94673]: DEBUG neutron_lib.callbacks.manager [None req-9fc1b537-1edc-4b33-af6c-cbf515c41b00 admin admin] Notify callbacks [] for security_group, before_response {{(pid=94673) _notify_loop /usr/local/lib/python3.8/dist-packages/neutron_lib/callbacks/manager.py:192}}
Aug 16 01:31:58.687718 n-d-765315-27 neutron-server[94672]: DEBUG neutron_lib.callbacks.manager [None req-2b32ce5b-1d91-42f5-905c-ae44638f5230 admin admin] Notify callbacks [] for security_group, before_delete {{(pid=94672) _notify_loop /usr/local/lib/python3.8/dist-packages/neutron_lib/callbacks/manager.py:192}}
Aug 16 01:31:58.691589 n-d-765315-27 neutron-server[94673]: INFO neutron.wsgi [None req-9fc1b537-1edc-4b33-af6c-cbf515c41b00 admin admin] 10.222.0.68 "DELETE /v2.0/security-groups/aa31c098-873c-427a-9c65-68ac20f5f33a HTTP/1.1" status: 204 len: 168 time: 0.2882788
Aug 16 01:31:58.701873 n-d-765315-27 neutron-server[94673]: DEBUG neutron.api.rpc.handlers.resources_rpc [None req-9fc1b537-1edc-4b33-af6c-cbf515c41b00 admin admin] Pushing event deleted for resources: {'SecurityGroup': ['ID=aa31c098-873c-427a-9c65-68ac20f5f33a,revision_number=None']} {{(pid=94673) push /opt/stack/neutron/neutron/api/rpc/handlers/resources_rpc.py:237}}
Aug 16 01:31:58.711661 n-d-765315-27 neutron-server[94672]: DEBUG neutron_lib.callbacks.manager [None req-2b32ce5b-1d91-42f5-905c-ae44638f5230 admin admin] Notify callbacks [] for security_group, precommit_delete {{(pid=94672) _notify_loop /usr/local/lib/python3.8/dist-packages/neutron_lib/callbacks/manager.py:192}}
Aug 16 01:31:58.728011 n-d-765315-27 neutron-server[94673]: DEBUG neutron_lib.callbacks.manager [None req-01ba6e31-8cad-49d4-9b85-f4a21af6b6f9 admin admin] Notify callbacks [] for security_group, before_create {{(pid=94673) _notify_loop /usr/local/lib/python3.8/dist-packages/neutron_lib/callbacks/manager.py:192}}
Aug 16 01:31:58.801094 n-d-765315-27 neutron-server[94672]: DEBUG neutron_lib.callbacks.manager [None req-2b32ce5b-1d91-42f5-905c-ae44638f5230 admin admin] Notify callbacks ['neutron.plugins.ml2.ovo_rpc._ObjectChangeHandler.handle_event-1692085'] for security_group, after_delete {{(pid=94672) _notify_loop /usr/local/lib/python3.8/dist-packages/neutron_lib/callbacks/manager.py:192}}
Aug 16 01:31:58.803781 n-d-765315-27 neutron-server[94672]: DEBUG neutron_lib.callbacks.manager [None req-2b32ce5b-1d91-42f5-905c-ae44638f5230 admin admin] Notify callbacks [] for security_group, before_response {{(pid=94672) _notify_loop /usr/local/lib/python3.8/dist-packages/neutron_lib/callbacks/manager.py:192}}
Aug 16 01:31:58.804928 n-d-765315-27 neutron-server[94672]: INFO neutron.wsgi [None req-2b32ce5b-1d91-42f5-905c-ae44638f5230 admin admin] 10.222.0.68 "DELETE /v2.0/security-groups/4822c7a4-71d8-4d1c-8d12-1102e4d3b820 HTTP/1.1" status: 204 len: 168 time: 0.1800206
Aug 16 01:31:58.809056 n-d-765315-27 neutron-server[94674]: DEBUG neutron.plugins.ml2.db [None req-956c602b-7a17-4603-8aca-d5b6f3a90302 None None] For port 09793403-48b1-47d2-8ea0-997a18d1cc71, host n-h2-765315-27, got binding levels [PortBindingLevel(driver='hyperv',host='n-h2-765315-27',level=0,port_id=09793403-48b1-47d2-8ea0-997a18d1cc71,segment=NetworkSegment(93eea0b8-94ec-454e-9576-fea7a779ea97),segment_id=93eea0b8-94ec-454e-9576-fea7a779ea97)] {{(pid=94674) get_binding_level_objs /opt/stack/neutron/neutron/plugins/ml2/db.py:74}}
Aug 16 01:31:58.820682 n-d-765315-27 neutron-server[94672]: DEBUG neutron.api.rpc.handlers.resources_rpc [None req-2b32ce5b-1d91-42f5-905c-ae44638f5230 admin admin] Pushing event deleted for resources: {'SecurityGroup': ['ID=4822c7a4-71d8-4d1c-8d12-1102e4d3b820,revision_number=None']} {{(pid=94672) push /opt/stack/neutron/neutron/api/rpc/handlers/resources_rpc.py:237}}
Aug 16 01:31:58.822522 n-d-765315-27 neutron-server[94674]: DEBUG neutron.plugins.ml2.rpc [None req-956c602b-7a17-4603-8aca-d5b6f3a90302 None None] Returning: {'device': '09793403-48b1-47d2-8ea0-997a18d1cc71', 'network_id': '268994b3-9d34-438f-948f-f4457ea15ca1', 'port_id': '09793403-48b1-47d2-8ea0-997a18d1cc71', 'mac_address': 'fa:16:3e:4f:42:d9', 'admin_state_up': True, 'network_type': 'vlan', 'segmentation_id': 550, 'physical_network': 'physnet1', 'mtu': 1500, 'fixed_ips': [{'subnet_id': 'd3e075c4-0752-4776-bb0a-6b883c1bb09d', 'ip_address': '172.20.0.7'}], 'device_owner': 'compute:nova', 'allowed_address_pairs': [], 'port_security_enabled': True, 'qos_policy_id': None, 'network_qos_policy_id': None, 'profile': {}, 'propagate_uplink_status': False} {{(pid=94674) _get_device_details /opt/stack/neutron/neutron/plugins/ml2/rpc.py:184}}
Aug 16 01:31:58.865120 n-d-765315-27 neutron-server[94673]: DEBUG neutron_lib.callbacks.manager [None req-01ba6e31-8cad-49d4-9b85-f4a21af6b6f9 admin admin] Notify callbacks [] for security_group, precommit_create {{(pid=94673) _notify_loop /usr/local/lib/python3.8/dist-packages/neutron_lib/callbacks/manager.py:192}}
Aug 16 01:31:58.879136 n-d-765315-27 neutron-server[94674]: DEBUG neutron_lib.callbacks.manager [None req-956c602b-7a17-4603-8aca-d5b6f3a90302 None None] Notify callbacks ['neutron.plugins.ml2.plugin.SecurityGroupDbMixin._ensure_default_security_group_handler-706120'] for port, before_update {{(pid=94674) _notify_loop /usr/local/lib/python3.8/dist-packages/neutron_lib/callbacks/manager.py:192}}
Aug 16 01:31:58.880806 n-d-765315-27 neutron-server[94673]: DEBUG neutron_lib.callbacks.manager [None req-01ba6e31-8cad-49d4-9b85-f4a21af6b6f9 admin admin] Notify callbacks ['neutron.plugins.ml2.ovo_rpc._ObjectChangeHandler.handle_event-1692085'] for security_group, after_create {{(pid=94673) _notify_loop /usr/local/lib/python3.8/dist-packages/neutron_lib/callbacks/manager.py:192}}
Aug 16 01:31:58.902281 n-d-765315-27 neutron-server[94674]: DEBUG neutron.notifiers.nova [None req-956c602b-7a17-4603-8aca-d5b6f3a90302 None None] Ignoring state change previous_port_status: DOWN current_port_status: BUILD port_id 09793403-48b1-47d2-8ea0-997a18d1cc71 {{(pid=94674) record_port_status_changed /opt/stack/neutron/neutron/notifiers/nova.py:224}}
Aug 16 01:31:58.927592 n-d-765315-27 neutron-server[94673]: INFO neutron.wsgi [None req-01ba6e31-8cad-49d4-9b85-f4a21af6b6f9 admin admin] 10.222.0.68 "GET /v2.0/security-groups?tenant_id=95445abb2c574974a5f5982871a418b4&name=default HTTP/1.1" status: 200 len: 2979 time: 1.1127133
Aug 16 01:31:58.928410 n-d-765315-27 neutron-server[94674]: DEBUG neutron.plugins.ml2.db [None req-956c602b-7a17-4603-8aca-d5b6f3a90302 None None] For port 09793403-48b1-47d2-8ea0-997a18d1cc71, host n-h2-765315-27, got binding levels [PortBindingLevel(driver='hyperv',host='n-h2-765315-27',level=0,port_id=09793403-48b1-47d2-8ea0-997a18d1cc71,segment=NetworkSegment(93eea0b8-94ec-454e-9576-fea7a779ea97),segment_id=93eea0b8-94ec-454e-9576-fea7a779ea97)] {{(pid=94674) get_binding_level_objs /opt/stack/neutron/neutron/plugins/ml2/db.py:74}}
Aug 16 01:31:58.933437 n-d-765315-27 neutron-server[94672]: DEBUG neutron.wsgi [-] (94672) accepted ('10.222.0.68', 32784) {{(pid=94672) server /usr/local/lib/python3.8/dist-packages/eventlet/wsgi.py:982}}
Aug 16 01:31:58.938855 n-d-765315-27 neutron-server[94674]: DEBUG neutron_lib.callbacks.manager [None req-956c602b-7a17-4603-8aca-d5b6f3a90302 None None] Notify callbacks ['neutron.plugins.ml2.plugin.SecurityGroupServerNotifierRpcMixin._notify_sg_on_port_change-706534', 'neutron.plugins.ml2.ovo_rpc._ObjectChangeHandler.handle_event-140761', 'neutron.api.rpc.agentnotifiers.dhcp_rpc_agent_api.DhcpAgentNotifyAPI._native_event_send_dhcp_notification-1676294', 'neutron.db.l3_db.L3RpcNotifierMixin._notify_gateway_port_ip_changed-8736854119060', 'neutron.db.l3_dvrscheduler_db._notify_l3_agent_port_update-8736853647373', 'neutron.db.l3_hascheduler_db._notify_l3_agent_ha_port_update-8736853647391'] for port, after_update {{(pid=94674) _notify_loop /usr/local/lib/python3.8/dist-packages/neutron_lib/callbacks/manager.py:192}}
Aug 16 01:31:58.950035 n-d-765315-27 neutron-server[94672]: DEBUG neutron.pecan_wsgi.hooks.policy_enforcement [req-8bf27d1b-ad81-4a94-ae0f-b1d51847b7bb req-7fc4b570-b189-4852-85eb-08abc4cf5a2f tempest-ServersOnMultiNodesTest-586069676 tempest-ServersOnMultiNodesTest-586069676-project-admin] Attributes excluded by policy engine: ['standard_attr_id'] {{(pid=94672) _exclude_attributes_by_policy /opt/stack/neutron/neutron/pecan_wsgi/hooks/policy_enforcement.py:255}}
Aug 16 01:31:58.954982 n-d-765315-27 neutron-server[94673]: DEBUG neutron.api.rpc.handlers.resources_rpc [None req-01ba6e31-8cad-49d4-9b85-f4a21af6b6f9 admin admin] Pushing event updated for resources: {'SecurityGroup': ['ID=bf3faf5e-32aa-4989-a242-6e1dc3eb3d86,revision_number=1']} {{(pid=94673) push /opt/stack/neutron/neutron/api/rpc/handlers/resources_rpc.py:237}}
Aug 16 01:31:58.959365 n-d-765315-27 neutron-server[94672]: INFO neutron.wsgi [req-8bf27d1b-ad81-4a94-ae0f-b1d51847b7bb req-7fc4b570-b189-4852-85eb-08abc4cf5a2f tempest-ServersOnMultiNodesTest-586069676 tempest-ServersOnMultiNodesTest-586069676-project-admin] 10.222.0.68 "GET /v2.0/ports?device_id=59159581-0f73-4576-bdda-aa930a1f3248 HTTP/1.1" status: 200 len: 1102 time: 0.0815485
Aug 16 01:31:58.979138 n-d-765315-27 neutron-server[94672]: DEBUG neutron_lib.callbacks.manager [req-8bf27d1b-ad81-4a94-ae0f-b1d51847b7bb req-b367fc21-674c-4852-ad07-536a91f36923 tempest-ServersOnMultiNodesTest-586069676 tempest-ServersOnMultiNodesTest-586069676-project-admin] Notify callbacks [] for security_group, before_create {{(pid=94672) _notify_loop /usr/local/lib/python3.8/dist-packages/neutron_lib/callbacks/manager.py:192}}
Aug 16 01:31:59.010198 n-d-765315-27 neutron-server[94674]: DEBUG neutron.api.rpc.handlers.resources_rpc [None req-956c602b-7a17-4603-8aca-d5b6f3a90302 None None] Pushing event updated for resources: {'Port': ['ID=09793403-48b1-47d2-8ea0-997a18d1cc71,revision_number=4']} {{(pid=94674) push /opt/stack/neutron/neutron/api/rpc/handlers/resources_rpc.py:237}}
Aug 16 01:31:59.045475 n-d-765315-27 neutron-server[94673]: DEBUG neutron.pecan_wsgi.hooks.policy_enforcement [req-71a8af1c-f278-4256-b17c-961bad9e90ba req-bb1dd6da-cee1-485f-9564-9f8efbfa37b6 tempest-LiveMigrationTest-858930302 tempest-LiveMigrationTest-858930302-project] Attributes excluded by policy engine: ['standard_attr_id', 'binding:profile', 'binding:host_id', 'binding:vif_type', 'binding:vif_details'] {{(pid=94673) _exclude_attributes_by_policy /opt/stack/neutron/neutron/pecan_wsgi/hooks/policy_enforcement.py:255}}
Aug 16 01:31:59.046105 n-d-765315-27 neutron-server[94672]: DEBUG neutron_lib.callbacks.manager [None req-06ba3dcb-281f-4511-a419-9c75c1438195 admin admin] Notify callbacks [] for security_group, before_delete {{(pid=94672) _notify_loop /usr/local/lib/python3.8/dist-packages/neutron_lib/callbacks/manager.py:192}}
Aug 16 01:31:59.047807 n-d-765315-27 neutron-server[94673]: INFO neutron.wsgi [req-71a8af1c-f278-4256-b17c-961bad9e90ba req-bb1dd6da-cee1-485f-9564-9f8efbfa37b6 tempest-LiveMigrationTest-858930302 tempest-LiveMigrationTest-858930302-project] 10.222.0.68 "GET /v2.0/ports?device_id=4653f7ad-2d1d-45a1-b156-2114c5deb129 HTTP/1.1" status: 200 len: 943 time: 0.0742798
Aug 16 01:31:59.089610 n-d-765315-27 neutron-server[94673]: INFO neutron.wsgi [req-71a8af1c-f278-4256-b17c-961bad9e90ba req-9ade89bc-d3a3-49c3-a392-84f4c4b1fe2d tempest-LiveMigrationTest-858930302 tempest-LiveMigrationTest-858930302-project] 10.222.0.68 "GET /v2.0/security-groups?id=e871ed50-0f6e-4204-a5ad-ab88fe0063aa&fields=id&fields=name HTTP/1.1" status: 200 len: 286 time: 0.0354059
Aug 16 01:31:59.090921 n-d-765315-27 neutron-server[94672]: DEBUG neutron_lib.callbacks.manager [None req-06ba3dcb-281f-4511-a419-9c75c1438195 admin admin] Notify callbacks [] for security_group, precommit_delete {{(pid=94672) _notify_loop /usr/local/lib/python3.8/dist-packages/neutron_lib/callbacks/manager.py:192}}
Aug 16 01:31:59.184585 n-d-765315-27 neutron-server[94672]: DEBUG neutron_lib.callbacks.manager [req-8bf27d1b-ad81-4a94-ae0f-b1d51847b7bb req-b367fc21-674c-4852-ad07-536a91f36923 tempest-ServersOnMultiNodesTest-586069676 tempest-ServersOnMultiNodesTest-586069676-project-admin] Notify callbacks [] for security_group, precommit_create {{(pid=94672) _notify_loop /usr/local/lib/python3.8/dist-packages/neutron_lib/callbacks/manager.py:192}}
Aug 16 01:31:59.186121 n-d-765315-27 neutron-server[94672]: DEBUG neutron_lib.callbacks.manager [None req-06ba3dcb-281f-4511-a419-9c75c1438195 admin admin] Notify callbacks ['neutron.plugins.ml2.ovo_rpc._ObjectChangeHandler.handle_event-1692085'] for security_group, after_delete {{(pid=94672) _notify_loop /usr/local/lib/python3.8/dist-packages/neutron_lib/callbacks/manager.py:192}}
Aug 16 01:31:59.188856 n-d-765315-27 neutron-server[94672]: DEBUG neutron_lib.callbacks.manager [None req-06ba3dcb-281f-4511-a419-9c75c1438195 admin admin] Notify callbacks [] for security_group, before_response {{(pid=94672) _notify_loop /usr/local/lib/python3.8/dist-packages/neutron_lib/callbacks/manager.py:192}}
Aug 16 01:31:59.192408 n-d-765315-27 neutron-server[94672]: INFO neutron.wsgi [None req-06ba3dcb-281f-4511-a419-9c75c1438195 admin admin] 10.222.0.68 "DELETE /v2.0/security-groups/bf3faf5e-32aa-4989-a242-6e1dc3eb3d86 HTTP/1.1" status: 204 len: 168 time: 0.2552729
Aug 16 01:31:59.202217 n-d-765315-27 neutron-server[94672]: DEBUG neutron_lib.callbacks.manager [req-8bf27d1b-ad81-4a94-ae0f-b1d51847b7bb req-b367fc21-674c-4852-ad07-536a91f36923 tempest-ServersOnMultiNodesTest-586069676 tempest-ServersOnMultiNodesTest-586069676-project-admin] Notify callbacks ['neutron.plugins.ml2.ovo_rpc._ObjectChangeHandler.handle_event-1692085'] for security_group, after_create {{(pid=94672) _notify_loop /usr/local/lib/python3.8/dist-packages/neutron_lib/callbacks/manager.py:192}}
Aug 16 01:31:59.206450 n-d-765315-27 neutron-server[94672]: DEBUG neutron.api.rpc.handlers.resources_rpc [None req-06ba3dcb-281f-4511-a419-9c75c1438195 admin admin] Pushing event deleted for resources: {'SecurityGroup': ['ID=bf3faf5e-32aa-4989-a242-6e1dc3eb3d86,revision_number=None']} {{(pid=94672) push /opt/stack/neutron/neutron/api/rpc/handlers/resources_rpc.py:237}}
Aug 16 01:31:59.222271 n-d-765315-27 neutron-server[94674]: DEBUG neutron.plugins.ml2.db [None req-956c602b-7a17-4603-8aca-d5b6f3a90302 None None] get_ports_and_sgs() called for port_ids ['09793403-48b1-47d2-8ea0-997a18d1cc71'] {{(pid=94674) get_ports_and_sgs /opt/stack/neutron/neutron/plugins/ml2/db.py:156}}
Aug 16 01:31:59.255702 n-d-765315-27 neutron-server[94673]: DEBUG neutron.pecan_wsgi.hooks.policy_enforcement [req-20d919fe-8cde-44a5-9062-5de2d7b55f0c req-6c4619b3-3f33-441f-b03d-5c907ac42d8e tempest-FloatingIPsAssociationNegativeTestJSON-2146465963 tempest-FloatingIPsAssociationNegativeTestJSON-2146465963-project] Attributes excluded by policy engine: ['standard_attr_id', 'binding:profile', 'binding:host_id', 'binding:vif_type', 'binding:vif_details'] {{(pid=94673) _exclude_attributes_by_policy /opt/stack/neutron/neutron/pecan_wsgi/hooks/policy_enforcement.py:255}}
Aug 16 01:31:59.257360 n-d-765315-27 neutron-server[94673]: INFO neutron.wsgi [req-20d919fe-8cde-44a5-9062-5de2d7b55f0c req-6c4619b3-3f33-441f-b03d-5c907ac42d8e tempest-FloatingIPsAssociationNegativeTestJSON-2146465963 tempest-FloatingIPsAssociationNegativeTestJSON-2146465963-project] 10.222.0.68 "GET /v2.0/ports?device_id=4620fa2f-72b1-4dfd-ab7d-30dfa19dd9b3 HTTP/1.1" status: 200 len: 944 time: 0.0742085
Aug 16 01:31:59.267591 n-d-765315-27 neutron-server[94672]: DEBUG neutron.api.rpc.handlers.resources_rpc [None req-b367fc21-674c-4852-ad07-536a91f36923 tempest-ServersOnMultiNodesTest-586069676 tempest-ServersOnMultiNodesTest-586069676-project-admin] Pushing event updated for resources: {'SecurityGroup': ['ID=b0906083-c772-4290-85cc-87d922d53c5d,revision_number=1']} {{(pid=94672) push /opt/stack/neutron/neutron/api/rpc/handlers/resources_rpc.py:237}}
Aug 16 01:31:59.297542 n-d-765315-27 neutron-server[94672]: INFO neutron.wsgi [req-8bf27d1b-ad81-4a94-ae0f-b1d51847b7bb req-b367fc21-674c-4852-ad07-536a91f36923 tempest-ServersOnMultiNodesTest-586069676 tempest-ServersOnMultiNodesTest-586069676-project-admin] 10.222.0.68 "GET /v2.0/security-groups?id=235ddfb3-b8f5-4b3d-9972-b28a93192020&fields=id&fields=name HTTP/1.1" status: 200 len: 286 time: 0.3368738
Aug 16 01:31:59.335504 n-d-765315-27 neutron-server[94673]: INFO neutron.wsgi [req-20d919fe-8cde-44a5-9062-5de2d7b55f0c req-a688c400-ed5d-496d-891b-3f4f151ad227 tempest-FloatingIPsAssociationNegativeTestJSON-2146465963 tempest-FloatingIPsAssociationNegativeTestJSON-2146465963-project] 10.222.0.68 "GET /v2.0/security-groups?id=cd97d2f9-64d8-4ebf-af84-c9f91a386e0b&fields=id&fields=name HTTP/1.1" status: 200 len: 286 time: 0.0705371
Aug 16 01:31:59.358443 n-d-765315-27 neutron-server[94673]: DEBUG neutron.wsgi [-] (94673) accepted ('10.222.0.68', 32802) {{(pid=94673) server /usr/local/lib/python3.8/dist-packages/eventlet/wsgi.py:982}}
Aug 16 01:31:59.378557 n-d-765315-27 neutron-server[94673]: DEBUG neutron_lib.callbacks.manager [None req-33051ce1-7032-4054-9f27-4bf189edbf7d admin admin] Notify callbacks [] for security_group, before_create {{(pid=94673) _notify_loop /usr/local/lib/python3.8/dist-packages/neutron_lib/callbacks/manager.py:192}}
Aug 16 01:31:59.482229 n-d-765315-27 neutron-server[94672]: DEBUG neutron.pecan_wsgi.hooks.policy_enforcement [req-88980317-6f08-429e-8c21-1005814f70a0 req-a44d2fee-2dd0-4712-ab51-f49fcdc26d54 tempest-LiveAutoBlockMigrationV225Test-457450935 tempest-LiveAutoBlockMigrationV225Test-457450935-project] Attributes excluded by policy engine: ['standard_attr_id', 'binding:profile', 'binding:host_id', 'binding:vif_type', 'binding:vif_details'] {{(pid=94672) _exclude_attributes_by_policy /opt/stack/neutron/neutron/pecan_wsgi/hooks/policy_enforcement.py:255}}
Aug 16 01:31:59.491386 n-d-765315-27 neutron-server[94672]: INFO neutron.wsgi [req-88980317-6f08-429e-8c21-1005814f70a0 req-a44d2fee-2dd0-4712-ab51-f49fcdc26d54 tempest-LiveAutoBlockMigrationV225Test-457450935 tempest-LiveAutoBlockMigrationV225Test-457450935-project] 10.222.0.68 "GET /v2.0/ports?device_id=db4bf462-13c9-4528-96a9-1d4c330a5abf HTTP/1.1" status: 200 len: 945 time: 0.0943389
Aug 16 01:31:59.547523 n-d-765315-27 neutron-server[94673]: DEBUG neutron_lib.callbacks.manager [None req-33051ce1-7032-4054-9f27-4bf189edbf7d admin admin] Notify callbacks [] for security_group, precommit_create {{(pid=94673) _notify_loop /usr/local/lib/python3.8/dist-packages/neutron_lib/callbacks/manager.py:192}}
Aug 16 01:31:59.561808 n-d-765315-27 neutron-server[94673]: DEBUG neutron_lib.callbacks.manager [None req-33051ce1-7032-4054-9f27-4bf189edbf7d admin admin] Notify callbacks ['neutron.plugins.ml2.ovo_rpc._ObjectChangeHandler.handle_event-1692085'] for security_group, after_create {{(pid=94673) _notify_loop /usr/local/lib/python3.8/dist-packages/neutron_lib/callbacks/manager.py:192}}
Aug 16 01:31:59.582572 n-d-765315-27 neutron-server[94672]: INFO neutron.wsgi [req-88980317-6f08-429e-8c21-1005814f70a0 req-15260a0e-f5c7-4352-ad40-48f1c33fd86c tempest-LiveAutoBlockMigrationV225Test-457450935 tempest-LiveAutoBlockMigrationV225Test-457450935-project] 10.222.0.68 "GET /v2.0/security-groups?id=a9fcd075-2dff-4b36-ac64-2c2afc9e8c57&fields=id&fields=name HTTP/1.1" status: 200 len: 286 time: 0.0825756
Aug 16 01:31:59.613135 n-d-765315-27 neutron-server[94673]: DEBUG neutron.api.rpc.handlers.resources_rpc [None req-33051ce1-7032-4054-9f27-4bf189edbf7d admin admin] Pushing event updated for resources: {'SecurityGroup': ['ID=9d4c8bcc-309c-4e80-82b3-18372741e0df,revision_number=1']} {{(pid=94673) push /opt/stack/neutron/neutron/api/rpc/handlers/resources_rpc.py:237}}
Aug 16 01:31:59.627722 n-d-765315-27 neutron-server[94673]: INFO neutron.wsgi [None req-33051ce1-7032-4054-9f27-4bf189edbf7d admin admin] 10.222.0.68 "GET /v2.0/security-groups?tenant_id=ba2aba968eed468383c5d03a4281a4f2&name=default HTTP/1.1" status: 200 len: 2979 time: 0.2684138
Aug 16 01:31:59.630477 n-d-765315-27 neutron-server[94673]: DEBUG neutron.wsgi [-] (94673) accepted ('10.222.0.68', 32810) {{(pid=94673) server /usr/local/lib/python3.8/dist-packages/eventlet/wsgi.py:982}}
Aug 16 01:31:59.648395 n-d-765315-27 neutron-server[94672]: DEBUG neutron.wsgi [-] (94672) accepted ('10.222.0.68', 32814) {{(pid=94672) server /usr/local/lib/python3.8/dist-packages/eventlet/wsgi.py:982}}
Aug 16 01:31:59.662940 n-d-765315-27 neutron-server[94672]: DEBUG neutron_lib.callbacks.manager [None req-4e508325-b0ce-49f6-99dd-bd3cd27b5f5b admin admin] Notify callbacks [] for security_group, before_create {{(pid=94672) _notify_loop /usr/local/lib/python3.8/dist-packages/neutron_lib/callbacks/manager.py:192}}
Aug 16 01:31:59.697444 n-d-765315-27 neutron-server[94673]: DEBUG neutron_lib.callbacks.manager [None req-7e5f7826-5a6d-4030-a210-67609f386c88 admin admin] Notify callbacks [] for security_group, before_delete {{(pid=94673) _notify_loop /usr/local/lib/python3.8/dist-packages/neutron_lib/callbacks/manager.py:192}}
Aug 16 01:31:59.733961 n-d-765315-27 neutron-server[94673]: DEBUG neutron_lib.callbacks.manager [None req-7e5f7826-5a6d-4030-a210-67609f386c88 admin admin] Notify callbacks [] for security_group, precommit_delete {{(pid=94673) _notify_loop /usr/local/lib/python3.8/dist-packages/neutron_lib/callbacks/manager.py:192}}
Aug 16 01:31:59.752649 n-d-765315-27 neutron-server[94673]: INFO neutron.wsgi [req-4a2a7e95-c112-42e4-bc14-f95c25a04bd1 req-5642a8cd-bf98-45ca-b3de-498aabe89c87 tempest-ServersOnMultiNodesTest-712677039 tempest-ServersOnMultiNodesTest-712677039-project] 10.222.0.68 "GET /v2.0/networks?tenant_id=a281f802ea2743fa9ccd253c1514e699&shared=False HTTP/1.1" status: 200 len: 213 time: 0.0334880
Aug 16 01:31:59.788254 n-d-765315-27 neutron-server[94672]: DEBUG neutron_lib.callbacks.manager [None req-4e508325-b0ce-49f6-99dd-bd3cd27b5f5b admin admin] Notify callbacks [] for security_group, precommit_create {{(pid=94672) _notify_loop /usr/local/lib/python3.8/dist-packages/neutron_lib/callbacks/manager.py:192}}
Aug 16 01:31:59.794353 n-d-765315-27 neutron-server[94672]: DEBUG neutron_lib.callbacks.manager [None req-4e508325-b0ce-49f6-99dd-bd3cd27b5f5b admin admin] Notify callbacks ['neutron.plugins.ml2.ovo_rpc._ObjectChangeHandler.handle_event-1692085'] for security_group, after_create {{(pid=94672) _notify_loop /usr/local/lib/python3.8/dist-packages/neutron_lib/callbacks/manager.py:192}}
Aug 16 01:31:59.833223 n-d-765315-27 neutron-server[94672]: DEBUG neutron.api.rpc.handlers.resources_rpc [None req-4e508325-b0ce-49f6-99dd-bd3cd27b5f5b admin admin] Pushing event updated for resources: {'SecurityGroup': ['ID=30e66a3e-3102-4340-9eba-d95030cc3012,revision_number=1']} {{(pid=94672) push /opt/stack/neutron/neutron/api/rpc/handlers/resources_rpc.py:237}}
Aug 16 01:31:59.841480 n-d-765315-27 neutron-server[94672]: INFO neutron.wsgi [None req-4e508325-b0ce-49f6-99dd-bd3cd27b5f5b admin admin] 10.222.0.68 "GET /v2.0/security-groups?tenant_id=fcd2c69616794777aeb4f2267e131554&name=default HTTP/1.1" status: 200 len: 2979 time: 0.1920075
Aug 16 01:31:59.841871 n-d-765315-27 neutron-server[94673]: DEBUG neutron.wsgi [-] (94673) accepted ('10.222.0.68', 32826) {{(pid=94673) server /usr/local/lib/python3.8/dist-packages/eventlet/wsgi.py:982}}
Aug 16 01:31:59.877661 n-d-765315-27 neutron-server[94673]: DEBUG neutron_lib.callbacks.manager [None req-7e5f7826-5a6d-4030-a210-67609f386c88 admin admin] Notify callbacks ['neutron.plugins.ml2.ovo_rpc._ObjectChangeHandler.handle_event-1692085'] for security_group, after_delete {{(pid=94673) _notify_loop /usr/local/lib/python3.8/dist-packages/neutron_lib/callbacks/manager.py:192}}
Aug 16 01:31:59.880445 n-d-765315-27 neutron-server[94673]: DEBUG neutron_lib.callbacks.manager [None req-7e5f7826-5a6d-4030-a210-67609f386c88 admin admin] Notify callbacks [] for security_group, before_response {{(pid=94673) _notify_loop /usr/local/lib/python3.8/dist-packages/neutron_lib/callbacks/manager.py:192}}
Aug 16 01:31:59.881359 n-d-765315-27 neutron-server[94673]: INFO neutron.wsgi [None req-7e5f7826-5a6d-4030-a210-67609f386c88 admin admin] 10.222.0.68 "DELETE /v2.0/security-groups/9d4c8bcc-309c-4e80-82b3-18372741e0df HTTP/1.1" status: 204 len: 168 time: 0.2499111
Aug 16 01:31:59.902945 n-d-765315-27 neutron-server[94673]: DEBUG neutron.api.rpc.handlers.resources_rpc [None req-7e5f7826-5a6d-4030-a210-67609f386c88 admin admin] Pushing event deleted for resources: {'SecurityGroup': ['ID=9d4c8bcc-309c-4e80-82b3-18372741e0df,revision_number=None']} {{(pid=94673) push /opt/stack/neutron/neutron/api/rpc/handlers/resources_rpc.py:237}}
Aug 16 01:31:59.934671 n-d-765315-27 neutron-server[94673]: DEBUG neutron.pecan_wsgi.hooks.policy_enforcement [req-4a2a7e95-c112-42e4-bc14-f95c25a04bd1 req-ac6c05a2-41a3-4503-82bc-9d41eb3b86bd tempest-ServersOnMultiNodesTest-712677039 tempest-ServersOnMultiNodesTest-712677039-project] Attributes excluded by policy engine: ['standard_attr_id', 'vlan_transparent', 'provider:network_type', 'provider:physical_network', 'provider:segmentation_id'] {{(pid=94673) _exclude_attributes_by_policy /opt/stack/neutron/neutron/pecan_wsgi/hooks/policy_enforcement.py:255}}
Aug 16 01:31:59.941793 n-d-765315-27 neutron-server[94673]: INFO neutron.wsgi [req-4a2a7e95-c112-42e4-bc14-f95c25a04bd1 req-ac6c05a2-41a3-4503-82bc-9d41eb3b86bd tempest-ServersOnMultiNodesTest-712677039 tempest-ServersOnMultiNodesTest-712677039-project] 10.222.0.68 "GET /v2.0/networks?shared=True HTTP/1.1" status: 200 len: 769 time: 0.1805534
Aug 16 01:31:59.962272 n-d-765315-27 neutron-server[94673]: INFO neutron.wsgi [req-4a2a7e95-c112-42e4-bc14-f95c25a04bd1 req-0dce3194-8488-4ef7-8b48-ed4116966854 tempest-ServersOnMultiNodesTest-712677039 tempest-ServersOnMultiNodesTest-712677039-project] 10.222.0.68 "GET /v2.0/quotas/a281f802ea2743fa9ccd253c1514e699 HTTP/1.1" status: 200 len: 375 time: 0.0198059
Aug 16 01:31:59.998830 n-d-765315-27 neutron-server[94673]: DEBUG neutron_lib.callbacks.manager [None req-1eabc1e7-fc01-4410-a051-ef6916bdd156 admin admin] Notify callbacks [] for security_group, before_delete {{(pid=94673) _notify_loop /usr/local/lib/python3.8/dist-packages/neutron_lib/callbacks/manager.py:192}}
Aug 16 01:32:00.028993 n-d-765315-27 neutron-server[94673]: DEBUG neutron_lib.callbacks.manager [None req-1eabc1e7-fc01-4410-a051-ef6916bdd156 admin admin] Notify callbacks [] for security_group, precommit_delete {{(pid=94673) _notify_loop /usr/local/lib/python3.8/dist-packages/neutron_lib/callbacks/manager.py:192}}
Aug 16 01:32:00.062722 n-d-765315-27 neutron-server[94673]: INFO neutron.wsgi [req-4a2a7e95-c112-42e4-bc14-f95c25a04bd1 req-e6386ae5-0b72-4520-8854-1985b1b71a8f tempest-ServersOnMultiNodesTest-712677039 tempest-ServersOnMultiNodesTest-712677039-project] 10.222.0.68 "GET /v2.0/ports?tenant_id=a281f802ea2743fa9ccd253c1514e699&fields=id HTTP/1.1" status: 200 len: 255 time: 0.0991313
Aug 16 01:32:00.117612 n-d-765315-27 neutron-server[94673]: DEBUG neutron_lib.callbacks.manager [None req-1eabc1e7-fc01-4410-a051-ef6916bdd156 admin admin] Notify callbacks ['neutron.plugins.ml2.ovo_rpc._ObjectChangeHandler.handle_event-1692085'] for security_group, after_delete {{(pid=94673) _notify_loop /usr/local/lib/python3.8/dist-packages/neutron_lib/callbacks/manager.py:192}}
Aug 16 01:32:00.122181 n-d-765315-27 neutron-server[94673]: DEBUG neutron_lib.callbacks.manager [None req-1eabc1e7-fc01-4410-a051-ef6916bdd156 admin admin] Notify callbacks [] for security_group, before_response {{(pid=94673) _notify_loop /usr/local/lib/python3.8/dist-packages/neutron_lib/callbacks/manager.py:192}}
Aug 16 01:32:00.123751 n-d-765315-27 neutron-server[94673]: INFO neutron.wsgi [None req-1eabc1e7-fc01-4410-a051-ef6916bdd156 admin admin] 10.222.0.68 "DELETE /v2.0/security-groups/30e66a3e-3102-4340-9eba-d95030cc3012 HTTP/1.1" status: 204 len: 168 time: 0.2808986
Aug 16 01:32:00.133488 n-d-765315-27 neutron-server[94673]: DEBUG neutron.api.rpc.handlers.resources_rpc [None req-1eabc1e7-fc01-4410-a051-ef6916bdd156 admin admin] Pushing event deleted for resources: {'SecurityGroup': ['ID=30e66a3e-3102-4340-9eba-d95030cc3012,revision_number=None']} {{(pid=94673) push /opt/stack/neutron/neutron/api/rpc/handlers/resources_rpc.py:237}}
Aug 16 01:32:00.259467 n-d-765315-27 neutron-server[94672]: DEBUG neutron.pecan_wsgi.hooks.policy_enforcement [req-58940434-5c09-48bf-85f1-4ab15d56e095 req-e35cc370-409c-4b51-9299-dfb65d7fffe1 tempest-LiveMigrationTest-858930302 tempest-LiveMigrationTest-858930302-project] Attributes excluded by policy engine: ['standard_attr_id', 'binding:profile', 'binding:host_id', 'binding:vif_type', 'binding:vif_details'] {{(pid=94672) _exclude_attributes_by_policy /opt/stack/neutron/neutron/pecan_wsgi/hooks/policy_enforcement.py:255}}
