Jul 14 14:37:31.782651 n-d-765311-29 devstack@c-api.service[112163]: DEBUG cinder.api.middleware.request_id [None req-605963dd-1dfe-4d2d-a398-6d736c736b75 None None] RequestId filter calling following filter/app {{(pid=112163) _context_setter /opt/stack/cinder/cinder/api/middleware/request_id.py:62}}
Jul 14 14:37:31.798201 n-d-765311-29 devstack@c-api.service[112162]: /usr/local/lib/python3.8/dist-packages/oslo_context/context.py:100: DeprecationWarning: Policy enforcement is depending on the value of is_admin. This key is deprecated. Please update your policy file to use the standard policy values.
Jul 14 14:37:31.798201 n-d-765311-29 devstack@c-api.service[112162]: warnings.warn('Policy enforcement is depending on the value of '
Jul 14 14:37:31.811065 n-d-765311-29 devstack@c-api.service[112162]: INFO cinder.volume.api [None req-d02ef755-4030-47eb-9d01-c1299791fa54 tempest-VolumesAdminNegativeTest-101323848 tempest-VolumesAdminNegativeTest-101323848-project] Volume info retrieved successfully.
Jul 14 14:37:31.838629 n-d-765311-29 devstack@c-api.service[112162]: INFO cinder.api.openstack.wsgi [None req-d02ef755-4030-47eb-9d01-c1299791fa54 tempest-VolumesAdminNegativeTest-101323848 tempest-VolumesAdminNegativeTest-101323848-project] http://10.222.0.72/volume/v3/3f2b89818bd940e792eabd650f7ccdad/volumes/00878f79-1489-4fb1-a12c-6dde3d8323f6 returned with HTTP 200
Jul 14 14:37:31.840111 n-d-765311-29 devstack@c-api.service[112162]: [pid: 112162|app: 0|req: 169/371] 10.222.0.72 () {58 vars in 1324 bytes} [Thu Jul 14 14:37:31 2022] GET /volume/v3/3f2b89818bd940e792eabd650f7ccdad/volumes/00878f79-1489-4fb1-a12c-6dde3d8323f6 => generated 916 bytes in 104 msecs (HTTP/1.1 200) 7 headers in 285 bytes (2 switches on core 0)
Jul 14 14:37:32.511075 n-d-765311-29 devstack@c-api.service[112163]: INFO cinder.api.openstack.wsgi [None req-605963dd-1dfe-4d2d-a398-6d736c736b75 tempest-GroupsV314Test-1033263484 tempest-GroupsV314Test-1033263484-project] POST http://10.222.0.72/volume/v3/2836792098944c429870e3ff291a7f66/groups
Jul 14 14:37:32.511969 n-d-765311-29 devstack@c-api.service[112163]: DEBUG cinder.api.openstack.wsgi [None req-605963dd-1dfe-4d2d-a398-6d736c736b75 tempest-GroupsV314Test-1033263484 tempest-GroupsV314Test-1033263484-project] Action: 'create', calling method: version_select, body: {"group": {"group_type": "e51cd25b-06ee-44bd-972f-eae77ccf6bb1", "volume_types": ["a4aac796-19b2-46ea-b796-784fc694ae8f"], "name": "tempest-GroupsV314Test-Group-427517820"}} {{(pid=112163) _process_stack /opt/stack/cinder/cinder/api/openstack/wsgi.py:866}}
Jul 14 14:37:32.513024 n-d-765311-29 devstack@c-api.service[112163]: DEBUG cinder.api.v3.groups [None req-605963dd-1dfe-4d2d-a398-6d736c736b75 tempest-GroupsV314Test-1033263484 tempest-GroupsV314Test-1033263484-project] Creating new group {'group': {'group_type': 'e51cd25b-06ee-44bd-972f-eae77ccf6bb1', 'volume_types': ['a4aac796-19b2-46ea-b796-784fc694ae8f'], 'name': 'tempest-GroupsV314Test-Group-427517820'}} {{(pid=112163) create /opt/stack/cinder/cinder/api/v3/groups.py:190}}
Jul 14 14:37:32.524139 n-d-765311-29 devstack@c-api.service[112163]: INFO cinder.api.v3.groups [None req-605963dd-1dfe-4d2d-a398-6d736c736b75 tempest-GroupsV314Test-1033263484 tempest-GroupsV314Test-1033263484-project] Creating group tempest-GroupsV314Test-Group-427517820.
Jul 14 14:37:32.564212 n-d-765311-29 devstack@c-api.service[112163]: DEBUG cinder.volume.api [None req-605963dd-1dfe-4d2d-a398-6d736c736b75 tempest-GroupsV314Test-1033263484 tempest-GroupsV314Test-1033263484-project] Availability zone cache updated, next update will occur around 2022-07-14 15:37:32.563623. {{(pid=112163) list_availability_zones /opt/stack/cinder/cinder/volume/api.py:153}}
Jul 14 14:37:32.565290 n-d-765311-29 devstack@c-api.service[112163]: INFO cinder.volume.api [None req-605963dd-1dfe-4d2d-a398-6d736c736b75 tempest-GroupsV314Test-1033263484 tempest-GroupsV314Test-1033263484-project] Availability Zones retrieved successfully.
Jul 14 14:37:32.861177 n-d-765311-29 devstack@c-api.service[112162]: DEBUG cinder.api.middleware.request_id [None req-9f1a3f52-db87-436d-83e1-e85f7b5051bf None None] RequestId filter calling following filter/app {{(pid=112162) _context_setter /opt/stack/cinder/cinder/api/middleware/request_id.py:62}}
Jul 14 14:37:32.862537 n-d-765311-29 devstack@c-api.service[112163]: DEBUG cinder.quota [None req-605963dd-1dfe-4d2d-a398-6d736c736b75 tempest-GroupsV314Test-1033263484 tempest-GroupsV314Test-1033263484-project] Created reservations ['4eb813fe-6ad1-4f63-b971-d3ffa9ef513c'] {{(pid=112163) reserve /opt/stack/cinder/cinder/quota.py:755}}
Jul 14 14:37:32.879563 n-d-765311-29 devstack@c-api.service[112162]: INFO cinder.api.openstack.wsgi [None req-9f1a3f52-db87-436d-83e1-e85f7b5051bf tempest-VolumesAdminNegativeTest-101323848 tempest-VolumesAdminNegativeTest-101323848-project] GET http://10.222.0.72/volume/v3/3f2b89818bd940e792eabd650f7ccdad/volumes/00878f79-1489-4fb1-a12c-6dde3d8323f6
Jul 14 14:37:32.880169 n-d-765311-29 devstack@c-api.service[112162]: DEBUG cinder.api.openstack.wsgi [None req-9f1a3f52-db87-436d-83e1-e85f7b5051bf tempest-VolumesAdminNegativeTest-101323848 tempest-VolumesAdminNegativeTest-101323848-project] Empty body provided in request {{(pid=112162) get_body /opt/stack/cinder/cinder/api/openstack/wsgi.py:715}}
Jul 14 14:37:32.887075 n-d-765311-29 devstack@c-api.service[112162]: DEBUG cinder.api.openstack.wsgi [None req-9f1a3f52-db87-436d-83e1-e85f7b5051bf tempest-VolumesAdminNegativeTest-101323848 tempest-VolumesAdminNegativeTest-101323848-project] Calling method 'show' {{(pid=112162) _process_stack /opt/stack/cinder/cinder/api/openstack/wsgi.py:868}}
Jul 14 14:37:32.945343 n-d-765311-29 devstack@c-api.service[112162]: /usr/local/lib/python3.8/dist-packages/oslo_context/context.py:100: DeprecationWarning: Policy enforcement is depending on the value of is_admin. This key is deprecated. Please update your policy file to use the standard policy values.
Jul 14 14:37:32.945343 n-d-765311-29 devstack@c-api.service[112162]: warnings.warn('Policy enforcement is depending on the value of '
Jul 14 14:37:32.976355 n-d-765311-29 devstack@c-api.service[112162]: INFO cinder.volume.api [None req-9f1a3f52-db87-436d-83e1-e85f7b5051bf tempest-VolumesAdminNegativeTest-101323848 tempest-VolumesAdminNegativeTest-101323848-project] Volume info retrieved successfully.
Jul 14 14:37:32.996949 n-d-765311-29 devstack@c-api.service[112162]: INFO cinder.api.openstack.wsgi [None req-9f1a3f52-db87-436d-83e1-e85f7b5051bf tempest-VolumesAdminNegativeTest-101323848 tempest-VolumesAdminNegativeTest-101323848-project] http://10.222.0.72/volume/v3/3f2b89818bd940e792eabd650f7ccdad/volumes/00878f79-1489-4fb1-a12c-6dde3d8323f6 returned with HTTP 200
Jul 14 14:37:33.013352 n-d-765311-29 devstack@c-api.service[112162]: [pid: 112162|app: 0|req: 170/372] 10.222.0.72 () {58 vars in 1324 bytes} [Thu Jul 14 14:37:32 2022] GET /volume/v3/3f2b89818bd940e792eabd650f7ccdad/volumes/00878f79-1489-4fb1-a12c-6dde3d8323f6 => generated 917 bytes in 157 msecs (HTTP/1.1 200) 7 headers in 285 bytes (1 switches on core 0)
Jul 14 14:37:33.130114 n-d-765311-29 devstack@c-api.service[112163]: DEBUG dbcounter [-] [112163] Writing DB stats cinder:SELECT=74,cinder:INSERT=11,cinder:UPDATE=15 {{(pid=112163) stat_writer /usr/local/lib/python3.8/dist-packages/dbcounter.py:114}}
Jul 14 14:37:33.181535 n-d-765311-29 devstack@c-api.service[112163]: INFO cinder.api.openstack.wsgi [None req-605963dd-1dfe-4d2d-a398-6d736c736b75 tempest-GroupsV314Test-1033263484 tempest-GroupsV314Test-1033263484-project] http://10.222.0.72/volume/v3/2836792098944c429870e3ff291a7f66/groups returned with HTTP 202
Jul 14 14:37:33.183796 n-d-765311-29 devstack@c-api.service[112163]: [pid: 112163|app: 0|req: 203/373] 10.222.0.72 () {62 vars in 1273 bytes} [Thu Jul 14 14:37:31 2022] POST /volume/v3/2836792098944c429870e3ff291a7f66/groups => generated 107 bytes in 1402 msecs (HTTP/1.1 202) 7 headers in 292 bytes (1 switches on core 0)
Jul 14 14:37:33.190662 n-d-765311-29 devstack@c-api.service[112162]: DEBUG cinder.api.middleware.request_id [None req-03b20163-e2fa-47e9-8305-39fe628a3458 None None] RequestId filter calling following filter/app {{(pid=112162) _context_setter /opt/stack/cinder/cinder/api/middleware/request_id.py:62}}
Jul 14 14:37:33.196358 n-d-765311-29 devstack@c-api.service[112162]: INFO cinder.api.openstack.wsgi [None req-03b20163-e2fa-47e9-8305-39fe628a3458 tempest-GroupsV314Test-1033263484 tempest-GroupsV314Test-1033263484-project] GET http://10.222.0.72/volume/v3/2836792098944c429870e3ff291a7f66/groups/add28ea5-cd14-4a20-9c74-d0bcb2005003
Jul 14 14:37:33.196764 n-d-765311-29 devstack@c-api.service[112162]: DEBUG cinder.api.openstack.wsgi [None req-03b20163-e2fa-47e9-8305-39fe628a3458 tempest-GroupsV314Test-1033263484 tempest-GroupsV314Test-1033263484-project] Empty body provided in request {{(pid=112162) get_body /opt/stack/cinder/cinder/api/openstack/wsgi.py:715}}
Jul 14 14:37:33.197214 n-d-765311-29 devstack@c-api.service[112162]: DEBUG cinder.api.openstack.wsgi [None req-03b20163-e2fa-47e9-8305-39fe628a3458 tempest-GroupsV314Test-1033263484 tempest-GroupsV314Test-1033263484-project] Calling method 'version_select' {{(pid=112162) _process_stack /opt/stack/cinder/cinder/api/openstack/wsgi.py:868}}
Jul 14 14:37:33.197562 n-d-765311-29 devstack@c-api.service[112162]: DEBUG cinder.api.v3.groups [None req-03b20163-e2fa-47e9-8305-39fe628a3458 tempest-GroupsV314Test-1033263484 tempest-GroupsV314Test-1033263484-project] show called for member add28ea5-cd14-4a20-9c74-d0bcb2005003 {{(pid=112162) show /opt/stack/cinder/cinder/api/v3/groups.py:58}}
Jul 14 14:37:33.198476 n-d-765311-29 devstack@c-api.service[112163]: DEBUG cinder.api.middleware.request_id [req-746c96a9-c49f-4976-809b-8eafed479e60 req-f4deb56e-b7f2-4eac-b2be-996af430e2a6 None None] RequestId filter calling following filter/app {{(pid=112163) _context_setter /opt/stack/cinder/cinder/api/middleware/request_id.py:62}}
Jul 14 14:37:33.206867 n-d-765311-29 devstack@c-api.service[112163]: INFO cinder.api.openstack.wsgi [req-746c96a9-c49f-4976-809b-8eafed479e60 req-f4deb56e-b7f2-4eac-b2be-996af430e2a6 tempest-VolumesAdminNegativeTest-55818874 tempest-VolumesAdminNegativeTest-55818874-project-admin] GET http://10.222.0.72/volume/v3/84e203838a234efbb195bce2fcf400b9/volumes/f1913503-586c-4898-b6ac-aba4facd6671
Jul 14 14:37:33.207313 n-d-765311-29 devstack@c-api.service[112163]: DEBUG cinder.api.openstack.wsgi [req-746c96a9-c49f-4976-809b-8eafed479e60 req-f4deb56e-b7f2-4eac-b2be-996af430e2a6 tempest-VolumesAdminNegativeTest-55818874 tempest-VolumesAdminNegativeTest-55818874-project-admin] Empty body provided in request {{(pid=112163) get_body /opt/stack/cinder/cinder/api/openstack/wsgi.py:715}}
Jul 14 14:37:33.207760 n-d-765311-29 devstack@c-api.service[112163]: DEBUG cinder.api.openstack.wsgi [req-746c96a9-c49f-4976-809b-8eafed479e60 req-f4deb56e-b7f2-4eac-b2be-996af430e2a6 tempest-VolumesAdminNegativeTest-55818874 tempest-VolumesAdminNegativeTest-55818874-project-admin] Calling method 'show' {{(pid=112163) _process_stack /opt/stack/cinder/cinder/api/openstack/wsgi.py:868}}
Jul 14 14:37:33.232875 n-d-765311-29 devstack@c-api.service[112162]: /usr/local/lib/python3.8/dist-packages/oslo_context/context.py:100: DeprecationWarning: Policy enforcement is depending on the value of is_admin. This key is deprecated. Please update your policy file to use the standard policy values.
Jul 14 14:37:33.232875 n-d-765311-29 devstack@c-api.service[112162]: warnings.warn('Policy enforcement is depending on the value of '
Jul 14 14:37:33.265150 n-d-765311-29 devstack@c-api.service[112163]: INFO cinder.api.openstack.wsgi [req-746c96a9-c49f-4976-809b-8eafed479e60 req-f4deb56e-b7f2-4eac-b2be-996af430e2a6 tempest-VolumesAdminNegativeTest-55818874 tempest-VolumesAdminNegativeTest-55818874-project-admin] http://10.222.0.72/volume/v3/84e203838a234efbb195bce2fcf400b9/volumes/f1913503-586c-4898-b6ac-aba4facd6671 returned with HTTP 404
Jul 14 14:37:33.273387 n-d-765311-29 devstack@c-api.service[112163]: [pid: 112163|app: 0|req: 204/374] 10.222.0.72 () {60 vars in 1578 bytes} [Thu Jul 14 14:37:33 2022] GET /volume/v3/84e203838a234efbb195bce2fcf400b9/volumes/f1913503-586c-4898-b6ac-aba4facd6671 => generated 109 bytes in 80 msecs (HTTP/1.1 404) 7 headers in 292 bytes (1 switches on core 0)
Jul 14 14:37:33.321157 n-d-765311-29 devstack@c-api.service[112163]: DEBUG cinder.api.middleware.request_id [None req-a367a949-aa6e-43e7-b545-fb554a537867 None None] RequestId filter calling following filter/app {{(pid=112163) _context_setter /opt/stack/cinder/cinder/api/middleware/request_id.py:62}}
Jul 14 14:37:33.325038 n-d-765311-29 devstack@c-api.service[112163]: INFO cinder.api.openstack.wsgi [None req-a367a949-aa6e-43e7-b545-fb554a537867 tempest-VolumesAdminNegativeTest-101323848 tempest-VolumesAdminNegativeTest-101323848-project] DELETE http://10.222.0.72/volume/v3/3f2b89818bd940e792eabd650f7ccdad/volumes/00878f79-1489-4fb1-a12c-6dde3d8323f6
Jul 14 14:37:33.325491 n-d-765311-29 devstack@c-api.service[112163]: DEBUG cinder.api.openstack.wsgi [None req-a367a949-aa6e-43e7-b545-fb554a537867 tempest-VolumesAdminNegativeTest-101323848 tempest-VolumesAdminNegativeTest-101323848-project] Empty body provided in request {{(pid=112163) get_body /opt/stack/cinder/cinder/api/openstack/wsgi.py:715}}
Jul 14 14:37:33.325985 n-d-765311-29 devstack@c-api.service[112163]: DEBUG cinder.api.openstack.wsgi [None req-a367a949-aa6e-43e7-b545-fb554a537867 tempest-VolumesAdminNegativeTest-101323848 tempest-VolumesAdminNegativeTest-101323848-project] Calling method 'delete' {{(pid=112163) _process_stack /opt/stack/cinder/cinder/api/openstack/wsgi.py:868}}
Jul 14 14:37:33.326391 n-d-765311-29 devstack@c-api.service[112163]: INFO cinder.api.v3.volumes [None req-a367a949-aa6e-43e7-b545-fb554a537867 tempest-VolumesAdminNegativeTest-101323848 tempest-VolumesAdminNegativeTest-101323848-project] Delete volume with id: 00878f79-1489-4fb1-a12c-6dde3d8323f6
Jul 14 14:37:33.346948 n-d-765311-29 devstack@c-api.service[112162]: INFO cinder.api.openstack.wsgi [None req-03b20163-e2fa-47e9-8305-39fe628a3458 tempest-GroupsV314Test-1033263484 tempest-GroupsV314Test-1033263484-project] http://10.222.0.72/volume/v3/2836792098944c429870e3ff291a7f66/groups/add28ea5-cd14-4a20-9c74-d0bcb2005003 returned with HTTP 200
Jul 14 14:37:33.348451 n-d-765311-29 devstack@c-api.service[112162]: [pid: 112162|app: 0|req: 171/375] 10.222.0.72 () {60 vars in 1362 bytes} [Thu Jul 14 14:37:33 2022] GET /volume/v3/2836792098944c429870e3ff291a7f66/groups/add28ea5-cd14-4a20-9c74-d0bcb2005003 => generated 387 bytes in 159 msecs (HTTP/1.1 200) 7 headers in 286 bytes (1 switches on core 0)
Jul 14 14:37:33.366290 n-d-765311-29 devstack@c-api.service[112163]: /usr/local/lib/python3.8/dist-packages/oslo_context/context.py:100: DeprecationWarning: Policy enforcement is depending on the value of is_admin. This key is deprecated. Please update your policy file to use the standard policy values.
Jul 14 14:37:33.366290 n-d-765311-29 devstack@c-api.service[112163]: warnings.warn('Policy enforcement is depending on the value of '
Jul 14 14:37:33.368906 n-d-765311-29 devstack@c-api.service[112163]: INFO cinder.volume.api [None req-a367a949-aa6e-43e7-b545-fb554a537867 tempest-VolumesAdminNegativeTest-101323848 tempest-VolumesAdminNegativeTest-101323848-project] Volume info retrieved successfully.
Jul 14 14:37:33.649801 n-d-765311-29 devstack@c-api.service[112163]: INFO cinder.volume.api [None req-a367a949-aa6e-43e7-b545-fb554a537867 tempest-VolumesAdminNegativeTest-101323848 tempest-VolumesAdminNegativeTest-101323848-project] Delete volume request issued successfully.
Jul 14 14:37:33.651616 n-d-765311-29 devstack@c-api.service[112163]: INFO cinder.api.openstack.wsgi [None req-a367a949-aa6e-43e7-b545-fb554a537867 tempest-VolumesAdminNegativeTest-101323848 tempest-VolumesAdminNegativeTest-101323848-project] http://10.222.0.72/volume/v3/3f2b89818bd940e792eabd650f7ccdad/volumes/00878f79-1489-4fb1-a12c-6dde3d8323f6 returned with HTTP 202
Jul 14 14:37:33.654565 n-d-765311-29 devstack@c-api.service[112163]: [pid: 112163|app: 0|req: 205/376] 10.222.0.72 () {58 vars in 1327 bytes} [Thu Jul 14 14:37:33 2022] DELETE /volume/v3/3f2b89818bd940e792eabd650f7ccdad/volumes/00878f79-1489-4fb1-a12c-6dde3d8323f6 => generated 0 bytes in 334 msecs (HTTP/1.1 202) 6 headers in 233 bytes (2 switches on core 0)
Jul 14 14:37:33.658412 n-d-765311-29 devstack@c-api.service[112162]: DEBUG cinder.api.middleware.request_id [None req-6abe4876-b10c-48db-8fe3-75141d523315 None None] RequestId filter calling following filter/app {{(pid=112162) _context_setter /opt/stack/cinder/cinder/api/middleware/request_id.py:62}}
Jul 14 14:37:33.662794 n-d-765311-29 devstack@c-api.service[112162]: INFO cinder.api.openstack.wsgi [None req-6abe4876-b10c-48db-8fe3-75141d523315 tempest-VolumesAdminNegativeTest-101323848 tempest-VolumesAdminNegativeTest-101323848-project] GET http://10.222.0.72/volume/v3/3f2b89818bd940e792eabd650f7ccdad/volumes/00878f79-1489-4fb1-a12c-6dde3d8323f6
Jul 14 14:37:33.663761 n-d-765311-29 devstack@c-api.service[112162]: DEBUG cinder.api.openstack.wsgi [None req-6abe4876-b10c-48db-8fe3-75141d523315 tempest-VolumesAdminNegativeTest-101323848 tempest-VolumesAdminNegativeTest-101323848-project] Empty body provided in request {{(pid=112162) get_body /opt/stack/cinder/cinder/api/openstack/wsgi.py:715}}
Jul 14 14:37:33.664656 n-d-765311-29 devstack@c-api.service[112162]: DEBUG cinder.api.openstack.wsgi [None req-6abe4876-b10c-48db-8fe3-75141d523315 tempest-VolumesAdminNegativeTest-101323848 tempest-VolumesAdminNegativeTest-101323848-project] Calling method 'show' {{(pid=112162) _process_stack /opt/stack/cinder/cinder/api/openstack/wsgi.py:868}}
Jul 14 14:37:33.711018 n-d-765311-29 devstack@c-api.service[112162]: /usr/local/lib/python3.8/dist-packages/oslo_context/context.py:100: DeprecationWarning: Policy enforcement is depending on the value of is_admin. This key is deprecated. Please update your policy file to use the standard policy values.
Jul 14 14:37:33.711018 n-d-765311-29 devstack@c-api.service[112162]: warnings.warn('Policy enforcement is depending on the value of '
Jul 14 14:37:33.738708 n-d-765311-29 devstack@c-api.service[112162]: INFO cinder.volume.api [None req-6abe4876-b10c-48db-8fe3-75141d523315 tempest-VolumesAdminNegativeTest-101323848 tempest-VolumesAdminNegativeTest-101323848-project] Volume info retrieved successfully.
Jul 14 14:37:33.758086 n-d-765311-29 devstack@c-api.service[112162]: INFO cinder.api.openstack.wsgi [None req-6abe4876-b10c-48db-8fe3-75141d523315 tempest-VolumesAdminNegativeTest-101323848 tempest-VolumesAdminNegativeTest-101323848-project] http://10.222.0.72/volume/v3/3f2b89818bd940e792eabd650f7ccdad/volumes/00878f79-1489-4fb1-a12c-6dde3d8323f6 returned with HTTP 200
Jul 14 14:37:33.758991 n-d-765311-29 devstack@c-api.service[112162]: [pid: 112162|app: 0|req: 172/377] 10.222.0.72 () {58 vars in 1324 bytes} [Thu Jul 14 14:37:33 2022] GET /volume/v3/3f2b89818bd940e792eabd650f7ccdad/volumes/00878f79-1489-4fb1-a12c-6dde3d8323f6 => generated 916 bytes in 102 msecs (HTTP/1.1 200) 7 headers in 285 bytes (1 switches on core 0)
Jul 14 14:37:34.372894 n-d-765311-29 devstack@c-api.service[112163]: DEBUG cinder.api.middleware.request_id [None req-79af505b-4ad8-4cb4-a7b0-c919c6596be8 None None] RequestId filter calling following filter/app {{(pid=112163) _context_setter /opt/stack/cinder/cinder/api/middleware/request_id.py:62}}
Jul 14 14:37:34.372894 n-d-765311-29 devstack@c-api.service[112163]: INFO cinder.api.openstack.wsgi [None req-79af505b-4ad8-4cb4-a7b0-c919c6596be8 tempest-GroupsV314Test-1033263484 tempest-GroupsV314Test-1033263484-project] GET http://10.222.0.72/volume/v3/2836792098944c429870e3ff291a7f66/groups/add28ea5-cd14-4a20-9c74-d0bcb2005003
Jul 14 14:37:34.372894 n-d-765311-29 devstack@c-api.service[112163]: DEBUG cinder.api.openstack.wsgi [None req-79af505b-4ad8-4cb4-a7b0-c919c6596be8 tempest-GroupsV314Test-1033263484 tempest-GroupsV314Test-1033263484-project] Empty body provided in request {{(pid=112163) get_body /opt/stack/cinder/cinder/api/openstack/wsgi.py:715}}
Jul 14 14:37:34.373436 n-d-765311-29 devstack@c-api.service[112163]: DEBUG cinder.api.openstack.wsgi [None req-79af505b-4ad8-4cb4-a7b0-c919c6596be8 tempest-GroupsV314Test-1033263484 tempest-GroupsV314Test-1033263484-project] Calling method 'version_select' {{(pid=112163) _process_stack /opt/stack/cinder/cinder/api/openstack/wsgi.py:868}}
Jul 14 14:37:34.373698 n-d-765311-29 devstack@c-api.service[112163]: DEBUG cinder.api.v3.groups [None req-79af505b-4ad8-4cb4-a7b0-c919c6596be8 tempest-GroupsV314Test-1033263484 tempest-GroupsV314Test-1033263484-project] show called for member add28ea5-cd14-4a20-9c74-d0bcb2005003 {{(pid=112163) show /opt/stack/cinder/cinder/api/v3/groups.py:58}}
Jul 14 14:37:34.404342 n-d-765311-29 devstack@c-api.service[112163]: /usr/local/lib/python3.8/dist-packages/oslo_context/context.py:100: DeprecationWarning: Policy enforcement is depending on the value of is_admin. This key is deprecated. Please update your policy file to use the standard policy values.
Jul 14 14:37:34.404342 n-d-765311-29 devstack@c-api.service[112163]: warnings.warn('Policy enforcement is depending on the value of '
Jul 14 14:37:34.465527 n-d-765311-29 devstack@c-api.service[112163]: INFO cinder.api.openstack.wsgi [None req-79af505b-4ad8-4cb4-a7b0-c919c6596be8 tempest-GroupsV314Test-1033263484 tempest-GroupsV314Test-1033263484-project] http://10.222.0.72/volume/v3/2836792098944c429870e3ff291a7f66/groups/add28ea5-cd14-4a20-9c74-d0bcb2005003 returned with HTTP 200
Jul 14 14:37:34.556565 n-d-765311-29 devstack@c-api.service[112163]: [pid: 112163|app: 0|req: 206/378] 10.222.0.72 () {60 vars in 1362 bytes} [Thu Jul 14 14:37:34 2022] GET /volume/v3/2836792098944c429870e3ff291a7f66/groups/add28ea5-cd14-4a20-9c74-d0bcb2005003 => generated 388 bytes in 112 msecs (HTTP/1.1 200) 7 headers in 286 bytes (1 switches on core 0)
Jul 14 14:37:34.559744 n-d-765311-29 devstack@c-api.service[112162]: DEBUG cinder.api.middleware.request_id [None req-a5e6d9dd-bd61-4d3b-9c2a-da4506253e2c None None] RequestId filter calling following filter/app {{(pid=112162) _context_setter /opt/stack/cinder/cinder/api/middleware/request_id.py:62}}
Jul 14 14:37:34.564300 n-d-765311-29 devstack@c-api.service[112162]: INFO cinder.api.openstack.wsgi [None req-a5e6d9dd-bd61-4d3b-9c2a-da4506253e2c tempest-GroupsV314Test-1033263484 tempest-GroupsV314Test-1033263484-project] POST http://10.222.0.72/volume/v3/2836792098944c429870e3ff291a7f66/volumes
Jul 14 14:37:34.565842 n-d-765311-29 devstack@c-api.service[112162]: DEBUG cinder.api.openstack.wsgi [None req-a5e6d9dd-bd61-4d3b-9c2a-da4506253e2c tempest-GroupsV314Test-1033263484 tempest-GroupsV314Test-1033263484-project] Action: 'create', calling method: create, body: {"volume": {"volume_type": "a4aac796-19b2-46ea-b796-784fc694ae8f", "group_id": "add28ea5-cd14-4a20-9c74-d0bcb2005003", "size": 1, "name": "tempest-GroupsV314Test-Volume-1217154793"}} {{(pid=112162) _process_stack /opt/stack/cinder/cinder/api/openstack/wsgi.py:866}}
Jul 14 14:37:34.567433 n-d-765311-29 devstack@c-api.service[112162]: DEBUG cinder.api.v3.volumes [None req-a5e6d9dd-bd61-4d3b-9c2a-da4506253e2c tempest-GroupsV314Test-1033263484 tempest-GroupsV314Test-1033263484-project] Create volume request body: {'volume': {'volume_type': 'a4aac796-19b2-46ea-b796-784fc694ae8f', 'group_id': 'add28ea5-cd14-4a20-9c74-d0bcb2005003', 'size': 1, 'name': 'tempest-GroupsV314Test-Volume-1217154793'}} {{(pid=112162) create /opt/stack/cinder/cinder/api/v3/volumes.py:298}}
Jul 14 14:37:34.609411 n-d-765311-29 devstack@c-api.service[112162]: /usr/local/lib/python3.8/dist-packages/oslo_context/context.py:100: DeprecationWarning: Policy enforcement is depending on the value of is_admin. This key is deprecated. Please update your policy file to use the standard policy values.
Jul 14 14:37:34.609411 n-d-765311-29 devstack@c-api.service[112162]: warnings.warn('Policy enforcement is depending on the value of '
Jul 14 14:37:34.616932 n-d-765311-29 devstack@c-api.service[112162]: INFO cinder.api.v3.volumes [None req-a5e6d9dd-bd61-4d3b-9c2a-da4506253e2c tempest-GroupsV314Test-1033263484 tempest-GroupsV314Test-1033263484-project] Create volume of 1 GB
Jul 14 14:37:34.641703 n-d-765311-29 devstack@c-api.service[112162]: INFO cinder.volume.api [None req-a5e6d9dd-bd61-4d3b-9c2a-da4506253e2c tempest-GroupsV314Test-1033263484 tempest-GroupsV314Test-1033263484-project] Availability Zones retrieved successfully.
Jul 14 14:37:34.677116 n-d-765311-29 devstack@c-api.service[112162]: DEBUG cinder.volume.api [None req-a5e6d9dd-bd61-4d3b-9c2a-da4506253e2c tempest-GroupsV314Test-1033263484 tempest-GroupsV314Test-1033263484-project] Flow 'volume_create_api' (6464b460-e21c-44ba-b150-e980afeac2cf) transitioned into state 'RUNNING' from state 'PENDING' {{(pid=112162) _flow_receiver /usr/local/lib/python3.8/dist-packages/taskflow/listeners/logging.py:141}}
Jul 14 14:37:34.682751 n-d-765311-29 devstack@c-api.service[112162]: DEBUG cinder.volume.api [None req-a5e6d9dd-bd61-4d3b-9c2a-da4506253e2c tempest-GroupsV314Test-1033263484 tempest-GroupsV314Test-1033263484-project] Task 'cinder.volume.flows.api.create_volume.ExtractVolumeRequestTask;volume:create' (aff0b48a-7c8b-47e5-a7f0-84b7899e2dbc) transitioned into state 'RUNNING' from state 'PENDING' {{(pid=112162) _task_receiver /usr/local/lib/python3.8/dist-packages/taskflow/listeners/logging.py:190}}
Jul 14 14:37:34.684783 n-d-765311-29 devstack@c-api.service[112162]: /usr/local/lib/python3.8/dist-packages/oslo_context/context.py:100: DeprecationWarning: Policy enforcement is depending on the value of is_admin. This key is deprecated. Please update your policy file to use the standard policy values.
Jul 14 14:37:34.684783 n-d-765311-29 devstack@c-api.service[112162]: warnings.warn('Policy enforcement is depending on the value of '
Jul 14 14:37:34.690432 n-d-765311-29 devstack@c-api.service[112162]: DEBUG cinder.volume.flows.api.create_volume [None req-a5e6d9dd-bd61-4d3b-9c2a-da4506253e2c tempest-GroupsV314Test-1033263484 tempest-GroupsV314Test-1033263484-project] Validating volume size '1' using validate_int {{(pid=112162) _extract_size /opt/stack/cinder/cinder/volume/flows/api/create_volume.py:228}}
Jul 14 14:37:34.750704 n-d-765311-29 devstack@c-api.service[112162]: DEBUG cinder.volume.api [None req-a5e6d9dd-bd61-4d3b-9c2a-da4506253e2c tempest-GroupsV314Test-1033263484 tempest-GroupsV314Test-1033263484-project] Task 'cinder.volume.flows.api.create_volume.ExtractVolumeRequestTask;volume:create' (aff0b48a-7c8b-47e5-a7f0-84b7899e2dbc) transitioned into state 'SUCCESS' from state 'RUNNING' with result '{'size': 1, 'snapshot_id': None, 'source_volid': None, 'volume_type': VolumeType(created_at=2022-07-14T14:37:31Z,deleted=False,deleted_at=None,description=None,extra_specs={},id=a4aac796-19b2-46ea-b796-784fc694ae8f,is_public=True,name='tempest-GroupsV314Test-volume-type-1220061435',projects=[],qos_specs=,qos_specs_id=None,updated_at=None), 'volume_type_id': 'a4aac796-19b2-46ea-b796-784fc694ae8f', 'encryption_key_id': None, 'qos_specs': None, 'consistencygroup_id': None, 'cgsnapshot_id': None, 'group_id': 'add28ea5-cd14-4a20-9c74-d0bcb2005003', 'replication_status': 'disabled', 'refresh_az': False, 'backup_id': None, 'multiattach': False, 'availability_zones': ['nova']}' {{(pid=112162) _task_receiver /usr/local/lib/python3.8/dist-packages/taskflow/listeners/logging.py:178}}
Jul 14 14:37:34.754359 n-d-765311-29 devstack@c-api.service[112162]: DEBUG cinder.volume.api [None req-a5e6d9dd-bd61-4d3b-9c2a-da4506253e2c tempest-GroupsV314Test-1033263484 tempest-GroupsV314Test-1033263484-project] Task 'cinder.volume.flows.api.create_volume.QuotaReserveTask;volume:create' (8dceae1d-db6d-4754-8b32-379a4991e5f4) transitioned into state 'RUNNING' from state 'PENDING' {{(pid=112162) _task_receiver /usr/local/lib/python3.8/dist-packages/taskflow/listeners/logging.py:190}}
Jul 14 14:37:34.772155 n-d-765311-29 devstack@c-api.service[112163]: DEBUG cinder.api.middleware.request_id [None req-c021886d-a329-4245-a977-f49e64db409b None None] RequestId filter calling following filter/app {{(pid=112163) _context_setter /opt/stack/cinder/cinder/api/middleware/request_id.py:62}}
Jul 14 14:37:34.776906 n-d-765311-29 devstack@c-api.service[112163]: INFO cinder.api.openstack.wsgi [None req-c021886d-a329-4245-a977-f49e64db409b tempest-VolumesAdminNegativeTest-101323848 tempest-VolumesAdminNegativeTest-101323848-project] GET http://10.222.0.72/volume/v3/3f2b89818bd940e792eabd650f7ccdad/volumes/00878f79-1489-4fb1-a12c-6dde3d8323f6
Jul 14 14:37:34.777525 n-d-765311-29 devstack@c-api.service[112163]: DEBUG cinder.api.openstack.wsgi [None req-c021886d-a329-4245-a977-f49e64db409b tempest-VolumesAdminNegativeTest-101323848 tempest-VolumesAdminNegativeTest-101323848-project] Empty body provided in request {{(pid=112163) get_body /opt/stack/cinder/cinder/api/openstack/wsgi.py:715}}
Jul 14 14:37:34.778083 n-d-765311-29 devstack@c-api.service[112163]: DEBUG cinder.api.openstack.wsgi [None req-c021886d-a329-4245-a977-f49e64db409b tempest-VolumesAdminNegativeTest-101323848 tempest-VolumesAdminNegativeTest-101323848-project] Calling method 'show' {{(pid=112163) _process_stack /opt/stack/cinder/cinder/api/openstack/wsgi.py:868}}
Jul 14 14:37:34.870982 n-d-765311-29 devstack@c-api.service[112162]: WARNING cinder.quota [None req-a5e6d9dd-bd61-4d3b-9c2a-da4506253e2c tempest-GroupsV314Test-1033263484 tempest-GroupsV314Test-1033263484-project] Deprecated: Default quota for resource: volumes_tempest-GroupsV314Test-volume-type-1220061435 is set by the default quota flag: quota_volumes_tempest-GroupsV314Test-volume-type-1220061435, it is now deprecated. Please use the default quota class for default quota.
Jul 14 14:37:34.873941 n-d-765311-29 devstack@c-api.service[112163]: /usr/local/lib/python3.8/dist-packages/oslo_context/context.py:100: DeprecationWarning: Policy enforcement is depending on the value of is_admin. This key is deprecated. Please update your policy file to use the standard policy values.
Jul 14 14:37:34.873941 n-d-765311-29 devstack@c-api.service[112163]: warnings.warn('Policy enforcement is depending on the value of '
Jul 14 14:37:34.875338 n-d-765311-29 devstack@c-api.service[112162]: WARNING cinder.quota [None req-a5e6d9dd-bd61-4d3b-9c2a-da4506253e2c tempest-GroupsV314Test-1033263484 tempest-GroupsV314Test-1033263484-project] Deprecated: Default quota for resource: gigabytes_tempest-GroupsV314Test-volume-type-1220061435 is set by the default quota flag: quota_gigabytes_tempest-GroupsV314Test-volume-type-1220061435, it is now deprecated. Please use the default quota class for default quota.
Jul 14 14:37:34.915095 n-d-765311-29 devstack@c-api.service[112163]: INFO cinder.volume.api [None req-c021886d-a329-4245-a977-f49e64db409b tempest-VolumesAdminNegativeTest-101323848 tempest-VolumesAdminNegativeTest-101323848-project] Volume info retrieved successfully.
Jul 14 14:37:34.970344 n-d-765311-29 devstack@c-api.service[112163]: INFO cinder.api.openstack.wsgi [None req-c021886d-a329-4245-a977-f49e64db409b tempest-VolumesAdminNegativeTest-101323848 tempest-VolumesAdminNegativeTest-101323848-project] http://10.222.0.72/volume/v3/3f2b89818bd940e792eabd650f7ccdad/volumes/00878f79-1489-4fb1-a12c-6dde3d8323f6 returned with HTTP 200
Jul 14 14:37:34.982571 n-d-765311-29 devstack@c-api.service[112163]: [pid: 112163|app: 0|req: 207/379] 10.222.0.72 () {58 vars in 1324 bytes} [Thu Jul 14 14:37:34 2022] GET /volume/v3/3f2b89818bd940e792eabd650f7ccdad/volumes/00878f79-1489-4fb1-a12c-6dde3d8323f6 => generated 916 bytes in 211 msecs (HTTP/1.1 200) 7 headers in 285 bytes (1 switches on core 0)
Jul 14 14:37:35.241093 n-d-765311-29 devstack@c-api.service[112162]: DEBUG cinder.quota [None req-a5e6d9dd-bd61-4d3b-9c2a-da4506253e2c tempest-GroupsV314Test-1033263484 tempest-GroupsV314Test-1033263484-project] Created reservations ['5b997094-715d-421e-9e95-d0ae4a0b31a3', '7faf6ad5-ea20-4b97-a88f-b8ea41e4ef97', '208bfa91-03ef-4e40-bc09-66a95fb1bbe7', '0baf480d-c2c5-4685-8ca3-54191c1b377e'] {{(pid=112162) reserve /opt/stack/cinder/cinder/quota.py:755}}
Jul 14 14:37:35.243204 n-d-765311-29 devstack@c-api.service[112162]: DEBUG cinder.volume.api [None req-a5e6d9dd-bd61-4d3b-9c2a-da4506253e2c tempest-GroupsV314Test-1033263484 tempest-GroupsV314Test-1033263484-project] Task 'cinder.volume.flows.api.create_volume.QuotaReserveTask;volume:create' (8dceae1d-db6d-4754-8b32-379a4991e5f4) transitioned into state 'SUCCESS' from state 'RUNNING' with result '{'reservations': ['5b997094-715d-421e-9e95-d0ae4a0b31a3', '7faf6ad5-ea20-4b97-a88f-b8ea41e4ef97', '208bfa91-03ef-4e40-bc09-66a95fb1bbe7', '0baf480d-c2c5-4685-8ca3-54191c1b377e']}' {{(pid=112162) _task_receiver /usr/local/lib/python3.8/dist-packages/taskflow/listeners/logging.py:178}}
Jul 14 14:37:35.245336 n-d-765311-29 devstack@c-api.service[112162]: DEBUG cinder.volume.api [None req-a5e6d9dd-bd61-4d3b-9c2a-da4506253e2c tempest-GroupsV314Test-1033263484 tempest-GroupsV314Test-1033263484-project] Task 'cinder.volume.flows.api.create_volume.EntryCreateTask;volume:create' (840141b5-1b05-48b3-bc94-195e3e98ceea) transitioned into state 'RUNNING' from state 'PENDING' {{(pid=112162) _task_receiver /usr/local/lib/python3.8/dist-packages/taskflow/listeners/logging.py:190}}
Jul 14 14:37:35.393912 n-d-765311-29 devstack@c-api.service[112162]: DEBUG cinder.volume.api [None req-a5e6d9dd-bd61-4d3b-9c2a-da4506253e2c tempest-GroupsV314Test-1033263484 tempest-GroupsV314Test-1033263484-project] Task 'cinder.volume.flows.api.create_volume.EntryCreateTask;volume:create' (840141b5-1b05-48b3-bc94-195e3e98ceea) transitioned into state 'SUCCESS' from state 'RUNNING' with result '{'volume_id': '337e02c5-21a4-4948-96ad-68a811a90025', 'volume_properties': VolumeProperties(attach_status='detached',availability_zone='nova',cgsnapshot_id=None,consistencygroup_id=None,display_description=None,display_name='tempest-GroupsV314Test-Volume-1217154793',encryption_key_id=None,group_id=add28ea5-cd14-4a20-9c74-d0bcb2005003,group_type_id=,metadata={},multiattach=False,project_id='2836792098944c429870e3ff291a7f66',qos_specs=None,replication_status=,reservations=['5b997094-715d-421e-9e95-d0ae4a0b31a3','7faf6ad5-ea20-4b97-a88f-b8ea41e4ef97','208bfa91-03ef-4e40-bc09-66a95fb1bbe7','0baf480d-c2c5-4685-8ca3-54191c1b377e'],size=1,snapshot_id=None,source_replicaid=,source_volid=None,status='creating',user_id='113116caeaf640bc84d89aacd1018ae5',volume_type_id=a4aac796-19b2-46ea-b796-784fc694ae8f), 'volume': Volume(_name_id=None,admin_metadata=,attach_status='detached',availability_zone='nova',bootable=False,cluster=,cluster_name=None,consistencygroup=,consistencygroup_id=None,created_at=2022-07-14T14:37:35Z,deleted=False,deleted_at=None,display_description=None,display_name='tempest-GroupsV314Test-Volume-1217154793',ec2_id=None,encryption_key_id=None,glance_metadata=,group=,group_id=add28ea5-cd14-4a20-9c74-d0bcb2005003,host=None,id=337e02c5-21a4-4948-96ad-68a811a90025,launched_at=None,metadata={},migration_status=None,multiattach=False,previous_status=None,project_id='2836792098944c429870e3ff291a7f66',provider_auth=None,provider_geometry=None,provider_id=None,provider_location=None,replication_driver_data=None,replication_extended_status=None,replication_status=None,scheduled_at=None,service_uuid=None,shared_targets=True,size=1,snapshot_id=None,snapshots=,source_volid=None,status='creating',terminated_at=None,updated_at=None,use_quota=True,user_id='113116caeaf640bc84d89aacd1018ae5',volume_attachment=VolumeAttachmentList,volume_type=VolumeType(a4aac796-19b2-46ea-b796-784fc694ae8f),volume_type_id=a4aac796-19b2-46ea-b796-784fc694ae8f)}' {{(pid=112162) _task_receiver /usr/local/lib/python3.8/dist-packages/taskflow/listeners/logging.py:178}}
Jul 14 14:37:35.396859 n-d-765311-29 devstack@c-api.service[112162]: DEBUG cinder.volume.api [None req-a5e6d9dd-bd61-4d3b-9c2a-da4506253e2c tempest-GroupsV314Test-1033263484 tempest-GroupsV314Test-1033263484-project] Task 'cinder.volume.flows.api.create_volume.QuotaCommitTask;volume:create' (18e66e7e-d943-46a5-bad6-466c1971a5b9) transitioned into state 'RUNNING' from state 'PENDING' {{(pid=112162) _task_receiver /usr/local/lib/python3.8/dist-packages/taskflow/listeners/logging.py:190}}
Jul 14 14:37:35.421791 n-d-765311-29 devstack@c-api.service[112162]: DEBUG dbcounter [-] [112162] Writing DB stats cinder:SELECT=86,cinder:INSERT=10,cinder:UPDATE=4 {{(pid=112162) stat_writer /usr/local/lib/python3.8/dist-packages/dbcounter.py:114}}
Jul 14 14:37:35.567968 n-d-765311-29 devstack@c-api.service[112162]: DEBUG cinder.volume.api [None req-a5e6d9dd-bd61-4d3b-9c2a-da4506253e2c tempest-GroupsV314Test-1033263484 tempest-GroupsV314Test-1033263484-project] Task 'cinder.volume.flows.api.create_volume.QuotaCommitTask;volume:create' (18e66e7e-d943-46a5-bad6-466c1971a5b9) transitioned into state 'SUCCESS' from state 'RUNNING' with result '{'volume_properties': VolumeProperties(attach_status='detached',availability_zone='nova',cgsnapshot_id=None,consistencygroup_id=None,display_description=None,display_name='tempest-GroupsV314Test-Volume-1217154793',encryption_key_id=None,group_id=add28ea5-cd14-4a20-9c74-d0bcb2005003,group_type_id=,metadata={},multiattach=False,project_id='2836792098944c429870e3ff291a7f66',qos_specs=None,replication_status=,reservations=['5b997094-715d-421e-9e95-d0ae4a0b31a3','7faf6ad5-ea20-4b97-a88f-b8ea41e4ef97','208bfa91-03ef-4e40-bc09-66a95fb1bbe7','0baf480d-c2c5-4685-8ca3-54191c1b377e'],size=1,snapshot_id=None,source_replicaid=,source_volid=None,status='creating',user_id='113116caeaf640bc84d89aacd1018ae5',volume_type_id=a4aac796-19b2-46ea-b796-784fc694ae8f)}' {{(pid=112162) _task_receiver /usr/local/lib/python3.8/dist-packages/taskflow/listeners/logging.py:178}}
Jul 14 14:37:35.577612 n-d-765311-29 devstack@c-api.service[112162]: DEBUG cinder.volume.api [None req-a5e6d9dd-bd61-4d3b-9c2a-da4506253e2c tempest-GroupsV314Test-1033263484 tempest-GroupsV314Test-1033263484-project] Task 'cinder.volume.flows.api.create_volume.VolumeCastTask;volume:create' (6f496397-75ae-4662-83ea-653e483fd570) transitioned into state 'RUNNING' from state 'PENDING' {{(pid=112162) _task_receiver /usr/local/lib/python3.8/dist-packages/taskflow/listeners/logging.py:190}}
Jul 14 14:37:35.749545 n-d-765311-29 devstack@c-api.service[112162]: DEBUG cinder.volume.api [None req-a5e6d9dd-bd61-4d3b-9c2a-da4506253e2c tempest-GroupsV314Test-1033263484 tempest-GroupsV314Test-1033263484-project] Task 'cinder.volume.flows.api.create_volume.VolumeCastTask;volume:create' (6f496397-75ae-4662-83ea-653e483fd570) transitioned into state 'SUCCESS' from state 'RUNNING' with result 'None' {{(pid=112162) _task_receiver /usr/local/lib/python3.8/dist-packages/taskflow/listeners/logging.py:178}}
Jul 14 14:37:35.759734 n-d-765311-29 devstack@c-api.service[112162]: DEBUG cinder.volume.api [None req-a5e6d9dd-bd61-4d3b-9c2a-da4506253e2c tempest-GroupsV314Test-1033263484 tempest-GroupsV314Test-1033263484-project] Flow 'volume_create_api' (6464b460-e21c-44ba-b150-e980afeac2cf) transitioned into state 'SUCCESS' from state 'RUNNING' {{(pid=112162) _flow_receiver /usr/local/lib/python3.8/dist-packages/taskflow/listeners/logging.py:141}}
Jul 14 14:37:35.761585 n-d-765311-29 devstack@c-api.service[112162]: INFO cinder.volume.api [None req-a5e6d9dd-bd61-4d3b-9c2a-da4506253e2c tempest-GroupsV314Test-1033263484 tempest-GroupsV314Test-1033263484-project] Create volume request issued successfully.
Jul 14 14:37:35.763694 n-d-765311-29 devstack@c-api.service[112162]: WARNING stevedore.named [None req-a5e6d9dd-bd61-4d3b-9c2a-da4506253e2c tempest-GroupsV314Test-1033263484 tempest-GroupsV314Test-1033263484-project] Could not load cinder.keymgr.conf_key_mgr.ConfKeyManager
Jul 14 14:37:35.764281 n-d-765311-29 devstack@c-api.service[112162]: WARNING castellan.key_manager [None req-a5e6d9dd-bd61-4d3b-9c2a-da4506253e2c tempest-GroupsV314Test-1033263484 tempest-GroupsV314Test-1033263484-project] Deprecation Warning : cinder.keymgr.conf_key_mgr.ConfKeyManager is not a stevedore based driver, trying to load it as a class: stevedore.exception.NoMatches: No 'castellan.drivers' driver found, looking for 'cinder.keymgr.conf_key_mgr.ConfKeyManager'
Jul 14 14:37:35.791839 n-d-765311-29 devstack@c-api.service[112162]: DEBUG oslo_db.sqlalchemy.engines [None req-a5e6d9dd-bd61-4d3b-9c2a-da4506253e2c tempest-GroupsV314Test-1033263484 tempest-GroupsV314Test-1033263484-project] MySQL server mode set to STRICT_TRANS_TABLES,STRICT_ALL_TABLES,NO_ZERO_IN_DATE,NO_ZERO_DATE,ERROR_FOR_DIVISION_BY_ZERO,TRADITIONAL,NO_ENGINE_SUBSTITUTION {{(pid=112162) _check_effective_sql_mode /usr/local/lib/python3.8/dist-packages/oslo_db/sqlalchemy/engines.py:314}}
Jul 14 14:37:35.816158 n-d-765311-29 devstack@c-api.service[112162]: /usr/local/lib/python3.8/dist-packages/oslo_context/context.py:100: DeprecationWarning: Policy enforcement is depending on the value of is_admin. This key is deprecated. Please update your policy file to use the standard policy values.
Jul 14 14:37:35.816158 n-d-765311-29 devstack@c-api.service[112162]: warnings.warn('Policy enforcement is depending on the value of '
Jul 14 14:37:35.853193 n-d-765311-29 devstack@c-api.service[112162]: INFO cinder.api.openstack.wsgi [None req-a5e6d9dd-bd61-4d3b-9c2a-da4506253e2c tempest-GroupsV314Test-1033263484 tempest-GroupsV314Test-1033263484-project] http://10.222.0.72/volume/v3/2836792098944c429870e3ff291a7f66/volumes returned with HTTP 202
Jul 14 14:37:35.853999 n-d-765311-29 devstack@c-api.service[112162]: [pid: 112162|app: 0|req: 173/380] 10.222.0.72 () {62 vars in 1276 bytes} [Thu Jul 14 14:37:34 2022] POST /volume/v3/2836792098944c429870e3ff291a7f66/volumes => generated 900 bytes in 1295 msecs (HTTP/1.1 202) 7 headers in 292 bytes (1 switches on core 0)
Jul 14 14:37:35.866043 n-d-765311-29 devstack@c-api.service[112163]: DEBUG cinder.api.middleware.request_id [None req-6290dbb5-f7a2-41d2-a40a-13fbebc5901f None None] RequestId filter calling following filter/app {{(pid=112163) _context_setter /opt/stack/cinder/cinder/api/middleware/request_id.py:62}}
Jul 14 14:37:35.872501 n-d-765311-29 devstack@c-api.service[112163]: INFO cinder.api.openstack.wsgi [None req-6290dbb5-f7a2-41d2-a40a-13fbebc5901f tempest-GroupsV314Test-1033263484 tempest-GroupsV314Test-1033263484-project] GET http://10.222.0.72/volume/v3/2836792098944c429870e3ff291a7f66/volumes/337e02c5-21a4-4948-96ad-68a811a90025
Jul 14 14:37:35.873411 n-d-765311-29 devstack@c-api.service[112163]: DEBUG cinder.api.openstack.wsgi [None req-6290dbb5-f7a2-41d2-a40a-13fbebc5901f tempest-GroupsV314Test-1033263484 tempest-GroupsV314Test-1033263484-project] Empty body provided in request {{(pid=112163) get_body /opt/stack/cinder/cinder/api/openstack/wsgi.py:715}}
Jul 14 14:37:35.877692 n-d-765311-29 devstack@c-api.service[112163]: DEBUG cinder.api.openstack.wsgi [None req-6290dbb5-f7a2-41d2-a40a-13fbebc5901f tempest-GroupsV314Test-1033263484 tempest-GroupsV314Test-1033263484-project] Calling method 'show' {{(pid=112163) _process_stack /opt/stack/cinder/cinder/api/openstack/wsgi.py:868}}
Jul 14 14:37:35.900757 n-d-765311-29 devstack@c-api.service[112163]: /usr/local/lib/python3.8/dist-packages/oslo_context/context.py:100: DeprecationWarning: Policy enforcement is depending on the value of is_admin. This key is deprecated. Please update your policy file to use the standard policy values.
Jul 14 14:37:35.900757 n-d-765311-29 devstack@c-api.service[112163]: warnings.warn('Policy enforcement is depending on the value of '
Jul 14 14:37:35.918793 n-d-765311-29 devstack@c-api.service[112163]: INFO cinder.volume.api [None req-6290dbb5-f7a2-41d2-a40a-13fbebc5901f tempest-GroupsV314Test-1033263484 tempest-GroupsV314Test-1033263484-project] Volume info retrieved successfully.
Jul 14 14:37:35.920756 n-d-765311-29 devstack@c-api.service[112163]: WARNING stevedore.named [None req-6290dbb5-f7a2-41d2-a40a-13fbebc5901f tempest-GroupsV314Test-1033263484 tempest-GroupsV314Test-1033263484-project] Could not load cinder.keymgr.conf_key_mgr.ConfKeyManager
Jul 14 14:37:35.921586 n-d-765311-29 devstack@c-api.service[112163]: WARNING castellan.key_manager [None req-6290dbb5-f7a2-41d2-a40a-13fbebc5901f tempest-GroupsV314Test-1033263484 tempest-GroupsV314Test-1033263484-project] Deprecation Warning : cinder.keymgr.conf_key_mgr.ConfKeyManager is not a stevedore based driver, trying to load it as a class: stevedore.exception.NoMatches: No 'castellan.drivers' driver found, looking for 'cinder.keymgr.conf_key_mgr.ConfKeyManager'
Jul 14 14:37:35.935650 n-d-765311-29 devstack@c-api.service[112163]: DEBUG oslo_db.sqlalchemy.engines [None req-6290dbb5-f7a2-41d2-a40a-13fbebc5901f tempest-GroupsV314Test-1033263484 tempest-GroupsV314Test-1033263484-project] MySQL server mode set to STRICT_TRANS_TABLES,STRICT_ALL_TABLES,NO_ZERO_IN_DATE,NO_ZERO_DATE,ERROR_FOR_DIVISION_BY_ZERO,TRADITIONAL,NO_ENGINE_SUBSTITUTION {{(pid=112163) _check_effective_sql_mode /usr/local/lib/python3.8/dist-packages/oslo_db/sqlalchemy/engines.py:314}}
Jul 14 14:37:35.949094 n-d-765311-29 devstack@c-api.service[112163]: /usr/local/lib/python3.8/dist-packages/oslo_context/context.py:100: DeprecationWarning: Policy enforcement is depending on the value of is_admin. This key is deprecated. Please update your policy file to use the standard policy values.
Jul 14 14:37:35.949094 n-d-765311-29 devstack@c-api.service[112163]: warnings.warn('Policy enforcement is depending on the value of '
Jul 14 14:37:35.993886 n-d-765311-29 devstack@c-api.service[112162]: DEBUG cinder.api.middleware.request_id [None req-ddaf87a8-4254-47ef-a62d-067bbc7abecf None None] RequestId filter calling following filter/app {{(pid=112162) _context_setter /opt/stack/cinder/cinder/api/middleware/request_id.py:62}}
Jul 14 14:37:36.001559 n-d-765311-29 devstack@c-api.service[112162]: INFO cinder.api.openstack.wsgi [None req-ddaf87a8-4254-47ef-a62d-067bbc7abecf tempest-VolumesAdminNegativeTest-101323848 tempest-VolumesAdminNegativeTest-101323848-project] GET http://10.222.0.72/volume/v3/3f2b89818bd940e792eabd650f7ccdad/volumes/00878f79-1489-4fb1-a12c-6dde3d8323f6
Jul 14 14:37:36.004022 n-d-765311-29 devstack@c-api.service[112162]: DEBUG cinder.api.openstack.wsgi [None req-ddaf87a8-4254-47ef-a62d-067bbc7abecf tempest-VolumesAdminNegativeTest-101323848 tempest-VolumesAdminNegativeTest-101323848-project] Empty body provided in request {{(pid=112162) get_body /opt/stack/cinder/cinder/api/openstack/wsgi.py:715}}
Jul 14 14:37:36.006689 n-d-765311-29 devstack@c-api.service[112162]: DEBUG cinder.api.openstack.wsgi [None req-ddaf87a8-4254-47ef-a62d-067bbc7abecf tempest-VolumesAdminNegativeTest-101323848 tempest-VolumesAdminNegativeTest-101323848-project] Calling method 'show' {{(pid=112162) _process_stack /opt/stack/cinder/cinder/api/openstack/wsgi.py:868}}
Jul 14 14:37:36.009273 n-d-765311-29 devstack@c-api.service[112163]: INFO cinder.api.openstack.wsgi [None req-6290dbb5-f7a2-41d2-a40a-13fbebc5901f tempest-GroupsV314Test-1033263484 tempest-GroupsV314Test-1033263484-project] http://10.222.0.72/volume/v3/2836792098944c429870e3ff291a7f66/volumes/337e02c5-21a4-4948-96ad-68a811a90025 returned with HTTP 200
Jul 14 14:37:36.026259 n-d-765311-29 devstack@c-api.service[112163]: [pid: 112163|app: 0|req: 208/381] 10.222.0.72 () {60 vars in 1365 bytes} [Thu Jul 14 14:37:35 2022] GET /volume/v3/2836792098944c429870e3ff291a7f66/volumes/337e02c5-21a4-4948-96ad-68a811a90025 => generated 968 bytes in 161 msecs (HTTP/1.1 200) 7 headers in 286 bytes (2 switches on core 0)
Jul 14 14:37:36.055160 n-d-765311-29 devstack@c-api.service[112162]: /usr/local/lib/python3.8/dist-packages/oslo_context/context.py:100: DeprecationWarning: Policy enforcement is depending on the value of is_admin. This key is deprecated. Please update your policy file to use the standard policy values.
Jul 14 14:37:36.055160 n-d-765311-29 devstack@c-api.service[112162]: warnings.warn('Policy enforcement is depending on the value of '
Jul 14 14:37:36.087433 n-d-765311-29 devstack@c-api.service[112162]: INFO cinder.volume.api [None req-ddaf87a8-4254-47ef-a62d-067bbc7abecf tempest-VolumesAdminNegativeTest-101323848 tempest-VolumesAdminNegativeTest-101323848-project] Volume info retrieved successfully.
Jul 14 14:37:36.120157 n-d-765311-29 devstack@c-api.service[112162]: INFO cinder.api.openstack.wsgi [None req-ddaf87a8-4254-47ef-a62d-067bbc7abecf tempest-VolumesAdminNegativeTest-101323848 tempest-VolumesAdminNegativeTest-101323848-project] http://10.222.0.72/volume/v3/3f2b89818bd940e792eabd650f7ccdad/volumes/00878f79-1489-4fb1-a12c-6dde3d8323f6 returned with HTTP 200
Jul 14 14:37:36.121341 n-d-765311-29 devstack@c-api.service[112162]: [pid: 112162|app: 0|req: 174/382] 10.222.0.72 () {58 vars in 1324 bytes} [Thu Jul 14 14:37:35 2022] GET /volume/v3/3f2b89818bd940e792eabd650f7ccdad/volumes/00878f79-1489-4fb1-a12c-6dde3d8323f6 => generated 916 bytes in 129 msecs (HTTP/1.1 200) 7 headers in 285 bytes (2 switches on core 0)
Jul 14 14:37:37.025642 n-d-765311-29 devstack@c-api.service[112163]: DEBUG cinder.api.middleware.request_id [None req-a9850aea-767d-4b48-80ac-f4cd80a060ba None None] RequestId filter calling following filter/app {{(pid=112163) _context_setter /opt/stack/cinder/cinder/api/middleware/request_id.py:62}}
Jul 14 14:37:37.030786 n-d-765311-29 devstack@c-api.service[112163]: INFO cinder.api.openstack.wsgi [None req-a9850aea-767d-4b48-80ac-f4cd80a060ba tempest-GroupsV314Test-1033263484 tempest-GroupsV314Test-1033263484-project] GET http://10.222.0.72/volume/v3/2836792098944c429870e3ff291a7f66/volumes/337e02c5-21a4-4948-96ad-68a811a90025
