Aug 06 01:01:18.319236 n-d-765311-25 devstack@n-api.service[109304]: DEBUG nova.quota [None req-625cb4ff-a4fe-4f46-b146-5de5c9a4ed80 tempest-ServersAdminNegativeTestJSON-906172852 tempest-ServersAdminNegativeTestJSON-906172852-project] Getting quotas for user cbf1a0b4dfbc467e86e7e27134d3c2a3 and project c4cd087e736444a9a2f27ae32304d408. Resources: {'ram', 'instances', 'cores'} {{(pid=109304) _get_quotas /opt/stack/nova/nova/quota.py:374}}
Aug 06 01:01:18.332841 n-d-765311-25 devstack@n-api.service[109304]: DEBUG nova.compute.api [None req-625cb4ff-a4fe-4f46-b146-5de5c9a4ed80 tempest-ServersAdminNegativeTestJSON-906172852 tempest-ServersAdminNegativeTestJSON-906172852-project] Going to run 1 instances... {{(pid=109304) _provision_instances /opt/stack/nova/nova/compute/api.py:1280}}
Aug 06 01:01:18.352713 n-d-765311-25 devstack@n-api.service[109304]: DEBUG nova.compute.api [None req-625cb4ff-a4fe-4f46-b146-5de5c9a4ed80 tempest-ServersAdminNegativeTestJSON-906172852 tempest-ServersAdminNegativeTestJSON-906172852-project] [instance: e5f23442-6384-4128-b67e-1f0d5d8e58e9] block_device_mapping [BlockDeviceMapping(attachment_id=,boot_index=0,connection_info=None,created_at=,delete_on_termination=True,deleted=,deleted_at=,destination_type='local',device_name=None,device_type='disk',disk_bus=None,guest_format=None,id=,image_id='0d65bcc3-f10a-4a2c-955a-50e57d0f2a37',instance=,instance_uuid=,no_device=False,snapshot_id=None,source_type='image',tag=None,updated_at=,uuid=,volume_id=None,volume_size=None,volume_type=None)] {{(pid=109304) _bdm_validate_set_size_and_instance /opt/stack/nova/nova/compute/api.py:1685}}
Aug 06 01:01:18.469806 n-d-765311-25 devstack@n-api.service[109304]: INFO nova.api.openstack.requestlog [None req-625cb4ff-a4fe-4f46-b146-5de5c9a4ed80 tempest-ServersAdminNegativeTestJSON-906172852 tempest-ServersAdminNegativeTestJSON-906172852-project] 10.222.0.25 "POST /compute/v2.1/servers" status: 202 len: 380 microversion: 2.1 time: 1.025338
Aug 06 01:01:18.472385 n-d-765311-25 devstack@n-api.service[109304]: [pid: 109304|app: 0|req: 187/304] 10.222.0.25 () {60 vars in 1147 bytes} [Fri Aug 6 01:01:17 2021] POST /compute/v2.1/servers => generated 380 bytes in 1029 msecs (HTTP/1.1 202) 10 headers in 451 bytes (1 switches on core 0)
Aug 06 01:01:18.484095 n-d-765311-25 devstack@n-api.service[109304]: DEBUG nova.api.openstack.wsgi [None req-0b8069eb-5d55-4315-a570-3a56263517b7 tempest-LiveMigrationTest-1736510604 tempest-LiveMigrationTest-1736510604-project] Calling method '>' {{(pid=109304) _process_stack /opt/stack/nova/nova/api/openstack/wsgi.py:513}}
Aug 06 01:01:18.484814 n-d-765311-25 devstack@n-api.service[109304]: DEBUG nova.compute.api [None req-0b8069eb-5d55-4315-a570-3a56263517b7 tempest-LiveMigrationTest-1736510604 tempest-LiveMigrationTest-1736510604-project] [instance: 613b7b04-2d8d-4a6f-a6a1-8a587bda86a6] Fetching instance by UUID {{(pid=109304) get /opt/stack/nova/nova/compute/api.py:2791}}
Aug 06 01:01:18.496357 n-d-765311-25 devstack@n-api.service[109304]: DEBUG oslo_concurrency.lockutils [None req-0b8069eb-5d55-4315-a570-3a56263517b7 tempest-LiveMigrationTest-1736510604 tempest-LiveMigrationTest-1736510604-project] Lock "7b672aa7-73b2-43f0-9cb2-f9f8dfa39ddf" acquired by "nova.context.set_target_cell..get_or_set_cached_cell_and_set_connections" :: waited 0.000s {{(pid=109304) inner /usr/local/lib/python3.8/dist-packages/oslo_concurrency/lockutils.py:355}}
Aug 06 01:01:18.497600 n-d-765311-25 devstack@n-api.service[109304]: DEBUG oslo_concurrency.lockutils [None req-0b8069eb-5d55-4315-a570-3a56263517b7 tempest-LiveMigrationTest-1736510604 tempest-LiveMigrationTest-1736510604-project] Lock "7b672aa7-73b2-43f0-9cb2-f9f8dfa39ddf" released by "nova.context.set_target_cell..get_or_set_cached_cell_and_set_connections" :: held 0.001s {{(pid=109304) inner /usr/local/lib/python3.8/dist-packages/oslo_concurrency/lockutils.py:367}}
Aug 06 01:01:18.498599 n-d-765311-25 devstack@n-api.service[109304]: DEBUG oslo_concurrency.lockutils [None req-0b8069eb-5d55-4315-a570-3a56263517b7 tempest-LiveMigrationTest-1736510604 tempest-LiveMigrationTest-1736510604-project] Lock "7b672aa7-73b2-43f0-9cb2-f9f8dfa39ddf" acquired by "nova.context.set_target_cell..get_or_set_cached_cell_and_set_connections" :: waited 0.000s {{(pid=109304) inner /usr/local/lib/python3.8/dist-packages/oslo_concurrency/lockutils.py:355}}
Aug 06 01:01:18.500450 n-d-765311-25 devstack@n-api.service[109304]: DEBUG oslo_concurrency.lockutils [None req-0b8069eb-5d55-4315-a570-3a56263517b7 tempest-LiveMigrationTest-1736510604 tempest-LiveMigrationTest-1736510604-project] Lock "7b672aa7-73b2-43f0-9cb2-f9f8dfa39ddf" released by "nova.context.set_target_cell..get_or_set_cached_cell_and_set_connections" :: held 0.001s {{(pid=109304) inner /usr/local/lib/python3.8/dist-packages/oslo_concurrency/lockutils.py:367}}
Aug 06 01:01:18.640475 n-d-765311-25 devstack@n-api.service[109305]: INFO nova.api.openstack.requestlog [None req-4f08bbb4-6ef6-411a-8b0e-4bc82c6f6393 tempest-SecurityGroupsTestAdminJSON-1647059701 tempest-SecurityGroupsTestAdminJSON-1647059701-project-admin] 10.222.0.25 "GET /compute/v2.1/os-security-groups?all_tenants=true" status: 200 len: 9077 microversion: 2.1 time: 3.129222
Aug 06 01:01:18.642095 n-d-765311-25 devstack@n-api.service[109305]: [pid: 109305|app: 0|req: 118/305] 10.222.0.25 () {58 vars in 1191 bytes} [Fri Aug 6 01:01:15 2021] GET /compute/v2.1/os-security-groups?all_tenants=true => generated 9077 bytes in 3131 msecs (HTTP/1.1 200) 9 headers in 358 bytes (1 switches on core 0)
Aug 06 01:01:18.647165 n-d-765311-25 devstack@n-api.service[109305]: DEBUG nova.api.openstack.wsgi [None req-63eacdbe-fce6-47b4-a3fa-f8d030e4ff8a tempest-ServersWithSpecificFlavorTestJSON-1549393927 tempest-ServersWithSpecificFlavorTestJSON-1549393927-project] Calling method '>' {{(pid=109305) _process_stack /opt/stack/nova/nova/api/openstack/wsgi.py:513}}
Aug 06 01:01:18.648801 n-d-765311-25 devstack@n-api.service[109305]: DEBUG nova.compute.api [None req-63eacdbe-fce6-47b4-a3fa-f8d030e4ff8a tempest-ServersWithSpecificFlavorTestJSON-1549393927 tempest-ServersWithSpecificFlavorTestJSON-1549393927-project] [instance: affda7cf-bbfa-40f2-9dda-2a33d3061460] Fetching instance by UUID {{(pid=109305) get /opt/stack/nova/nova/compute/api.py:2791}}
Aug 06 01:01:18.662293 n-d-765311-25 devstack@n-api.service[109305]: DEBUG oslo_concurrency.lockutils [None req-63eacdbe-fce6-47b4-a3fa-f8d030e4ff8a tempest-ServersWithSpecificFlavorTestJSON-1549393927 tempest-ServersWithSpecificFlavorTestJSON-1549393927-project] Lock "7b672aa7-73b2-43f0-9cb2-f9f8dfa39ddf" acquired by "nova.context.set_target_cell..get_or_set_cached_cell_and_set_connections" :: waited 0.000s {{(pid=109305) inner /usr/local/lib/python3.8/dist-packages/oslo_concurrency/lockutils.py:355}}
Aug 06 01:01:18.662847 n-d-765311-25 devstack@n-api.service[109305]: DEBUG oslo_concurrency.lockutils [None req-63eacdbe-fce6-47b4-a3fa-f8d030e4ff8a tempest-ServersWithSpecificFlavorTestJSON-1549393927 tempest-ServersWithSpecificFlavorTestJSON-1549393927-project] Lock "7b672aa7-73b2-43f0-9cb2-f9f8dfa39ddf" released by "nova.context.set_target_cell..get_or_set_cached_cell_and_set_connections" :: held 0.002s {{(pid=109305) inner /usr/local/lib/python3.8/dist-packages/oslo_concurrency/lockutils.py:367}}
Aug 06 01:01:18.664017 n-d-765311-25 devstack@n-api.service[109305]: DEBUG oslo_concurrency.lockutils [None req-63eacdbe-fce6-47b4-a3fa-f8d030e4ff8a tempest-ServersWithSpecificFlavorTestJSON-1549393927 tempest-ServersWithSpecificFlavorTestJSON-1549393927-project] Lock "7b672aa7-73b2-43f0-9cb2-f9f8dfa39ddf" acquired by "nova.context.set_target_cell..get_or_set_cached_cell_and_set_connections" :: waited 0.000s {{(pid=109305) inner /usr/local/lib/python3.8/dist-packages/oslo_concurrency/lockutils.py:355}}
Aug 06 01:01:18.664503 n-d-765311-25 devstack@n-api.service[109305]: DEBUG oslo_concurrency.lockutils [None req-63eacdbe-fce6-47b4-a3fa-f8d030e4ff8a tempest-ServersWithSpecificFlavorTestJSON-1549393927 tempest-ServersWithSpecificFlavorTestJSON-1549393927-project] Lock "7b672aa7-73b2-43f0-9cb2-f9f8dfa39ddf" released by "nova.context.set_target_cell..get_or_set_cached_cell_and_set_connections" :: held 0.000s {{(pid=109305) inner /usr/local/lib/python3.8/dist-packages/oslo_concurrency/lockutils.py:367}}
Aug 06 01:01:18.861427 n-d-765311-25 devstack@n-api.service[109304]: DEBUG nova.policy [None req-0b8069eb-5d55-4315-a570-3a56263517b7 tempest-LiveMigrationTest-1736510604 tempest-LiveMigrationTest-1736510604-project] Policy check for os_compute_api:os-extended-server-attributes failed with credentials {'is_admin': False, 'user_id': '16bd150201ce4791aff1348eb542d36e', 'user_domain_id': 'default', 'system_scope': None, 'domain_id': None, 'project_id': '5fda7239b990456991b7e804b8db77d6', 'project_domain_id': 'default', 'roles': ['member', 'reader'], 'is_admin_project': True, 'service_user_id': None, 'service_user_domain_id': None, 'service_project_id': None, 'service_project_domain_id': None, 'service_roles': []} {{(pid=109304) authorize /opt/stack/nova/nova/policy.py:199}}
Aug 06 01:01:18.871266 n-d-765311-25 devstack@n-api.service[109304]: INFO nova.api.openstack.requestlog [None req-0b8069eb-5d55-4315-a570-3a56263517b7 tempest-LiveMigrationTest-1736510604 tempest-LiveMigrationTest-1736510604-project] 10.222.0.25 "GET /compute/v2.1/servers/613b7b04-2d8d-4a6f-a6a1-8a587bda86a6" status: 200 len: 1505 microversion: 2.1 time: 0.397821
Aug 06 01:01:18.874023 n-d-765311-25 devstack@n-api.service[109304]: [pid: 109304|app: 0|req: 188/306] 10.222.0.25 () {58 vars in 1236 bytes} [Fri Aug 6 01:01:18 2021] GET /compute/v2.1/servers/613b7b04-2d8d-4a6f-a6a1-8a587bda86a6 => generated 1505 bytes in 401 msecs (HTTP/1.1 200) 9 headers in 358 bytes (1 switches on core 0)
Aug 06 01:01:18.882669 n-d-765311-25 devstack@n-api.service[109304]: DEBUG nova.api.openstack.wsgi [None req-67023367-d398-46fd-94cd-bce677a58bce tempest-DeleteServersAdminTestJSON-1512788615 tempest-DeleteServersAdminTestJSON-1512788615-project] Calling method '>' {{(pid=109304) _process_stack /opt/stack/nova/nova/api/openstack/wsgi.py:513}}
Aug 06 01:01:18.884312 n-d-765311-25 devstack@n-api.service[109304]: DEBUG nova.compute.api [None req-67023367-d398-46fd-94cd-bce677a58bce tempest-DeleteServersAdminTestJSON-1512788615 tempest-DeleteServersAdminTestJSON-1512788615-project] [instance: 4b96ac7c-70b6-4f14-b499-c23e05c2294e] Fetching instance by UUID {{(pid=109304) get /opt/stack/nova/nova/compute/api.py:2791}}
Aug 06 01:01:18.892476 n-d-765311-25 devstack@n-api.service[109304]: DEBUG oslo_concurrency.lockutils [None req-67023367-d398-46fd-94cd-bce677a58bce tempest-DeleteServersAdminTestJSON-1512788615 tempest-DeleteServersAdminTestJSON-1512788615-project] Lock "7b672aa7-73b2-43f0-9cb2-f9f8dfa39ddf" acquired by "nova.context.set_target_cell..get_or_set_cached_cell_and_set_connections" :: waited 0.000s {{(pid=109304) inner /usr/local/lib/python3.8/dist-packages/oslo_concurrency/lockutils.py:355}}
Aug 06 01:01:18.893119 n-d-765311-25 devstack@n-api.service[109304]: DEBUG oslo_concurrency.lockutils [None req-67023367-d398-46fd-94cd-bce677a58bce tempest-DeleteServersAdminTestJSON-1512788615 tempest-DeleteServersAdminTestJSON-1512788615-project] Lock "7b672aa7-73b2-43f0-9cb2-f9f8dfa39ddf" released by "nova.context.set_target_cell..get_or_set_cached_cell_and_set_connections" :: held 0.001s {{(pid=109304) inner /usr/local/lib/python3.8/dist-packages/oslo_concurrency/lockutils.py:367}}
Aug 06 01:01:18.895062 n-d-765311-25 devstack@n-api.service[109304]: DEBUG oslo_concurrency.lockutils [None req-67023367-d398-46fd-94cd-bce677a58bce tempest-DeleteServersAdminTestJSON-1512788615 tempest-DeleteServersAdminTestJSON-1512788615-project] Lock "7b672aa7-73b2-43f0-9cb2-f9f8dfa39ddf" acquired by "nova.context.set_target_cell..get_or_set_cached_cell_and_set_connections" :: waited 0.000s {{(pid=109304) inner /usr/local/lib/python3.8/dist-packages/oslo_concurrency/lockutils.py:355}}
Aug 06 01:01:18.896425 n-d-765311-25 devstack@n-api.service[109304]: DEBUG oslo_concurrency.lockutils [None req-67023367-d398-46fd-94cd-bce677a58bce tempest-DeleteServersAdminTestJSON-1512788615 tempest-DeleteServersAdminTestJSON-1512788615-project] Lock "7b672aa7-73b2-43f0-9cb2-f9f8dfa39ddf" released by "nova.context.set_target_cell..get_or_set_cached_cell_and_set_connections" :: held 0.001s {{(pid=109304) inner /usr/local/lib/python3.8/dist-packages/oslo_concurrency/lockutils.py:367}}
Aug 06 01:01:18.963472 n-d-765311-25 devstack@n-api.service[109305]: DEBUG nova.policy [None req-63eacdbe-fce6-47b4-a3fa-f8d030e4ff8a tempest-ServersWithSpecificFlavorTestJSON-1549393927 tempest-ServersWithSpecificFlavorTestJSON-1549393927-project] Policy check for os_compute_api:os-extended-server-attributes failed with credentials {'is_admin': False, 'user_id': 'ba955082872c4f54986e0ec65428707c', 'user_domain_id': 'default', 'system_scope': None, 'domain_id': None, 'project_id': '4499f2fca2c94af5b135b26d8527af1f', 'project_domain_id': 'default', 'roles': ['member', 'reader'], 'is_admin_project': True, 'service_user_id': None, 'service_user_domain_id': None, 'service_project_id': None, 'service_project_domain_id': None, 'service_roles': []} {{(pid=109305) authorize /opt/stack/nova/nova/policy.py:199}}
Aug 06 01:01:18.972720 n-d-765311-25 devstack@n-api.service[109305]: INFO nova.api.openstack.requestlog [None req-63eacdbe-fce6-47b4-a3fa-f8d030e4ff8a tempest-ServersWithSpecificFlavorTestJSON-1549393927 tempest-ServersWithSpecificFlavorTestJSON-1549393927-project] 10.222.0.25 "GET /compute/v2.1/servers/affda7cf-bbfa-40f2-9dda-2a33d3061460" status: 200 len: 1386 microversion: 2.1 time: 0.329077
Aug 06 01:01:18.976985 n-d-765311-25 devstack@n-api.service[109305]: [pid: 109305|app: 0|req: 119/307] 10.222.0.25 () {58 vars in 1236 bytes} [Fri Aug 6 01:01:18 2021] GET /compute/v2.1/servers/affda7cf-bbfa-40f2-9dda-2a33d3061460 => generated 1386 bytes in 334 msecs (HTTP/1.1 200) 9 headers in 358 bytes (1 switches on core 0)
Aug 06 01:01:18.991215 n-d-765311-25 devstack@n-api.service[109305]: DEBUG nova.api.openstack.wsgi [None req-9e19249c-554a-4562-9a88-2c407aad15d7 tempest-ServersAdminNegativeTestJSON-906172852 tempest-ServersAdminNegativeTestJSON-906172852-project] Calling method '>' {{(pid=109305) _process_stack /opt/stack/nova/nova/api/openstack/wsgi.py:513}}
Aug 06 01:01:18.992099 n-d-765311-25 devstack@n-api.service[109305]: DEBUG nova.compute.api [None req-9e19249c-554a-4562-9a88-2c407aad15d7 tempest-ServersAdminNegativeTestJSON-906172852 tempest-ServersAdminNegativeTestJSON-906172852-project] [instance: e5f23442-6384-4128-b67e-1f0d5d8e58e9] Fetching instance by UUID {{(pid=109305) get /opt/stack/nova/nova/compute/api.py:2791}}
Aug 06 01:01:19.115963 n-d-765311-25 devstack@n-api.service[109304]: DEBUG nova.policy [None req-67023367-d398-46fd-94cd-bce677a58bce tempest-DeleteServersAdminTestJSON-1512788615 tempest-DeleteServersAdminTestJSON-1512788615-project] Policy check for os_compute_api:os-extended-server-attributes failed with credentials {'is_admin': False, 'user_id': '88f81113105b401dac559386940151cb', 'user_domain_id': 'default', 'system_scope': None, 'domain_id': None, 'project_id': '42c8319a130847a8b52444ed8d3adeff', 'project_domain_id': 'default', 'roles': ['member', 'reader'], 'is_admin_project': True, 'service_user_id': None, 'service_user_domain_id': None, 'service_project_id': None, 'service_project_domain_id': None, 'service_roles': []} {{(pid=109304) authorize /opt/stack/nova/nova/policy.py:199}}
Aug 06 01:01:19.123711 n-d-765311-25 devstack@n-api.service[109304]: INFO nova.api.openstack.requestlog [None req-67023367-d398-46fd-94cd-bce677a58bce tempest-DeleteServersAdminTestJSON-1512788615 tempest-DeleteServersAdminTestJSON-1512788615-project] 10.222.0.25 "GET /compute/v2.1/servers/4b96ac7c-70b6-4f14-b499-c23e05c2294e" status: 200 len: 1320 microversion: 2.1 time: 0.246973
Aug 06 01:01:19.124292 n-d-765311-25 devstack@n-api.service[109304]: [pid: 109304|app: 0|req: 189/308] 10.222.0.25 () {58 vars in 1236 bytes} [Fri Aug 6 01:01:18 2021] GET /compute/v2.1/servers/4b96ac7c-70b6-4f14-b499-c23e05c2294e => generated 1320 bytes in 249 msecs (HTTP/1.1 200) 9 headers in 358 bytes (1 switches on core 0)
Aug 06 01:01:19.129576 n-d-765311-25 devstack@n-api.service[109304]: DEBUG nova.api.openstack.wsgi [None req-54dfd9c1-c402-4268-8a48-4e3e247a57f1 tempest-SecurityGroupsTestAdminJSON-1057031597 tempest-SecurityGroupsTestAdminJSON-1057031597-project] Calling method '.version_select at 0x7f45be144c10>' {{(pid=109304) _process_stack /opt/stack/nova/nova/api/openstack/wsgi.py:513}}
Aug 06 01:01:19.181121 n-d-765311-25 devstack@n-api.service[109305]: DEBUG nova.policy [None req-9e19249c-554a-4562-9a88-2c407aad15d7 tempest-ServersAdminNegativeTestJSON-906172852 tempest-ServersAdminNegativeTestJSON-906172852-project] Policy check for os_compute_api:os-extended-server-attributes failed with credentials {'is_admin': False, 'user_id': 'cbf1a0b4dfbc467e86e7e27134d3c2a3', 'user_domain_id': 'default', 'system_scope': None, 'domain_id': None, 'project_id': 'c4cd087e736444a9a2f27ae32304d408', 'project_domain_id': 'default', 'roles': ['member', 'reader'], 'is_admin_project': True, 'service_user_id': None, 'service_user_domain_id': None, 'service_project_id': None, 'service_project_domain_id': None, 'service_roles': []} {{(pid=109305) authorize /opt/stack/nova/nova/policy.py:199}}
Aug 06 01:01:19.193259 n-d-765311-25 devstack@n-api.service[109305]: INFO nova.api.openstack.requestlog [None req-9e19249c-554a-4562-9a88-2c407aad15d7 tempest-ServersAdminNegativeTestJSON-906172852 tempest-ServersAdminNegativeTestJSON-906172852-project] 10.222.0.25 "GET /compute/v2.1/servers/e5f23442-6384-4128-b67e-1f0d5d8e58e9" status: 200 len: 1220 microversion: 2.1 time: 0.206190
Aug 06 01:01:19.194320 n-d-765311-25 devstack@n-api.service[109305]: [pid: 109305|app: 0|req: 120/309] 10.222.0.25 () {58 vars in 1236 bytes} [Fri Aug 6 01:01:18 2021] GET /compute/v2.1/servers/e5f23442-6384-4128-b67e-1f0d5d8e58e9 => generated 1220 bytes in 208 msecs (HTTP/1.1 200) 9 headers in 358 bytes (1 switches on core 0)
Aug 06 01:01:19.380940 n-d-765311-25 devstack@n-api.service[109304]: INFO nova.api.openstack.requestlog [None req-54dfd9c1-c402-4268-8a48-4e3e247a57f1 tempest-SecurityGroupsTestAdminJSON-1057031597 tempest-SecurityGroupsTestAdminJSON-1057031597-project] 10.222.0.25 "GET /compute/v2.1/os-security-groups?all_tenants=true" status: 200 len: 1112 microversion: 2.1 time: 0.254534
Aug 06 01:01:19.382149 n-d-765311-25 devstack@n-api.service[109304]: [pid: 109304|app: 0|req: 190/310] 10.222.0.25 () {58 vars in 1191 bytes} [Fri Aug 6 01:01:19 2021] GET /compute/v2.1/os-security-groups?all_tenants=true => generated 1112 bytes in 256 msecs (HTTP/1.1 200) 9 headers in 358 bytes (1 switches on core 0)
Aug 06 01:01:19.394157 n-d-765311-25 devstack@n-api.service[109304]: DEBUG nova.api.openstack.wsgi [None req-0f9196c4-51b8-46e6-82b2-73a1483a7bf8 tempest-SecurityGroupsTestAdminJSON-1647059701 tempest-SecurityGroupsTestAdminJSON-1647059701-project-admin] Calling method '.version_select at 0x7f45be141a60>' {{(pid=109304) _process_stack /opt/stack/nova/nova/api/openstack/wsgi.py:513}}
Aug 06 01:01:19.586979 n-d-765311-25 devstack@n-api.service[109305]: DEBUG nova.api.openstack.wsgi [None req-523843c7-3d6a-40af-ba8a-a07ed8d98025 tempest-FlavorsAdminTestJSON-437276190 tempest-FlavorsAdminTestJSON-437276190-project-admin] Action: 'create', calling method: >, body: {"flavor": {"ram": "1024", "vcpus": 1, "disk": 10, "name": "tempest-FlavorsAdminTestJSON-flavor-885433897", "id": 1137828681, "os-flavor-access:is_public": "True"}} {{(pid=109305) _process_stack /opt/stack/nova/nova/api/openstack/wsgi.py:511}}
Aug 06 01:01:19.591080 n-d-765311-25 devstack@n-api.service[109305]: /usr/local/lib/python3.8/dist-packages/oslo_policy/policy.py:1064: UserWarning: Policy os_compute_api:os-flavor-manage:create failed scope check. The token used to make the request was project scoped but the policy requires ['system'] scope. This behavior may change in the future where using the intended scope is required
Aug 06 01:01:19.591080 n-d-765311-25 devstack@n-api.service[109305]: warnings.warn(msg)
Aug 06 01:01:19.615386 n-d-765311-25 devstack@n-api.service[109305]: INFO nova.api.openstack.requestlog [None req-523843c7-3d6a-40af-ba8a-a07ed8d98025 tempest-FlavorsAdminTestJSON-437276190 tempest-FlavorsAdminTestJSON-437276190-project-admin] 10.222.0.25 "POST /compute/v2.1/flavors" status: 200 len: 429 microversion: 2.1 time: 0.419681
Aug 06 01:01:19.622863 n-d-765311-25 devstack@n-api.service[109305]: [pid: 109305|app: 0|req: 121/311] 10.222.0.25 () {60 vars in 1147 bytes} [Fri Aug 6 01:01:19 2021] POST /compute/v2.1/flavors => generated 429 bytes in 428 msecs (HTTP/1.1 200) 9 headers in 357 bytes (1 switches on core 0)
Aug 06 01:01:19.628498 n-d-765311-25 devstack@n-api.service[109305]: DEBUG nova.api.openstack.wsgi [req-fc1fc16e-2201-4c83-88d4-f9fb3383686a req-d2c528b9-3935-4a47-b71f-455a6d415632 service nova] Action: 'create', calling method: >, body: {"events": [{"server_uuid": "4b96ac7c-70b6-4f14-b499-c23e05c2294e", "name": "network-vif-plugged", "status": "completed", "tag": "7e34a916-5974-481d-ae87-4ecc5a7fbf8d"}]} {{(pid=109305) _process_stack /opt/stack/nova/nova/api/openstack/wsgi.py:511}}
Aug 06 01:01:19.631037 n-d-765311-25 devstack@n-api.service[109305]: /usr/local/lib/python3.8/dist-packages/oslo_policy/policy.py:1064: UserWarning: Policy os_compute_api:os-server-external-events:create failed scope check. The token used to make the request was project scoped but the policy requires ['system'] scope. This behavior may change in the future where using the intended scope is required
Aug 06 01:01:19.631037 n-d-765311-25 devstack@n-api.service[109305]: warnings.warn(msg)
Aug 06 01:01:19.633352 n-d-765311-25 devstack@n-api.service[109304]: INFO nova.api.openstack.requestlog [None req-0f9196c4-51b8-46e6-82b2-73a1483a7bf8 tempest-SecurityGroupsTestAdminJSON-1647059701 tempest-SecurityGroupsTestAdminJSON-1647059701-project-admin] 10.222.0.25 "DELETE /compute/v2.1/os-security-groups/46c2ef35-fb15-4033-8333-c9209114030b" status: 202 len: 0 microversion: 2.1 time: 0.243473
Aug 06 01:01:19.633997 n-d-765311-25 devstack@n-api.service[109304]: [pid: 109304|app: 0|req: 191/312] 10.222.0.25 () {58 vars in 1272 bytes} [Fri Aug 6 01:01:19 2021] DELETE /compute/v2.1/os-security-groups/46c2ef35-fb15-4033-8333-c9209114030b => generated 0 bytes in 245 msecs (HTTP/1.1 202) 9 headers in 361 bytes (1 switches on core 0)
Aug 06 01:01:19.643635 n-d-765311-25 devstack@n-api.service[109304]: DEBUG nova.api.openstack.wsgi [None req-28ec3b41-94b4-4db3-bd26-3ff5a89a85a6 tempest-FlavorsAdminTestJSON-437276190 tempest-FlavorsAdminTestJSON-437276190-project-admin] Calling method '>' {{(pid=109304) _process_stack /opt/stack/nova/nova/api/openstack/wsgi.py:513}}
Aug 06 01:01:19.644875 n-d-765311-25 devstack@n-api.service[109305]: DEBUG oslo_concurrency.lockutils [req-fc1fc16e-2201-4c83-88d4-f9fb3383686a req-d2c528b9-3935-4a47-b71f-455a6d415632 service nova] Lock "7b672aa7-73b2-43f0-9cb2-f9f8dfa39ddf" acquired by "nova.context.set_target_cell..get_or_set_cached_cell_and_set_connections" :: waited 0.000s {{(pid=109305) inner /usr/local/lib/python3.8/dist-packages/oslo_concurrency/lockutils.py:355}}
Aug 06 01:01:19.645458 n-d-765311-25 devstack@n-api.service[109304]: /usr/local/lib/python3.8/dist-packages/oslo_policy/policy.py:1064: UserWarning: Policy os_compute_api:os-flavor-manage:delete failed scope check. The token used to make the request was project scoped but the policy requires ['system'] scope. This behavior may change in the future where using the intended scope is required
Aug 06 01:01:19.645458 n-d-765311-25 devstack@n-api.service[109304]: warnings.warn(msg)
Aug 06 01:01:19.646983 n-d-765311-25 devstack@n-api.service[109305]: DEBUG oslo_concurrency.lockutils [req-fc1fc16e-2201-4c83-88d4-f9fb3383686a req-d2c528b9-3935-4a47-b71f-455a6d415632 service nova] Lock "7b672aa7-73b2-43f0-9cb2-f9f8dfa39ddf" released by "nova.context.set_target_cell..get_or_set_cached_cell_and_set_connections" :: held 0.005s {{(pid=109305) inner /usr/local/lib/python3.8/dist-packages/oslo_concurrency/lockutils.py:367}}
Aug 06 01:01:19.659487 n-d-765311-25 devstack@n-api.service[109305]: INFO nova.api.openstack.compute.server_external_events [req-fc1fc16e-2201-4c83-88d4-f9fb3383686a req-d2c528b9-3935-4a47-b71f-455a6d415632 service nova] Creating event network-vif-plugged:7e34a916-5974-481d-ae87-4ecc5a7fbf8d for instance 4b96ac7c-70b6-4f14-b499-c23e05c2294e on n-h1-765311-25
Aug 06 01:01:19.664394 n-d-765311-25 devstack@n-api.service[109305]: INFO nova.api.openstack.requestlog [req-fc1fc16e-2201-4c83-88d4-f9fb3383686a req-d2c528b9-3935-4a47-b71f-455a6d415632 service nova] 10.222.0.25 "POST /compute/v2.1/os-server-external-events" status: 200 len: 183 microversion: 2.1 time: 0.039736
Aug 06 01:01:19.665524 n-d-765311-25 devstack@n-api.service[109305]: [pid: 109305|app: 0|req: 122/313] 10.222.0.25 () {64 vars in 1318 bytes} [Fri Aug 6 01:01:19 2021] POST /compute/v2.1/os-server-external-events => generated 183 bytes in 41 msecs (HTTP/1.1 200) 9 headers in 357 bytes (1 switches on core 0)
Aug 06 01:01:19.670309 n-d-765311-25 devstack@n-api.service[109305]: DEBUG nova.api.openstack.wsgi [None req-78e49ba5-5bec-470b-9553-87582135e09a tempest-SecurityGroupsTestAdminJSON-1647059701 tempest-SecurityGroupsTestAdminJSON-1647059701-project-admin] Calling method '.version_select at 0x7f45be0beee0>' {{(pid=109305) _process_stack /opt/stack/nova/nova/api/openstack/wsgi.py:513}}
Aug 06 01:01:19.715791 n-d-765311-25 devstack@n-api.service[109304]: INFO nova.api.openstack.requestlog [None req-28ec3b41-94b4-4db3-bd26-3ff5a89a85a6 tempest-FlavorsAdminTestJSON-437276190 tempest-FlavorsAdminTestJSON-437276190-project-admin] 10.222.0.25 "DELETE /compute/v2.1/flavors/1137828681" status: 202 len: 0 microversion: 2.1 time: 0.076452
Aug 06 01:01:19.717197 n-d-765311-25 devstack@n-api.service[109304]: [pid: 109304|app: 0|req: 192/314] 10.222.0.25 () {58 vars in 1161 bytes} [Fri Aug 6 01:01:19 2021] DELETE /compute/v2.1/flavors/1137828681 => generated 0 bytes in 82 msecs (HTTP/1.1 202) 9 headers in 361 bytes (1 switches on core 0)
Aug 06 01:01:19.736098 n-d-765311-25 devstack@n-api.service[109304]: DEBUG nova.api.openstack.wsgi [None req-978eb78d-4898-4cae-a378-f5db197fe642 tempest-FlavorsAdminTestJSON-437276190 tempest-FlavorsAdminTestJSON-437276190-project-admin] Calling method '>' {{(pid=109304) _process_stack /opt/stack/nova/nova/api/openstack/wsgi.py:513}}
Aug 06 01:01:19.776006 n-d-765311-25 devstack@n-api.service[109304]: INFO nova.api.openstack.requestlog [None req-978eb78d-4898-4cae-a378-f5db197fe642 tempest-FlavorsAdminTestJSON-437276190 tempest-FlavorsAdminTestJSON-437276190-project-admin] 10.222.0.25 "GET /compute/v2.1/flavors/detail" status: 200 len: 5814 microversion: 2.1 time: 0.043902
Aug 06 01:01:19.784862 n-d-765311-25 devstack@n-api.service[109304]: [pid: 109304|app: 0|req: 193/315] 10.222.0.25 () {58 vars in 1146 bytes} [Fri Aug 6 01:01:19 2021] GET /compute/v2.1/flavors/detail => generated 5814 bytes in 64 msecs (HTTP/1.1 200) 9 headers in 358 bytes (1 switches on core 0)
Aug 06 01:01:19.805769 n-d-765311-25 devstack@n-api.service[109304]: DEBUG nova.api.openstack.wsgi [None req-3e9ea1b5-9396-42b7-a49f-c903ed4c8302 tempest-FlavorsAdminTestJSON-437276190 tempest-FlavorsAdminTestJSON-437276190-project-admin] Action: 'create', calling method: >, body: {"flavor": {"ram": 512, "vcpus": 1, "disk": 10, "name": "tempest-test_flavor_-793336569", "id": 1523534765, "swap": 1024, "rxtx_factor": 2, "OS-FLV-EXT-DATA:ephemeral": 10, "os-flavor-access:is_public": "True"}} {{(pid=109304) _process_stack /opt/stack/nova/nova/api/openstack/wsgi.py:511}}
Aug 06 01:01:19.808031 n-d-765311-25 devstack@n-api.service[109304]: /usr/local/lib/python3.8/dist-packages/oslo_policy/policy.py:1064: UserWarning: Policy os_compute_api:os-flavor-manage:create failed scope check. The token used to make the request was project scoped but the policy requires ['system'] scope. This behavior may change in the future where using the intended scope is required
Aug 06 01:01:19.808031 n-d-765311-25 devstack@n-api.service[109304]: warnings.warn(msg)
Aug 06 01:01:19.841217 n-d-765311-25 devstack@n-api.service[109304]: INFO nova.api.openstack.requestlog [None req-3e9ea1b5-9396-42b7-a49f-c903ed4c8302 tempest-FlavorsAdminTestJSON-437276190 tempest-FlavorsAdminTestJSON-437276190-project-admin] 10.222.0.25 "POST /compute/v2.1/flavors" status: 200 len: 416 microversion: 2.1 time: 0.042292
Aug 06 01:01:19.843199 n-d-765311-25 devstack@n-api.service[109304]: [pid: 109304|app: 0|req: 194/316] 10.222.0.25 () {60 vars in 1147 bytes} [Fri Aug 6 01:01:19 2021] POST /compute/v2.1/flavors => generated 416 bytes in 46 msecs (HTTP/1.1 200) 9 headers in 357 bytes (1 switches on core 0)
Aug 06 01:01:19.861480 n-d-765311-25 devstack@n-api.service[109304]: DEBUG nova.api.openstack.wsgi [None req-165dff33-a2cd-42ae-bcaa-c92f8e8f8b5e tempest-FlavorsAdminTestJSON-437276190 tempest-FlavorsAdminTestJSON-437276190-project-admin] Calling method '>' {{(pid=109304) _process_stack /opt/stack/nova/nova/api/openstack/wsgi.py:513}}
Aug 06 01:01:19.898054 n-d-765311-25 devstack@n-api.service[109304]: INFO nova.api.openstack.requestlog [None req-165dff33-a2cd-42ae-bcaa-c92f8e8f8b5e tempest-FlavorsAdminTestJSON-437276190 tempest-FlavorsAdminTestJSON-437276190-project-admin] 10.222.0.25 "GET /compute/v2.1/flavors/detail" status: 200 len: 6220 microversion: 2.1 time: 0.041606
Aug 06 01:01:19.899639 n-d-765311-25 devstack@n-api.service[109304]: [pid: 109304|app: 0|req: 195/317] 10.222.0.25 () {58 vars in 1146 bytes} [Fri Aug 6 01:01:19 2021] GET /compute/v2.1/flavors/detail => generated 6220 bytes in 44 msecs (HTTP/1.1 200) 9 headers in 358 bytes (1 switches on core 0)
Aug 06 01:01:19.904418 n-d-765311-25 devstack@n-api.service[109304]: DEBUG nova.api.openstack.wsgi [None req-63df51c6-b63d-4e30-bf5f-4b456f5e0b06 tempest-LiveMigrationTest-1736510604 tempest-LiveMigrationTest-1736510604-project] Calling method '>' {{(pid=109304) _process_stack /opt/stack/nova/nova/api/openstack/wsgi.py:513}}
Aug 06 01:01:19.905259 n-d-765311-25 devstack@n-api.service[109304]: DEBUG nova.compute.api [None req-63df51c6-b63d-4e30-bf5f-4b456f5e0b06 tempest-LiveMigrationTest-1736510604 tempest-LiveMigrationTest-1736510604-project] [instance: 613b7b04-2d8d-4a6f-a6a1-8a587bda86a6] Fetching instance by UUID {{(pid=109304) get /opt/stack/nova/nova/compute/api.py:2791}}
Aug 06 01:01:19.912261 n-d-765311-25 devstack@n-api.service[109304]: DEBUG oslo_concurrency.lockutils [None req-63df51c6-b63d-4e30-bf5f-4b456f5e0b06 tempest-LiveMigrationTest-1736510604 tempest-LiveMigrationTest-1736510604-project] Lock "7b672aa7-73b2-43f0-9cb2-f9f8dfa39ddf" acquired by "nova.context.set_target_cell..get_or_set_cached_cell_and_set_connections" :: waited 0.000s {{(pid=109304) inner /usr/local/lib/python3.8/dist-packages/oslo_concurrency/lockutils.py:355}}
Aug 06 01:01:19.913089 n-d-765311-25 devstack@n-api.service[109304]: DEBUG oslo_concurrency.lockutils [None req-63df51c6-b63d-4e30-bf5f-4b456f5e0b06 tempest-LiveMigrationTest-1736510604 tempest-LiveMigrationTest-1736510604-project] Lock "7b672aa7-73b2-43f0-9cb2-f9f8dfa39ddf" released by "nova.context.set_target_cell..get_or_set_cached_cell_and_set_connections" :: held 0.001s {{(pid=109304) inner /usr/local/lib/python3.8/dist-packages/oslo_concurrency/lockutils.py:367}}
Aug 06 01:01:19.914095 n-d-765311-25 devstack@n-api.service[109304]: DEBUG oslo_concurrency.lockutils [None req-63df51c6-b63d-4e30-bf5f-4b456f5e0b06 tempest-LiveMigrationTest-1736510604 tempest-LiveMigrationTest-1736510604-project] Lock "7b672aa7-73b2-43f0-9cb2-f9f8dfa39ddf" acquired by "nova.context.set_target_cell..get_or_set_cached_cell_and_set_connections" :: waited 0.000s {{(pid=109304) inner /usr/local/lib/python3.8/dist-packages/oslo_concurrency/lockutils.py:355}}
Aug 06 01:01:19.914791 n-d-765311-25 devstack@n-api.service[109304]: DEBUG oslo_concurrency.lockutils [None req-63df51c6-b63d-4e30-bf5f-4b456f5e0b06 tempest-LiveMigrationTest-1736510604 tempest-LiveMigrationTest-1736510604-project] Lock "7b672aa7-73b2-43f0-9cb2-f9f8dfa39ddf" released by "nova.context.set_target_cell..get_or_set_cached_cell_and_set_connections" :: held 0.001s {{(pid=109304) inner /usr/local/lib/python3.8/dist-packages/oslo_concurrency/lockutils.py:367}}
Aug 06 01:01:20.117468 n-d-765311-25 devstack@n-api.service[109304]: DEBUG nova.policy [None req-63df51c6-b63d-4e30-bf5f-4b456f5e0b06 tempest-LiveMigrationTest-1736510604 tempest-LiveMigrationTest-1736510604-project] Policy check for os_compute_api:os-extended-server-attributes failed with credentials {'is_admin': False, 'user_id': '16bd150201ce4791aff1348eb542d36e', 'user_domain_id': 'default', 'system_scope': None, 'domain_id': None, 'project_id': '5fda7239b990456991b7e804b8db77d6', 'project_domain_id': 'default', 'roles': ['member', 'reader'], 'is_admin_project': True, 'service_user_id': None, 'service_user_domain_id': None, 'service_project_id': None, 'service_project_domain_id': None, 'service_roles': []} {{(pid=109304) authorize /opt/stack/nova/nova/policy.py:199}}
Aug 06 01:01:20.126350 n-d-765311-25 devstack@n-api.service[109304]: INFO nova.api.openstack.requestlog [None req-63df51c6-b63d-4e30-bf5f-4b456f5e0b06 tempest-LiveMigrationTest-1736510604 tempest-LiveMigrationTest-1736510604-project] 10.222.0.25 "GET /compute/v2.1/servers/613b7b04-2d8d-4a6f-a6a1-8a587bda86a6" status: 200 len: 1495 microversion: 2.1 time: 0.223911
Aug 06 01:01:20.138264 n-d-765311-25 devstack@n-api.service[109304]: [pid: 109304|app: 0|req: 196/318] 10.222.0.25 () {58 vars in 1236 bytes} [Fri Aug 6 01:01:19 2021] GET /compute/v2.1/servers/613b7b04-2d8d-4a6f-a6a1-8a587bda86a6 => generated 1495 bytes in 235 msecs (HTTP/1.1 200) 9 headers in 358 bytes (1 switches on core 0)
Aug 06 01:01:20.143060 n-d-765311-25 devstack@n-api.service[109304]: DEBUG nova.api.openstack.wsgi [None req-17b55029-090f-4836-a068-8aa5200866b8 tempest-FlavorsAdminTestJSON-437276190 tempest-FlavorsAdminTestJSON-437276190-project-admin] Calling method '>' {{(pid=109304) _process_stack /opt/stack/nova/nova/api/openstack/wsgi.py:513}}
Aug 06 01:01:20.144069 n-d-765311-25 devstack@n-api.service[109304]: /usr/local/lib/python3.8/dist-packages/oslo_policy/policy.py:1064: UserWarning: Policy os_compute_api:os-flavor-manage:delete failed scope check. The token used to make the request was project scoped but the policy requires ['system'] scope. This behavior may change in the future where using the intended scope is required
Aug 06 01:01:20.144069 n-d-765311-25 devstack@n-api.service[109304]: warnings.warn(msg)
Aug 06 01:01:20.148853 n-d-765311-25 devstack@n-api.service[109305]: INFO nova.api.openstack.requestlog [None req-78e49ba5-5bec-470b-9553-87582135e09a tempest-SecurityGroupsTestAdminJSON-1647059701 tempest-SecurityGroupsTestAdminJSON-1647059701-project-admin] 10.222.0.25 "DELETE /compute/v2.1/os-security-groups/1aaea281-c91c-4870-8677-c3dbd65bc8a9" status: 202 len: 0 microversion: 2.1 time: 0.482135
Aug 06 01:01:20.149856 n-d-765311-25 devstack@n-api.service[109305]: [pid: 109305|app: 0|req: 123/319] 10.222.0.25 () {58 vars in 1272 bytes} [Fri Aug 6 01:01:19 2021] DELETE /compute/v2.1/os-security-groups/1aaea281-c91c-4870-8677-c3dbd65bc8a9 => generated 0 bytes in 484 msecs (HTTP/1.1 202) 9 headers in 361 bytes (1 switches on core 0)
Aug 06 01:01:20.155487 n-d-765311-25 devstack@n-api.service[109305]: DEBUG nova.api.openstack.wsgi [None req-1fbfd545-653a-40a4-a7af-51e451c0f539 tempest-ServersWithSpecificFlavorTestJSON-1549393927 tempest-ServersWithSpecificFlavorTestJSON-1549393927-project] Calling method '>' {{(pid=109305) _process_stack /opt/stack/nova/nova/api/openstack/wsgi.py:513}}
Aug 06 01:01:20.156220 n-d-765311-25 devstack@n-api.service[109305]: DEBUG nova.compute.api [None req-1fbfd545-653a-40a4-a7af-51e451c0f539 tempest-ServersWithSpecificFlavorTestJSON-1549393927 tempest-ServersWithSpecificFlavorTestJSON-1549393927-project] [instance: affda7cf-bbfa-40f2-9dda-2a33d3061460] Fetching instance by UUID {{(pid=109305) get /opt/stack/nova/nova/compute/api.py:2791}}
Aug 06 01:01:20.165909 n-d-765311-25 devstack@n-api.service[109305]: DEBUG oslo_concurrency.lockutils [None req-1fbfd545-653a-40a4-a7af-51e451c0f539 tempest-ServersWithSpecificFlavorTestJSON-1549393927 tempest-ServersWithSpecificFlavorTestJSON-1549393927-project] Lock "7b672aa7-73b2-43f0-9cb2-f9f8dfa39ddf" acquired by "nova.context.set_target_cell..get_or_set_cached_cell_and_set_connections" :: waited 0.000s {{(pid=109305) inner /usr/local/lib/python3.8/dist-packages/oslo_concurrency/lockutils.py:355}}
Aug 06 01:01:20.167737 n-d-765311-25 devstack@n-api.service[109305]: DEBUG oslo_concurrency.lockutils [None req-1fbfd545-653a-40a4-a7af-51e451c0f539 tempest-ServersWithSpecificFlavorTestJSON-1549393927 tempest-ServersWithSpecificFlavorTestJSON-1549393927-project] Lock "7b672aa7-73b2-43f0-9cb2-f9f8dfa39ddf" released by "nova.context.set_target_cell..get_or_set_cached_cell_and_set_connections" :: held 0.002s {{(pid=109305) inner /usr/local/lib/python3.8/dist-packages/oslo_concurrency/lockutils.py:367}}
Aug 06 01:01:20.170170 n-d-765311-25 devstack@n-api.service[109305]: DEBUG oslo_concurrency.lockutils [None req-1fbfd545-653a-40a4-a7af-51e451c0f539 tempest-ServersWithSpecificFlavorTestJSON-1549393927 tempest-ServersWithSpecificFlavorTestJSON-1549393927-project] Lock "7b672aa7-73b2-43f0-9cb2-f9f8dfa39ddf" acquired by "nova.context.set_target_cell..get_or_set_cached_cell_and_set_connections" :: waited 0.000s {{(pid=109305) inner /usr/local/lib/python3.8/dist-packages/oslo_concurrency/lockutils.py:355}}
Aug 06 01:01:20.171660 n-d-765311-25 devstack@n-api.service[109305]: DEBUG oslo_concurrency.lockutils [None req-1fbfd545-653a-40a4-a7af-51e451c0f539 tempest-ServersWithSpecificFlavorTestJSON-1549393927 tempest-ServersWithSpecificFlavorTestJSON-1549393927-project] Lock "7b672aa7-73b2-43f0-9cb2-f9f8dfa39ddf" released by "nova.context.set_target_cell..get_or_set_cached_cell_and_set_connections" :: held 0.001s {{(pid=109305) inner /usr/local/lib/python3.8/dist-packages/oslo_concurrency/lockutils.py:367}}
Aug 06 01:01:20.186341 n-d-765311-25 devstack@n-api.service[109304]: INFO nova.api.openstack.requestlog [None req-17b55029-090f-4836-a068-8aa5200866b8 tempest-FlavorsAdminTestJSON-437276190 tempest-FlavorsAdminTestJSON-437276190-project-admin] 10.222.0.25 "DELETE /compute/v2.1/flavors/1523534765" status: 202 len: 0 microversion: 2.1 time: 0.046980
Aug 06 01:01:20.187436 n-d-765311-25 devstack@n-api.service[109304]: [pid: 109304|app: 0|req: 197/320] 10.222.0.25 () {58 vars in 1161 bytes} [Fri Aug 6 01:01:20 2021] DELETE /compute/v2.1/flavors/1523534765 => generated 0 bytes in 49 msecs (HTTP/1.1 202) 9 headers in 361 bytes (1 switches on core 0)
Aug 06 01:01:20.199415 n-d-765311-25 devstack@n-api.service[109304]: DEBUG nova.api.openstack.wsgi [None req-ea7e4245-10dc-45d7-bc14-666cd1efffe0 tempest-DeleteServersAdminTestJSON-1512788615 tempest-DeleteServersAdminTestJSON-1512788615-project] Calling method '>' {{(pid=109304) _process_stack /opt/stack/nova/nova/api/openstack/wsgi.py:513}}
Aug 06 01:01:20.200040 n-d-765311-25 devstack@n-api.service[109304]: DEBUG nova.compute.api [None req-ea7e4245-10dc-45d7-bc14-666cd1efffe0 tempest-DeleteServersAdminTestJSON-1512788615 tempest-DeleteServersAdminTestJSON-1512788615-project] [instance: 4b96ac7c-70b6-4f14-b499-c23e05c2294e] Fetching instance by UUID {{(pid=109304) get /opt/stack/nova/nova/compute/api.py:2791}}
Aug 06 01:01:20.213908 n-d-765311-25 devstack@n-api.service[109304]: DEBUG oslo_concurrency.lockutils [None req-ea7e4245-10dc-45d7-bc14-666cd1efffe0 tempest-DeleteServersAdminTestJSON-1512788615 tempest-DeleteServersAdminTestJSON-1512788615-project] Lock "7b672aa7-73b2-43f0-9cb2-f9f8dfa39ddf" acquired by "nova.context.set_target_cell..get_or_set_cached_cell_and_set_connections" :: waited 0.000s {{(pid=109304) inner /usr/local/lib/python3.8/dist-packages/oslo_concurrency/lockutils.py:355}}
Aug 06 01:01:20.215053 n-d-765311-25 devstack@n-api.service[109304]: DEBUG oslo_concurrency.lockutils [None req-ea7e4245-10dc-45d7-bc14-666cd1efffe0 tempest-DeleteServersAdminTestJSON-1512788615 tempest-DeleteServersAdminTestJSON-1512788615-project] Lock "7b672aa7-73b2-43f0-9cb2-f9f8dfa39ddf" released by "nova.context.set_target_cell..get_or_set_cached_cell_and_set_connections" :: held 0.003s {{(pid=109304) inner /usr/local/lib/python3.8/dist-packages/oslo_concurrency/lockutils.py:367}}
Aug 06 01:01:20.216719 n-d-765311-25 devstack@n-api.service[109304]: DEBUG oslo_concurrency.lockutils [None req-ea7e4245-10dc-45d7-bc14-666cd1efffe0 tempest-DeleteServersAdminTestJSON-1512788615 tempest-DeleteServersAdminTestJSON-1512788615-project] Lock "7b672aa7-73b2-43f0-9cb2-f9f8dfa39ddf" acquired by "nova.context.set_target_cell..get_or_set_cached_cell_and_set_connections" :: waited 0.000s {{(pid=109304) inner /usr/local/lib/python3.8/dist-packages/oslo_concurrency/lockutils.py:355}}
Aug 06 01:01:20.217414 n-d-765311-25 devstack@n-api.service[109304]: DEBUG oslo_concurrency.lockutils [None req-ea7e4245-10dc-45d7-bc14-666cd1efffe0 tempest-DeleteServersAdminTestJSON-1512788615 tempest-DeleteServersAdminTestJSON-1512788615-project] Lock "7b672aa7-73b2-43f0-9cb2-f9f8dfa39ddf" released by "nova.context.set_target_cell..get_or_set_cached_cell_and_set_connections" :: held 0.001s {{(pid=109304) inner /usr/local/lib/python3.8/dist-packages/oslo_concurrency/lockutils.py:367}}
Aug 06 01:01:20.425173 n-d-765311-25 devstack@n-api.service[109305]: DEBUG nova.policy [None req-1fbfd545-653a-40a4-a7af-51e451c0f539 tempest-ServersWithSpecificFlavorTestJSON-1549393927 tempest-ServersWithSpecificFlavorTestJSON-1549393927-project] Policy check for os_compute_api:os-extended-server-attributes failed with credentials {'is_admin': False, 'user_id': 'ba955082872c4f54986e0ec65428707c', 'user_domain_id': 'default', 'system_scope': None, 'domain_id': None, 'project_id': '4499f2fca2c94af5b135b26d8527af1f', 'project_domain_id': 'default', 'roles': ['member', 'reader'], 'is_admin_project': True, 'service_user_id': None, 'service_user_domain_id': None, 'service_project_id': None, 'service_project_domain_id': None, 'service_roles': []} {{(pid=109305) authorize /opt/stack/nova/nova/policy.py:199}}
Aug 06 01:01:20.427663 n-d-765311-25 devstack@n-api.service[109304]: DEBUG nova.policy [None req-ea7e4245-10dc-45d7-bc14-666cd1efffe0 tempest-DeleteServersAdminTestJSON-1512788615 tempest-DeleteServersAdminTestJSON-1512788615-project] Policy check for os_compute_api:os-extended-server-attributes failed with credentials {'is_admin': False, 'user_id': '88f81113105b401dac559386940151cb', 'user_domain_id': 'default', 'system_scope': None, 'domain_id': None, 'project_id': '42c8319a130847a8b52444ed8d3adeff', 'project_domain_id': 'default', 'roles': ['member', 'reader'], 'is_admin_project': True, 'service_user_id': None, 'service_user_domain_id': None, 'service_project_id': None, 'service_project_domain_id': None, 'service_roles': []} {{(pid=109304) authorize /opt/stack/nova/nova/policy.py:199}}
Aug 06 01:01:20.434719 n-d-765311-25 devstack@n-api.service[109305]: INFO nova.api.openstack.requestlog [None req-1fbfd545-653a-40a4-a7af-51e451c0f539 tempest-ServersWithSpecificFlavorTestJSON-1549393927 tempest-ServersWithSpecificFlavorTestJSON-1549393927-project] 10.222.0.25 "GET /compute/v2.1/servers/affda7cf-bbfa-40f2-9dda-2a33d3061460" status: 200 len: 1585 microversion: 2.1 time: 0.283518
Aug 06 01:01:20.436967 n-d-765311-25 devstack@n-api.service[109305]: [pid: 109305|app: 0|req: 124/321] 10.222.0.25 () {58 vars in 1236 bytes} [Fri Aug 6 01:01:20 2021] GET /compute/v2.1/servers/affda7cf-bbfa-40f2-9dda-2a33d3061460 => generated 1585 bytes in 286 msecs (HTTP/1.1 200) 9 headers in 358 bytes (1 switches on core 0)
Aug 06 01:01:20.437093 n-d-765311-25 devstack@n-api.service[109304]: INFO nova.api.openstack.requestlog [None req-ea7e4245-10dc-45d7-bc14-666cd1efffe0 tempest-DeleteServersAdminTestJSON-1512788615 tempest-DeleteServersAdminTestJSON-1512788615-project] 10.222.0.25 "GET /compute/v2.1/servers/4b96ac7c-70b6-4f14-b499-c23e05c2294e" status: 200 len: 1320 microversion: 2.1 time: 0.246609
Aug 06 01:01:20.438734 n-d-765311-25 devstack@n-api.service[109304]: [pid: 109304|app: 0|req: 198/322] 10.222.0.25 () {58 vars in 1236 bytes} [Fri Aug 6 01:01:20 2021] GET /compute/v2.1/servers/4b96ac7c-70b6-4f14-b499-c23e05c2294e => generated 1320 bytes in 249 msecs (HTTP/1.1 200) 9 headers in 358 bytes (1 switches on core 0)
Aug 06 01:01:20.445298 n-d-765311-25 devstack@n-api.service[109305]: DEBUG nova.api.openstack.wsgi [None req-f590f81e-71c1-4e07-8108-8e9adb2dd01a tempest-LiveMigrationTest-854311052 tempest-LiveMigrationTest-854311052-project-admin] Calling method '.version_select at 0x7f45be077c10>' {{(pid=109305) _process_stack /opt/stack/nova/nova/api/openstack/wsgi.py:513}}
Aug 06 01:01:20.450075 n-d-765311-25 devstack@n-api.service[109304]: DEBUG nova.api.openstack.wsgi [None req-b81623d9-07d6-4981-95b3-4470bd3cb1c9 tempest-SecurityGroupsTestAdminJSON-1057031597 tempest-SecurityGroupsTestAdminJSON-1057031597-project] Calling method '.version_select at 0x7f45be144a60>' {{(pid=109304) _process_stack /opt/stack/nova/nova/api/openstack/wsgi.py:513}}
Aug 06 01:01:20.452065 n-d-765311-25 devstack@n-api.service[109305]: /usr/local/lib/python3.8/dist-packages/oslo_policy/policy.py:1064: UserWarning: Policy os_compute_api:os-migrations:index failed scope check. The token used to make the request was project scoped but the policy requires ['system'] scope. This behavior may change in the future where using the intended scope is required
Aug 06 01:01:20.452065 n-d-765311-25 devstack@n-api.service[109305]: warnings.warn(msg)
Aug 06 01:01:20.454707 n-d-765311-25 devstack@n-api.service[109305]: DEBUG oslo_concurrency.lockutils [None req-f590f81e-71c1-4e07-8108-8e9adb2dd01a tempest-LiveMigrationTest-854311052 tempest-LiveMigrationTest-854311052-project-admin] Lock "7b672aa7-73b2-43f0-9cb2-f9f8dfa39ddf" acquired by "nova.context.set_target_cell..get_or_set_cached_cell_and_set_connections" :: waited 0.000s {{(pid=109305) inner /usr/local/lib/python3.8/dist-packages/oslo_concurrency/lockutils.py:355}}
Aug 06 01:01:20.455639 n-d-765311-25 devstack@n-api.service[109305]: DEBUG oslo_concurrency.lockutils [None req-f590f81e-71c1-4e07-8108-8e9adb2dd01a tempest-LiveMigrationTest-854311052 tempest-LiveMigrationTest-854311052-project-admin] Lock "7b672aa7-73b2-43f0-9cb2-f9f8dfa39ddf" released by "nova.context.set_target_cell..get_or_set_cached_cell_and_set_connections" :: held 0.001s {{(pid=109305) inner /usr/local/lib/python3.8/dist-packages/oslo_concurrency/lockutils.py:367}}
Aug 06 01:01:20.476234 n-d-765311-25 devstack@n-api.service[109305]: INFO nova.api.openstack.requestlog [None req-f590f81e-71c1-4e07-8108-8e9adb2dd01a tempest-LiveMigrationTest-854311052 tempest-LiveMigrationTest-854311052-project-admin] 10.222.0.25 "GET /compute/v2.1/os-migrations" status: 200 len: 404 microversion: 2.1 time: 0.034124
Aug 06 01:01:20.477479 n-d-765311-25 devstack@n-api.service[109305]: [pid: 109305|app: 0|req: 125/323] 10.222.0.25 () {58 vars in 1143 bytes} [Fri Aug 6 01:01:20 2021] GET /compute/v2.1/os-migrations => generated 404 bytes in 39 msecs (HTTP/1.1 200) 9 headers in 357 bytes (1 switches on core 0)
Aug 06 01:01:20.484191 n-d-765311-25 devstack@n-api.service[109305]: DEBUG nova.api.openstack.wsgi [None req-bf99c94d-84f3-4221-ba94-9e129326aaef tempest-FlavorsAdminTestJSON-437276190 tempest-FlavorsAdminTestJSON-437276190-project-admin] Calling method '>' {{(pid=109305) _process_stack /opt/stack/nova/nova/api/openstack/wsgi.py:513}}
Aug 06 01:01:20.509317 n-d-765311-25 devstack@n-api.service[109305]: INFO nova.api.openstack.requestlog [None req-bf99c94d-84f3-4221-ba94-9e129326aaef tempest-FlavorsAdminTestJSON-437276190 tempest-FlavorsAdminTestJSON-437276190-project-admin] 10.222.0.25 "GET /compute/v2.1/flavors/detail" status: 200 len: 5814 microversion: 2.1 time: 0.030357
Aug 06 01:01:20.510408 n-d-765311-25 devstack@n-api.service[109305]: [pid: 109305|app: 0|req: 126/324] 10.222.0.25 () {58 vars in 1146 bytes} [Fri Aug 6 01:01:20 2021] GET /compute/v2.1/flavors/detail => generated 5814 bytes in 32 msecs (HTTP/1.1 200) 9 headers in 358 bytes (1 switches on core 0)
Aug 06 01:01:20.515803 n-d-765311-25 devstack@n-api.service[109305]: DEBUG nova.api.openstack.wsgi [None req-8270eecd-aca6-42dc-ac08-e352c60c0800 tempest-ServersAdminNegativeTestJSON-906172852 tempest-ServersAdminNegativeTestJSON-906172852-project] Calling method '>' {{(pid=109305) _process_stack /opt/stack/nova/nova/api/openstack/wsgi.py:513}}
Aug 06 01:01:20.517051 n-d-765311-25 devstack@n-api.service[109305]: DEBUG nova.compute.api [None req-8270eecd-aca6-42dc-ac08-e352c60c0800 tempest-ServersAdminNegativeTestJSON-906172852 tempest-ServersAdminNegativeTestJSON-906172852-project] [instance: e5f23442-6384-4128-b67e-1f0d5d8e58e9] Fetching instance by UUID {{(pid=109305) get /opt/stack/nova/nova/compute/api.py:2791}}
Aug 06 01:01:20.527753 n-d-765311-25 devstack@n-api.service[109305]: DEBUG oslo_concurrency.lockutils [None req-8270eecd-aca6-42dc-ac08-e352c60c0800 tempest-ServersAdminNegativeTestJSON-906172852 tempest-ServersAdminNegativeTestJSON-906172852-project] Lock "7b672aa7-73b2-43f0-9cb2-f9f8dfa39ddf" acquired by "nova.context.set_target_cell..get_or_set_cached_cell_and_set_connections" :: waited 0.000s {{(pid=109305) inner /usr/local/lib/python3.8/dist-packages/oslo_concurrency/lockutils.py:355}}
