Jun 13 02:52:05.007687 n-d-765311-23 cinder-volume[101355]: DEBUG oslo_concurrency.processutils [None req-47c9d932-af9b-48bd-b4c8-860b908cde78 tempest-VolumesDeleteCascade-293825486 None] Running cmd (subprocess): sudo cinder-rootwrap /etc/cinder/rootwrap.conf env LC_ALL=C lvs --noheadings --unit=g -o vg_name,name,size --nosuffix --readonly stack-volumes-lvmdriver-1/volume-0e3fdc39-4f1a-422e-a03d-475b9a78000a {{(pid=101355) execute /usr/local/lib/python3.8/dist-packages/oslo_concurrency/processutils.py:384}}
Jun 13 02:52:05.052796 n-d-765311-23 sudo[130655]: ubuntu : TTY=unknown ; PWD=/ ; USER=root ; COMMAND=/usr/local/bin/cinder-rootwrap /etc/cinder/rootwrap.conf env LC_ALL=C lvs --noheadings --unit=g -o vg_name,name,size --nosuffix --readonly stack-volumes-lvmdriver-1/volume-0e3fdc39-4f1a-422e-a03d-475b9a78000a
Jun 13 02:52:05.058605 n-d-765311-23 sudo[130655]: pam_unix(sudo:session): session opened for user root by (uid=0)
Jun 13 02:52:05.670926 n-d-765311-23 sudo[130655]: pam_unix(sudo:session): session closed for user root
Jun 13 02:52:05.673725 n-d-765311-23 cinder-volume[101355]: DEBUG oslo_concurrency.processutils [None req-47c9d932-af9b-48bd-b4c8-860b908cde78 tempest-VolumesDeleteCascade-293825486 None] CMD "sudo cinder-rootwrap /etc/cinder/rootwrap.conf env LC_ALL=C lvs --noheadings --unit=g -o vg_name,name,size --nosuffix --readonly stack-volumes-lvmdriver-1/volume-0e3fdc39-4f1a-422e-a03d-475b9a78000a" returned: 0 in 0.667s {{(pid=101355) execute /usr/local/lib/python3.8/dist-packages/oslo_concurrency/processutils.py:422}}
Jun 13 02:52:05.675460 n-d-765311-23 cinder-volume[101355]: DEBUG oslo_concurrency.processutils [None req-47c9d932-af9b-48bd-b4c8-860b908cde78 tempest-VolumesDeleteCascade-293825486 None] Running cmd (subprocess): sudo cinder-rootwrap /etc/cinder/rootwrap.conf env LC_ALL=C lvdisplay --noheading -C -o Attr stack-volumes-lvmdriver-1/volume-0e3fdc39-4f1a-422e-a03d-475b9a78000a {{(pid=101355) execute /usr/local/lib/python3.8/dist-packages/oslo_concurrency/processutils.py:384}}
Jun 13 02:52:05.697520 n-d-765311-23 sudo[130660]: ubuntu : TTY=unknown ; PWD=/ ; USER=root ; COMMAND=/usr/local/bin/cinder-rootwrap /etc/cinder/rootwrap.conf env LC_ALL=C lvdisplay --noheading -C -o Attr stack-volumes-lvmdriver-1/volume-0e3fdc39-4f1a-422e-a03d-475b9a78000a
Jun 13 02:52:05.699057 n-d-765311-23 sudo[130660]: pam_unix(sudo:session): session opened for user root by (uid=0)
Jun 13 02:52:06.307431 n-d-765311-23 sudo[130660]: pam_unix(sudo:session): session closed for user root
Jun 13 02:52:06.310038 n-d-765311-23 cinder-volume[101355]: DEBUG oslo_concurrency.processutils [None req-47c9d932-af9b-48bd-b4c8-860b908cde78 tempest-VolumesDeleteCascade-293825486 None] CMD "sudo cinder-rootwrap /etc/cinder/rootwrap.conf env LC_ALL=C lvdisplay --noheading -C -o Attr stack-volumes-lvmdriver-1/volume-0e3fdc39-4f1a-422e-a03d-475b9a78000a" returned: 0 in 0.634s {{(pid=101355) execute /usr/local/lib/python3.8/dist-packages/oslo_concurrency/processutils.py:422}}
Jun 13 02:52:06.312325 n-d-765311-23 cinder-volume[101355]: DEBUG oslo_concurrency.processutils [None req-47c9d932-af9b-48bd-b4c8-860b908cde78 tempest-VolumesDeleteCascade-293825486 None] Running cmd (subprocess): sudo cinder-rootwrap /etc/cinder/rootwrap.conf lvremove --config activation { retry_deactivation = 1} -f stack-volumes-lvmdriver-1/volume-0e3fdc39-4f1a-422e-a03d-475b9a78000a {{(pid=101355) execute /usr/local/lib/python3.8/dist-packages/oslo_concurrency/processutils.py:384}}
Jun 13 02:52:06.344489 n-d-765311-23 sudo[130663]: ubuntu : TTY=unknown ; PWD=/ ; USER=root ; COMMAND=/usr/local/bin/cinder-rootwrap /etc/cinder/rootwrap.conf lvremove --config activation { retry_deactivation = 1} -f stack-volumes-lvmdriver-1/volume-0e3fdc39-4f1a-422e-a03d-475b9a78000a
Jun 13 02:52:06.346274 n-d-765311-23 sudo[130663]: pam_unix(sudo:session): session opened for user root by (uid=0)
Jun 13 02:52:07.056127 n-d-765311-23 sudo[130663]: pam_unix(sudo:session): session closed for user root
Jun 13 02:52:07.058848 n-d-765311-23 cinder-volume[101355]: DEBUG oslo_concurrency.processutils [None req-47c9d932-af9b-48bd-b4c8-860b908cde78 tempest-VolumesDeleteCascade-293825486 None] CMD "sudo cinder-rootwrap /etc/cinder/rootwrap.conf lvremove --config activation { retry_deactivation = 1} -f stack-volumes-lvmdriver-1/volume-0e3fdc39-4f1a-422e-a03d-475b9a78000a" returned: 0 in 0.746s {{(pid=101355) execute /usr/local/lib/python3.8/dist-packages/oslo_concurrency/processutils.py:422}}
Jun 13 02:52:07.060380 n-d-765311-23 cinder-volume[101355]: INFO cinder.volume.drivers.lvm [None req-47c9d932-af9b-48bd-b4c8-860b908cde78 tempest-VolumesDeleteCascade-293825486 None] Successfully deleted volume: 0e3fdc39-4f1a-422e-a03d-475b9a78000a
Jun 13 02:52:07.191686 n-d-765311-23 cinder-volume[101355]: DEBUG cinder.quota [None req-47c9d932-af9b-48bd-b4c8-860b908cde78 tempest-VolumesDeleteCascade-293825486 None] Created reservations ['52dba1e3-31c6-4a20-950e-71275a7f69db', '3eddcf76-8004-482a-bfa3-9f93d110ff12', '1850668a-8294-448f-90e5-bb7ecbda01a4', 'e58609ef-0c84-4190-94f2-27c26a7d312a'] {{(pid=101355) reserve /opt/stack/cinder/cinder/quota.py:755}}
Jun 13 02:52:07.534661 n-d-765311-23 cinder-volume[101355]: DEBUG cinder.volume.drivers.lvm [None req-47c9d932-af9b-48bd-b4c8-860b908cde78 tempest-VolumesDeleteCascade-293825486 None] Updating volume stats {{(pid=101355) _update_volume_stats /opt/stack/cinder/cinder/volume/drivers/lvm.py:214}}
Jun 13 02:52:07.539567 n-d-765311-23 cinder-volume[101355]: DEBUG oslo_concurrency.processutils [None req-47c9d932-af9b-48bd-b4c8-860b908cde78 tempest-VolumesDeleteCascade-293825486 None] Running cmd (subprocess): sudo cinder-rootwrap /etc/cinder/rootwrap.conf env LC_ALL=C vgs --noheadings --unit=g -o name,size,free,lv_count,uuid --separator : --nosuffix stack-volumes-lvmdriver-1 {{(pid=101355) execute /usr/local/lib/python3.8/dist-packages/oslo_concurrency/processutils.py:384}}
Jun 13 02:52:07.591317 n-d-765311-23 sudo[130699]: ubuntu : TTY=unknown ; PWD=/ ; USER=root ; COMMAND=/usr/local/bin/cinder-rootwrap /etc/cinder/rootwrap.conf env LC_ALL=C vgs --noheadings --unit=g -o name,size,free,lv_count,uuid --separator : --nosuffix stack-volumes-lvmdriver-1
Jun 13 02:52:07.593491 n-d-765311-23 sudo[130699]: pam_unix(sudo:session): session opened for user root by (uid=0)
Jun 13 02:52:08.161231 n-d-765311-23 sudo[130699]: pam_unix(sudo:session): session closed for user root
Jun 13 02:52:08.163895 n-d-765311-23 cinder-volume[101355]: DEBUG oslo_concurrency.processutils [None req-47c9d932-af9b-48bd-b4c8-860b908cde78 tempest-VolumesDeleteCascade-293825486 None] CMD "sudo cinder-rootwrap /etc/cinder/rootwrap.conf env LC_ALL=C vgs --noheadings --unit=g -o name,size,free,lv_count,uuid --separator : --nosuffix stack-volumes-lvmdriver-1" returned: 0 in 0.628s {{(pid=101355) execute /usr/local/lib/python3.8/dist-packages/oslo_concurrency/processutils.py:422}}
Jun 13 02:52:08.166003 n-d-765311-23 cinder-volume[101355]: DEBUG oslo_concurrency.processutils [None req-47c9d932-af9b-48bd-b4c8-860b908cde78 tempest-VolumesDeleteCascade-293825486 None] Running cmd (subprocess): sudo cinder-rootwrap /etc/cinder/rootwrap.conf env LC_ALL=C lvs --noheadings --unit=g -o vg_name,name,size --nosuffix --readonly stack-volumes-lvmdriver-1 {{(pid=101355) execute /usr/local/lib/python3.8/dist-packages/oslo_concurrency/processutils.py:384}}
Jun 13 02:52:08.215730 n-d-765311-23 sudo[130719]: ubuntu : TTY=unknown ; PWD=/ ; USER=root ; COMMAND=/usr/local/bin/cinder-rootwrap /etc/cinder/rootwrap.conf env LC_ALL=C lvs --noheadings --unit=g -o vg_name,name,size --nosuffix --readonly stack-volumes-lvmdriver-1
Jun 13 02:52:08.223776 n-d-765311-23 sudo[130719]: pam_unix(sudo:session): session opened for user root by (uid=0)
Jun 13 02:52:08.844812 n-d-765311-23 cinder-volume[101355]: DEBUG cinder.volume.flows.manager.create_volume [None req-66e6e491-bfe5-48b5-b4a3-334d580b8571 tempest-VolumesDeleteCascade-293825486 None] Volume reschedule parameters: True retry: {'num_attempts': 1, 'backends': ['n-d-765311-23@lvmdriver-1#lvmdriver-1'], 'hosts': ['n-d-765311-23@lvmdriver-1#lvmdriver-1']} {{(pid=101355) get_flow /opt/stack/cinder/cinder/volume/flows/manager/create_volume.py:1263}}
Jun 13 02:52:08.849399 n-d-765311-23 cinder-volume[101355]: WARNING stevedore.named [None req-66e6e491-bfe5-48b5-b4a3-334d580b8571 tempest-VolumesDeleteCascade-293825486 None] Could not load cinder.keymgr.conf_key_mgr.ConfKeyManager
Jun 13 02:52:08.850127 n-d-765311-23 cinder-volume[101355]: WARNING castellan.key_manager [None req-66e6e491-bfe5-48b5-b4a3-334d580b8571 tempest-VolumesDeleteCascade-293825486 None] Deprecation Warning : cinder.keymgr.conf_key_mgr.ConfKeyManager is not a stevedore based driver, trying to load it as a class: stevedore.exception.NoMatches: No 'castellan.drivers' driver found, looking for 'cinder.keymgr.conf_key_mgr.ConfKeyManager'
Jun 13 02:52:08.864675 n-d-765311-23 cinder-volume[101355]: DEBUG cinder.volume.manager [None req-66e6e491-bfe5-48b5-b4a3-334d580b8571 tempest-VolumesDeleteCascade-293825486 None] Flow 'volume_create_manager' (6d9c40af-4c89-46cf-bc27-408c417df65b) transitioned into state 'RUNNING' from state 'PENDING' {{(pid=101355) _flow_receiver /usr/local/lib/python3.8/dist-packages/taskflow/listeners/logging.py:141}}
Jun 13 02:52:08.868003 n-d-765311-23 cinder-volume[101355]: DEBUG cinder.volume.manager [None req-66e6e491-bfe5-48b5-b4a3-334d580b8571 tempest-VolumesDeleteCascade-293825486 None] Task 'cinder.volume.flows.manager.create_volume.ExtractVolumeRefTask;volume:create' (9e8edcd7-50a8-4e8a-b379-850211ea1d8c) transitioned into state 'RUNNING' from state 'PENDING' {{(pid=101355) _task_receiver /usr/local/lib/python3.8/dist-packages/taskflow/listeners/logging.py:190}}
Jun 13 02:52:08.875295 n-d-765311-23 cinder-volume[101355]: DEBUG oslo_db.sqlalchemy.engines [None req-66e6e491-bfe5-48b5-b4a3-334d580b8571 tempest-VolumesDeleteCascade-293825486 None] MySQL server mode set to STRICT_TRANS_TABLES,STRICT_ALL_TABLES,NO_ZERO_IN_DATE,NO_ZERO_DATE,ERROR_FOR_DIVISION_BY_ZERO,TRADITIONAL,NO_ENGINE_SUBSTITUTION {{(pid=101355) _check_effective_sql_mode /usr/local/lib/python3.8/dist-packages/oslo_db/sqlalchemy/engines.py:314}}
Jun 13 02:52:08.888532 n-d-765311-23 cinder-volume[101355]: DEBUG cinder.volume.manager [None req-66e6e491-bfe5-48b5-b4a3-334d580b8571 tempest-VolumesDeleteCascade-293825486 None] Task 'cinder.volume.flows.manager.create_volume.ExtractVolumeRefTask;volume:create' (9e8edcd7-50a8-4e8a-b379-850211ea1d8c) transitioned into state 'SUCCESS' from state 'RUNNING' with result 'Volume(_name_id=None,admin_metadata=,attach_status='detached',availability_zone='nova',bootable=False,cluster=,cluster_name=None,consistencygroup=,consistencygroup_id=None,created_at=2021-06-13T02:52:08Z,deleted=False,deleted_at=None,display_description=None,display_name='tempest-VolumesDeleteCascade-Volume-434025474',ec2_id=None,encryption_key_id=None,glance_metadata=,group=,group_id=None,host='n-d-765311-23@lvmdriver-1#lvmdriver-1',id=c2ba3229-6690-4ff8-9354-0d58b0112551,launched_at=None,metadata={},migration_status=None,multiattach=False,previous_status=None,project_id='27cdcc99262a4814bee354c5ccaf7afe',provider_auth=None,provider_geometry=None,provider_id=None,provider_location=None,replication_driver_data=None,replication_extended_status=None,replication_status=None,scheduled_at=2021-06-13T02:52:09Z,service_uuid=None,shared_targets=True,size=1,snapshot_id=None,snapshots=,source_volid=None,status='creating',terminated_at=None,updated_at=2021-06-13T02:52:09Z,user_id='04041af5d37d43ebb03bf7963b029909',volume_attachment=,volume_type=VolumeType(f10fe68c-7db8-4dda-b231-2f5dad014d06),volume_type_id=f10fe68c-7db8-4dda-b231-2f5dad014d06)' {{(pid=101355) _task_receiver /usr/local/lib/python3.8/dist-packages/taskflow/listeners/logging.py:178}}
Jun 13 02:52:08.891528 n-d-765311-23 cinder-volume[101355]: DEBUG cinder.volume.manager [None req-66e6e491-bfe5-48b5-b4a3-334d580b8571 tempest-VolumesDeleteCascade-293825486 None] Task 'cinder.volume.flows.manager.create_volume.OnFailureRescheduleTask;volume:create' (cdd63f5c-0067-4221-a213-2ba3be30f7b1) transitioned into state 'RUNNING' from state 'PENDING' {{(pid=101355) _task_receiver /usr/local/lib/python3.8/dist-packages/taskflow/listeners/logging.py:190}}
Jun 13 02:52:08.894967 n-d-765311-23 cinder-volume[101355]: DEBUG cinder.volume.manager [None req-66e6e491-bfe5-48b5-b4a3-334d580b8571 tempest-VolumesDeleteCascade-293825486 None] Task 'cinder.volume.flows.manager.create_volume.OnFailureRescheduleTask;volume:create' (cdd63f5c-0067-4221-a213-2ba3be30f7b1) transitioned into state 'SUCCESS' from state 'RUNNING' with result 'None' {{(pid=101355) _task_receiver /usr/local/lib/python3.8/dist-packages/taskflow/listeners/logging.py:178}}
Jun 13 02:52:08.898339 n-d-765311-23 cinder-volume[101355]: DEBUG cinder.volume.manager [None req-66e6e491-bfe5-48b5-b4a3-334d580b8571 tempest-VolumesDeleteCascade-293825486 None] Task 'cinder.volume.flows.manager.create_volume.ExtractVolumeSpecTask;volume:create' (4c43ceb0-5e9e-4a0f-a1d1-10bba23ed729) transitioned into state 'RUNNING' from state 'PENDING' {{(pid=101355) _task_receiver /usr/local/lib/python3.8/dist-packages/taskflow/listeners/logging.py:190}}
Jun 13 02:52:08.901362 n-d-765311-23 cinder-volume[101355]: DEBUG cinder.volume.manager [None req-66e6e491-bfe5-48b5-b4a3-334d580b8571 tempest-VolumesDeleteCascade-293825486 None] Task 'cinder.volume.flows.manager.create_volume.ExtractVolumeSpecTask;volume:create' (4c43ceb0-5e9e-4a0f-a1d1-10bba23ed729) transitioned into state 'SUCCESS' from state 'RUNNING' with result '{'status': 'creating', 'type': 'raw', 'volume_id': 'c2ba3229-6690-4ff8-9354-0d58b0112551', 'volume_name': 'volume-c2ba3229-6690-4ff8-9354-0d58b0112551', 'volume_size': 1}' {{(pid=101355) _task_receiver /usr/local/lib/python3.8/dist-packages/taskflow/listeners/logging.py:178}}
Jun 13 02:52:08.905368 n-d-765311-23 cinder-volume[101355]: DEBUG cinder.volume.manager [None req-66e6e491-bfe5-48b5-b4a3-334d580b8571 tempest-VolumesDeleteCascade-293825486 None] Task 'cinder.volume.flows.manager.create_volume.NotifyVolumeActionTask;volume:create, create.start' (f9f686b1-25ff-4a1c-b2a1-dc905b36d735) transitioned into state 'RUNNING' from state 'PENDING' {{(pid=101355) _task_receiver /usr/local/lib/python3.8/dist-packages/taskflow/listeners/logging.py:190}}
Jun 13 02:52:08.908325 n-d-765311-23 cinder-volume[101355]: DEBUG cinder.volume.manager [None req-66e6e491-bfe5-48b5-b4a3-334d580b8571 tempest-VolumesDeleteCascade-293825486 None] Task 'cinder.volume.flows.manager.create_volume.NotifyVolumeActionTask;volume:create, create.start' (f9f686b1-25ff-4a1c-b2a1-dc905b36d735) transitioned into state 'SUCCESS' from state 'RUNNING' with result 'None' {{(pid=101355) _task_receiver /usr/local/lib/python3.8/dist-packages/taskflow/listeners/logging.py:178}}
Jun 13 02:52:08.912302 n-d-765311-23 cinder-volume[101355]: DEBUG cinder.volume.manager [None req-66e6e491-bfe5-48b5-b4a3-334d580b8571 tempest-VolumesDeleteCascade-293825486 None] Task 'cinder.volume.flows.manager.create_volume.CreateVolumeFromSpecTask;volume:create' (2bec5605-39d7-47a6-b05e-bde53ca29675) transitioned into state 'RUNNING' from state 'PENDING' {{(pid=101355) _task_receiver /usr/local/lib/python3.8/dist-packages/taskflow/listeners/logging.py:190}}
Jun 13 02:52:08.912302 n-d-765311-23 cinder-volume[101355]: INFO cinder.volume.flows.manager.create_volume [None req-66e6e491-bfe5-48b5-b4a3-334d580b8571 tempest-VolumesDeleteCascade-293825486 None] Volume c2ba3229-6690-4ff8-9354-0d58b0112551: being created as raw with specification: {'status': 'creating', 'volume_name': 'volume-c2ba3229-6690-4ff8-9354-0d58b0112551', 'volume_size': 1}
Jun 13 02:52:08.914035 n-d-765311-23 cinder-volume[101355]: DEBUG oslo_concurrency.processutils [None req-66e6e491-bfe5-48b5-b4a3-334d580b8571 tempest-VolumesDeleteCascade-293825486 None] Running cmd (subprocess): sudo cinder-rootwrap /etc/cinder/rootwrap.conf env LC_ALL=C lvcreate -n volume-c2ba3229-6690-4ff8-9354-0d58b0112551 stack-volumes-lvmdriver-1 -L 1g {{(pid=101355) execute /usr/local/lib/python3.8/dist-packages/oslo_concurrency/processutils.py:384}}
Jun 13 02:52:08.938602 n-d-765311-23 sudo[130723]: ubuntu : TTY=unknown ; PWD=/ ; USER=root ; COMMAND=/usr/local/bin/cinder-rootwrap /etc/cinder/rootwrap.conf env LC_ALL=C lvcreate -n volume-c2ba3229-6690-4ff8-9354-0d58b0112551 stack-volumes-lvmdriver-1 -L 1g
Jun 13 02:52:08.939414 n-d-765311-23 sudo[130723]: pam_unix(sudo:session): session opened for user root by (uid=0)
Jun 13 02:52:09.002957 n-d-765311-23 sudo[130719]: pam_unix(sudo:session): session closed for user root
Jun 13 02:52:09.005596 n-d-765311-23 cinder-volume[101355]: DEBUG oslo_concurrency.processutils [None req-47c9d932-af9b-48bd-b4c8-860b908cde78 tempest-VolumesDeleteCascade-293825486 None] CMD "sudo cinder-rootwrap /etc/cinder/rootwrap.conf env LC_ALL=C lvs --noheadings --unit=g -o vg_name,name,size --nosuffix --readonly stack-volumes-lvmdriver-1" returned: 0 in 0.839s {{(pid=101355) execute /usr/local/lib/python3.8/dist-packages/oslo_concurrency/processutils.py:422}}
Jun 13 02:52:09.009468 n-d-765311-23 cinder-volume[101355]: DEBUG cinder.manager [None req-47c9d932-af9b-48bd-b4c8-860b908cde78 tempest-VolumesDeleteCascade-293825486 None] Notifying Schedulers of capabilities ... {{(pid=101355) _publish_service_capabilities /opt/stack/cinder/cinder/manager.py:197}}
Jun 13 02:52:09.020874 n-d-765311-23 cinder-volume[101355]: INFO cinder.volume.manager [None req-47c9d932-af9b-48bd-b4c8-860b908cde78 tempest-VolumesDeleteCascade-293825486 None] Deleted volume successfully.
Jun 13 02:52:09.438732 n-d-765311-23 cinder-volume[101355]: DEBUG cinder.coordination [None req-47c9d932-af9b-48bd-b4c8-860b908cde78 tempest-VolumesDeleteCascade-293825486 None] Lock "b'cinder-0e3fdc39-4f1a-422e-a03d-475b9a78000a-delete_volume'" released by "delete_volume" :: held 8.715s {{(pid=101355) _synchronized /opt/stack/cinder/cinder/coordination.py:158}}
Jun 13 02:52:09.764556 n-d-765311-23 cinder-volume[101355]: DEBUG oslo_concurrency.processutils [None req-66e6e491-bfe5-48b5-b4a3-334d580b8571 tempest-VolumesDeleteCascade-293825486 None] CMD "sudo cinder-rootwrap /etc/cinder/rootwrap.conf env LC_ALL=C lvcreate -n volume-c2ba3229-6690-4ff8-9354-0d58b0112551 stack-volumes-lvmdriver-1 -L 1g" returned: 0 in 0.850s {{(pid=101355) execute /usr/local/lib/python3.8/dist-packages/oslo_concurrency/processutils.py:422}}
Jun 13 02:52:09.761618 n-d-765311-23 sudo[130723]: pam_unix(sudo:session): session closed for user root
Jun 13 02:52:09.765970 n-d-765311-23 cinder-volume[101355]: DEBUG cinder.volume.manager [None req-66e6e491-bfe5-48b5-b4a3-334d580b8571 tempest-VolumesDeleteCascade-293825486 None] Task 'cinder.volume.flows.manager.create_volume.CreateVolumeFromSpecTask;volume:create' (2bec5605-39d7-47a6-b05e-bde53ca29675) transitioned into state 'SUCCESS' from state 'RUNNING' with result '{'status': 'creating', 'volume_name': 'volume-c2ba3229-6690-4ff8-9354-0d58b0112551', 'volume_size': 1}' {{(pid=101355) _task_receiver /usr/local/lib/python3.8/dist-packages/taskflow/listeners/logging.py:178}}
Jun 13 02:52:09.768185 n-d-765311-23 cinder-volume[101355]: DEBUG cinder.volume.manager [None req-66e6e491-bfe5-48b5-b4a3-334d580b8571 tempest-VolumesDeleteCascade-293825486 None] Task 'cinder.volume.flows.manager.create_volume.CreateVolumeOnFinishTask;volume:create, create.end' (9f636cfc-bc56-4568-890a-1bb5fcf70939) transitioned into state 'RUNNING' from state 'PENDING' {{(pid=101355) _task_receiver /usr/local/lib/python3.8/dist-packages/taskflow/listeners/logging.py:190}}
Jun 13 02:52:09.877314 n-d-765311-23 cinder-volume[101355]: INFO cinder.volume.flows.manager.create_volume [None req-66e6e491-bfe5-48b5-b4a3-334d580b8571 tempest-VolumesDeleteCascade-293825486 None] Volume volume-c2ba3229-6690-4ff8-9354-0d58b0112551 (c2ba3229-6690-4ff8-9354-0d58b0112551): created successfully
Jun 13 02:52:09.887253 n-d-765311-23 cinder-volume[101355]: DEBUG cinder.volume.manager [None req-66e6e491-bfe5-48b5-b4a3-334d580b8571 tempest-VolumesDeleteCascade-293825486 None] Task 'cinder.volume.flows.manager.create_volume.CreateVolumeOnFinishTask;volume:create, create.end' (9f636cfc-bc56-4568-890a-1bb5fcf70939) transitioned into state 'SUCCESS' from state 'RUNNING' with result 'None' {{(pid=101355) _task_receiver /usr/local/lib/python3.8/dist-packages/taskflow/listeners/logging.py:178}}
Jun 13 02:52:09.893649 n-d-765311-23 cinder-volume[101355]: DEBUG cinder.volume.manager [None req-66e6e491-bfe5-48b5-b4a3-334d580b8571 tempest-VolumesDeleteCascade-293825486 None] Flow 'volume_create_manager' (6d9c40af-4c89-46cf-bc27-408c417df65b) transitioned into state 'SUCCESS' from state 'RUNNING' {{(pid=101355) _flow_receiver /usr/local/lib/python3.8/dist-packages/taskflow/listeners/logging.py:141}}
Jun 13 02:52:09.991773 n-d-765311-23 cinder-volume[101355]: INFO cinder.volume.manager [None req-66e6e491-bfe5-48b5-b4a3-334d580b8571 tempest-VolumesDeleteCascade-293825486 None] Created volume successfully.
Jun 13 02:52:11.415041 n-d-765311-23 cinder-volume[101355]: DEBUG oslo_concurrency.processutils [None req-1f296703-93fe-45c2-9aad-bffeb6285c16 tempest-VolumesDeleteCascade-293825486 None] Running cmd (subprocess): sudo cinder-rootwrap /etc/cinder/rootwrap.conf env LC_ALL=C lvs --noheadings --unit=g -o vg_name,name,size --nosuffix --readonly stack-volumes-lvmdriver-1/volume-c2ba3229-6690-4ff8-9354-0d58b0112551 {{(pid=101355) execute /usr/local/lib/python3.8/dist-packages/oslo_concurrency/processutils.py:384}}
Jun 13 02:52:11.480137 n-d-765311-23 sudo[130811]: ubuntu : TTY=unknown ; PWD=/ ; USER=root ; COMMAND=/usr/local/bin/cinder-rootwrap /etc/cinder/rootwrap.conf env LC_ALL=C lvs --noheadings --unit=g -o vg_name,name,size --nosuffix --readonly stack-volumes-lvmdriver-1/volume-c2ba3229-6690-4ff8-9354-0d58b0112551
Jun 13 02:52:11.481236 n-d-765311-23 sudo[130811]: pam_unix(sudo:session): session opened for user root by (uid=0)
Jun 13 02:52:12.237629 n-d-765311-23 sudo[130811]: pam_unix(sudo:session): session closed for user root
Jun 13 02:52:12.239924 n-d-765311-23 cinder-volume[101355]: DEBUG oslo_concurrency.processutils [None req-1f296703-93fe-45c2-9aad-bffeb6285c16 tempest-VolumesDeleteCascade-293825486 None] CMD "sudo cinder-rootwrap /etc/cinder/rootwrap.conf env LC_ALL=C lvs --noheadings --unit=g -o vg_name,name,size --nosuffix --readonly stack-volumes-lvmdriver-1/volume-c2ba3229-6690-4ff8-9354-0d58b0112551" returned: 0 in 0.827s {{(pid=101355) execute /usr/local/lib/python3.8/dist-packages/oslo_concurrency/processutils.py:422}}
Jun 13 02:52:12.242483 n-d-765311-23 cinder-volume[101355]: DEBUG oslo_concurrency.processutils [None req-1f296703-93fe-45c2-9aad-bffeb6285c16 tempest-VolumesDeleteCascade-293825486 None] Running cmd (subprocess): sudo cinder-rootwrap /etc/cinder/rootwrap.conf env LC_ALL=C lvcreate --name _snapshot-02a4ff46-09c1-4d53-9820-ecc6a16f8d13 --snapshot stack-volumes-lvmdriver-1/volume-c2ba3229-6690-4ff8-9354-0d58b0112551 -L 1.00g {{(pid=101355) execute /usr/local/lib/python3.8/dist-packages/oslo_concurrency/processutils.py:384}}
Jun 13 02:52:12.293792 n-d-765311-23 sudo[130822]: ubuntu : TTY=unknown ; PWD=/ ; USER=root ; COMMAND=/usr/local/bin/cinder-rootwrap /etc/cinder/rootwrap.conf env LC_ALL=C lvcreate --name _snapshot-02a4ff46-09c1-4d53-9820-ecc6a16f8d13 --snapshot stack-volumes-lvmdriver-1/volume-c2ba3229-6690-4ff8-9354-0d58b0112551 -L 1.00g
Jun 13 02:52:12.295767 n-d-765311-23 sudo[130822]: pam_unix(sudo:session): session opened for user root by (uid=0)
Jun 13 02:52:13.290281 n-d-765311-23 sudo[130822]: pam_unix(sudo:session): session closed for user root
Jun 13 02:52:13.292504 n-d-765311-23 cinder-volume[101355]: DEBUG oslo_concurrency.processutils [None req-1f296703-93fe-45c2-9aad-bffeb6285c16 tempest-VolumesDeleteCascade-293825486 None] CMD "sudo cinder-rootwrap /etc/cinder/rootwrap.conf env LC_ALL=C lvcreate --name _snapshot-02a4ff46-09c1-4d53-9820-ecc6a16f8d13 --snapshot stack-volumes-lvmdriver-1/volume-c2ba3229-6690-4ff8-9354-0d58b0112551 -L 1.00g" returned: 0 in 1.051s {{(pid=101355) execute /usr/local/lib/python3.8/dist-packages/oslo_concurrency/processutils.py:422}}
Jun 13 02:52:13.437381 n-d-765311-23 cinder-volume[101355]: INFO cinder.volume.manager [None req-1f296703-93fe-45c2-9aad-bffeb6285c16 tempest-VolumesDeleteCascade-293825486 None] Create snapshot completed successfully
Jun 13 02:52:15.993930 n-d-765311-23 cinder-volume[101355]: DEBUG cinder.volume.flows.manager.create_volume [None req-a0fef0fc-5e1b-4fdb-80cc-a48cd85930ad tempest-VolumesDeleteCascade-293825486 None] Volume reschedule parameters: True retry: {'num_attempts': 1, 'backends': ['n-d-765311-23@lvmdriver-1#lvmdriver-1'], 'hosts': ['n-d-765311-23@lvmdriver-1#lvmdriver-1']} {{(pid=101355) get_flow /opt/stack/cinder/cinder/volume/flows/manager/create_volume.py:1263}}
Jun 13 02:52:15.999384 n-d-765311-23 cinder-volume[101355]: WARNING stevedore.named [None req-a0fef0fc-5e1b-4fdb-80cc-a48cd85930ad tempest-VolumesDeleteCascade-293825486 None] Could not load cinder.keymgr.conf_key_mgr.ConfKeyManager
Jun 13 02:52:16.017426 n-d-765311-23 cinder-volume[101355]: WARNING castellan.key_manager [None req-a0fef0fc-5e1b-4fdb-80cc-a48cd85930ad tempest-VolumesDeleteCascade-293825486 None] Deprecation Warning : cinder.keymgr.conf_key_mgr.ConfKeyManager is not a stevedore based driver, trying to load it as a class: stevedore.exception.NoMatches: No 'castellan.drivers' driver found, looking for 'cinder.keymgr.conf_key_mgr.ConfKeyManager'
Jun 13 02:52:16.052420 n-d-765311-23 cinder-volume[101355]: DEBUG cinder.volume.manager [None req-a0fef0fc-5e1b-4fdb-80cc-a48cd85930ad tempest-VolumesDeleteCascade-293825486 None] Flow 'volume_create_manager' (6460cf1e-8fa3-4106-bad3-3487f58c47aa) transitioned into state 'RUNNING' from state 'PENDING' {{(pid=101355) _flow_receiver /usr/local/lib/python3.8/dist-packages/taskflow/listeners/logging.py:141}}
Jun 13 02:52:16.057461 n-d-765311-23 cinder-volume[101355]: DEBUG cinder.volume.manager [None req-a0fef0fc-5e1b-4fdb-80cc-a48cd85930ad tempest-VolumesDeleteCascade-293825486 None] Task 'cinder.volume.flows.manager.create_volume.ExtractVolumeRefTask;volume:create' (8292a6da-57f8-4e0f-bf48-fb0863068a54) transitioned into state 'RUNNING' from state 'PENDING' {{(pid=101355) _task_receiver /usr/local/lib/python3.8/dist-packages/taskflow/listeners/logging.py:190}}
Jun 13 02:52:16.065910 n-d-765311-23 cinder-volume[101355]: DEBUG oslo_db.sqlalchemy.engines [None req-a0fef0fc-5e1b-4fdb-80cc-a48cd85930ad tempest-VolumesDeleteCascade-293825486 None] MySQL server mode set to STRICT_TRANS_TABLES,STRICT_ALL_TABLES,NO_ZERO_IN_DATE,NO_ZERO_DATE,ERROR_FOR_DIVISION_BY_ZERO,TRADITIONAL,NO_ENGINE_SUBSTITUTION {{(pid=101355) _check_effective_sql_mode /usr/local/lib/python3.8/dist-packages/oslo_db/sqlalchemy/engines.py:314}}
Jun 13 02:52:16.082497 n-d-765311-23 cinder-volume[101355]: DEBUG cinder.volume.manager [None req-a0fef0fc-5e1b-4fdb-80cc-a48cd85930ad tempest-VolumesDeleteCascade-293825486 None] Task 'cinder.volume.flows.manager.create_volume.ExtractVolumeRefTask;volume:create' (8292a6da-57f8-4e0f-bf48-fb0863068a54) transitioned into state 'SUCCESS' from state 'RUNNING' with result 'Volume(_name_id=None,admin_metadata=,attach_status='detached',availability_zone='nova',bootable=False,cluster=,cluster_name=None,consistencygroup=,consistencygroup_id=None,created_at=2021-06-13T02:52:15Z,deleted=False,deleted_at=None,display_description=None,display_name='tempest-VolumesDeleteCascade-Volume-569028676',ec2_id=None,encryption_key_id=None,glance_metadata=,group=,group_id=None,host='n-d-765311-23@lvmdriver-1#lvmdriver-1',id=9837a5df-0b93-4d05-aa4b-8ef641b3bbd4,launched_at=None,metadata={},migration_status=None,multiattach=False,previous_status=None,project_id='27cdcc99262a4814bee354c5ccaf7afe',provider_auth=None,provider_geometry=None,provider_id=None,provider_location=None,replication_driver_data=None,replication_extended_status=None,replication_status=None,scheduled_at=2021-06-13T02:52:15Z,service_uuid=None,shared_targets=True,size=1,snapshot_id=02a4ff46-09c1-4d53-9820-ecc6a16f8d13,snapshots=,source_volid=None,status='creating',terminated_at=None,updated_at=2021-06-13T02:52:15Z,user_id='04041af5d37d43ebb03bf7963b029909',volume_attachment=,volume_type=VolumeType(f10fe68c-7db8-4dda-b231-2f5dad014d06),volume_type_id=f10fe68c-7db8-4dda-b231-2f5dad014d06)' {{(pid=101355) _task_receiver /usr/local/lib/python3.8/dist-packages/taskflow/listeners/logging.py:178}}
Jun 13 02:52:16.085318 n-d-765311-23 cinder-volume[101355]: DEBUG cinder.volume.manager [None req-a0fef0fc-5e1b-4fdb-80cc-a48cd85930ad tempest-VolumesDeleteCascade-293825486 None] Task 'cinder.volume.flows.manager.create_volume.OnFailureRescheduleTask;volume:create' (a948e1f7-7e91-4eee-82ad-cc72a8691773) transitioned into state 'RUNNING' from state 'PENDING' {{(pid=101355) _task_receiver /usr/local/lib/python3.8/dist-packages/taskflow/listeners/logging.py:190}}
Jun 13 02:52:16.087624 n-d-765311-23 cinder-volume[101355]: DEBUG cinder.volume.manager [None req-a0fef0fc-5e1b-4fdb-80cc-a48cd85930ad tempest-VolumesDeleteCascade-293825486 None] Task 'cinder.volume.flows.manager.create_volume.OnFailureRescheduleTask;volume:create' (a948e1f7-7e91-4eee-82ad-cc72a8691773) transitioned into state 'SUCCESS' from state 'RUNNING' with result 'None' {{(pid=101355) _task_receiver /usr/local/lib/python3.8/dist-packages/taskflow/listeners/logging.py:178}}
Jun 13 02:52:16.090049 n-d-765311-23 cinder-volume[101355]: DEBUG cinder.volume.manager [None req-a0fef0fc-5e1b-4fdb-80cc-a48cd85930ad tempest-VolumesDeleteCascade-293825486 None] Task 'cinder.volume.flows.manager.create_volume.ExtractVolumeSpecTask;volume:create' (63b7f97e-580d-4d02-b80d-8ca36cbcbed4) transitioned into state 'RUNNING' from state 'PENDING' {{(pid=101355) _task_receiver /usr/local/lib/python3.8/dist-packages/taskflow/listeners/logging.py:190}}
Jun 13 02:52:16.093559 n-d-765311-23 cinder-volume[101355]: DEBUG cinder.volume.manager [None req-a0fef0fc-5e1b-4fdb-80cc-a48cd85930ad tempest-VolumesDeleteCascade-293825486 None] Task 'cinder.volume.flows.manager.create_volume.ExtractVolumeSpecTask;volume:create' (63b7f97e-580d-4d02-b80d-8ca36cbcbed4) transitioned into state 'SUCCESS' from state 'RUNNING' with result '{'status': 'creating', 'type': 'snap', 'volume_id': '9837a5df-0b93-4d05-aa4b-8ef641b3bbd4', 'volume_name': 'volume-9837a5df-0b93-4d05-aa4b-8ef641b3bbd4', 'volume_size': 1, 'snapshot_id': '02a4ff46-09c1-4d53-9820-ecc6a16f8d13'}' {{(pid=101355) _task_receiver /usr/local/lib/python3.8/dist-packages/taskflow/listeners/logging.py:178}}
Jun 13 02:52:16.096228 n-d-765311-23 cinder-volume[101355]: DEBUG cinder.volume.manager [None req-a0fef0fc-5e1b-4fdb-80cc-a48cd85930ad tempest-VolumesDeleteCascade-293825486 None] Task 'cinder.volume.flows.manager.create_volume.NotifyVolumeActionTask;volume:create, create.start' (6ae4c546-15c0-410f-9000-efd89e619c52) transitioned into state 'RUNNING' from state 'PENDING' {{(pid=101355) _task_receiver /usr/local/lib/python3.8/dist-packages/taskflow/listeners/logging.py:190}}
Jun 13 02:52:16.098580 n-d-765311-23 cinder-volume[101355]: DEBUG cinder.volume.manager [None req-a0fef0fc-5e1b-4fdb-80cc-a48cd85930ad tempest-VolumesDeleteCascade-293825486 None] Task 'cinder.volume.flows.manager.create_volume.NotifyVolumeActionTask;volume:create, create.start' (6ae4c546-15c0-410f-9000-efd89e619c52) transitioned into state 'SUCCESS' from state 'RUNNING' with result 'None' {{(pid=101355) _task_receiver /usr/local/lib/python3.8/dist-packages/taskflow/listeners/logging.py:178}}
Jun 13 02:52:16.102342 n-d-765311-23 cinder-volume[101355]: DEBUG cinder.volume.manager [None req-a0fef0fc-5e1b-4fdb-80cc-a48cd85930ad tempest-VolumesDeleteCascade-293825486 None] Task 'cinder.volume.flows.manager.create_volume.CreateVolumeFromSpecTask;volume:create' (84f7e755-fc4b-4b93-8cfc-0eccc4a722fa) transitioned into state 'RUNNING' from state 'PENDING' {{(pid=101355) _task_receiver /usr/local/lib/python3.8/dist-packages/taskflow/listeners/logging.py:190}}
Jun 13 02:52:16.103610 n-d-765311-23 cinder-volume[101355]: INFO cinder.volume.flows.manager.create_volume [None req-a0fef0fc-5e1b-4fdb-80cc-a48cd85930ad tempest-VolumesDeleteCascade-293825486 None] Volume 9837a5df-0b93-4d05-aa4b-8ef641b3bbd4: being created as snap with specification: {'status': 'creating', 'volume_name': 'volume-9837a5df-0b93-4d05-aa4b-8ef641b3bbd4', 'volume_size': 1, 'snapshot_id': '02a4ff46-09c1-4d53-9820-ecc6a16f8d13'}
Jun 13 02:52:16.143069 n-d-765311-23 cinder-volume[101355]: DEBUG oslo_concurrency.processutils [None req-a0fef0fc-5e1b-4fdb-80cc-a48cd85930ad tempest-VolumesDeleteCascade-293825486 None] Running cmd (subprocess): sudo cinder-rootwrap /etc/cinder/rootwrap.conf env LC_ALL=C lvcreate -n volume-9837a5df-0b93-4d05-aa4b-8ef641b3bbd4 stack-volumes-lvmdriver-1 -L 1g {{(pid=101355) execute /usr/local/lib/python3.8/dist-packages/oslo_concurrency/processutils.py:384}}
Jun 13 02:52:16.192388 n-d-765311-23 sudo[130955]: ubuntu : TTY=unknown ; PWD=/ ; USER=root ; COMMAND=/usr/local/bin/cinder-rootwrap /etc/cinder/rootwrap.conf env LC_ALL=C lvcreate -n volume-9837a5df-0b93-4d05-aa4b-8ef641b3bbd4 stack-volumes-lvmdriver-1 -L 1g
Jun 13 02:52:16.195372 n-d-765311-23 sudo[130955]: pam_unix(sudo:session): session opened for user root by (uid=0)
Jun 13 02:52:17.163541 n-d-765311-23 sudo[130955]: pam_unix(sudo:session): session closed for user root
Jun 13 02:52:17.166321 n-d-765311-23 cinder-volume[101355]: DEBUG oslo_concurrency.processutils [None req-a0fef0fc-5e1b-4fdb-80cc-a48cd85930ad tempest-VolumesDeleteCascade-293825486 None] CMD "sudo cinder-rootwrap /etc/cinder/rootwrap.conf env LC_ALL=C lvcreate -n volume-9837a5df-0b93-4d05-aa4b-8ef641b3bbd4 stack-volumes-lvmdriver-1 -L 1g" returned: 0 in 1.023s {{(pid=101355) execute /usr/local/lib/python3.8/dist-packages/oslo_concurrency/processutils.py:422}}
Jun 13 02:52:17.169105 n-d-765311-23 cinder-volume[101355]: DEBUG oslo_concurrency.processutils [None req-a0fef0fc-5e1b-4fdb-80cc-a48cd85930ad tempest-VolumesDeleteCascade-293825486 None] Running cmd (subprocess): sudo cinder-rootwrap /etc/cinder/rootwrap.conf env LC_ALL=C vgs --version {{(pid=101355) execute /usr/local/lib/python3.8/dist-packages/oslo_concurrency/processutils.py:384}}
Jun 13 02:52:17.220277 n-d-765311-23 sudo[130997]: ubuntu : TTY=unknown ; PWD=/ ; USER=root ; COMMAND=/usr/local/bin/cinder-rootwrap /etc/cinder/rootwrap.conf env LC_ALL=C vgs --version
Jun 13 02:52:17.221095 n-d-765311-23 sudo[130997]: pam_unix(sudo:session): session opened for user root by (uid=0)
Jun 13 02:52:17.882094 n-d-765311-23 sudo[130997]: pam_unix(sudo:session): session closed for user root
Jun 13 02:52:17.884741 n-d-765311-23 cinder-volume[101355]: DEBUG oslo_concurrency.processutils [None req-a0fef0fc-5e1b-4fdb-80cc-a48cd85930ad tempest-VolumesDeleteCascade-293825486 None] CMD "sudo cinder-rootwrap /etc/cinder/rootwrap.conf env LC_ALL=C vgs --version" returned: 0 in 0.715s {{(pid=101355) execute /usr/local/lib/python3.8/dist-packages/oslo_concurrency/processutils.py:422}}
Jun 13 02:52:17.886072 n-d-765311-23 cinder-volume[101355]: DEBUG oslo_concurrency.processutils [None req-a0fef0fc-5e1b-4fdb-80cc-a48cd85930ad tempest-VolumesDeleteCascade-293825486 None] Running cmd (subprocess): sudo cinder-rootwrap /etc/cinder/rootwrap.conf lvchange -a y --yes -K stack-volumes-lvmdriver-1/_snapshot-02a4ff46-09c1-4d53-9820-ecc6a16f8d13 {{(pid=101355) execute /usr/local/lib/python3.8/dist-packages/oslo_concurrency/processutils.py:384}}
Jun 13 02:52:17.907471 n-d-765311-23 sudo[131020]: ubuntu : TTY=unknown ; PWD=/ ; USER=root ; COMMAND=/usr/local/bin/cinder-rootwrap /etc/cinder/rootwrap.conf lvchange -a y --yes -K stack-volumes-lvmdriver-1/_snapshot-02a4ff46-09c1-4d53-9820-ecc6a16f8d13
Jun 13 02:52:17.908544 n-d-765311-23 sudo[131020]: pam_unix(sudo:session): session opened for user root by (uid=0)
Jun 13 02:52:18.671157 n-d-765311-23 cinder-volume[101355]: DEBUG oslo_concurrency.processutils [None req-a0fef0fc-5e1b-4fdb-80cc-a48cd85930ad tempest-VolumesDeleteCascade-293825486 None] CMD "sudo cinder-rootwrap /etc/cinder/rootwrap.conf lvchange -a y --yes -K stack-volumes-lvmdriver-1/_snapshot-02a4ff46-09c1-4d53-9820-ecc6a16f8d13" returned: 0 in 0.784s {{(pid=101355) execute /usr/local/lib/python3.8/dist-packages/oslo_concurrency/processutils.py:422}}
Jun 13 02:52:18.668205 n-d-765311-23 sudo[131020]: pam_unix(sudo:session): session closed for user root
Jun 13 02:52:18.673034 n-d-765311-23 cinder-volume[101355]: DEBUG oslo_concurrency.processutils [None req-a0fef0fc-5e1b-4fdb-80cc-a48cd85930ad tempest-VolumesDeleteCascade-293825486 None] Running cmd (subprocess): sudo cinder-rootwrap /etc/cinder/rootwrap.conf dd count=0 if=/dev/mapper/stack--volumes--lvmdriver--1-_snapshot--02a4ff46--09c1--4d53--9820--ecc6a16f8d13 of=/dev/mapper/stack--volumes--lvmdriver--1-volume--9837a5df--0b93--4d05--aa4b--8ef641b3bbd4 iflag=direct {{(pid=101355) execute /usr/local/lib/python3.8/dist-packages/oslo_concurrency/processutils.py:384}}
Jun 13 02:52:18.699015 n-d-765311-23 sudo[131042]: ubuntu : TTY=unknown ; PWD=/ ; USER=root ; COMMAND=/usr/local/bin/cinder-rootwrap /etc/cinder/rootwrap.conf dd count=0 if=/dev/mapper/stack--volumes--lvmdriver--1-_snapshot--02a4ff46--09c1--4d53--9820--ecc6a16f8d13 of=/dev/mapper/stack--volumes--lvmdriver--1-volume--9837a5df--0b93--4d05--aa4b--8ef641b3bbd4 iflag=direct
Jun 13 02:52:18.701098 n-d-765311-23 sudo[131042]: pam_unix(sudo:session): session opened for user root by (uid=0)
Jun 13 02:52:19.315884 n-d-765311-23 sudo[131042]: pam_unix(sudo:session): session closed for user root
Jun 13 02:52:19.318308 n-d-765311-23 cinder-volume[101355]: DEBUG oslo_concurrency.processutils [None req-a0fef0fc-5e1b-4fdb-80cc-a48cd85930ad tempest-VolumesDeleteCascade-293825486 None] CMD "sudo cinder-rootwrap /etc/cinder/rootwrap.conf dd count=0 if=/dev/mapper/stack--volumes--lvmdriver--1-_snapshot--02a4ff46--09c1--4d53--9820--ecc6a16f8d13 of=/dev/mapper/stack--volumes--lvmdriver--1-volume--9837a5df--0b93--4d05--aa4b--8ef641b3bbd4 iflag=direct" returned: 0 in 0.645s {{(pid=101355) execute /usr/local/lib/python3.8/dist-packages/oslo_concurrency/processutils.py:422}}
Jun 13 02:52:19.323211 n-d-765311-23 cinder-volume[101355]: DEBUG oslo_concurrency.processutils [None req-a0fef0fc-5e1b-4fdb-80cc-a48cd85930ad tempest-VolumesDeleteCascade-293825486 None] Running cmd (subprocess): sudo cinder-rootwrap /etc/cinder/rootwrap.conf dd count=0 if=/dev/mapper/stack--volumes--lvmdriver--1-_snapshot--02a4ff46--09c1--4d53--9820--ecc6a16f8d13 of=/dev/mapper/stack--volumes--lvmdriver--1-volume--9837a5df--0b93--4d05--aa4b--8ef641b3bbd4 oflag=direct {{(pid=101355) execute /usr/local/lib/python3.8/dist-packages/oslo_concurrency/processutils.py:384}}
Jun 13 02:52:19.345176 n-d-765311-23 sudo[131054]: ubuntu : TTY=unknown ; PWD=/ ; USER=root ; COMMAND=/usr/local/bin/cinder-rootwrap /etc/cinder/rootwrap.conf dd count=0 if=/dev/mapper/stack--volumes--lvmdriver--1-_snapshot--02a4ff46--09c1--4d53--9820--ecc6a16f8d13 of=/dev/mapper/stack--volumes--lvmdriver--1-volume--9837a5df--0b93--4d05--aa4b--8ef641b3bbd4 oflag=direct
Jun 13 02:52:19.346062 n-d-765311-23 sudo[131054]: pam_unix(sudo:session): session opened for user root by (uid=0)
Jun 13 02:52:19.820869 n-d-765311-23 sudo[131054]: pam_unix(sudo:session): session closed for user root
Jun 13 02:52:19.823574 n-d-765311-23 cinder-volume[101355]: DEBUG oslo_concurrency.processutils [None req-a0fef0fc-5e1b-4fdb-80cc-a48cd85930ad tempest-VolumesDeleteCascade-293825486 None] CMD "sudo cinder-rootwrap /etc/cinder/rootwrap.conf dd count=0 if=/dev/mapper/stack--volumes--lvmdriver--1-_snapshot--02a4ff46--09c1--4d53--9820--ecc6a16f8d13 of=/dev/mapper/stack--volumes--lvmdriver--1-volume--9837a5df--0b93--4d05--aa4b--8ef641b3bbd4 oflag=direct" returned: 0 in 0.504s {{(pid=101355) execute /usr/local/lib/python3.8/dist-packages/oslo_concurrency/processutils.py:422}}
Jun 13 02:52:19.824548 n-d-765311-23 cinder-volume[101355]: DEBUG oslo_concurrency.processutils [None req-a0fef0fc-5e1b-4fdb-80cc-a48cd85930ad tempest-VolumesDeleteCascade-293825486 None] Running cmd (subprocess): sudo cinder-rootwrap /etc/cinder/rootwrap.conf dd if=/dev/mapper/stack--volumes--lvmdriver--1-_snapshot--02a4ff46--09c1--4d53--9820--ecc6a16f8d13 of=/dev/mapper/stack--volumes--lvmdriver--1-volume--9837a5df--0b93--4d05--aa4b--8ef641b3bbd4 count=1073741824 bs=1M iflag=count_bytes,direct oflag=direct {{(pid=101355) execute /usr/local/lib/python3.8/dist-packages/oslo_concurrency/processutils.py:384}}
Jun 13 02:52:19.868237 n-d-765311-23 sudo[131069]: ubuntu : TTY=unknown ; PWD=/ ; USER=root ; COMMAND=/usr/local/bin/cinder-rootwrap /etc/cinder/rootwrap.conf dd if=/dev/mapper/stack--volumes--lvmdriver--1-_snapshot--02a4ff46--09c1--4d53--9820--ecc6a16f8d13 of=/dev/mapper/stack--volumes--lvmdriver--1-volume--9837a5df--0b93--4d05--aa4b--8ef641b3bbd4 count=1073741824 bs=1M iflag=count_bytes,direct oflag=direct
Jun 13 02:52:19.870263 n-d-765311-23 sudo[131069]: pam_unix(sudo:session): session opened for user root by (uid=0)
Jun 13 02:52:43.203007 n-d-765311-23 sudo[131069]: pam_unix(sudo:session): session closed for user root
Jun 13 02:52:43.206850 n-d-765311-23 cinder-volume[101355]: DEBUG oslo_concurrency.processutils [None req-a0fef0fc-5e1b-4fdb-80cc-a48cd85930ad tempest-VolumesDeleteCascade-293825486 None] CMD "sudo cinder-rootwrap /etc/cinder/rootwrap.conf dd if=/dev/mapper/stack--volumes--lvmdriver--1-_snapshot--02a4ff46--09c1--4d53--9820--ecc6a16f8d13 of=/dev/mapper/stack--volumes--lvmdriver--1-volume--9837a5df--0b93--4d05--aa4b--8ef641b3bbd4 count=1073741824 bs=1M iflag=count_bytes,direct oflag=direct" returned: 0 in 23.380s {{(pid=101355) execute /usr/local/lib/python3.8/dist-packages/oslo_concurrency/processutils.py:422}}
Jun 13 02:52:43.206850 n-d-765311-23 cinder-volume[101355]: DEBUG cinder.volume.volume_utils [None req-a0fef0fc-5e1b-4fdb-80cc-a48cd85930ad tempest-VolumesDeleteCascade-293825486 None] Volume copy details: src /dev/mapper/stack--volumes--lvmdriver--1-_snapshot--02a4ff46--09c1--4d53--9820--ecc6a16f8d13, dest /dev/mapper/stack--volumes--lvmdriver--1-volume--9837a5df--0b93--4d05--aa4b--8ef641b3bbd4, size 1024.00 MB, duration 23.38 sec {{(pid=101355) _copy_volume_with_path /opt/stack/cinder/cinder/volume/volume_utils.py:550}}
Jun 13 02:52:43.206850 n-d-765311-23 cinder-volume[101355]: INFO cinder.volume.volume_utils [None req-a0fef0fc-5e1b-4fdb-80cc-a48cd85930ad tempest-VolumesDeleteCascade-293825486 None] Volume copy 1024.00 MB at 43.80 MB/s
Jun 13 02:52:43.223031 n-d-765311-23 cinder-volume[101355]: DEBUG cinder.volume.manager [None req-a0fef0fc-5e1b-4fdb-80cc-a48cd85930ad tempest-VolumesDeleteCascade-293825486 None] Task 'cinder.volume.flows.manager.create_volume.CreateVolumeFromSpecTask;volume:create' (84f7e755-fc4b-4b93-8cfc-0eccc4a722fa) transitioned into state 'SUCCESS' from state 'RUNNING' with result '{'status': 'creating', 'volume_name': 'volume-9837a5df-0b93-4d05-aa4b-8ef641b3bbd4', 'volume_size': 1, 'snapshot_id': '02a4ff46-09c1-4d53-9820-ecc6a16f8d13'}' {{(pid=101355) _task_receiver /usr/local/lib/python3.8/dist-packages/taskflow/listeners/logging.py:178}}
Jun 13 02:52:43.231136 n-d-765311-23 cinder-volume[101355]: DEBUG cinder.volume.manager [None req-a0fef0fc-5e1b-4fdb-80cc-a48cd85930ad tempest-VolumesDeleteCascade-293825486 None] Task 'cinder.volume.flows.manager.create_volume.CreateVolumeOnFinishTask;volume:create, create.end' (2a26e402-7657-4c4d-9379-274cf26c7de3) transitioned into state 'RUNNING' from state 'PENDING' {{(pid=101355) _task_receiver /usr/local/lib/python3.8/dist-packages/taskflow/listeners/logging.py:190}}
Jun 13 02:52:43.362332 n-d-765311-23 cinder-volume[101355]: INFO cinder.volume.flows.manager.create_volume [None req-a0fef0fc-5e1b-4fdb-80cc-a48cd85930ad tempest-VolumesDeleteCascade-293825486 None] Volume volume-9837a5df-0b93-4d05-aa4b-8ef641b3bbd4 (9837a5df-0b93-4d05-aa4b-8ef641b3bbd4): created successfully
Jun 13 02:52:43.364442 n-d-765311-23 cinder-volume[101355]: DEBUG cinder.volume.manager [None req-a0fef0fc-5e1b-4fdb-80cc-a48cd85930ad tempest-VolumesDeleteCascade-293825486 None] Task 'cinder.volume.flows.manager.create_volume.CreateVolumeOnFinishTask;volume:create, create.end' (2a26e402-7657-4c4d-9379-274cf26c7de3) transitioned into state 'SUCCESS' from state 'RUNNING' with result 'None' {{(pid=101355) _task_receiver /usr/local/lib/python3.8/dist-packages/taskflow/listeners/logging.py:178}}
Jun 13 02:52:43.368850 n-d-765311-23 cinder-volume[101355]: DEBUG cinder.volume.manager [None req-a0fef0fc-5e1b-4fdb-80cc-a48cd85930ad tempest-VolumesDeleteCascade-293825486 None] Flow 'volume_create_manager' (6460cf1e-8fa3-4106-bad3-3487f58c47aa) transitioned into state 'SUCCESS' from state 'RUNNING' {{(pid=101355) _flow_receiver /usr/local/lib/python3.8/dist-packages/taskflow/listeners/logging.py:141}}
Jun 13 02:52:43.505011 n-d-765311-23 cinder-volume[101355]: INFO cinder.volume.manager [None req-a0fef0fc-5e1b-4fdb-80cc-a48cd85930ad tempest-VolumesDeleteCascade-293825486 None] Created volume successfully.
Jun 13 02:52:44.579505 n-d-765311-23 cinder-volume[101355]: DEBUG cinder.coordination [None req-a3fea127-52fb-4611-a818-d1cd3bcb0ea6 tempest-VolumesDeleteCascade-293825486 None] Lock "b'cinder-c2ba3229-6690-4ff8-9354-0d58b0112551-delete_volume'" acquired by "delete_volume" :: waited 0.030s {{(pid=101355) _synchronized /opt/stack/cinder/cinder/coordination.py:146}}
Jun 13 02:52:44.739374 n-d-765311-23 cinder-volume[101355]: INFO cinder.volume.targets.iscsi [None req-a3fea127-52fb-4611-a818-d1cd3bcb0ea6 tempest-VolumesDeleteCascade-293825486 None] Skipping remove_export. No iscsi_target is presently exported for volume: c2ba3229-6690-4ff8-9354-0d58b0112551
Jun 13 02:52:44.739723 n-d-765311-23 cinder-volume[101355]: DEBUG cinder.volume.manager [None req-a3fea127-52fb-4611-a818-d1cd3bcb0ea6 tempest-VolumesDeleteCascade-293825486 None] Performing cascade delete. {{(pid=101355) delete_volume /opt/stack/cinder/cinder/volume/manager.py:906}}
Jun 13 02:52:44.766498 n-d-765311-23 cinder-volume[101355]: DEBUG cinder.coordination [None req-a3fea127-52fb-4611-a818-d1cd3bcb0ea6 tempest-VolumesDeleteCascade-293825486 None] Lock "b'cinder-02a4ff46-09c1-4d53-9820-ecc6a16f8d13-delete_snapshot'" acquired by "delete_snapshot" :: waited 0.018s {{(pid=101355) _synchronized /opt/stack/cinder/cinder/coordination.py:146}}
Jun 13 02:52:44.767921 n-d-765311-23 cinder-volume[101355]: DEBUG oslo_concurrency.processutils [None req-a3fea127-52fb-4611-a818-d1cd3bcb0ea6 tempest-VolumesDeleteCascade-293825486 None] Running cmd (subprocess): sudo cinder-rootwrap /etc/cinder/rootwrap.conf env LC_ALL=C lvs --noheadings --unit=g -o vg_name,name,size --nosuffix --readonly stack-volumes-lvmdriver-1/_snapshot-02a4ff46-09c1-4d53-9820-ecc6a16f8d13 {{(pid=101355) execute /usr/local/lib/python3.8/dist-packages/oslo_concurrency/processutils.py:384}}
Jun 13 02:52:44.798609 n-d-765311-23 sudo[131391]: ubuntu : TTY=unknown ; PWD=/ ; USER=root ; COMMAND=/usr/local/bin/cinder-rootwrap /etc/cinder/rootwrap.conf env LC_ALL=C lvs --noheadings --unit=g -o vg_name,name,size --nosuffix --readonly stack-volumes-lvmdriver-1/_snapshot-02a4ff46-09c1-4d53-9820-ecc6a16f8d13
Jun 13 02:52:44.800828 n-d-765311-23 sudo[131391]: pam_unix(sudo:session): session opened for user root by (uid=0)
Jun 13 02:52:45.257832 n-d-765311-23 sudo[131391]: pam_unix(sudo:session): session closed for user root
Jun 13 02:52:45.265074 n-d-765311-23 cinder-volume[101355]: DEBUG oslo_concurrency.processutils [None req-a3fea127-52fb-4611-a818-d1cd3bcb0ea6 tempest-VolumesDeleteCascade-293825486 None] CMD "sudo cinder-rootwrap /etc/cinder/rootwrap.conf env LC_ALL=C lvs --noheadings --unit=g -o vg_name,name,size --nosuffix --readonly stack-volumes-lvmdriver-1/_snapshot-02a4ff46-09c1-4d53-9820-ecc6a16f8d13" returned: 0 in 0.492s {{(pid=101355) execute /usr/local/lib/python3.8/dist-packages/oslo_concurrency/processutils.py:422}}
Jun 13 02:52:45.265074 n-d-765311-23 cinder-volume[101355]: DEBUG oslo_concurrency.processutils [None req-a3fea127-52fb-4611-a818-d1cd3bcb0ea6 tempest-VolumesDeleteCascade-293825486 None] Running cmd (subprocess): sudo cinder-rootwrap /etc/cinder/rootwrap.conf lvremove --config activation { retry_deactivation = 1} -f stack-volumes-lvmdriver-1/_snapshot-02a4ff46-09c1-4d53-9820-ecc6a16f8d13 {{(pid=101355) execute /usr/local/lib/python3.8/dist-packages/oslo_concurrency/processutils.py:384}}
Jun 13 02:52:45.283032 n-d-765311-23 sudo[131395]: ubuntu : TTY=unknown ; PWD=/ ; USER=root ; COMMAND=/usr/local/bin/cinder-rootwrap /etc/cinder/rootwrap.conf lvremove --config activation { retry_deactivation = 1} -f stack-volumes-lvmdriver-1/_snapshot-02a4ff46-09c1-4d53-9820-ecc6a16f8d13
Jun 13 02:52:45.284249 n-d-765311-23 sudo[131395]: pam_unix(sudo:session): session opened for user root by (uid=0)
Jun 13 02:52:46.465742 n-d-765311-23 sudo[131395]: pam_unix(sudo:session): session closed for user root
Jun 13 02:52:46.468264 n-d-765311-23 cinder-volume[101355]: DEBUG oslo_concurrency.processutils [None req-a3fea127-52fb-4611-a818-d1cd3bcb0ea6 tempest-VolumesDeleteCascade-293825486 None] CMD "sudo cinder-rootwrap /etc/cinder/rootwrap.conf lvremove --config activation { retry_deactivation = 1} -f stack-volumes-lvmdriver-1/_snapshot-02a4ff46-09c1-4d53-9820-ecc6a16f8d13" returned: 0 in 1.205s {{(pid=101355) execute /usr/local/lib/python3.8/dist-packages/oslo_concurrency/processutils.py:422}}
