May 02 01:50:06.179364 n-d-765311-19 devstack@placement-api.service[75070]: DEBUG placement.requestlog [req-07dd840c-c67f-4dfd-85fd-f941dda746f9 req-10cf79ef-26fa-4e9e-90c0-356defe5b9aa None None] Starting request: 10.222.0.74 "GET /placement/allocations/8b53be4b-f0bc-4625-9656-3dac85b0cbdb" {{(pid=75070) __call__ /opt/stack/placement/placement/requestlog.py:55}}
May 02 01:50:06.210441 n-d-765311-19 devstack@placement-api.service[75070]: INFO placement.requestlog [req-07dd840c-c67f-4dfd-85fd-f941dda746f9 req-10cf79ef-26fa-4e9e-90c0-356defe5b9aa service placement] 10.222.0.74 "GET /placement/allocations/8b53be4b-f0bc-4625-9656-3dac85b0cbdb" status: 200 len: 19 microversion: 1.28
May 02 01:50:06.216232 n-d-765311-19 devstack@placement-api.service[75070]: [pid: 75070|app: 0|req: 451/905] 10.222.0.74 () {60 vars in 1380 bytes} [Sun May 2 01:50:06 2021] GET /placement/allocations/8b53be4b-f0bc-4625-9656-3dac85b0cbdb => generated 19 bytes in 37 msecs (HTTP/1.1 200) 8 headers in 295 bytes (1 switches on core 0)
May 02 01:50:06.216754 n-d-765311-19 devstack@placement-api.service[75071]: DEBUG placement.requestlog [req-07dd840c-c67f-4dfd-85fd-f941dda746f9 req-60edc1c1-d018-4a36-bcec-e133ac56e3dd None None] Starting request: 10.222.0.74 "PUT /placement/allocations/8b53be4b-f0bc-4625-9656-3dac85b0cbdb" {{(pid=75071) __call__ /opt/stack/placement/placement/requestlog.py:55}}
May 02 01:50:06.379220 n-d-765311-19 devstack@placement-api.service[75071]: DEBUG placement.handlers.allocation [req-07dd840c-c67f-4dfd-85fd-f941dda746f9 req-60edc1c1-d018-4a36-bcec-e133ac56e3dd service placement] Successfully wrote allocations [, , ] {{(pid=75071) _create_allocations /opt/stack/placement/placement/handlers/allocation.py:435}}
May 02 01:50:06.380407 n-d-765311-19 devstack@placement-api.service[75071]: INFO placement.requestlog [req-07dd840c-c67f-4dfd-85fd-f941dda746f9 req-60edc1c1-d018-4a36-bcec-e133ac56e3dd service placement] 10.222.0.74 "PUT /placement/allocations/8b53be4b-f0bc-4625-9656-3dac85b0cbdb" status: 204 len: 0 microversion: 1.35
May 02 01:50:06.380673 n-d-765311-19 devstack@placement-api.service[75071]: [pid: 75071|app: 0|req: 455/906] 10.222.0.74 () {64 vars in 1433 bytes} [Sun May 2 01:50:06 2021] PUT /placement/allocations/8b53be4b-f0bc-4625-9656-3dac85b0cbdb => generated 0 bytes in 164 msecs (HTTP/1.1 204) 5 headers in 199 bytes (1 switches on core 0)
May 02 01:50:07.203388 n-d-765311-19 devstack@placement-api.service[75070]: DEBUG placement.requestlog [req-07dd840c-c67f-4dfd-85fd-f941dda746f9 req-13402655-cfa7-4d52-8801-ff09f45aeab8 None None] Starting request: 10.222.0.64 "GET /placement/allocations/61d37197-c0f7-46f3-a5a4-e19d4342ef81" {{(pid=75070) __call__ /opt/stack/placement/placement/requestlog.py:55}}
May 02 01:50:07.225285 n-d-765311-19 devstack@placement-api.service[75070]: INFO placement.requestlog [req-07dd840c-c67f-4dfd-85fd-f941dda746f9 req-13402655-cfa7-4d52-8801-ff09f45aeab8 service placement] 10.222.0.64 "GET /placement/allocations/61d37197-c0f7-46f3-a5a4-e19d4342ef81" status: 200 len: 260 microversion: 1.28
May 02 01:50:07.227871 n-d-765311-19 devstack@placement-api.service[75070]: [pid: 75070|app: 0|req: 452/907] 10.222.0.64 () {60 vars in 1378 bytes} [Sun May 2 01:50:07 2021] GET /placement/allocations/61d37197-c0f7-46f3-a5a4-e19d4342ef81 => generated 260 bytes in 25 msecs (HTTP/1.1 200) 8 headers in 296 bytes (1 switches on core 0)
May 02 01:50:07.397024 n-d-765311-19 devstack@placement-api.service[75071]: DEBUG placement.requestlog [req-07dd840c-c67f-4dfd-85fd-f941dda746f9 req-bf32fee3-1006-4389-8c6d-c7f129544d6b None None] Starting request: 10.222.0.64 "GET /placement/allocations/8b53be4b-f0bc-4625-9656-3dac85b0cbdb" {{(pid=75071) __call__ /opt/stack/placement/placement/requestlog.py:55}}
May 02 01:50:07.436895 n-d-765311-19 devstack@placement-api.service[75070]: DEBUG placement.requestlog [req-07dd840c-c67f-4dfd-85fd-f941dda746f9 req-6ec28c6b-3efc-4875-adb4-acb0b4ea9843 None None] Starting request: 10.222.0.55 "GET /placement/allocations/84bfcde1-8e6c-4808-b882-3c5dad306541" {{(pid=75070) __call__ /opt/stack/placement/placement/requestlog.py:55}}
May 02 01:50:07.463658 n-d-765311-19 devstack@placement-api.service[75071]: INFO placement.requestlog [req-07dd840c-c67f-4dfd-85fd-f941dda746f9 req-bf32fee3-1006-4389-8c6d-c7f129544d6b service placement] 10.222.0.64 "GET /placement/allocations/8b53be4b-f0bc-4625-9656-3dac85b0cbdb" status: 200 len: 260 microversion: 1.28
May 02 01:50:07.464625 n-d-765311-19 devstack@placement-api.service[75071]: [pid: 75071|app: 0|req: 456/908] 10.222.0.64 () {60 vars in 1378 bytes} [Sun May 2 01:50:07 2021] GET /placement/allocations/8b53be4b-f0bc-4625-9656-3dac85b0cbdb => generated 260 bytes in 68 msecs (HTTP/1.1 200) 8 headers in 296 bytes (1 switches on core 0)
May 02 01:50:07.476387 n-d-765311-19 devstack@placement-api.service[75070]: INFO placement.requestlog [req-07dd840c-c67f-4dfd-85fd-f941dda746f9 req-6ec28c6b-3efc-4875-adb4-acb0b4ea9843 service placement] 10.222.0.55 "GET /placement/allocations/84bfcde1-8e6c-4808-b882-3c5dad306541" status: 200 len: 260 microversion: 1.28
May 02 01:50:07.477201 n-d-765311-19 devstack@placement-api.service[75070]: [pid: 75070|app: 0|req: 453/909] 10.222.0.55 () {60 vars in 1378 bytes} [Sun May 2 01:50:07 2021] GET /placement/allocations/84bfcde1-8e6c-4808-b882-3c5dad306541 => generated 260 bytes in 41 msecs (HTTP/1.1 200) 8 headers in 296 bytes (2 switches on core 0)
May 02 01:50:15.533353 n-d-765311-19 devstack@placement-api.service[75071]: DEBUG placement.requestlog [req-70e81661-82ca-4f1b-ae93-fbe0efabf6a3 req-07777ecb-b239-4e85-9786-4e04280fa040 None None] Starting request: 10.222.0.74 "GET /placement/allocation_candidates?limit=1000&resources=DISK_GB%3A1%2CMEMORY_MB%3A1024%2CVCPU%3A1&root_required=%21COMPUTE_STATUS_DISABLED" {{(pid=75071) __call__ /opt/stack/placement/placement/requestlog.py:55}}
May 02 01:50:15.594289 n-d-765311-19 devstack@placement-api.service[75071]: DEBUG placement.objects.research_context [req-70e81661-82ca-4f1b-ae93-fbe0efabf6a3 req-07777ecb-b239-4e85-9786-4e04280fa040 service placement] getting providers with 1 DISK_GB {{(pid=75071) __init__ /opt/stack/placement/placement/objects/research_context.py:126}}
May 02 01:50:15.613267 n-d-765311-19 devstack@placement-api.service[75071]: DEBUG placement.objects.research_context [req-70e81661-82ca-4f1b-ae93-fbe0efabf6a3 req-07777ecb-b239-4e85-9786-4e04280fa040 service placement] getting providers with 1024 MEMORY_MB {{(pid=75071) __init__ /opt/stack/placement/placement/objects/research_context.py:126}}
May 02 01:50:15.629160 n-d-765311-19 devstack@placement-api.service[75071]: DEBUG placement.objects.research_context [req-70e81661-82ca-4f1b-ae93-fbe0efabf6a3 req-07777ecb-b239-4e85-9786-4e04280fa040 service placement] getting providers with 1 VCPU {{(pid=75071) __init__ /opt/stack/placement/placement/objects/research_context.py:126}}
May 02 01:50:15.642727 n-d-765311-19 devstack@placement-api.service[75071]: DEBUG placement.objects.research_context [req-70e81661-82ca-4f1b-ae93-fbe0efabf6a3 req-07777ecb-b239-4e85-9786-4e04280fa040 service placement] found 2 providers with available 1 DISK_GB {{(pid=75071) get_provider_ids_matching /opt/stack/placement/placement/objects/research_context.py:549}}
May 02 01:50:15.645086 n-d-765311-19 devstack@placement-api.service[75071]: DEBUG placement.objects.research_context [req-70e81661-82ca-4f1b-ae93-fbe0efabf6a3 req-07777ecb-b239-4e85-9786-4e04280fa040 service placement] found 2 providers with available 1024 MEMORY_MB {{(pid=75071) get_provider_ids_matching /opt/stack/placement/placement/objects/research_context.py:549}}
May 02 01:50:15.645560 n-d-765311-19 devstack@placement-api.service[75071]: DEBUG placement.objects.research_context [req-70e81661-82ca-4f1b-ae93-fbe0efabf6a3 req-07777ecb-b239-4e85-9786-4e04280fa040 service placement] found 2 providers after filtering by previous result {{(pid=75071) get_provider_ids_matching /opt/stack/placement/placement/objects/research_context.py:580}}
May 02 01:50:15.645978 n-d-765311-19 devstack@placement-api.service[75071]: DEBUG placement.objects.research_context [req-70e81661-82ca-4f1b-ae93-fbe0efabf6a3 req-07777ecb-b239-4e85-9786-4e04280fa040 service placement] found 2 providers with available 1 VCPU {{(pid=75071) get_provider_ids_matching /opt/stack/placement/placement/objects/research_context.py:549}}
May 02 01:50:15.646426 n-d-765311-19 devstack@placement-api.service[75071]: DEBUG placement.objects.research_context [req-70e81661-82ca-4f1b-ae93-fbe0efabf6a3 req-07777ecb-b239-4e85-9786-4e04280fa040 service placement] found 2 providers after filtering by previous result {{(pid=75071) get_provider_ids_matching /opt/stack/placement/placement/objects/research_context.py:580}}
May 02 01:50:15.709315 n-d-765311-19 devstack@placement-api.service[75071]: DEBUG placement.objects.allocation_candidate [req-70e81661-82ca-4f1b-ae93-fbe0efabf6a3 req-07777ecb-b239-4e85-9786-4e04280fa040 service placement] RequestGroup(use_same_provider=False, resources={DISK_GB:1, MEMORY_MB:1024, VCPU:1}, traits=[], aggregates=[]) (suffix '') returned 2 matches {{(pid=75071) _get_by_requests /opt/stack/placement/placement/objects/allocation_candidate.py:145}}
May 02 01:50:15.716285 n-d-765311-19 devstack@placement-api.service[75071]: DEBUG placement.objects.allocation_candidate [req-70e81661-82ca-4f1b-ae93-fbe0efabf6a3 req-07777ecb-b239-4e85-9786-4e04280fa040 service placement] Merging candidates yields 2 allocation requests and 2 provider summaries {{(pid=75071) _merge_candidates /opt/stack/placement/placement/objects/allocation_candidate.py:783}}
May 02 01:50:15.721935 n-d-765311-19 devstack@placement-api.service[75071]: INFO placement.requestlog [req-70e81661-82ca-4f1b-ae93-fbe0efabf6a3 req-07777ecb-b239-4e85-9786-4e04280fa040 service placement] 10.222.0.74 "GET /placement/allocation_candidates?limit=1000&resources=DISK_GB%3A1%2CMEMORY_MB%3A1024%2CVCPU%3A1&root_required=%21COMPUTE_STATUS_DISABLED" status: 200 len: 1309 microversion: 1.35
May 02 01:50:15.735010 n-d-765311-19 devstack@placement-api.service[75071]: [pid: 75071|app: 0|req: 457/910] 10.222.0.74 () {60 vars in 1506 bytes} [Sun May 2 01:50:15 2021] GET /placement/allocation_candidates?limit=1000&resources=DISK_GB%3A1%2CMEMORY_MB%3A1024%2CVCPU%3A1&root_required=%21COMPUTE_STATUS_DISABLED => generated 1309 bytes in 202 msecs (HTTP/1.1 200) 8 headers in 297 bytes (1 switches on core 0)
May 02 01:50:15.819598 n-d-765311-19 devstack@placement-api.service[75070]: DEBUG placement.requestlog [req-70e81661-82ca-4f1b-ae93-fbe0efabf6a3 req-ea96f076-b11e-42e6-8c1e-49adbcb5a283 None None] Starting request: 10.222.0.74 "GET /placement/allocations/34159afd-b0ac-4d6f-8074-f3fe2d99cbf5" {{(pid=75070) __call__ /opt/stack/placement/placement/requestlog.py:55}}
May 02 01:50:15.840104 n-d-765311-19 devstack@placement-api.service[75070]: INFO placement.requestlog [req-70e81661-82ca-4f1b-ae93-fbe0efabf6a3 req-ea96f076-b11e-42e6-8c1e-49adbcb5a283 service placement] 10.222.0.74 "GET /placement/allocations/34159afd-b0ac-4d6f-8074-f3fe2d99cbf5" status: 200 len: 19 microversion: 1.28
May 02 01:50:15.840600 n-d-765311-19 devstack@placement-api.service[75070]: [pid: 75070|app: 0|req: 454/911] 10.222.0.74 () {60 vars in 1380 bytes} [Sun May 2 01:50:15 2021] GET /placement/allocations/34159afd-b0ac-4d6f-8074-f3fe2d99cbf5 => generated 19 bytes in 21 msecs (HTTP/1.1 200) 8 headers in 295 bytes (1 switches on core 0)
May 02 01:50:15.847294 n-d-765311-19 devstack@placement-api.service[75071]: DEBUG placement.requestlog [req-70e81661-82ca-4f1b-ae93-fbe0efabf6a3 req-205ce27e-3322-42e0-bf9c-0977cb3d799c None None] Starting request: 10.222.0.74 "PUT /placement/allocations/34159afd-b0ac-4d6f-8074-f3fe2d99cbf5" {{(pid=75071) __call__ /opt/stack/placement/placement/requestlog.py:55}}
May 02 01:50:15.941701 n-d-765311-19 devstack@placement-api.service[75071]: DEBUG placement.handlers.allocation [req-70e81661-82ca-4f1b-ae93-fbe0efabf6a3 req-205ce27e-3322-42e0-bf9c-0977cb3d799c service placement] Successfully wrote allocations [, , ] {{(pid=75071) _create_allocations /opt/stack/placement/placement/handlers/allocation.py:435}}
May 02 01:50:15.942568 n-d-765311-19 devstack@placement-api.service[75071]: INFO placement.requestlog [req-70e81661-82ca-4f1b-ae93-fbe0efabf6a3 req-205ce27e-3322-42e0-bf9c-0977cb3d799c service placement] 10.222.0.74 "PUT /placement/allocations/34159afd-b0ac-4d6f-8074-f3fe2d99cbf5" status: 204 len: 0 microversion: 1.35
May 02 01:50:15.943008 n-d-765311-19 devstack@placement-api.service[75071]: [pid: 75071|app: 0|req: 458/912] 10.222.0.74 () {64 vars in 1433 bytes} [Sun May 2 01:50:15 2021] PUT /placement/allocations/34159afd-b0ac-4d6f-8074-f3fe2d99cbf5 => generated 0 bytes in 96 msecs (HTTP/1.1 204) 5 headers in 199 bytes (2 switches on core 0)
May 02 01:50:16.576767 n-d-765311-19 devstack@placement-api.service[75070]: DEBUG placement.requestlog [req-70e81661-82ca-4f1b-ae93-fbe0efabf6a3 req-e7ba1be6-28ac-4c07-895b-3594ef84c1a3 None None] Starting request: 10.222.0.55 "GET /placement/allocations/34159afd-b0ac-4d6f-8074-f3fe2d99cbf5" {{(pid=75070) __call__ /opt/stack/placement/placement/requestlog.py:55}}
May 02 01:50:16.614482 n-d-765311-19 devstack@placement-api.service[75070]: INFO placement.requestlog [req-70e81661-82ca-4f1b-ae93-fbe0efabf6a3 req-e7ba1be6-28ac-4c07-895b-3594ef84c1a3 service placement] 10.222.0.55 "GET /placement/allocations/34159afd-b0ac-4d6f-8074-f3fe2d99cbf5" status: 200 len: 260 microversion: 1.28
May 02 01:50:16.614998 n-d-765311-19 devstack@placement-api.service[75070]: [pid: 75070|app: 0|req: 455/913] 10.222.0.55 () {60 vars in 1378 bytes} [Sun May 2 01:50:16 2021] GET /placement/allocations/34159afd-b0ac-4d6f-8074-f3fe2d99cbf5 => generated 260 bytes in 39 msecs (HTTP/1.1 200) 8 headers in 296 bytes (1 switches on core 0)
May 02 01:50:21.712415 n-d-765311-19 devstack@placement-api.service[75071]: DEBUG placement.requestlog [req-83aaefde-3fdc-4f91-950f-343b2c9d7c75 req-3069c7ef-6cf1-4360-acf2-e71a11a2480e None None] Starting request: 10.222.0.74 "GET /placement/allocation_candidates?limit=1000&resources=DISK_GB%3A1%2CMEMORY_MB%3A1024%2CVCPU%3A1&root_required=%21COMPUTE_STATUS_DISABLED" {{(pid=75071) __call__ /opt/stack/placement/placement/requestlog.py:55}}
May 02 01:50:21.776408 n-d-765311-19 devstack@placement-api.service[75071]: DEBUG placement.objects.research_context [req-83aaefde-3fdc-4f91-950f-343b2c9d7c75 req-3069c7ef-6cf1-4360-acf2-e71a11a2480e service placement] getting providers with 1 DISK_GB {{(pid=75071) __init__ /opt/stack/placement/placement/objects/research_context.py:126}}
May 02 01:50:21.797261 n-d-765311-19 devstack@placement-api.service[75071]: DEBUG placement.objects.research_context [req-83aaefde-3fdc-4f91-950f-343b2c9d7c75 req-3069c7ef-6cf1-4360-acf2-e71a11a2480e service placement] getting providers with 1024 MEMORY_MB {{(pid=75071) __init__ /opt/stack/placement/placement/objects/research_context.py:126}}
May 02 01:50:21.812089 n-d-765311-19 devstack@placement-api.service[75071]: DEBUG placement.objects.research_context [req-83aaefde-3fdc-4f91-950f-343b2c9d7c75 req-3069c7ef-6cf1-4360-acf2-e71a11a2480e service placement] getting providers with 1 VCPU {{(pid=75071) __init__ /opt/stack/placement/placement/objects/research_context.py:126}}
May 02 01:50:21.830100 n-d-765311-19 devstack@placement-api.service[75071]: DEBUG placement.objects.research_context [req-83aaefde-3fdc-4f91-950f-343b2c9d7c75 req-3069c7ef-6cf1-4360-acf2-e71a11a2480e service placement] found 2 providers with available 1 DISK_GB {{(pid=75071) get_provider_ids_matching /opt/stack/placement/placement/objects/research_context.py:549}}
May 02 01:50:21.830556 n-d-765311-19 devstack@placement-api.service[75071]: DEBUG placement.objects.research_context [req-83aaefde-3fdc-4f91-950f-343b2c9d7c75 req-3069c7ef-6cf1-4360-acf2-e71a11a2480e service placement] found 2 providers with available 1024 MEMORY_MB {{(pid=75071) get_provider_ids_matching /opt/stack/placement/placement/objects/research_context.py:549}}
May 02 01:50:21.830935 n-d-765311-19 devstack@placement-api.service[75071]: DEBUG placement.objects.research_context [req-83aaefde-3fdc-4f91-950f-343b2c9d7c75 req-3069c7ef-6cf1-4360-acf2-e71a11a2480e service placement] found 2 providers after filtering by previous result {{(pid=75071) get_provider_ids_matching /opt/stack/placement/placement/objects/research_context.py:580}}
May 02 01:50:21.831305 n-d-765311-19 devstack@placement-api.service[75071]: DEBUG placement.objects.research_context [req-83aaefde-3fdc-4f91-950f-343b2c9d7c75 req-3069c7ef-6cf1-4360-acf2-e71a11a2480e service placement] found 2 providers with available 1 VCPU {{(pid=75071) get_provider_ids_matching /opt/stack/placement/placement/objects/research_context.py:549}}
May 02 01:50:21.831836 n-d-765311-19 devstack@placement-api.service[75071]: DEBUG placement.objects.research_context [req-83aaefde-3fdc-4f91-950f-343b2c9d7c75 req-3069c7ef-6cf1-4360-acf2-e71a11a2480e service placement] found 2 providers after filtering by previous result {{(pid=75071) get_provider_ids_matching /opt/stack/placement/placement/objects/research_context.py:580}}
May 02 01:50:21.870855 n-d-765311-19 devstack@placement-api.service[75071]: DEBUG placement.objects.allocation_candidate [req-83aaefde-3fdc-4f91-950f-343b2c9d7c75 req-3069c7ef-6cf1-4360-acf2-e71a11a2480e service placement] RequestGroup(use_same_provider=False, resources={DISK_GB:1, MEMORY_MB:1024, VCPU:1}, traits=[], aggregates=[]) (suffix '') returned 2 matches {{(pid=75071) _get_by_requests /opt/stack/placement/placement/objects/allocation_candidate.py:145}}
May 02 01:50:21.885377 n-d-765311-19 devstack@placement-api.service[75071]: DEBUG placement.objects.allocation_candidate [req-83aaefde-3fdc-4f91-950f-343b2c9d7c75 req-3069c7ef-6cf1-4360-acf2-e71a11a2480e service placement] Merging candidates yields 2 allocation requests and 2 provider summaries {{(pid=75071) _merge_candidates /opt/stack/placement/placement/objects/allocation_candidate.py:783}}
May 02 01:50:21.887119 n-d-765311-19 devstack@placement-api.service[75071]: INFO placement.requestlog [req-83aaefde-3fdc-4f91-950f-343b2c9d7c75 req-3069c7ef-6cf1-4360-acf2-e71a11a2480e service placement] 10.222.0.74 "GET /placement/allocation_candidates?limit=1000&resources=DISK_GB%3A1%2CMEMORY_MB%3A1024%2CVCPU%3A1&root_required=%21COMPUTE_STATUS_DISABLED" status: 200 len: 1309 microversion: 1.35
May 02 01:50:21.890568 n-d-765311-19 devstack@placement-api.service[75071]: [pid: 75071|app: 0|req: 459/914] 10.222.0.74 () {60 vars in 1506 bytes} [Sun May 2 01:50:21 2021] GET /placement/allocation_candidates?limit=1000&resources=DISK_GB%3A1%2CMEMORY_MB%3A1024%2CVCPU%3A1&root_required=%21COMPUTE_STATUS_DISABLED => generated 1309 bytes in 178 msecs (HTTP/1.1 200) 8 headers in 297 bytes (1 switches on core 0)
May 02 01:50:21.961246 n-d-765311-19 devstack@placement-api.service[75070]: DEBUG placement.requestlog [req-83aaefde-3fdc-4f91-950f-343b2c9d7c75 req-816531d4-f2f1-4c26-b5fc-d94f70467d44 None None] Starting request: 10.222.0.74 "GET /placement/allocations/5f974cd6-5430-46c0-8234-38d483844d21" {{(pid=75070) __call__ /opt/stack/placement/placement/requestlog.py:55}}
May 02 01:50:21.979511 n-d-765311-19 devstack@placement-api.service[75070]: INFO placement.requestlog [req-83aaefde-3fdc-4f91-950f-343b2c9d7c75 req-816531d4-f2f1-4c26-b5fc-d94f70467d44 service placement] 10.222.0.74 "GET /placement/allocations/5f974cd6-5430-46c0-8234-38d483844d21" status: 200 len: 19 microversion: 1.28
May 02 01:50:21.980242 n-d-765311-19 devstack@placement-api.service[75070]: [pid: 75070|app: 0|req: 456/915] 10.222.0.74 () {60 vars in 1380 bytes} [Sun May 2 01:50:21 2021] GET /placement/allocations/5f974cd6-5430-46c0-8234-38d483844d21 => generated 19 bytes in 19 msecs (HTTP/1.1 200) 8 headers in 295 bytes (2 switches on core 0)
May 02 01:50:21.986459 n-d-765311-19 devstack@placement-api.service[75071]: DEBUG placement.requestlog [req-83aaefde-3fdc-4f91-950f-343b2c9d7c75 req-79305c44-d85f-4cab-840d-841d4c6eaa16 None None] Starting request: 10.222.0.74 "PUT /placement/allocations/5f974cd6-5430-46c0-8234-38d483844d21" {{(pid=75071) __call__ /opt/stack/placement/placement/requestlog.py:55}}
May 02 01:50:22.099081 n-d-765311-19 devstack@placement-api.service[75071]: DEBUG placement.handlers.allocation [req-83aaefde-3fdc-4f91-950f-343b2c9d7c75 req-79305c44-d85f-4cab-840d-841d4c6eaa16 service placement] Successfully wrote allocations [, , ] {{(pid=75071) _create_allocations /opt/stack/placement/placement/handlers/allocation.py:435}}
May 02 01:50:22.099633 n-d-765311-19 devstack@placement-api.service[75071]: INFO placement.requestlog [req-83aaefde-3fdc-4f91-950f-343b2c9d7c75 req-79305c44-d85f-4cab-840d-841d4c6eaa16 service placement] 10.222.0.74 "PUT /placement/allocations/5f974cd6-5430-46c0-8234-38d483844d21" status: 204 len: 0 microversion: 1.35
May 02 01:50:22.099916 n-d-765311-19 devstack@placement-api.service[75071]: [pid: 75071|app: 0|req: 460/916] 10.222.0.74 () {64 vars in 1433 bytes} [Sun May 2 01:50:21 2021] PUT /placement/allocations/5f974cd6-5430-46c0-8234-38d483844d21 => generated 0 bytes in 114 msecs (HTTP/1.1 204) 5 headers in 199 bytes (2 switches on core 0)
May 02 01:50:22.911481 n-d-765311-19 devstack@placement-api.service[75070]: DEBUG placement.requestlog [req-83aaefde-3fdc-4f91-950f-343b2c9d7c75 req-2ea126d0-0302-4ace-9a48-4b11d4b185f9 None None] Starting request: 10.222.0.64 "GET /placement/allocations/5f974cd6-5430-46c0-8234-38d483844d21" {{(pid=75070) __call__ /opt/stack/placement/placement/requestlog.py:55}}
May 02 01:50:22.934901 n-d-765311-19 devstack@placement-api.service[75070]: INFO placement.requestlog [req-83aaefde-3fdc-4f91-950f-343b2c9d7c75 req-2ea126d0-0302-4ace-9a48-4b11d4b185f9 service placement] 10.222.0.64 "GET /placement/allocations/5f974cd6-5430-46c0-8234-38d483844d21" status: 200 len: 260 microversion: 1.28
May 02 01:50:22.936643 n-d-765311-19 devstack@placement-api.service[75070]: [pid: 75070|app: 0|req: 457/917] 10.222.0.64 () {60 vars in 1378 bytes} [Sun May 2 01:50:22 2021] GET /placement/allocations/5f974cd6-5430-46c0-8234-38d483844d21 => generated 260 bytes in 25 msecs (HTTP/1.1 200) 8 headers in 296 bytes (1 switches on core 0)
May 02 01:50:27.932083 n-d-765311-19 devstack@placement-api.service[75071]: DEBUG placement.requestlog [req-ef018e77-8cb5-4a76-91d8-d7a6e0d4ad97 req-30dcf8be-4756-417c-b1e5-f49d0c891634 None None] Starting request: 10.222.0.74 "GET /placement/allocation_candidates?limit=1000&resources=DISK_GB%3A1%2CMEMORY_MB%3A1024%2CVCPU%3A1&root_required=%21COMPUTE_STATUS_DISABLED" {{(pid=75071) __call__ /opt/stack/placement/placement/requestlog.py:55}}
May 02 01:50:28.016907 n-d-765311-19 devstack@placement-api.service[75071]: DEBUG placement.objects.research_context [req-ef018e77-8cb5-4a76-91d8-d7a6e0d4ad97 req-30dcf8be-4756-417c-b1e5-f49d0c891634 service placement] getting providers with 1 DISK_GB {{(pid=75071) __init__ /opt/stack/placement/placement/objects/research_context.py:126}}
May 02 01:50:28.037001 n-d-765311-19 devstack@placement-api.service[75071]: DEBUG placement.objects.research_context [req-ef018e77-8cb5-4a76-91d8-d7a6e0d4ad97 req-30dcf8be-4756-417c-b1e5-f49d0c891634 service placement] getting providers with 1024 MEMORY_MB {{(pid=75071) __init__ /opt/stack/placement/placement/objects/research_context.py:126}}
May 02 01:50:28.052670 n-d-765311-19 devstack@placement-api.service[75071]: DEBUG placement.objects.research_context [req-ef018e77-8cb5-4a76-91d8-d7a6e0d4ad97 req-30dcf8be-4756-417c-b1e5-f49d0c891634 service placement] getting providers with 1 VCPU {{(pid=75071) __init__ /opt/stack/placement/placement/objects/research_context.py:126}}
May 02 01:50:28.068627 n-d-765311-19 devstack@placement-api.service[75071]: DEBUG placement.objects.research_context [req-ef018e77-8cb5-4a76-91d8-d7a6e0d4ad97 req-30dcf8be-4756-417c-b1e5-f49d0c891634 service placement] found 2 providers with available 1 DISK_GB {{(pid=75071) get_provider_ids_matching /opt/stack/placement/placement/objects/research_context.py:549}}
May 02 01:50:28.069104 n-d-765311-19 devstack@placement-api.service[75071]: DEBUG placement.objects.research_context [req-ef018e77-8cb5-4a76-91d8-d7a6e0d4ad97 req-30dcf8be-4756-417c-b1e5-f49d0c891634 service placement] found 2 providers with available 1024 MEMORY_MB {{(pid=75071) get_provider_ids_matching /opt/stack/placement/placement/objects/research_context.py:549}}
May 02 01:50:28.069550 n-d-765311-19 devstack@placement-api.service[75071]: DEBUG placement.objects.research_context [req-ef018e77-8cb5-4a76-91d8-d7a6e0d4ad97 req-30dcf8be-4756-417c-b1e5-f49d0c891634 service placement] found 2 providers after filtering by previous result {{(pid=75071) get_provider_ids_matching /opt/stack/placement/placement/objects/research_context.py:580}}
May 02 01:50:28.069984 n-d-765311-19 devstack@placement-api.service[75071]: DEBUG placement.objects.research_context [req-ef018e77-8cb5-4a76-91d8-d7a6e0d4ad97 req-30dcf8be-4756-417c-b1e5-f49d0c891634 service placement] found 2 providers with available 1 VCPU {{(pid=75071) get_provider_ids_matching /opt/stack/placement/placement/objects/research_context.py:549}}
May 02 01:50:28.070414 n-d-765311-19 devstack@placement-api.service[75071]: DEBUG placement.objects.research_context [req-ef018e77-8cb5-4a76-91d8-d7a6e0d4ad97 req-30dcf8be-4756-417c-b1e5-f49d0c891634 service placement] found 2 providers after filtering by previous result {{(pid=75071) get_provider_ids_matching /opt/stack/placement/placement/objects/research_context.py:580}}
May 02 01:50:28.096513 n-d-765311-19 devstack@placement-api.service[75071]: DEBUG placement.objects.allocation_candidate [req-ef018e77-8cb5-4a76-91d8-d7a6e0d4ad97 req-30dcf8be-4756-417c-b1e5-f49d0c891634 service placement] RequestGroup(use_same_provider=False, resources={DISK_GB:1, MEMORY_MB:1024, VCPU:1}, traits=[], aggregates=[]) (suffix '') returned 2 matches {{(pid=75071) _get_by_requests /opt/stack/placement/placement/objects/allocation_candidate.py:145}}
May 02 01:50:28.096893 n-d-765311-19 devstack@placement-api.service[75071]: DEBUG placement.objects.allocation_candidate [req-ef018e77-8cb5-4a76-91d8-d7a6e0d4ad97 req-30dcf8be-4756-417c-b1e5-f49d0c891634 service placement] Merging candidates yields 2 allocation requests and 2 provider summaries {{(pid=75071) _merge_candidates /opt/stack/placement/placement/objects/allocation_candidate.py:783}}
May 02 01:50:28.101414 n-d-765311-19 devstack@placement-api.service[75071]: INFO placement.requestlog [req-ef018e77-8cb5-4a76-91d8-d7a6e0d4ad97 req-30dcf8be-4756-417c-b1e5-f49d0c891634 service placement] 10.222.0.74 "GET /placement/allocation_candidates?limit=1000&resources=DISK_GB%3A1%2CMEMORY_MB%3A1024%2CVCPU%3A1&root_required=%21COMPUTE_STATUS_DISABLED" status: 200 len: 1309 microversion: 1.35
May 02 01:50:28.115436 n-d-765311-19 devstack@placement-api.service[75071]: [pid: 75071|app: 0|req: 461/918] 10.222.0.74 () {60 vars in 1506 bytes} [Sun May 2 01:50:27 2021] GET /placement/allocation_candidates?limit=1000&resources=DISK_GB%3A1%2CMEMORY_MB%3A1024%2CVCPU%3A1&root_required=%21COMPUTE_STATUS_DISABLED => generated 1309 bytes in 183 msecs (HTTP/1.1 200) 8 headers in 297 bytes (1 switches on core 0)
May 02 01:50:28.201276 n-d-765311-19 devstack@placement-api.service[75070]: DEBUG placement.requestlog [req-ef018e77-8cb5-4a76-91d8-d7a6e0d4ad97 req-ba94cd46-d832-4464-906f-ebe2b49d9282 None None] Starting request: 10.222.0.74 "GET /placement/allocations/028c643b-e10d-45e9-8f9c-ae7fb1963a45" {{(pid=75070) __call__ /opt/stack/placement/placement/requestlog.py:55}}
May 02 01:50:28.216241 n-d-765311-19 devstack@placement-api.service[75070]: INFO placement.requestlog [req-ef018e77-8cb5-4a76-91d8-d7a6e0d4ad97 req-ba94cd46-d832-4464-906f-ebe2b49d9282 service placement] 10.222.0.74 "GET /placement/allocations/028c643b-e10d-45e9-8f9c-ae7fb1963a45" status: 200 len: 19 microversion: 1.28
May 02 01:50:28.217812 n-d-765311-19 devstack@placement-api.service[75070]: [pid: 75070|app: 0|req: 458/919] 10.222.0.74 () {60 vars in 1380 bytes} [Sun May 2 01:50:28 2021] GET /placement/allocations/028c643b-e10d-45e9-8f9c-ae7fb1963a45 => generated 19 bytes in 17 msecs (HTTP/1.1 200) 8 headers in 295 bytes (2 switches on core 0)
May 02 01:50:28.226463 n-d-765311-19 devstack@placement-api.service[75071]: DEBUG placement.requestlog [req-ef018e77-8cb5-4a76-91d8-d7a6e0d4ad97 req-0c8214a6-2551-4c43-aac1-cfada3e13e47 None None] Starting request: 10.222.0.74 "PUT /placement/allocations/028c643b-e10d-45e9-8f9c-ae7fb1963a45" {{(pid=75071) __call__ /opt/stack/placement/placement/requestlog.py:55}}
May 02 01:50:28.405585 n-d-765311-19 devstack@placement-api.service[75071]: DEBUG placement.handlers.allocation [req-ef018e77-8cb5-4a76-91d8-d7a6e0d4ad97 req-0c8214a6-2551-4c43-aac1-cfada3e13e47 service placement] Successfully wrote allocations [, , ] {{(pid=75071) _create_allocations /opt/stack/placement/placement/handlers/allocation.py:435}}
May 02 01:50:28.406846 n-d-765311-19 devstack@placement-api.service[75071]: INFO placement.requestlog [req-ef018e77-8cb5-4a76-91d8-d7a6e0d4ad97 req-0c8214a6-2551-4c43-aac1-cfada3e13e47 service placement] 10.222.0.74 "PUT /placement/allocations/028c643b-e10d-45e9-8f9c-ae7fb1963a45" status: 204 len: 0 microversion: 1.35
May 02 01:50:28.407319 n-d-765311-19 devstack@placement-api.service[75071]: [pid: 75071|app: 0|req: 462/920] 10.222.0.74 () {64 vars in 1433 bytes} [Sun May 2 01:50:28 2021] PUT /placement/allocations/028c643b-e10d-45e9-8f9c-ae7fb1963a45 => generated 0 bytes in 181 msecs (HTTP/1.1 204) 5 headers in 199 bytes (1 switches on core 0)
May 02 01:50:29.503872 n-d-765311-19 devstack@placement-api.service[75070]: DEBUG placement.requestlog [req-ef018e77-8cb5-4a76-91d8-d7a6e0d4ad97 req-3cf0d6c2-5651-4e23-8a9b-9771b102a074 None None] Starting request: 10.222.0.55 "GET /placement/allocations/028c643b-e10d-45e9-8f9c-ae7fb1963a45" {{(pid=75070) __call__ /opt/stack/placement/placement/requestlog.py:55}}
May 02 01:50:29.529070 n-d-765311-19 devstack@placement-api.service[75070]: INFO placement.requestlog [req-ef018e77-8cb5-4a76-91d8-d7a6e0d4ad97 req-3cf0d6c2-5651-4e23-8a9b-9771b102a074 service placement] 10.222.0.55 "GET /placement/allocations/028c643b-e10d-45e9-8f9c-ae7fb1963a45" status: 200 len: 260 microversion: 1.28
May 02 01:50:29.537490 n-d-765311-19 devstack@placement-api.service[75070]: [pid: 75070|app: 0|req: 459/921] 10.222.0.55 () {60 vars in 1378 bytes} [Sun May 2 01:50:29 2021] GET /placement/allocations/028c643b-e10d-45e9-8f9c-ae7fb1963a45 => generated 260 bytes in 34 msecs (HTTP/1.1 200) 8 headers in 296 bytes (1 switches on core 0)
May 02 01:50:33.629065 n-d-765311-19 devstack@placement-api.service[75071]: DEBUG placement.requestlog [req-bb44163c-37fe-45f7-b7db-5fdf0491663b req-a56af606-04b5-4a82-a49c-1192bdd9add9 None None] Starting request: 10.222.0.64 "GET /placement/allocations/6b82df83-07e4-4c5f-b6d5-2ad9359df956" {{(pid=75071) __call__ /opt/stack/placement/placement/requestlog.py:55}}
May 02 01:50:33.645708 n-d-765311-19 devstack@placement-api.service[75071]: INFO placement.requestlog [req-bb44163c-37fe-45f7-b7db-5fdf0491663b req-a56af606-04b5-4a82-a49c-1192bdd9add9 service placement] 10.222.0.64 "GET /placement/allocations/6b82df83-07e4-4c5f-b6d5-2ad9359df956" status: 200 len: 260 microversion: 1.28
May 02 01:50:33.646094 n-d-765311-19 devstack@placement-api.service[75071]: [pid: 75071|app: 0|req: 463/922] 10.222.0.64 () {60 vars in 1378 bytes} [Sun May 2 01:50:33 2021] GET /placement/allocations/6b82df83-07e4-4c5f-b6d5-2ad9359df956 => generated 260 bytes in 17 msecs (HTTP/1.1 200) 8 headers in 296 bytes (1 switches on core 0)
May 02 01:50:33.652953 n-d-765311-19 devstack@placement-api.service[75070]: DEBUG placement.requestlog [req-bb44163c-37fe-45f7-b7db-5fdf0491663b req-aa73bdff-ea6a-4690-a6dd-30627d2b1895 None None] Starting request: 10.222.0.64 "PUT /placement/allocations/6b82df83-07e4-4c5f-b6d5-2ad9359df956" {{(pid=75070) __call__ /opt/stack/placement/placement/requestlog.py:55}}
May 02 01:50:33.731219 n-d-765311-19 devstack@placement-api.service[75070]: DEBUG placement.handlers.allocation [req-bb44163c-37fe-45f7-b7db-5fdf0491663b req-aa73bdff-ea6a-4690-a6dd-30627d2b1895 service placement] Successfully wrote allocations [, , ] {{(pid=75070) _create_allocations /opt/stack/placement/placement/handlers/allocation.py:435}}
May 02 01:50:33.732998 n-d-765311-19 devstack@placement-api.service[75070]: INFO placement.requestlog [req-bb44163c-37fe-45f7-b7db-5fdf0491663b req-aa73bdff-ea6a-4690-a6dd-30627d2b1895 service placement] 10.222.0.64 "PUT /placement/allocations/6b82df83-07e4-4c5f-b6d5-2ad9359df956" status: 204 len: 0 microversion: 1.28
May 02 01:50:33.733712 n-d-765311-19 devstack@placement-api.service[75070]: [pid: 75070|app: 0|req: 460/923] 10.222.0.64 () {64 vars in 1431 bytes} [Sun May 2 01:50:33 2021] PUT /placement/allocations/6b82df83-07e4-4c5f-b6d5-2ad9359df956 => generated 0 bytes in 81 msecs (HTTP/1.1 204) 5 headers in 199 bytes (2 switches on core 0)
May 02 01:50:35.941257 n-d-765311-19 devstack@placement-api.service[75071]: DEBUG placement.requestlog [req-650a95c1-c5a4-42f7-ae8a-01569dac5def req-03f6bada-dd7e-4788-b4cd-92f9ff747954 None None] Starting request: 10.222.0.74 "GET /placement/allocation_candidates?limit=1000&resources=DISK_GB%3A1%2CMEMORY_MB%3A1024%2CVCPU%3A1&root_required=%21COMPUTE_STATUS_DISABLED" {{(pid=75071) __call__ /opt/stack/placement/placement/requestlog.py:55}}
May 02 01:50:36.135479 n-d-765311-19 devstack@placement-api.service[75071]: DEBUG placement.objects.research_context [req-650a95c1-c5a4-42f7-ae8a-01569dac5def req-03f6bada-dd7e-4788-b4cd-92f9ff747954 service placement] getting providers with 1 DISK_GB {{(pid=75071) __init__ /opt/stack/placement/placement/objects/research_context.py:126}}
May 02 01:50:36.142791 n-d-765311-19 devstack@placement-api.service[75071]: DEBUG placement.objects.research_context [req-650a95c1-c5a4-42f7-ae8a-01569dac5def req-03f6bada-dd7e-4788-b4cd-92f9ff747954 service placement] getting providers with 1024 MEMORY_MB {{(pid=75071) __init__ /opt/stack/placement/placement/objects/research_context.py:126}}
May 02 01:50:36.149162 n-d-765311-19 devstack@placement-api.service[75071]: DEBUG placement.objects.research_context [req-650a95c1-c5a4-42f7-ae8a-01569dac5def req-03f6bada-dd7e-4788-b4cd-92f9ff747954 service placement] getting providers with 1 VCPU {{(pid=75071) __init__ /opt/stack/placement/placement/objects/research_context.py:126}}
May 02 01:50:36.159766 n-d-765311-19 devstack@placement-api.service[75071]: DEBUG placement.objects.research_context [req-650a95c1-c5a4-42f7-ae8a-01569dac5def req-03f6bada-dd7e-4788-b4cd-92f9ff747954 service placement] found 2 providers with available 1 DISK_GB {{(pid=75071) get_provider_ids_matching /opt/stack/placement/placement/objects/research_context.py:549}}
May 02 01:50:36.160051 n-d-765311-19 devstack@placement-api.service[75071]: DEBUG placement.objects.research_context [req-650a95c1-c5a4-42f7-ae8a-01569dac5def req-03f6bada-dd7e-4788-b4cd-92f9ff747954 service placement] found 2 providers with available 1024 MEMORY_MB {{(pid=75071) get_provider_ids_matching /opt/stack/placement/placement/objects/research_context.py:549}}
May 02 01:50:36.160337 n-d-765311-19 devstack@placement-api.service[75071]: DEBUG placement.objects.research_context [req-650a95c1-c5a4-42f7-ae8a-01569dac5def req-03f6bada-dd7e-4788-b4cd-92f9ff747954 service placement] found 2 providers after filtering by previous result {{(pid=75071) get_provider_ids_matching /opt/stack/placement/placement/objects/research_context.py:580}}
May 02 01:50:36.160577 n-d-765311-19 devstack@placement-api.service[75071]: DEBUG placement.objects.research_context [req-650a95c1-c5a4-42f7-ae8a-01569dac5def req-03f6bada-dd7e-4788-b4cd-92f9ff747954 service placement] found 2 providers with available 1 VCPU {{(pid=75071) get_provider_ids_matching /opt/stack/placement/placement/objects/research_context.py:549}}
May 02 01:50:36.160845 n-d-765311-19 devstack@placement-api.service[75071]: DEBUG placement.objects.research_context [req-650a95c1-c5a4-42f7-ae8a-01569dac5def req-03f6bada-dd7e-4788-b4cd-92f9ff747954 service placement] found 2 providers after filtering by previous result {{(pid=75071) get_provider_ids_matching /opt/stack/placement/placement/objects/research_context.py:580}}
May 02 01:50:36.176274 n-d-765311-19 devstack@placement-api.service[75071]: DEBUG placement.objects.allocation_candidate [req-650a95c1-c5a4-42f7-ae8a-01569dac5def req-03f6bada-dd7e-4788-b4cd-92f9ff747954 service placement] RequestGroup(use_same_provider=False, resources={DISK_GB:1, MEMORY_MB:1024, VCPU:1}, traits=[], aggregates=[]) (suffix '') returned 2 matches {{(pid=75071) _get_by_requests /opt/stack/placement/placement/objects/allocation_candidate.py:145}}
May 02 01:50:36.176655 n-d-765311-19 devstack@placement-api.service[75071]: DEBUG placement.objects.allocation_candidate [req-650a95c1-c5a4-42f7-ae8a-01569dac5def req-03f6bada-dd7e-4788-b4cd-92f9ff747954 service placement] Merging candidates yields 2 allocation requests and 2 provider summaries {{(pid=75071) _merge_candidates /opt/stack/placement/placement/objects/allocation_candidate.py:783}}
May 02 01:50:36.178385 n-d-765311-19 devstack@placement-api.service[75071]: INFO placement.requestlog [req-650a95c1-c5a4-42f7-ae8a-01569dac5def req-03f6bada-dd7e-4788-b4cd-92f9ff747954 service placement] 10.222.0.74 "GET /placement/allocation_candidates?limit=1000&resources=DISK_GB%3A1%2CMEMORY_MB%3A1024%2CVCPU%3A1&root_required=%21COMPUTE_STATUS_DISABLED" status: 200 len: 1309 microversion: 1.35
May 02 01:50:36.179534 n-d-765311-19 devstack@placement-api.service[75071]: [pid: 75071|app: 0|req: 464/924] 10.222.0.74 () {60 vars in 1506 bytes} [Sun May 2 01:50:35 2021] GET /placement/allocation_candidates?limit=1000&resources=DISK_GB%3A1%2CMEMORY_MB%3A1024%2CVCPU%3A1&root_required=%21COMPUTE_STATUS_DISABLED => generated 1309 bytes in 238 msecs (HTTP/1.1 200) 8 headers in 297 bytes (1 switches on core 0)
May 02 01:50:36.209216 n-d-765311-19 devstack@placement-api.service[75070]: DEBUG placement.requestlog [req-89b6b69c-7230-4a90-b57f-2097f8accfe1 req-454e055d-8063-4066-9293-eb90fc89c450 None None] Starting request: 10.222.0.64 "GET /placement/allocations/e30b1d60-2d9c-4f02-b010-000ce9fc7650" {{(pid=75070) __call__ /opt/stack/placement/placement/requestlog.py:55}}
May 02 01:50:36.226259 n-d-765311-19 devstack@placement-api.service[75070]: INFO placement.requestlog [req-89b6b69c-7230-4a90-b57f-2097f8accfe1 req-454e055d-8063-4066-9293-eb90fc89c450 service placement] 10.222.0.64 "GET /placement/allocations/e30b1d60-2d9c-4f02-b010-000ce9fc7650" status: 200 len: 260 microversion: 1.28
May 02 01:50:36.226407 n-d-765311-19 devstack@placement-api.service[75070]: [pid: 75070|app: 0|req: 461/925] 10.222.0.64 () {60 vars in 1378 bytes} [Sun May 2 01:50:36 2021] GET /placement/allocations/e30b1d60-2d9c-4f02-b010-000ce9fc7650 => generated 260 bytes in 17 msecs (HTTP/1.1 200) 8 headers in 296 bytes (1 switches on core 0)
May 02 01:50:36.234333 n-d-765311-19 devstack@placement-api.service[75071]: DEBUG placement.requestlog [req-89b6b69c-7230-4a90-b57f-2097f8accfe1 req-1a2c303f-b374-47c1-bcea-8e4f8af15f5c None None] Starting request: 10.222.0.64 "PUT /placement/allocations/e30b1d60-2d9c-4f02-b010-000ce9fc7650" {{(pid=75071) __call__ /opt/stack/placement/placement/requestlog.py:55}}
May 02 01:50:36.250169 n-d-765311-19 devstack@placement-api.service[75070]: DEBUG placement.requestlog [req-650a95c1-c5a4-42f7-ae8a-01569dac5def req-12303afd-c0e2-4aaa-8a6f-24c16e0e777b None None] Starting request: 10.222.0.74 "GET /placement/allocations/c2626cd8-8dea-4497-9a5b-116dbb4391da" {{(pid=75070) __call__ /opt/stack/placement/placement/requestlog.py:55}}
May 02 01:50:36.297807 n-d-765311-19 devstack@placement-api.service[75071]: DEBUG placement.handlers.allocation [req-89b6b69c-7230-4a90-b57f-2097f8accfe1 req-1a2c303f-b374-47c1-bcea-8e4f8af15f5c service placement] Successfully wrote allocations [, , ] {{(pid=75071) _create_allocations /opt/stack/placement/placement/handlers/allocation.py:435}}
May 02 01:50:36.298522 n-d-765311-19 devstack@placement-api.service[75071]: INFO placement.requestlog [req-89b6b69c-7230-4a90-b57f-2097f8accfe1 req-1a2c303f-b374-47c1-bcea-8e4f8af15f5c service placement] 10.222.0.64 "PUT /placement/allocations/e30b1d60-2d9c-4f02-b010-000ce9fc7650" status: 204 len: 0 microversion: 1.28
May 02 01:50:36.299266 n-d-765311-19 devstack@placement-api.service[75071]: [pid: 75071|app: 0|req: 465/926] 10.222.0.64 () {64 vars in 1431 bytes} [Sun May 2 01:50:36 2021] PUT /placement/allocations/e30b1d60-2d9c-4f02-b010-000ce9fc7650 => generated 0 bytes in 65 msecs (HTTP/1.1 204) 5 headers in 199 bytes (1 switches on core 0)
May 02 01:50:36.342906 n-d-765311-19 devstack@placement-api.service[75070]: INFO placement.requestlog [req-650a95c1-c5a4-42f7-ae8a-01569dac5def req-12303afd-c0e2-4aaa-8a6f-24c16e0e777b service placement] 10.222.0.74 "GET /placement/allocations/c2626cd8-8dea-4497-9a5b-116dbb4391da" status: 200 len: 19 microversion: 1.28
May 02 01:50:36.343639 n-d-765311-19 devstack@placement-api.service[75070]: [pid: 75070|app: 0|req: 462/927] 10.222.0.74 () {60 vars in 1380 bytes} [Sun May 2 01:50:36 2021] GET /placement/allocations/c2626cd8-8dea-4497-9a5b-116dbb4391da => generated 19 bytes in 94 msecs (HTTP/1.1 200) 8 headers in 295 bytes (1 switches on core 0)
May 02 01:50:36.348970 n-d-765311-19 devstack@placement-api.service[75071]: DEBUG placement.requestlog [req-650a95c1-c5a4-42f7-ae8a-01569dac5def req-d8950070-08c8-4691-836d-b720c5fbbf85 None None] Starting request: 10.222.0.74 "PUT /placement/allocations/c2626cd8-8dea-4497-9a5b-116dbb4391da" {{(pid=75071) __call__ /opt/stack/placement/placement/requestlog.py:55}}
May 02 01:50:36.461471 n-d-765311-19 devstack@placement-api.service[75071]: DEBUG placement.handlers.allocation [req-650a95c1-c5a4-42f7-ae8a-01569dac5def req-d8950070-08c8-4691-836d-b720c5fbbf85 service placement] Successfully wrote allocations [, , ] {{(pid=75071) _create_allocations /opt/stack/placement/placement/handlers/allocation.py:435}}
May 02 01:50:36.462483 n-d-765311-19 devstack@placement-api.service[75071]: INFO placement.requestlog [req-650a95c1-c5a4-42f7-ae8a-01569dac5def req-d8950070-08c8-4691-836d-b720c5fbbf85 service placement] 10.222.0.74 "PUT /placement/allocations/c2626cd8-8dea-4497-9a5b-116dbb4391da" status: 204 len: 0 microversion: 1.35
May 02 01:50:36.463020 n-d-765311-19 devstack@placement-api.service[75071]: [pid: 75071|app: 0|req: 466/928] 10.222.0.74 () {64 vars in 1433 bytes} [Sun May 2 01:50:36 2021] PUT /placement/allocations/c2626cd8-8dea-4497-9a5b-116dbb4391da => generated 0 bytes in 114 msecs (HTTP/1.1 204) 5 headers in 199 bytes (2 switches on core 0)
May 02 01:50:36.897378 n-d-765311-19 devstack@placement-api.service[75070]: DEBUG placement.requestlog [req-650a95c1-c5a4-42f7-ae8a-01569dac5def req-3b870ce7-8f34-45fb-97a7-30772ca48ad2 None None] Starting request: 10.222.0.64 "GET /placement/allocations/c2626cd8-8dea-4497-9a5b-116dbb4391da" {{(pid=75070) __call__ /opt/stack/placement/placement/requestlog.py:55}}
May 02 01:50:36.921237 n-d-765311-19 devstack@placement-api.service[75070]: INFO placement.requestlog [req-650a95c1-c5a4-42f7-ae8a-01569dac5def req-3b870ce7-8f34-45fb-97a7-30772ca48ad2 service placement] 10.222.0.64 "GET /placement/allocations/c2626cd8-8dea-4497-9a5b-116dbb4391da" status: 200 len: 260 microversion: 1.28
May 02 01:50:36.921757 n-d-765311-19 devstack@placement-api.service[75070]: [pid: 75070|app: 0|req: 463/929] 10.222.0.64 () {60 vars in 1378 bytes} [Sun May 2 01:50:36 2021] GET /placement/allocations/c2626cd8-8dea-4497-9a5b-116dbb4391da => generated 260 bytes in 24 msecs (HTTP/1.1 200) 8 headers in 296 bytes (1 switches on core 0)
May 02 01:50:39.410051 n-d-765311-19 devstack@placement-api.service[75071]: DEBUG placement.requestlog [req-e1afba99-669c-49e4-acf8-9924ef36dbc8 req-fad6d719-407a-420f-a384-27028eb1aaef None None] Starting request: 10.222.0.55 "GET /placement/resource_providers/2641b7f4-4f01-488a-9f55-bea00d85e24c/allocations" {{(pid=75071) __call__ /opt/stack/placement/placement/requestlog.py:55}}
May 02 01:50:39.460539 n-d-765311-19 devstack@placement-api.service[75071]: INFO placement.requestlog [req-e1afba99-669c-49e4-acf8-9924ef36dbc8 req-fad6d719-407a-420f-a384-27028eb1aaef service placement] 10.222.0.55 "GET /placement/resource_providers/2641b7f4-4f01-488a-9f55-bea00d85e24c/allocations" status: 200 len: 660 microversion: 1.0
May 02 01:50:39.461611 n-d-765311-19 devstack@placement-api.service[75071]: [pid: 75071|app: 0|req: 467/930] 10.222.0.55 () {58 vars in 1391 bytes} [Sun May 2 01:50:39 2021] GET /placement/resource_providers/2641b7f4-4f01-488a-9f55-bea00d85e24c/allocations => generated 660 bytes in 52 msecs (HTTP/1.1 200) 6 headers in 224 bytes (1 switches on core 0)
May 02 01:50:43.113317 n-d-765311-19 devstack@placement-api.service[75070]: DEBUG placement.requestlog [req-797ca724-6109-44a6-ab82-86f4616198e4 req-4cc3b680-fca9-4287-b54f-b741e1e2dc88 None None] Starting request: 10.222.0.64 "GET /placement/allocations/61d37197-c0f7-46f3-a5a4-e19d4342ef81" {{(pid=75070) __call__ /opt/stack/placement/placement/requestlog.py:55}}
May 02 01:50:43.131295 n-d-765311-19 devstack@placement-api.service[75070]: INFO placement.requestlog [req-797ca724-6109-44a6-ab82-86f4616198e4 req-4cc3b680-fca9-4287-b54f-b741e1e2dc88 service placement] 10.222.0.64 "GET /placement/allocations/61d37197-c0f7-46f3-a5a4-e19d4342ef81" status: 200 len: 260 microversion: 1.28
May 02 01:50:43.132041 n-d-765311-19 devstack@placement-api.service[75070]: [pid: 75070|app: 0|req: 464/931] 10.222.0.64 () {60 vars in 1378 bytes} [Sun May 2 01:50:43 2021] GET /placement/allocations/61d37197-c0f7-46f3-a5a4-e19d4342ef81 => generated 260 bytes in 19 msecs (HTTP/1.1 200) 8 headers in 296 bytes (1 switches on core 0)
May 02 01:50:43.140297 n-d-765311-19 devstack@placement-api.service[75071]: DEBUG placement.requestlog [req-797ca724-6109-44a6-ab82-86f4616198e4 req-023d8ff4-79e5-457a-8c96-90515097f859 None None] Starting request: 10.222.0.64 "PUT /placement/allocations/61d37197-c0f7-46f3-a5a4-e19d4342ef81" {{(pid=75071) __call__ /opt/stack/placement/placement/requestlog.py:55}}
May 02 01:50:43.190233 n-d-765311-19 devstack@placement-api.service[75071]: DEBUG placement.handlers.allocation [req-797ca724-6109-44a6-ab82-86f4616198e4 req-023d8ff4-79e5-457a-8c96-90515097f859 service placement] Successfully wrote allocations [, , ] {{(pid=75071) _create_allocations /opt/stack/placement/placement/handlers/allocation.py:435}}
May 02 01:50:43.190906 n-d-765311-19 devstack@placement-api.service[75071]: INFO placement.requestlog [req-797ca724-6109-44a6-ab82-86f4616198e4 req-023d8ff4-79e5-457a-8c96-90515097f859 service placement] 10.222.0.64 "PUT /placement/allocations/61d37197-c0f7-46f3-a5a4-e19d4342ef81" status: 204 len: 0 microversion: 1.28
May 02 01:50:43.191635 n-d-765311-19 devstack@placement-api.service[75071]: [pid: 75071|app: 0|req: 468/932] 10.222.0.64 () {64 vars in 1431 bytes} [Sun May 2 01:50:43 2021] PUT /placement/allocations/61d37197-c0f7-46f3-a5a4-e19d4342ef81 => generated 0 bytes in 51 msecs (HTTP/1.1 204) 5 headers in 199 bytes (1 switches on core 0)
May 02 01:50:47.841436 n-d-765311-19 devstack@placement-api.service[75070]: DEBUG placement.requestlog [req-fa3939ff-e9a1-4acb-a876-da05a272b2ba req-7f0b3906-83e3-43c6-b66e-04e5417b069a None None] Starting request: 10.222.0.74 "GET /placement/allocation_candidates?limit=1000&resources=DISK_GB%3A1%2CMEMORY_MB%3A1024%2CVCPU%3A1&root_required=%21COMPUTE_STATUS_DISABLED" {{(pid=75070) __call__ /opt/stack/placement/placement/requestlog.py:55}}
May 02 01:50:47.915278 n-d-765311-19 devstack@placement-api.service[75070]: DEBUG placement.objects.research_context [req-fa3939ff-e9a1-4acb-a876-da05a272b2ba req-7f0b3906-83e3-43c6-b66e-04e5417b069a service placement] getting providers with 1 DISK_GB {{(pid=75070) __init__ /opt/stack/placement/placement/objects/research_context.py:126}}
May 02 01:50:47.943558 n-d-765311-19 devstack@placement-api.service[75070]: DEBUG placement.objects.research_context [req-fa3939ff-e9a1-4acb-a876-da05a272b2ba req-7f0b3906-83e3-43c6-b66e-04e5417b069a service placement] getting providers with 1024 MEMORY_MB {{(pid=75070) __init__ /opt/stack/placement/placement/objects/research_context.py:126}}
May 02 01:50:47.952391 n-d-765311-19 devstack@placement-api.service[75070]: DEBUG placement.objects.research_context [req-fa3939ff-e9a1-4acb-a876-da05a272b2ba req-7f0b3906-83e3-43c6-b66e-04e5417b069a service placement] getting providers with 1 VCPU {{(pid=75070) __init__ /opt/stack/placement/placement/objects/research_context.py:126}}
May 02 01:50:47.970216 n-d-765311-19 devstack@placement-api.service[75070]: DEBUG placement.objects.research_context [req-fa3939ff-e9a1-4acb-a876-da05a272b2ba req-7f0b3906-83e3-43c6-b66e-04e5417b069a service placement] found 2 providers with available 1 DISK_GB {{(pid=75070) get_provider_ids_matching /opt/stack/placement/placement/objects/research_context.py:549}}
May 02 01:50:47.972751 n-d-765311-19 devstack@placement-api.service[75070]: DEBUG placement.objects.research_context [req-fa3939ff-e9a1-4acb-a876-da05a272b2ba req-7f0b3906-83e3-43c6-b66e-04e5417b069a service placement] found 2 providers with available 1024 MEMORY_MB {{(pid=75070) get_provider_ids_matching /opt/stack/placement/placement/objects/research_context.py:549}}
May 02 01:50:47.973237 n-d-765311-19 devstack@placement-api.service[75070]: DEBUG placement.objects.research_context [req-fa3939ff-e9a1-4acb-a876-da05a272b2ba req-7f0b3906-83e3-43c6-b66e-04e5417b069a service placement] found 2 providers after filtering by previous result {{(pid=75070) get_provider_ids_matching /opt/stack/placement/placement/objects/research_context.py:580}}
