Feb 18 22:37:48.631701 n-d-764486-6 devstack@placement-api.service[104156]: DEBUG placement.handlers.allocation [req-8f3b99d4-1531-4ca9-b5c7-820589b1a862 req-3e417f0e-89c2-4af7-bfdd-d2a7cf541aa2 service placement] Successfully wrote allocations [, , ] {{(pid=104156) _update_consumers_and_create_allocations /opt/stack/placement/placement/handlers/allocation.py:462}}
Feb 18 22:37:48.641698 n-d-764486-6 devstack@placement-api.service[104156]: INFO placement.requestlog [req-8f3b99d4-1531-4ca9-b5c7-820589b1a862 req-3e417f0e-89c2-4af7-bfdd-d2a7cf541aa2 service placement] 10.222.0.71 "PUT /placement/allocations/fdd449b6-a23c-41b8-8efd-b49fb457a236" status: 204 len: 0 microversion: 1.36
Feb 18 22:37:48.642672 n-d-764486-6 devstack@placement-api.service[104156]: [pid: 104156|app: 0|req: 332/667] 10.222.0.71 () {64 vars in 1433 bytes} [Fri Feb 18 22:37:48 2022] PUT /placement/allocations/fdd449b6-a23c-41b8-8efd-b49fb457a236 => generated 0 bytes in 141 msecs (HTTP/1.1 204) 5 headers in 199 bytes (1 switches on core 0)
Feb 18 22:37:49.497885 n-d-764486-6 devstack@placement-api.service[104157]: DEBUG placement.requestlog [req-8f3b99d4-1531-4ca9-b5c7-820589b1a862 req-a7a4ed93-2fff-4c2e-a0a2-c7e2d3d836e3 None None] Starting request: 10.222.0.81 "GET /placement/allocations/fdd449b6-a23c-41b8-8efd-b49fb457a236" {{(pid=104157) __call__ /opt/stack/placement/placement/requestlog.py:55}}
Feb 18 22:37:49.564790 n-d-764486-6 devstack@placement-api.service[104157]: INFO placement.requestlog [req-8f3b99d4-1531-4ca9-b5c7-820589b1a862 req-a7a4ed93-2fff-4c2e-a0a2-c7e2d3d836e3 service placement] 10.222.0.81 "GET /placement/allocations/fdd449b6-a23c-41b8-8efd-b49fb457a236" status: 200 len: 260 microversion: 1.28
Feb 18 22:37:49.565440 n-d-764486-6 devstack@placement-api.service[104157]: [pid: 104157|app: 0|req: 336/668] 10.222.0.81 () {60 vars in 1377 bytes} [Fri Feb 18 22:37:49 2022] GET /placement/allocations/fdd449b6-a23c-41b8-8efd-b49fb457a236 => generated 260 bytes in 69 msecs (HTTP/1.1 200) 8 headers in 296 bytes (1 switches on core 0)
Feb 18 22:37:52.379200 n-d-764486-6 devstack@placement-api.service[104156]: DEBUG placement.requestlog [req-d57a234d-0e1b-4414-a4a4-10d6af11f947 req-77b4d513-e5f7-4b99-b6a7-ea10fc29e855 None None] Starting request: 10.222.0.81 "DELETE /placement/allocations/311f70d2-929e-40a3-88ff-631061c0a4ed" {{(pid=104156) __call__ /opt/stack/placement/placement/requestlog.py:55}}
Feb 18 22:37:52.426627 n-d-764486-6 devstack@placement-api.service[104156]: DEBUG placement.handlers.allocation [req-d57a234d-0e1b-4414-a4a4-10d6af11f947 req-77b4d513-e5f7-4b99-b6a7-ea10fc29e855 service placement] Successfully deleted allocations [, , ] {{(pid=104156) delete_allocations /opt/stack/placement/placement/handlers/allocation.py:627}}
Feb 18 22:37:52.427863 n-d-764486-6 devstack@placement-api.service[104156]: INFO placement.requestlog [req-d57a234d-0e1b-4414-a4a4-10d6af11f947 req-77b4d513-e5f7-4b99-b6a7-ea10fc29e855 service placement] 10.222.0.81 "DELETE /placement/allocations/311f70d2-929e-40a3-88ff-631061c0a4ed" status: 204 len: 0 microversion: 1.0
Feb 18 22:37:52.429589 n-d-764486-6 devstack@placement-api.service[104156]: [pid: 104156|app: 0|req: 333/669] 10.222.0.81 () {60 vars in 1355 bytes} [Fri Feb 18 22:37:52 2022] DELETE /placement/allocations/311f70d2-929e-40a3-88ff-631061c0a4ed => generated 0 bytes in 50 msecs (HTTP/1.1 204) 5 headers in 198 bytes (2 switches on core 0)
Feb 18 22:37:54.808343 n-d-764486-6 devstack@placement-api.service[104157]: DEBUG placement.requestlog [req-3c96949d-a99a-4abe-8e1f-de24473f58ce req-3e491af9-eef9-436a-894f-54e2992deba9 None None] Starting request: 10.222.0.71 "GET /placement/allocation_candidates?limit=1000&resources=DISK_GB%3A1%2CMEMORY_MB%3A1024%2CVCPU%3A1&root_required=%21COMPUTE_STATUS_DISABLED" {{(pid=104157) __call__ /opt/stack/placement/placement/requestlog.py:55}}
Feb 18 22:37:54.938557 n-d-764486-6 devstack@placement-api.service[104157]: DEBUG placement.objects.research_context [req-3c96949d-a99a-4abe-8e1f-de24473f58ce req-3e491af9-eef9-436a-894f-54e2992deba9 service placement] getting providers with 1 DISK_GB {{(pid=104157) __init__ /opt/stack/placement/placement/objects/research_context.py:126}}
Feb 18 22:37:54.956433 n-d-764486-6 devstack@placement-api.service[104157]: DEBUG placement.objects.research_context [req-3c96949d-a99a-4abe-8e1f-de24473f58ce req-3e491af9-eef9-436a-894f-54e2992deba9 service placement] getting providers with 1024 MEMORY_MB {{(pid=104157) __init__ /opt/stack/placement/placement/objects/research_context.py:126}}
Feb 18 22:37:54.975275 n-d-764486-6 devstack@placement-api.service[104157]: DEBUG placement.objects.research_context [req-3c96949d-a99a-4abe-8e1f-de24473f58ce req-3e491af9-eef9-436a-894f-54e2992deba9 service placement] getting providers with 1 VCPU {{(pid=104157) __init__ /opt/stack/placement/placement/objects/research_context.py:126}}
Feb 18 22:37:54.991148 n-d-764486-6 devstack@placement-api.service[104157]: DEBUG placement.objects.research_context [req-3c96949d-a99a-4abe-8e1f-de24473f58ce req-3e491af9-eef9-436a-894f-54e2992deba9 service placement] found 2 providers with available 1 DISK_GB {{(pid=104157) get_provider_ids_matching /opt/stack/placement/placement/objects/research_context.py:549}}
Feb 18 22:37:54.992583 n-d-764486-6 devstack@placement-api.service[104157]: DEBUG placement.objects.research_context [req-3c96949d-a99a-4abe-8e1f-de24473f58ce req-3e491af9-eef9-436a-894f-54e2992deba9 service placement] found 2 providers with available 1024 MEMORY_MB {{(pid=104157) get_provider_ids_matching /opt/stack/placement/placement/objects/research_context.py:549}}
Feb 18 22:37:54.993376 n-d-764486-6 devstack@placement-api.service[104157]: DEBUG placement.objects.research_context [req-3c96949d-a99a-4abe-8e1f-de24473f58ce req-3e491af9-eef9-436a-894f-54e2992deba9 service placement] found 2 providers after filtering by previous result {{(pid=104157) get_provider_ids_matching /opt/stack/placement/placement/objects/research_context.py:580}}
Feb 18 22:37:54.994138 n-d-764486-6 devstack@placement-api.service[104157]: DEBUG placement.objects.research_context [req-3c96949d-a99a-4abe-8e1f-de24473f58ce req-3e491af9-eef9-436a-894f-54e2992deba9 service placement] found 2 providers with available 1 VCPU {{(pid=104157) get_provider_ids_matching /opt/stack/placement/placement/objects/research_context.py:549}}
Feb 18 22:37:54.994867 n-d-764486-6 devstack@placement-api.service[104157]: DEBUG placement.objects.research_context [req-3c96949d-a99a-4abe-8e1f-de24473f58ce req-3e491af9-eef9-436a-894f-54e2992deba9 service placement] found 2 providers after filtering by previous result {{(pid=104157) get_provider_ids_matching /opt/stack/placement/placement/objects/research_context.py:580}}
Feb 18 22:37:55.025074 n-d-764486-6 devstack@placement-api.service[104157]: DEBUG placement.objects.allocation_candidate [req-3c96949d-a99a-4abe-8e1f-de24473f58ce req-3e491af9-eef9-436a-894f-54e2992deba9 service placement] RequestGroup(use_same_provider=False, resources={DISK_GB:1, MEMORY_MB:1024, VCPU:1}, traits=[], aggregates=[]) (suffix '') returned 2 matches {{(pid=104157) _get_by_requests /opt/stack/placement/placement/objects/allocation_candidate.py:145}}
Feb 18 22:37:55.026561 n-d-764486-6 devstack@placement-api.service[104157]: DEBUG placement.objects.allocation_candidate [req-3c96949d-a99a-4abe-8e1f-de24473f58ce req-3e491af9-eef9-436a-894f-54e2992deba9 service placement] Merging candidates yields 2 allocation requests and 2 provider summaries {{(pid=104157) _merge_candidates /opt/stack/placement/placement/objects/allocation_candidate.py:783}}
Feb 18 22:37:55.030632 n-d-764486-6 devstack@placement-api.service[104157]: INFO placement.requestlog [req-3c96949d-a99a-4abe-8e1f-de24473f58ce req-3e491af9-eef9-436a-894f-54e2992deba9 service placement] 10.222.0.71 "GET /placement/allocation_candidates?limit=1000&resources=DISK_GB%3A1%2CMEMORY_MB%3A1024%2CVCPU%3A1&root_required=%21COMPUTE_STATUS_DISABLED" status: 200 len: 1309 microversion: 1.36
Feb 18 22:37:55.032048 n-d-764486-6 devstack@placement-api.service[104157]: [pid: 104157|app: 0|req: 337/670] 10.222.0.71 () {60 vars in 1506 bytes} [Fri Feb 18 22:37:54 2022] GET /placement/allocation_candidates?limit=1000&resources=DISK_GB%3A1%2CMEMORY_MB%3A1024%2CVCPU%3A1&root_required=%21COMPUTE_STATUS_DISABLED => generated 1309 bytes in 224 msecs (HTTP/1.1 200) 8 headers in 297 bytes (1 switches on core 0)
Feb 18 22:37:55.208919 n-d-764486-6 devstack@placement-api.service[104156]: DEBUG placement.requestlog [req-3c96949d-a99a-4abe-8e1f-de24473f58ce req-2ceec2f4-811d-48af-a682-0e36ccb1c22e None None] Starting request: 10.222.0.71 "GET /placement/allocations/e0249d1f-d384-419d-83c0-8fe46269a4c5" {{(pid=104156) __call__ /opt/stack/placement/placement/requestlog.py:55}}
Feb 18 22:37:55.249821 n-d-764486-6 devstack@placement-api.service[104156]: INFO placement.requestlog [req-3c96949d-a99a-4abe-8e1f-de24473f58ce req-2ceec2f4-811d-48af-a682-0e36ccb1c22e service placement] 10.222.0.71 "GET /placement/allocations/e0249d1f-d384-419d-83c0-8fe46269a4c5" status: 200 len: 19 microversion: 1.28
Feb 18 22:37:55.250373 n-d-764486-6 devstack@placement-api.service[104156]: [pid: 104156|app: 0|req: 334/671] 10.222.0.71 () {60 vars in 1380 bytes} [Fri Feb 18 22:37:55 2022] GET /placement/allocations/e0249d1f-d384-419d-83c0-8fe46269a4c5 => generated 19 bytes in 42 msecs (HTTP/1.1 200) 8 headers in 295 bytes (1 switches on core 0)
Feb 18 22:37:55.258031 n-d-764486-6 devstack@placement-api.service[104157]: DEBUG placement.requestlog [req-3c96949d-a99a-4abe-8e1f-de24473f58ce req-81a55dbe-b306-4cfb-ac3a-bf203f1dde19 None None] Starting request: 10.222.0.71 "PUT /placement/allocations/e0249d1f-d384-419d-83c0-8fe46269a4c5" {{(pid=104157) __call__ /opt/stack/placement/placement/requestlog.py:55}}
Feb 18 22:37:55.472427 n-d-764486-6 devstack@placement-api.service[104157]: DEBUG placement.handlers.allocation [req-3c96949d-a99a-4abe-8e1f-de24473f58ce req-81a55dbe-b306-4cfb-ac3a-bf203f1dde19 service placement] Successfully wrote allocations [, , ] {{(pid=104157) _update_consumers_and_create_allocations /opt/stack/placement/placement/handlers/allocation.py:462}}
Feb 18 22:37:55.486606 n-d-764486-6 devstack@placement-api.service[104157]: INFO placement.requestlog [req-3c96949d-a99a-4abe-8e1f-de24473f58ce req-81a55dbe-b306-4cfb-ac3a-bf203f1dde19 service placement] 10.222.0.71 "PUT /placement/allocations/e0249d1f-d384-419d-83c0-8fe46269a4c5" status: 204 len: 0 microversion: 1.36
Feb 18 22:37:55.491408 n-d-764486-6 devstack@placement-api.service[104157]: [pid: 104157|app: 0|req: 338/672] 10.222.0.71 () {64 vars in 1433 bytes} [Fri Feb 18 22:37:55 2022] PUT /placement/allocations/e0249d1f-d384-419d-83c0-8fe46269a4c5 => generated 0 bytes in 230 msecs (HTTP/1.1 204) 5 headers in 199 bytes (1 switches on core 0)
Feb 18 22:37:56.088153 n-d-764486-6 devstack@placement-api.service[104156]: DEBUG placement.requestlog [req-3c96949d-a99a-4abe-8e1f-de24473f58ce req-ed43fc19-c538-4a30-83d5-11bb581aa3b7 None None] Starting request: 10.222.0.81 "GET /placement/allocations/e0249d1f-d384-419d-83c0-8fe46269a4c5" {{(pid=104156) __call__ /opt/stack/placement/placement/requestlog.py:55}}
Feb 18 22:37:56.200770 n-d-764486-6 devstack@placement-api.service[104156]: INFO placement.requestlog [req-3c96949d-a99a-4abe-8e1f-de24473f58ce req-ed43fc19-c538-4a30-83d5-11bb581aa3b7 service placement] 10.222.0.81 "GET /placement/allocations/e0249d1f-d384-419d-83c0-8fe46269a4c5" status: 200 len: 260 microversion: 1.28
Feb 18 22:37:56.202214 n-d-764486-6 devstack@placement-api.service[104156]: [pid: 104156|app: 0|req: 335/673] 10.222.0.81 () {60 vars in 1377 bytes} [Fri Feb 18 22:37:56 2022] GET /placement/allocations/e0249d1f-d384-419d-83c0-8fe46269a4c5 => generated 260 bytes in 115 msecs (HTTP/1.1 200) 8 headers in 296 bytes (1 switches on core 0)
Feb 18 22:37:56.938820 n-d-764486-6 devstack@placement-api.service[104157]: DEBUG placement.requestlog [req-e0d2f938-7af1-4da4-a8ee-cab91bf9c495 req-710759e9-9e1b-4710-9349-52ce7765938a None None] Starting request: 10.222.0.71 "GET /placement/allocation_candidates?limit=1000&resources=DISK_GB%3A1%2CMEMORY_MB%3A1024%2CVCPU%3A1&root_required=%21COMPUTE_STATUS_DISABLED" {{(pid=104157) __call__ /opt/stack/placement/placement/requestlog.py:55}}
Feb 18 22:37:56.996128 n-d-764486-6 devstack@placement-api.service[104156]: DEBUG placement.requestlog [req-b360a8fb-f9d5-4931-9cbe-4e407f894c7e req-9f5875b6-4c15-427f-9570-41d58d126208 None None] Starting request: 10.222.0.81 "DELETE /placement/allocations/78f84c29-31d4-4581-83f3-1dc9fee47b5b" {{(pid=104156) __call__ /opt/stack/placement/placement/requestlog.py:55}}
Feb 18 22:37:57.042149 n-d-764486-6 devstack@placement-api.service[104157]: DEBUG placement.objects.research_context [req-e0d2f938-7af1-4da4-a8ee-cab91bf9c495 req-710759e9-9e1b-4710-9349-52ce7765938a service placement] getting providers with 1 DISK_GB {{(pid=104157) __init__ /opt/stack/placement/placement/objects/research_context.py:126}}
Feb 18 22:37:57.059682 n-d-764486-6 devstack@placement-api.service[104157]: DEBUG placement.objects.research_context [req-e0d2f938-7af1-4da4-a8ee-cab91bf9c495 req-710759e9-9e1b-4710-9349-52ce7765938a service placement] getting providers with 1024 MEMORY_MB {{(pid=104157) __init__ /opt/stack/placement/placement/objects/research_context.py:126}}
Feb 18 22:37:57.072378 n-d-764486-6 devstack@placement-api.service[104157]: DEBUG placement.objects.research_context [req-e0d2f938-7af1-4da4-a8ee-cab91bf9c495 req-710759e9-9e1b-4710-9349-52ce7765938a service placement] getting providers with 1 VCPU {{(pid=104157) __init__ /opt/stack/placement/placement/objects/research_context.py:126}}
Feb 18 22:37:57.091259 n-d-764486-6 devstack@placement-api.service[104157]: DEBUG placement.objects.research_context [req-e0d2f938-7af1-4da4-a8ee-cab91bf9c495 req-710759e9-9e1b-4710-9349-52ce7765938a service placement] found 2 providers with available 1 DISK_GB {{(pid=104157) get_provider_ids_matching /opt/stack/placement/placement/objects/research_context.py:549}}
Feb 18 22:37:57.110276 n-d-764486-6 devstack@placement-api.service[104157]: DEBUG placement.objects.research_context [req-e0d2f938-7af1-4da4-a8ee-cab91bf9c495 req-710759e9-9e1b-4710-9349-52ce7765938a service placement] found 2 providers with available 1024 MEMORY_MB {{(pid=104157) get_provider_ids_matching /opt/stack/placement/placement/objects/research_context.py:549}}
Feb 18 22:37:57.114385 n-d-764486-6 devstack@placement-api.service[104157]: DEBUG placement.objects.research_context [req-e0d2f938-7af1-4da4-a8ee-cab91bf9c495 req-710759e9-9e1b-4710-9349-52ce7765938a service placement] found 2 providers after filtering by previous result {{(pid=104157) get_provider_ids_matching /opt/stack/placement/placement/objects/research_context.py:580}}
Feb 18 22:37:57.116623 n-d-764486-6 devstack@placement-api.service[104156]: DEBUG placement.handlers.allocation [req-b360a8fb-f9d5-4931-9cbe-4e407f894c7e req-9f5875b6-4c15-427f-9570-41d58d126208 service placement] Successfully deleted allocations [, , ] {{(pid=104156) delete_allocations /opt/stack/placement/placement/handlers/allocation.py:627}}
Feb 18 22:37:57.117328 n-d-764486-6 devstack@placement-api.service[104156]: INFO placement.requestlog [req-b360a8fb-f9d5-4931-9cbe-4e407f894c7e req-9f5875b6-4c15-427f-9570-41d58d126208 service placement] 10.222.0.81 "DELETE /placement/allocations/78f84c29-31d4-4581-83f3-1dc9fee47b5b" status: 204 len: 0 microversion: 1.0
Feb 18 22:37:57.118186 n-d-764486-6 devstack@placement-api.service[104157]: DEBUG placement.objects.research_context [req-e0d2f938-7af1-4da4-a8ee-cab91bf9c495 req-710759e9-9e1b-4710-9349-52ce7765938a service placement] found 2 providers with available 1 VCPU {{(pid=104157) get_provider_ids_matching /opt/stack/placement/placement/objects/research_context.py:549}}
Feb 18 22:37:57.118665 n-d-764486-6 devstack@placement-api.service[104156]: [pid: 104156|app: 0|req: 336/674] 10.222.0.81 () {60 vars in 1355 bytes} [Fri Feb 18 22:37:56 2022] DELETE /placement/allocations/78f84c29-31d4-4581-83f3-1dc9fee47b5b => generated 0 bytes in 123 msecs (HTTP/1.1 204) 5 headers in 198 bytes (1 switches on core 0)
Feb 18 22:37:57.118984 n-d-764486-6 devstack@placement-api.service[104157]: DEBUG placement.objects.research_context [req-e0d2f938-7af1-4da4-a8ee-cab91bf9c495 req-710759e9-9e1b-4710-9349-52ce7765938a service placement] found 2 providers after filtering by previous result {{(pid=104157) get_provider_ids_matching /opt/stack/placement/placement/objects/research_context.py:580}}
Feb 18 22:37:57.164589 n-d-764486-6 devstack@placement-api.service[104156]: DEBUG placement.requestlog [req-012de201-a8ad-4d56-8b32-93f60560d1e1 req-0ed2c925-8745-4908-8d5b-78b52fd7087c None None] Starting request: 10.222.0.71 "GET /placement/allocation_candidates?limit=1000&resources=DISK_GB%3A1%2CMEMORY_MB%3A1024%2CVCPU%3A1&root_required=%21COMPUTE_STATUS_DISABLED" {{(pid=104156) __call__ /opt/stack/placement/placement/requestlog.py:55}}
Feb 18 22:37:57.221306 n-d-764486-6 devstack@placement-api.service[104157]: DEBUG placement.objects.allocation_candidate [req-e0d2f938-7af1-4da4-a8ee-cab91bf9c495 req-710759e9-9e1b-4710-9349-52ce7765938a service placement] RequestGroup(use_same_provider=False, resources={DISK_GB:1, MEMORY_MB:1024, VCPU:1}, traits=[], aggregates=[]) (suffix '') returned 2 matches {{(pid=104157) _get_by_requests /opt/stack/placement/placement/objects/allocation_candidate.py:145}}
Feb 18 22:37:57.233798 n-d-764486-6 devstack@placement-api.service[104157]: DEBUG placement.objects.allocation_candidate [req-e0d2f938-7af1-4da4-a8ee-cab91bf9c495 req-710759e9-9e1b-4710-9349-52ce7765938a service placement] Merging candidates yields 2 allocation requests and 2 provider summaries {{(pid=104157) _merge_candidates /opt/stack/placement/placement/objects/allocation_candidate.py:783}}
Feb 18 22:37:57.239930 n-d-764486-6 devstack@placement-api.service[104157]: INFO placement.requestlog [req-e0d2f938-7af1-4da4-a8ee-cab91bf9c495 req-710759e9-9e1b-4710-9349-52ce7765938a service placement] 10.222.0.71 "GET /placement/allocation_candidates?limit=1000&resources=DISK_GB%3A1%2CMEMORY_MB%3A1024%2CVCPU%3A1&root_required=%21COMPUTE_STATUS_DISABLED" status: 200 len: 1309 microversion: 1.36
Feb 18 22:37:57.257503 n-d-764486-6 devstack@placement-api.service[104156]: DEBUG placement.objects.research_context [req-012de201-a8ad-4d56-8b32-93f60560d1e1 req-0ed2c925-8745-4908-8d5b-78b52fd7087c service placement] getting providers with 1 DISK_GB {{(pid=104156) __init__ /opt/stack/placement/placement/objects/research_context.py:126}}
Feb 18 22:37:57.268263 n-d-764486-6 devstack@placement-api.service[104156]: DEBUG placement.objects.research_context [req-012de201-a8ad-4d56-8b32-93f60560d1e1 req-0ed2c925-8745-4908-8d5b-78b52fd7087c service placement] getting providers with 1024 MEMORY_MB {{(pid=104156) __init__ /opt/stack/placement/placement/objects/research_context.py:126}}
Feb 18 22:37:57.271080 n-d-764486-6 devstack@placement-api.service[104157]: [pid: 104157|app: 0|req: 339/675] 10.222.0.71 () {60 vars in 1506 bytes} [Fri Feb 18 22:37:56 2022] GET /placement/allocation_candidates?limit=1000&resources=DISK_GB%3A1%2CMEMORY_MB%3A1024%2CVCPU%3A1&root_required=%21COMPUTE_STATUS_DISABLED => generated 1309 bytes in 333 msecs (HTTP/1.1 200) 8 headers in 297 bytes (1 switches on core 0)
Feb 18 22:37:57.290414 n-d-764486-6 devstack@placement-api.service[104156]: DEBUG placement.objects.research_context [req-012de201-a8ad-4d56-8b32-93f60560d1e1 req-0ed2c925-8745-4908-8d5b-78b52fd7087c service placement] getting providers with 1 VCPU {{(pid=104156) __init__ /opt/stack/placement/placement/objects/research_context.py:126}}
Feb 18 22:37:57.329204 n-d-764486-6 devstack@placement-api.service[104156]: DEBUG placement.objects.research_context [req-012de201-a8ad-4d56-8b32-93f60560d1e1 req-0ed2c925-8745-4908-8d5b-78b52fd7087c service placement] found 2 providers with available 1 DISK_GB {{(pid=104156) get_provider_ids_matching /opt/stack/placement/placement/objects/research_context.py:549}}
Feb 18 22:37:57.330550 n-d-764486-6 devstack@placement-api.service[104156]: DEBUG placement.objects.research_context [req-012de201-a8ad-4d56-8b32-93f60560d1e1 req-0ed2c925-8745-4908-8d5b-78b52fd7087c service placement] found 2 providers with available 1024 MEMORY_MB {{(pid=104156) get_provider_ids_matching /opt/stack/placement/placement/objects/research_context.py:549}}
Feb 18 22:37:57.332756 n-d-764486-6 devstack@placement-api.service[104156]: DEBUG placement.objects.research_context [req-012de201-a8ad-4d56-8b32-93f60560d1e1 req-0ed2c925-8745-4908-8d5b-78b52fd7087c service placement] found 2 providers after filtering by previous result {{(pid=104156) get_provider_ids_matching /opt/stack/placement/placement/objects/research_context.py:580}}
Feb 18 22:37:57.333392 n-d-764486-6 devstack@placement-api.service[104156]: DEBUG placement.objects.research_context [req-012de201-a8ad-4d56-8b32-93f60560d1e1 req-0ed2c925-8745-4908-8d5b-78b52fd7087c service placement] found 2 providers with available 1 VCPU {{(pid=104156) get_provider_ids_matching /opt/stack/placement/placement/objects/research_context.py:549}}
Feb 18 22:37:57.333880 n-d-764486-6 devstack@placement-api.service[104156]: DEBUG placement.objects.research_context [req-012de201-a8ad-4d56-8b32-93f60560d1e1 req-0ed2c925-8745-4908-8d5b-78b52fd7087c service placement] found 2 providers after filtering by previous result {{(pid=104156) get_provider_ids_matching /opt/stack/placement/placement/objects/research_context.py:580}}
Feb 18 22:37:57.377594 n-d-764486-6 devstack@placement-api.service[104156]: DEBUG placement.objects.allocation_candidate [req-012de201-a8ad-4d56-8b32-93f60560d1e1 req-0ed2c925-8745-4908-8d5b-78b52fd7087c service placement] RequestGroup(use_same_provider=False, resources={DISK_GB:1, MEMORY_MB:1024, VCPU:1}, traits=[], aggregates=[]) (suffix '') returned 2 matches {{(pid=104156) _get_by_requests /opt/stack/placement/placement/objects/allocation_candidate.py:145}}
Feb 18 22:37:57.379050 n-d-764486-6 devstack@placement-api.service[104156]: DEBUG placement.objects.allocation_candidate [req-012de201-a8ad-4d56-8b32-93f60560d1e1 req-0ed2c925-8745-4908-8d5b-78b52fd7087c service placement] Merging candidates yields 2 allocation requests and 2 provider summaries {{(pid=104156) _merge_candidates /opt/stack/placement/placement/objects/allocation_candidate.py:783}}
Feb 18 22:37:57.383273 n-d-764486-6 devstack@placement-api.service[104156]: INFO placement.requestlog [req-012de201-a8ad-4d56-8b32-93f60560d1e1 req-0ed2c925-8745-4908-8d5b-78b52fd7087c service placement] 10.222.0.71 "GET /placement/allocation_candidates?limit=1000&resources=DISK_GB%3A1%2CMEMORY_MB%3A1024%2CVCPU%3A1&root_required=%21COMPUTE_STATUS_DISABLED" status: 200 len: 1309 microversion: 1.36
Feb 18 22:37:57.387472 n-d-764486-6 devstack@placement-api.service[104156]: [pid: 104156|app: 0|req: 337/676] 10.222.0.71 () {60 vars in 1506 bytes} [Fri Feb 18 22:37:57 2022] GET /placement/allocation_candidates?limit=1000&resources=DISK_GB%3A1%2CMEMORY_MB%3A1024%2CVCPU%3A1&root_required=%21COMPUTE_STATUS_DISABLED => generated 1309 bytes in 222 msecs (HTTP/1.1 200) 8 headers in 297 bytes (2 switches on core 0)
Feb 18 22:37:57.412800 n-d-764486-6 devstack@placement-api.service[104157]: DEBUG placement.requestlog [req-e0d2f938-7af1-4da4-a8ee-cab91bf9c495 req-95d0ceba-7013-414e-aefa-122ffbd48628 None None] Starting request: 10.222.0.71 "GET /placement/allocations/cb712619-caaa-46de-ac70-147ed3d56b1e" {{(pid=104157) __call__ /opt/stack/placement/placement/requestlog.py:55}}
Feb 18 22:37:57.469786 n-d-764486-6 devstack@placement-api.service[104157]: INFO placement.requestlog [req-e0d2f938-7af1-4da4-a8ee-cab91bf9c495 req-95d0ceba-7013-414e-aefa-122ffbd48628 service placement] 10.222.0.71 "GET /placement/allocations/cb712619-caaa-46de-ac70-147ed3d56b1e" status: 200 len: 19 microversion: 1.28
Feb 18 22:37:57.477161 n-d-764486-6 devstack@placement-api.service[104156]: DEBUG placement.requestlog [req-e0d2f938-7af1-4da4-a8ee-cab91bf9c495 req-06045e25-fff3-46d5-bd95-455bb5b2748d None None] Starting request: 10.222.0.71 "PUT /placement/allocations/cb712619-caaa-46de-ac70-147ed3d56b1e" {{(pid=104156) __call__ /opt/stack/placement/placement/requestlog.py:55}}
Feb 18 22:37:57.478156 n-d-764486-6 devstack@placement-api.service[104157]: [pid: 104157|app: 0|req: 340/677] 10.222.0.71 () {60 vars in 1380 bytes} [Fri Feb 18 22:37:57 2022] GET /placement/allocations/cb712619-caaa-46de-ac70-147ed3d56b1e => generated 19 bytes in 64 msecs (HTTP/1.1 200) 8 headers in 295 bytes (1 switches on core 0)
Feb 18 22:37:57.591636 n-d-764486-6 devstack@placement-api.service[104157]: DEBUG placement.requestlog [req-012de201-a8ad-4d56-8b32-93f60560d1e1 req-5dbe20f6-7577-464e-970b-9762fee567d5 None None] Starting request: 10.222.0.71 "GET /placement/allocations/7b296753-9957-45e9-9f55-d6371ffdcff1" {{(pid=104157) __call__ /opt/stack/placement/placement/requestlog.py:55}}
Feb 18 22:37:57.614417 n-d-764486-6 devstack@placement-api.service[104157]: INFO placement.requestlog [req-012de201-a8ad-4d56-8b32-93f60560d1e1 req-5dbe20f6-7577-464e-970b-9762fee567d5 service placement] 10.222.0.71 "GET /placement/allocations/7b296753-9957-45e9-9f55-d6371ffdcff1" status: 200 len: 19 microversion: 1.28
Feb 18 22:37:57.625947 n-d-764486-6 devstack@placement-api.service[104157]: [pid: 104157|app: 0|req: 341/678] 10.222.0.71 () {60 vars in 1380 bytes} [Fri Feb 18 22:37:57 2022] GET /placement/allocations/7b296753-9957-45e9-9f55-d6371ffdcff1 => generated 19 bytes in 36 msecs (HTTP/1.1 200) 8 headers in 295 bytes (2 switches on core 0)
Feb 18 22:37:57.627485 n-d-764486-6 devstack@placement-api.service[104157]: DEBUG placement.requestlog [req-012de201-a8ad-4d56-8b32-93f60560d1e1 req-4f743190-ab9a-494d-81e3-cacc0dcf4e38 None None] Starting request: 10.222.0.71 "PUT /placement/allocations/7b296753-9957-45e9-9f55-d6371ffdcff1" {{(pid=104157) __call__ /opt/stack/placement/placement/requestlog.py:55}}
Feb 18 22:37:57.805914 n-d-764486-6 devstack@placement-api.service[104156]: DEBUG placement.handlers.allocation [req-e0d2f938-7af1-4da4-a8ee-cab91bf9c495 req-06045e25-fff3-46d5-bd95-455bb5b2748d service placement] Successfully wrote allocations [, , ] {{(pid=104156) _update_consumers_and_create_allocations /opt/stack/placement/placement/handlers/allocation.py:462}}
Feb 18 22:37:57.819885 n-d-764486-6 devstack@placement-api.service[104156]: INFO placement.requestlog [req-e0d2f938-7af1-4da4-a8ee-cab91bf9c495 req-06045e25-fff3-46d5-bd95-455bb5b2748d service placement] 10.222.0.71 "PUT /placement/allocations/cb712619-caaa-46de-ac70-147ed3d56b1e" status: 204 len: 0 microversion: 1.36
Feb 18 22:37:57.821123 n-d-764486-6 devstack@placement-api.service[104156]: [pid: 104156|app: 0|req: 338/679] 10.222.0.71 () {64 vars in 1433 bytes} [Fri Feb 18 22:37:57 2022] PUT /placement/allocations/cb712619-caaa-46de-ac70-147ed3d56b1e => generated 0 bytes in 345 msecs (HTTP/1.1 204) 5 headers in 199 bytes (1 switches on core 0)
Feb 18 22:37:57.847126 n-d-764486-6 devstack@placement-api.service[104157]: DEBUG placement.objects.allocation [req-012de201-a8ad-4d56-8b32-93f60560d1e1 req-4f743190-ab9a-494d-81e3-cacc0dcf4e38 service placement] Retrying allocations write on resource provider generation conflict {{(pid=104157) replace_all /opt/stack/placement/placement/objects/allocation.py:507}}
Feb 18 22:37:58.018197 n-d-764486-6 devstack@placement-api.service[104157]: DEBUG placement.handlers.allocation [req-012de201-a8ad-4d56-8b32-93f60560d1e1 req-4f743190-ab9a-494d-81e3-cacc0dcf4e38 service placement] Successfully wrote allocations [, , ] {{(pid=104157) _update_consumers_and_create_allocations /opt/stack/placement/placement/handlers/allocation.py:462}}
Feb 18 22:37:58.040933 n-d-764486-6 devstack@placement-api.service[104157]: INFO placement.requestlog [req-012de201-a8ad-4d56-8b32-93f60560d1e1 req-4f743190-ab9a-494d-81e3-cacc0dcf4e38 service placement] 10.222.0.71 "PUT /placement/allocations/7b296753-9957-45e9-9f55-d6371ffdcff1" status: 204 len: 0 microversion: 1.36
Feb 18 22:37:58.041910 n-d-764486-6 devstack@placement-api.service[104157]: [pid: 104157|app: 0|req: 342/680] 10.222.0.71 () {64 vars in 1433 bytes} [Fri Feb 18 22:37:57 2022] PUT /placement/allocations/7b296753-9957-45e9-9f55-d6371ffdcff1 => generated 0 bytes in 415 msecs (HTTP/1.1 204) 5 headers in 199 bytes (1 switches on core 0)
Feb 18 22:37:58.707725 n-d-764486-6 devstack@placement-api.service[104156]: DEBUG placement.requestlog [req-e0d2f938-7af1-4da4-a8ee-cab91bf9c495 req-037cff85-6c7f-4a0a-9f96-7f4959e935d2 None None] Starting request: 10.222.0.81 "GET /placement/allocations/cb712619-caaa-46de-ac70-147ed3d56b1e" {{(pid=104156) __call__ /opt/stack/placement/placement/requestlog.py:55}}
Feb 18 22:37:58.760157 n-d-764486-6 devstack@placement-api.service[104156]: INFO placement.requestlog [req-e0d2f938-7af1-4da4-a8ee-cab91bf9c495 req-037cff85-6c7f-4a0a-9f96-7f4959e935d2 service placement] 10.222.0.81 "GET /placement/allocations/cb712619-caaa-46de-ac70-147ed3d56b1e" status: 200 len: 260 microversion: 1.28
Feb 18 22:37:58.762066 n-d-764486-6 devstack@placement-api.service[104156]: [pid: 104156|app: 0|req: 339/681] 10.222.0.81 () {60 vars in 1377 bytes} [Fri Feb 18 22:37:58 2022] GET /placement/allocations/cb712619-caaa-46de-ac70-147ed3d56b1e => generated 260 bytes in 56 msecs (HTTP/1.1 200) 8 headers in 296 bytes (1 switches on core 0)
Feb 18 22:37:58.868134 n-d-764486-6 devstack@placement-api.service[104157]: DEBUG placement.requestlog [req-012de201-a8ad-4d56-8b32-93f60560d1e1 req-75b7364d-8132-45a8-a1bb-fc4a088dfd6e None None] Starting request: 10.222.0.81 "GET /placement/allocations/7b296753-9957-45e9-9f55-d6371ffdcff1" {{(pid=104157) __call__ /opt/stack/placement/placement/requestlog.py:55}}
Feb 18 22:37:58.933989 n-d-764486-6 devstack@placement-api.service[104157]: INFO placement.requestlog [req-012de201-a8ad-4d56-8b32-93f60560d1e1 req-75b7364d-8132-45a8-a1bb-fc4a088dfd6e service placement] 10.222.0.81 "GET /placement/allocations/7b296753-9957-45e9-9f55-d6371ffdcff1" status: 200 len: 260 microversion: 1.28
Feb 18 22:37:58.936268 n-d-764486-6 devstack@placement-api.service[104157]: [pid: 104157|app: 0|req: 343/682] 10.222.0.81 () {60 vars in 1377 bytes} [Fri Feb 18 22:37:58 2022] GET /placement/allocations/7b296753-9957-45e9-9f55-d6371ffdcff1 => generated 260 bytes in 68 msecs (HTTP/1.1 200) 8 headers in 296 bytes (1 switches on core 0)
Feb 18 22:37:59.881815 n-d-764486-6 devstack@placement-api.service[104156]: DEBUG placement.requestlog [req-46bea2e5-5ce0-4988-8d88-9ee8705b56da req-c11a3533-9a6e-4833-b5b9-89842871cdc6 None None] Starting request: 10.222.0.71 "GET /placement/allocation_candidates?limit=1000&resources=DISK_GB%3A1%2CMEMORY_MB%3A1024%2CVCPU%3A1&root_required=%21COMPUTE_STATUS_DISABLED" {{(pid=104156) __call__ /opt/stack/placement/placement/requestlog.py:55}}
Feb 18 22:38:00.032298 n-d-764486-6 devstack@placement-api.service[104156]: DEBUG placement.objects.research_context [req-46bea2e5-5ce0-4988-8d88-9ee8705b56da req-c11a3533-9a6e-4833-b5b9-89842871cdc6 service placement] getting providers with 1 DISK_GB {{(pid=104156) __init__ /opt/stack/placement/placement/objects/research_context.py:126}}
Feb 18 22:38:00.056241 n-d-764486-6 devstack@placement-api.service[104156]: DEBUG placement.objects.research_context [req-46bea2e5-5ce0-4988-8d88-9ee8705b56da req-c11a3533-9a6e-4833-b5b9-89842871cdc6 service placement] getting providers with 1024 MEMORY_MB {{(pid=104156) __init__ /opt/stack/placement/placement/objects/research_context.py:126}}
Feb 18 22:38:00.085518 n-d-764486-6 devstack@placement-api.service[104156]: DEBUG placement.objects.research_context [req-46bea2e5-5ce0-4988-8d88-9ee8705b56da req-c11a3533-9a6e-4833-b5b9-89842871cdc6 service placement] getting providers with 1 VCPU {{(pid=104156) __init__ /opt/stack/placement/placement/objects/research_context.py:126}}
Feb 18 22:38:00.105495 n-d-764486-6 devstack@placement-api.service[104156]: DEBUG placement.objects.research_context [req-46bea2e5-5ce0-4988-8d88-9ee8705b56da req-c11a3533-9a6e-4833-b5b9-89842871cdc6 service placement] found 2 providers with available 1 DISK_GB {{(pid=104156) get_provider_ids_matching /opt/stack/placement/placement/objects/research_context.py:549}}
Feb 18 22:38:00.111162 n-d-764486-6 devstack@placement-api.service[104156]: DEBUG placement.objects.research_context [req-46bea2e5-5ce0-4988-8d88-9ee8705b56da req-c11a3533-9a6e-4833-b5b9-89842871cdc6 service placement] found 2 providers with available 1024 MEMORY_MB {{(pid=104156) get_provider_ids_matching /opt/stack/placement/placement/objects/research_context.py:549}}
Feb 18 22:38:00.111853 n-d-764486-6 devstack@placement-api.service[104156]: DEBUG placement.objects.research_context [req-46bea2e5-5ce0-4988-8d88-9ee8705b56da req-c11a3533-9a6e-4833-b5b9-89842871cdc6 service placement] found 2 providers after filtering by previous result {{(pid=104156) get_provider_ids_matching /opt/stack/placement/placement/objects/research_context.py:580}}
Feb 18 22:38:00.112833 n-d-764486-6 devstack@placement-api.service[104156]: DEBUG placement.objects.research_context [req-46bea2e5-5ce0-4988-8d88-9ee8705b56da req-c11a3533-9a6e-4833-b5b9-89842871cdc6 service placement] found 2 providers with available 1 VCPU {{(pid=104156) get_provider_ids_matching /opt/stack/placement/placement/objects/research_context.py:549}}
Feb 18 22:38:00.113557 n-d-764486-6 devstack@placement-api.service[104156]: DEBUG placement.objects.research_context [req-46bea2e5-5ce0-4988-8d88-9ee8705b56da req-c11a3533-9a6e-4833-b5b9-89842871cdc6 service placement] found 2 providers after filtering by previous result {{(pid=104156) get_provider_ids_matching /opt/stack/placement/placement/objects/research_context.py:580}}
Feb 18 22:38:00.151273 n-d-764486-6 devstack@placement-api.service[104156]: DEBUG placement.objects.allocation_candidate [req-46bea2e5-5ce0-4988-8d88-9ee8705b56da req-c11a3533-9a6e-4833-b5b9-89842871cdc6 service placement] RequestGroup(use_same_provider=False, resources={DISK_GB:1, MEMORY_MB:1024, VCPU:1}, traits=[], aggregates=[]) (suffix '') returned 2 matches {{(pid=104156) _get_by_requests /opt/stack/placement/placement/objects/allocation_candidate.py:145}}
Feb 18 22:38:00.152327 n-d-764486-6 devstack@placement-api.service[104156]: DEBUG placement.objects.allocation_candidate [req-46bea2e5-5ce0-4988-8d88-9ee8705b56da req-c11a3533-9a6e-4833-b5b9-89842871cdc6 service placement] Merging candidates yields 2 allocation requests and 2 provider summaries {{(pid=104156) _merge_candidates /opt/stack/placement/placement/objects/allocation_candidate.py:783}}
Feb 18 22:38:00.158344 n-d-764486-6 devstack@placement-api.service[104156]: INFO placement.requestlog [req-46bea2e5-5ce0-4988-8d88-9ee8705b56da req-c11a3533-9a6e-4833-b5b9-89842871cdc6 service placement] 10.222.0.71 "GET /placement/allocation_candidates?limit=1000&resources=DISK_GB%3A1%2CMEMORY_MB%3A1024%2CVCPU%3A1&root_required=%21COMPUTE_STATUS_DISABLED" status: 200 len: 1309 microversion: 1.36
Feb 18 22:38:00.159726 n-d-764486-6 devstack@placement-api.service[104156]: [pid: 104156|app: 0|req: 340/683] 10.222.0.71 () {60 vars in 1506 bytes} [Fri Feb 18 22:37:59 2022] GET /placement/allocation_candidates?limit=1000&resources=DISK_GB%3A1%2CMEMORY_MB%3A1024%2CVCPU%3A1&root_required=%21COMPUTE_STATUS_DISABLED => generated 1309 bytes in 278 msecs (HTTP/1.1 200) 8 headers in 297 bytes (1 switches on core 0)
Feb 18 22:38:00.267480 n-d-764486-6 devstack@placement-api.service[104157]: DEBUG placement.requestlog [req-46bea2e5-5ce0-4988-8d88-9ee8705b56da req-39922569-cfb8-49bd-b120-de2d9e076382 None None] Starting request: 10.222.0.71 "GET /placement/allocations/5c310328-e766-461a-9e7b-1cbb4c6ea968" {{(pid=104157) __call__ /opt/stack/placement/placement/requestlog.py:55}}
Feb 18 22:38:00.306919 n-d-764486-6 devstack@placement-api.service[104157]: INFO placement.requestlog [req-46bea2e5-5ce0-4988-8d88-9ee8705b56da req-39922569-cfb8-49bd-b120-de2d9e076382 service placement] 10.222.0.71 "GET /placement/allocations/5c310328-e766-461a-9e7b-1cbb4c6ea968" status: 200 len: 19 microversion: 1.28
Feb 18 22:38:00.310559 n-d-764486-6 devstack@placement-api.service[104157]: [pid: 104157|app: 0|req: 344/684] 10.222.0.71 () {60 vars in 1380 bytes} [Fri Feb 18 22:38:00 2022] GET /placement/allocations/5c310328-e766-461a-9e7b-1cbb4c6ea968 => generated 19 bytes in 44 msecs (HTTP/1.1 200) 8 headers in 295 bytes (1 switches on core 0)
Feb 18 22:38:00.318283 n-d-764486-6 devstack@placement-api.service[104156]: DEBUG placement.requestlog [req-46bea2e5-5ce0-4988-8d88-9ee8705b56da req-09016c3b-d433-46e9-957b-6d313904d881 None None] Starting request: 10.222.0.71 "PUT /placement/allocations/5c310328-e766-461a-9e7b-1cbb4c6ea968" {{(pid=104156) __call__ /opt/stack/placement/placement/requestlog.py:55}}
Feb 18 22:38:00.420448 n-d-764486-6 devstack@placement-api.service[104156]: DEBUG placement.handlers.allocation [req-46bea2e5-5ce0-4988-8d88-9ee8705b56da req-09016c3b-d433-46e9-957b-6d313904d881 service placement] Successfully wrote allocations [, , ] {{(pid=104156) _update_consumers_and_create_allocations /opt/stack/placement/placement/handlers/allocation.py:462}}
Feb 18 22:38:00.435155 n-d-764486-6 devstack@placement-api.service[104156]: INFO placement.requestlog [req-46bea2e5-5ce0-4988-8d88-9ee8705b56da req-09016c3b-d433-46e9-957b-6d313904d881 service placement] 10.222.0.71 "PUT /placement/allocations/5c310328-e766-461a-9e7b-1cbb4c6ea968" status: 204 len: 0 microversion: 1.36
Feb 18 22:38:00.436077 n-d-764486-6 devstack@placement-api.service[104156]: [pid: 104156|app: 0|req: 341/685] 10.222.0.71 () {64 vars in 1433 bytes} [Fri Feb 18 22:38:00 2022] PUT /placement/allocations/5c310328-e766-461a-9e7b-1cbb4c6ea968 => generated 0 bytes in 118 msecs (HTTP/1.1 204) 5 headers in 199 bytes (1 switches on core 0)
Feb 18 22:38:01.499761 n-d-764486-6 devstack@placement-api.service[104157]: DEBUG placement.requestlog [req-46bea2e5-5ce0-4988-8d88-9ee8705b56da req-6b1641ff-255c-4ba4-b580-3ea88906a488 None None] Starting request: 10.222.0.81 "GET /placement/allocations/5c310328-e766-461a-9e7b-1cbb4c6ea968" {{(pid=104157) __call__ /opt/stack/placement/placement/requestlog.py:55}}
Feb 18 22:38:01.540035 n-d-764486-6 devstack@placement-api.service[104157]: INFO placement.requestlog [req-46bea2e5-5ce0-4988-8d88-9ee8705b56da req-6b1641ff-255c-4ba4-b580-3ea88906a488 service placement] 10.222.0.81 "GET /placement/allocations/5c310328-e766-461a-9e7b-1cbb4c6ea968" status: 200 len: 260 microversion: 1.28
Feb 18 22:38:01.541927 n-d-764486-6 devstack@placement-api.service[104157]: [pid: 104157|app: 0|req: 345/686] 10.222.0.81 () {60 vars in 1377 bytes} [Fri Feb 18 22:38:01 2022] GET /placement/allocations/5c310328-e766-461a-9e7b-1cbb4c6ea968 => generated 260 bytes in 44 msecs (HTTP/1.1 200) 8 headers in 296 bytes (1 switches on core 0)
Feb 18 22:38:02.213571 n-d-764486-6 devstack@placement-api.service[104156]: DEBUG placement.requestlog [req-012de201-a8ad-4d56-8b32-93f60560d1e1 req-51c69440-9d27-452b-b44d-9aa546e7ef89 None None] Starting request: 10.222.0.81 "DELETE /placement/allocations/7b296753-9957-45e9-9f55-d6371ffdcff1" {{(pid=104156) __call__ /opt/stack/placement/placement/requestlog.py:55}}
Feb 18 22:38:02.273829 n-d-764486-6 devstack@placement-api.service[104156]: DEBUG placement.handlers.allocation [req-012de201-a8ad-4d56-8b32-93f60560d1e1 req-51c69440-9d27-452b-b44d-9aa546e7ef89 service placement] Successfully deleted allocations [, , ] {{(pid=104156) delete_allocations /opt/stack/placement/placement/handlers/allocation.py:627}}
Feb 18 22:38:02.274479 n-d-764486-6 devstack@placement-api.service[104156]: INFO placement.requestlog [req-012de201-a8ad-4d56-8b32-93f60560d1e1 req-51c69440-9d27-452b-b44d-9aa546e7ef89 service placement] 10.222.0.81 "DELETE /placement/allocations/7b296753-9957-45e9-9f55-d6371ffdcff1" status: 204 len: 0 microversion: 1.0
Feb 18 22:38:02.275025 n-d-764486-6 devstack@placement-api.service[104156]: [pid: 104156|app: 0|req: 342/687] 10.222.0.81 () {60 vars in 1355 bytes} [Fri Feb 18 22:38:02 2022] DELETE /placement/allocations/7b296753-9957-45e9-9f55-d6371ffdcff1 => generated 0 bytes in 62 msecs (HTTP/1.1 204) 5 headers in 198 bytes (1 switches on core 0)
Feb 18 22:38:04.065853 n-d-764486-6 devstack@placement-api.service[104157]: DEBUG placement.requestlog [req-ebd8ee89-b8e8-4522-9af5-3a05780e834a req-ec7a540f-4810-4555-825e-fe282e8db394 None None] Starting request: 10.222.0.81 "DELETE /placement/allocations/7b296753-9957-45e9-9f55-d6371ffdcff1" {{(pid=104157) __call__ /opt/stack/placement/placement/requestlog.py:55}}
Feb 18 22:38:04.105997 n-d-764486-6 devstack@placement-api.service[104157]: DEBUG placement.wsgi_wrapper [req-ebd8ee89-b8e8-4522-9af5-3a05780e834a req-ec7a540f-4810-4555-825e-fe282e8db394 service placement] Placement API returning an error response: No allocations for consumer '7b296753-9957-45e9-9f55-d6371ffdcff1' {{(pid=104157) call_func /opt/stack/placement/placement/wsgi_wrapper.py:31}}
Feb 18 22:38:04.107092 n-d-764486-6 devstack@placement-api.service[104157]: INFO placement.requestlog [req-ebd8ee89-b8e8-4522-9af5-3a05780e834a req-ec7a540f-4810-4555-825e-fe282e8db394 service placement] 10.222.0.81 "DELETE /placement/allocations/7b296753-9957-45e9-9f55-d6371ffdcff1" status: 404 len: 228 microversion: 1.0
Feb 18 22:38:04.109021 n-d-764486-6 devstack@placement-api.service[104157]: [pid: 104157|app: 0|req: 346/688] 10.222.0.81 () {60 vars in 1355 bytes} [Fri Feb 18 22:38:04 2022] DELETE /placement/allocations/7b296753-9957-45e9-9f55-d6371ffdcff1 => generated 228 bytes in 44 msecs (HTTP/1.1 404) 6 headers in 231 bytes (1 switches on core 0)
Feb 18 22:38:04.206830 n-d-764486-6 devstack@placement-api.service[104156]: DEBUG placement.requestlog [req-a0333230-66b8-4c28-9d2e-ec15bea4626d req-b9e69ce5-9c2b-4d1e-b54a-4db226d3d222 None None] Starting request: 10.222.0.71 "GET /placement/allocation_candidates?limit=1000&resources=DISK_GB%3A1%2CMEMORY_MB%3A512%2CVCPU%3A1&root_required=%21COMPUTE_STATUS_DISABLED" {{(pid=104156) __call__ /opt/stack/placement/placement/requestlog.py:55}}
Feb 18 22:38:04.331836 n-d-764486-6 devstack@placement-api.service[104156]: DEBUG placement.objects.research_context [req-a0333230-66b8-4c28-9d2e-ec15bea4626d req-b9e69ce5-9c2b-4d1e-b54a-4db226d3d222 service placement] getting providers with 1 DISK_GB {{(pid=104156) __init__ /opt/stack/placement/placement/objects/research_context.py:126}}
Feb 18 22:38:04.370750 n-d-764486-6 devstack@placement-api.service[104156]: DEBUG placement.objects.research_context [req-a0333230-66b8-4c28-9d2e-ec15bea4626d req-b9e69ce5-9c2b-4d1e-b54a-4db226d3d222 service placement] getting providers with 512 MEMORY_MB {{(pid=104156) __init__ /opt/stack/placement/placement/objects/research_context.py:126}}
Feb 18 22:38:04.394877 n-d-764486-6 devstack@placement-api.service[104156]: DEBUG placement.objects.research_context [req-a0333230-66b8-4c28-9d2e-ec15bea4626d req-b9e69ce5-9c2b-4d1e-b54a-4db226d3d222 service placement] getting providers with 1 VCPU {{(pid=104156) __init__ /opt/stack/placement/placement/objects/research_context.py:126}}
Feb 18 22:38:04.405270 n-d-764486-6 devstack@placement-api.service[104156]: DEBUG placement.objects.research_context [req-a0333230-66b8-4c28-9d2e-ec15bea4626d req-b9e69ce5-9c2b-4d1e-b54a-4db226d3d222 service placement] found 2 providers with available 1 DISK_GB {{(pid=104156) get_provider_ids_matching /opt/stack/placement/placement/objects/research_context.py:549}}
Feb 18 22:38:04.405547 n-d-764486-6 devstack@placement-api.service[104156]: DEBUG placement.objects.research_context [req-a0333230-66b8-4c28-9d2e-ec15bea4626d req-b9e69ce5-9c2b-4d1e-b54a-4db226d3d222 service placement] found 2 providers with available 512 MEMORY_MB {{(pid=104156) get_provider_ids_matching /opt/stack/placement/placement/objects/research_context.py:549}}
Feb 18 22:38:04.405830 n-d-764486-6 devstack@placement-api.service[104156]: DEBUG placement.objects.research_context [req-a0333230-66b8-4c28-9d2e-ec15bea4626d req-b9e69ce5-9c2b-4d1e-b54a-4db226d3d222 service placement] found 2 providers after filtering by previous result {{(pid=104156) get_provider_ids_matching /opt/stack/placement/placement/objects/research_context.py:580}}
Feb 18 22:38:04.406243 n-d-764486-6 devstack@placement-api.service[104156]: DEBUG placement.objects.research_context [req-a0333230-66b8-4c28-9d2e-ec15bea4626d req-b9e69ce5-9c2b-4d1e-b54a-4db226d3d222 service placement] found 2 providers with available 1 VCPU {{(pid=104156) get_provider_ids_matching /opt/stack/placement/placement/objects/research_context.py:549}}
Feb 18 22:38:04.406511 n-d-764486-6 devstack@placement-api.service[104156]: DEBUG placement.objects.research_context [req-a0333230-66b8-4c28-9d2e-ec15bea4626d req-b9e69ce5-9c2b-4d1e-b54a-4db226d3d222 service placement] found 2 providers after filtering by previous result {{(pid=104156) get_provider_ids_matching /opt/stack/placement/placement/objects/research_context.py:580}}
Feb 18 22:38:04.430871 n-d-764486-6 devstack@placement-api.service[104156]: DEBUG placement.objects.allocation_candidate [req-a0333230-66b8-4c28-9d2e-ec15bea4626d req-b9e69ce5-9c2b-4d1e-b54a-4db226d3d222 service placement] RequestGroup(use_same_provider=False, resources={DISK_GB:1, MEMORY_MB:512, VCPU:1}, traits=[], aggregates=[]) (suffix '') returned 2 matches {{(pid=104156) _get_by_requests /opt/stack/placement/placement/objects/allocation_candidate.py:145}}
Feb 18 22:38:04.431242 n-d-764486-6 devstack@placement-api.service[104156]: DEBUG placement.objects.allocation_candidate [req-a0333230-66b8-4c28-9d2e-ec15bea4626d req-b9e69ce5-9c2b-4d1e-b54a-4db226d3d222 service placement] Merging candidates yields 2 allocation requests and 2 provider summaries {{(pid=104156) _merge_candidates /opt/stack/placement/placement/objects/allocation_candidate.py:783}}
Feb 18 22:38:04.437758 n-d-764486-6 devstack@placement-api.service[104156]: INFO placement.requestlog [req-a0333230-66b8-4c28-9d2e-ec15bea4626d req-b9e69ce5-9c2b-4d1e-b54a-4db226d3d222 service placement] 10.222.0.71 "GET /placement/allocation_candidates?limit=1000&resources=DISK_GB%3A1%2CMEMORY_MB%3A512%2CVCPU%3A1&root_required=%21COMPUTE_STATUS_DISABLED" status: 200 len: 1307 microversion: 1.36
Feb 18 22:38:04.438505 n-d-764486-6 devstack@placement-api.service[104156]: [pid: 104156|app: 0|req: 343/689] 10.222.0.71 () {60 vars in 1504 bytes} [Fri Feb 18 22:38:04 2022] GET /placement/allocation_candidates?limit=1000&resources=DISK_GB%3A1%2CMEMORY_MB%3A512%2CVCPU%3A1&root_required=%21COMPUTE_STATUS_DISABLED => generated 1307 bytes in 232 msecs (HTTP/1.1 200) 8 headers in 297 bytes (1 switches on core 0)
Feb 18 22:38:04.533366 n-d-764486-6 devstack@placement-api.service[104157]: DEBUG placement.requestlog [req-a0333230-66b8-4c28-9d2e-ec15bea4626d req-ec21fbf0-670e-4478-930a-9725784d5b09 None None] Starting request: 10.222.0.71 "GET /placement/allocations/e6c11261-3d1b-4432-b71f-b759a8a025dc" {{(pid=104157) __call__ /opt/stack/placement/placement/requestlog.py:55}}
Feb 18 22:38:04.546065 n-d-764486-6 devstack@placement-api.service[104157]: INFO placement.requestlog [req-a0333230-66b8-4c28-9d2e-ec15bea4626d req-ec21fbf0-670e-4478-930a-9725784d5b09 service placement] 10.222.0.71 "GET /placement/allocations/e6c11261-3d1b-4432-b71f-b759a8a025dc" status: 200 len: 19 microversion: 1.28
Feb 18 22:38:04.546814 n-d-764486-6 devstack@placement-api.service[104157]: [pid: 104157|app: 0|req: 347/690] 10.222.0.71 () {60 vars in 1380 bytes} [Fri Feb 18 22:38:04 2022] GET /placement/allocations/e6c11261-3d1b-4432-b71f-b759a8a025dc => generated 19 bytes in 14 msecs (HTTP/1.1 200) 8 headers in 295 bytes (2 switches on core 0)
Feb 18 22:38:04.554545 n-d-764486-6 devstack@placement-api.service[104156]: DEBUG placement.requestlog [req-a0333230-66b8-4c28-9d2e-ec15bea4626d req-ba361986-54d1-4609-a780-b0e9e83428c1 None None] Starting request: 10.222.0.71 "PUT /placement/allocations/e6c11261-3d1b-4432-b71f-b759a8a025dc" {{(pid=104156) __call__ /opt/stack/placement/placement/requestlog.py:55}}
Feb 18 22:38:04.663754 n-d-764486-6 devstack@placement-api.service[104156]: DEBUG placement.handlers.allocation [req-a0333230-66b8-4c28-9d2e-ec15bea4626d req-ba361986-54d1-4609-a780-b0e9e83428c1 service placement] Successfully wrote allocations [, , ] {{(pid=104156) _update_consumers_and_create_allocations /opt/stack/placement/placement/handlers/allocation.py:462}}
Feb 18 22:38:04.675902 n-d-764486-6 devstack@placement-api.service[104156]: INFO placement.requestlog [req-a0333230-66b8-4c28-9d2e-ec15bea4626d req-ba361986-54d1-4609-a780-b0e9e83428c1 service placement] 10.222.0.71 "PUT /placement/allocations/e6c11261-3d1b-4432-b71f-b759a8a025dc" status: 204 len: 0 microversion: 1.36
Feb 18 22:38:04.676842 n-d-764486-6 devstack@placement-api.service[104156]: [pid: 104156|app: 0|req: 344/691] 10.222.0.71 () {64 vars in 1433 bytes} [Fri Feb 18 22:38:04 2022] PUT /placement/allocations/e6c11261-3d1b-4432-b71f-b759a8a025dc => generated 0 bytes in 122 msecs (HTTP/1.1 204) 5 headers in 199 bytes (2 switches on core 0)
Feb 18 22:38:05.403767 n-d-764486-6 devstack@placement-api.service[104157]: DEBUG placement.requestlog [req-a0333230-66b8-4c28-9d2e-ec15bea4626d req-5b5b7660-7baf-4a36-bb6f-7012c19cd89a None None] Starting request: 10.222.0.81 "GET /placement/allocations/e6c11261-3d1b-4432-b71f-b759a8a025dc" {{(pid=104157) __call__ /opt/stack/placement/placement/requestlog.py:55}}
Feb 18 22:38:05.446254 n-d-764486-6 devstack@placement-api.service[104157]: INFO placement.requestlog [req-a0333230-66b8-4c28-9d2e-ec15bea4626d req-5b5b7660-7baf-4a36-bb6f-7012c19cd89a service placement] 10.222.0.81 "GET /placement/allocations/e6c11261-3d1b-4432-b71f-b759a8a025dc" status: 200 len: 259 microversion: 1.28
