Jan 27 19:50:43.472442 n-d-764486-5 devstack@n-api.service[124076]: DEBUG nova.api.openstack.wsgi [None req-0caabd5c-70f8-44c4-a3b8-89d438b62127 tempest-KeyPairsV210TestJSON-1648765882 tempest-KeyPairsV210TestJSON-1648765882-project-admin] Action: 'create', calling method: .version_select at 0x7f2d1ed614c0>, body: {"keypair": {"name": "tempest-keypair-1446636193", "type": "ssh", "user_id": "086232cd5b2c4e74b4c4b5a9f704b126"}} {{(pid=124076) _process_stack /opt/stack/nova/nova/api/openstack/wsgi.py:511}}
Jan 27 19:50:43.511698 n-d-764486-5 devstack@n-api.service[124076]: DEBUG nova.quota [None req-0caabd5c-70f8-44c4-a3b8-89d438b62127 tempest-KeyPairsV210TestJSON-1648765882 tempest-KeyPairsV210TestJSON-1648765882-project-admin] Getting quotas for project 83b7dfd568c1464199e5089a6b7684d2. Resources: {'key_pairs'} {{(pid=124076) _get_quotas /opt/stack/nova/nova/quota.py:387}}
Jan 27 19:50:43.517190 n-d-764486-5 devstack@n-api.service[124076]: DEBUG nova.quota [None req-0caabd5c-70f8-44c4-a3b8-89d438b62127 tempest-KeyPairsV210TestJSON-1648765882 tempest-KeyPairsV210TestJSON-1648765882-project-admin] Getting quotas for user 202a50d5a0734e27a50f8c98b7c914b2 and project 83b7dfd568c1464199e5089a6b7684d2. Resources: {'key_pairs'} {{(pid=124076) _get_quotas /opt/stack/nova/nova/quota.py:377}}
Jan 27 19:50:43.983575 n-d-764486-5 devstack@n-api.service[124077]: DEBUG nova.api.openstack.wsgi [None req-d3068839-f3e5-481d-b7d5-0695edcf566e tempest-DeleteServersAdminTestJSON-1036863878 tempest-DeleteServersAdminTestJSON-1036863878-project] Calling method '>' {{(pid=124077) _process_stack /opt/stack/nova/nova/api/openstack/wsgi.py:513}}
Jan 27 19:50:43.984436 n-d-764486-5 devstack@n-api.service[124077]: DEBUG nova.compute.api [None req-d3068839-f3e5-481d-b7d5-0695edcf566e tempest-DeleteServersAdminTestJSON-1036863878 tempest-DeleteServersAdminTestJSON-1036863878-project] [instance: c3740568-8c63-4910-85e5-1f0a10a63918] Fetching instance by UUID {{(pid=124077) get /opt/stack/nova/nova/compute/api.py:2865}}
Jan 27 19:50:44.002581 n-d-764486-5 devstack@n-api.service[124077]: DEBUG oslo_concurrency.lockutils [None req-d3068839-f3e5-481d-b7d5-0695edcf566e tempest-DeleteServersAdminTestJSON-1036863878 tempest-DeleteServersAdminTestJSON-1036863878-project] Lock "c530b5f0-9b46-48fa-92b3-f1998d47c202" acquired by "nova.context.set_target_cell..get_or_set_cached_cell_and_set_connections" :: waited 0.000s {{(pid=124077) inner /usr/local/lib/python3.8/dist-packages/oslo_concurrency/lockutils.py:386}}
Jan 27 19:50:44.003940 n-d-764486-5 devstack@n-api.service[124077]: DEBUG oslo_concurrency.lockutils [None req-d3068839-f3e5-481d-b7d5-0695edcf566e tempest-DeleteServersAdminTestJSON-1036863878 tempest-DeleteServersAdminTestJSON-1036863878-project] Lock "c530b5f0-9b46-48fa-92b3-f1998d47c202" "released" by "nova.context.set_target_cell..get_or_set_cached_cell_and_set_connections" :: held 0.001s {{(pid=124077) inner /usr/local/lib/python3.8/dist-packages/oslo_concurrency/lockutils.py:400}}
Jan 27 19:50:44.005431 n-d-764486-5 devstack@n-api.service[124077]: DEBUG oslo_concurrency.lockutils [None req-d3068839-f3e5-481d-b7d5-0695edcf566e tempest-DeleteServersAdminTestJSON-1036863878 tempest-DeleteServersAdminTestJSON-1036863878-project] Lock "c530b5f0-9b46-48fa-92b3-f1998d47c202" acquired by "nova.context.set_target_cell..get_or_set_cached_cell_and_set_connections" :: waited 0.000s {{(pid=124077) inner /usr/local/lib/python3.8/dist-packages/oslo_concurrency/lockutils.py:386}}
Jan 27 19:50:44.006179 n-d-764486-5 devstack@n-api.service[124077]: DEBUG oslo_concurrency.lockutils [None req-d3068839-f3e5-481d-b7d5-0695edcf566e tempest-DeleteServersAdminTestJSON-1036863878 tempest-DeleteServersAdminTestJSON-1036863878-project] Lock "c530b5f0-9b46-48fa-92b3-f1998d47c202" "released" by "nova.context.set_target_cell..get_or_set_cached_cell_and_set_connections" :: held 0.001s {{(pid=124077) inner /usr/local/lib/python3.8/dist-packages/oslo_concurrency/lockutils.py:400}}
Jan 27 19:50:44.029931 n-d-764486-5 devstack@n-api.service[124076]: DEBUG nova.quota [None req-0caabd5c-70f8-44c4-a3b8-89d438b62127 tempest-KeyPairsV210TestJSON-1648765882 tempest-KeyPairsV210TestJSON-1648765882-project-admin] Getting quotas for project 83b7dfd568c1464199e5089a6b7684d2. Resources: {'key_pairs'} {{(pid=124076) _get_quotas /opt/stack/nova/nova/quota.py:387}}
Jan 27 19:50:44.035359 n-d-764486-5 devstack@n-api.service[124076]: DEBUG nova.quota [None req-0caabd5c-70f8-44c4-a3b8-89d438b62127 tempest-KeyPairsV210TestJSON-1648765882 tempest-KeyPairsV210TestJSON-1648765882-project-admin] Getting quotas for user 202a50d5a0734e27a50f8c98b7c914b2 and project 83b7dfd568c1464199e5089a6b7684d2. Resources: {'key_pairs'} {{(pid=124076) _get_quotas /opt/stack/nova/nova/quota.py:377}}
Jan 27 19:50:44.059637 n-d-764486-5 devstack@n-api.service[124076]: INFO nova.api.openstack.requestlog [None req-0caabd5c-70f8-44c4-a3b8-89d438b62127 tempest-KeyPairsV210TestJSON-1648765882 tempest-KeyPairsV210TestJSON-1648765882-project-admin] 10.222.0.73 "POST /compute/v2.1/os-keypairs" status: 201 len: 2320 microversion: 2.10 time: 0.933216
Jan 27 19:50:44.060444 n-d-764486-5 devstack@n-api.service[124076]: [pid: 124076|app: 0|req: 62/163] 10.222.0.73 () {62 vars in 1199 bytes} [Thu Jan 27 19:50:43 2022] POST /compute/v2.1/os-keypairs => generated 2320 bytes in 935 msecs (HTTP/1.1 201) 9 headers in 365 bytes (1 switches on core 0)
Jan 27 19:50:44.070872 n-d-764486-5 devstack@n-api.service[124076]: DEBUG nova.api.openstack.wsgi [None req-71d3f97d-c304-441e-8c4b-eb2402d8af23 tempest-KeyPairsV210TestJSON-1648765882 tempest-KeyPairsV210TestJSON-1648765882-project-admin] Action: 'create', calling method: .version_select at 0x7f2d1edf0700>, body: {"keypair": {"name": "tempest-keypair-841980427", "type": "ssh", "user_id": "086232cd5b2c4e74b4c4b5a9f704b126"}} {{(pid=124076) _process_stack /opt/stack/nova/nova/api/openstack/wsgi.py:511}}
Jan 27 19:50:44.091774 n-d-764486-5 devstack@n-api.service[124076]: DEBUG nova.quota [None req-71d3f97d-c304-441e-8c4b-eb2402d8af23 tempest-KeyPairsV210TestJSON-1648765882 tempest-KeyPairsV210TestJSON-1648765882-project-admin] Getting quotas for project 83b7dfd568c1464199e5089a6b7684d2. Resources: {'key_pairs'} {{(pid=124076) _get_quotas /opt/stack/nova/nova/quota.py:387}}
Jan 27 19:50:44.101446 n-d-764486-5 devstack@n-api.service[124076]: DEBUG nova.quota [None req-71d3f97d-c304-441e-8c4b-eb2402d8af23 tempest-KeyPairsV210TestJSON-1648765882 tempest-KeyPairsV210TestJSON-1648765882-project-admin] Getting quotas for user 202a50d5a0734e27a50f8c98b7c914b2 and project 83b7dfd568c1464199e5089a6b7684d2. Resources: {'key_pairs'} {{(pid=124076) _get_quotas /opt/stack/nova/nova/quota.py:377}}
Jan 27 19:50:44.211378 n-d-764486-5 devstack@n-api.service[124077]: DEBUG nova.policy [None req-d3068839-f3e5-481d-b7d5-0695edcf566e tempest-DeleteServersAdminTestJSON-1036863878 tempest-DeleteServersAdminTestJSON-1036863878-project] Policy check for os_compute_api:os-extended-server-attributes failed with credentials {'is_admin': False, 'user_id': 'd14c6ffd4c7a4c6f8180abcbcb897a5e', 'user_domain_id': 'default', 'system_scope': None, 'domain_id': None, 'project_id': '437a6729e2524144bcf06a422aff8110', 'project_domain_id': 'default', 'roles': ['member', 'reader'], 'is_admin_project': True, 'service_user_id': None, 'service_user_domain_id': None, 'service_project_id': None, 'service_project_domain_id': None, 'service_roles': []} {{(pid=124077) authorize /opt/stack/nova/nova/policy.py:199}}
Jan 27 19:50:44.221703 n-d-764486-5 devstack@n-api.service[124077]: INFO nova.api.openstack.requestlog [None req-d3068839-f3e5-481d-b7d5-0695edcf566e tempest-DeleteServersAdminTestJSON-1036863878 tempest-DeleteServersAdminTestJSON-1036863878-project] 10.222.0.73 "GET /compute/v2.1/servers/c3740568-8c63-4910-85e5-1f0a10a63918" status: 200 len: 1320 microversion: 2.1 time: 0.241934
Jan 27 19:50:44.222814 n-d-764486-5 devstack@n-api.service[124077]: [pid: 124077|app: 0|req: 102/164] 10.222.0.73 () {58 vars in 1235 bytes} [Thu Jan 27 19:50:43 2022] GET /compute/v2.1/servers/c3740568-8c63-4910-85e5-1f0a10a63918 => generated 1320 bytes in 244 msecs (HTTP/1.1 200) 9 headers in 358 bytes (1 switches on core 0)
Jan 27 19:50:44.257157 n-d-764486-5 devstack@n-api.service[124077]: DEBUG nova.api.openstack.wsgi [None req-70577342-f52b-454e-99fe-77caeccee298 tempest-AggregatesAdminTestJSON-1861035374 tempest-AggregatesAdminTestJSON-1861035374-project] Calling method '>' {{(pid=124077) _process_stack /opt/stack/nova/nova/api/openstack/wsgi.py:513}}
Jan 27 19:50:44.258032 n-d-764486-5 devstack@n-api.service[124077]: DEBUG nova.compute.api [None req-70577342-f52b-454e-99fe-77caeccee298 tempest-AggregatesAdminTestJSON-1861035374 tempest-AggregatesAdminTestJSON-1861035374-project] [instance: 83641ad3-41f1-4651-adf4-f09c03a260b7] Fetching instance by UUID {{(pid=124077) get /opt/stack/nova/nova/compute/api.py:2865}}
Jan 27 19:50:44.266153 n-d-764486-5 devstack@n-api.service[124077]: DEBUG oslo_concurrency.lockutils [None req-70577342-f52b-454e-99fe-77caeccee298 tempest-AggregatesAdminTestJSON-1861035374 tempest-AggregatesAdminTestJSON-1861035374-project] Lock "c530b5f0-9b46-48fa-92b3-f1998d47c202" acquired by "nova.context.set_target_cell..get_or_set_cached_cell_and_set_connections" :: waited 0.000s {{(pid=124077) inner /usr/local/lib/python3.8/dist-packages/oslo_concurrency/lockutils.py:386}}
Jan 27 19:50:44.266601 n-d-764486-5 devstack@n-api.service[124077]: DEBUG oslo_concurrency.lockutils [None req-70577342-f52b-454e-99fe-77caeccee298 tempest-AggregatesAdminTestJSON-1861035374 tempest-AggregatesAdminTestJSON-1861035374-project] Lock "c530b5f0-9b46-48fa-92b3-f1998d47c202" "released" by "nova.context.set_target_cell..get_or_set_cached_cell_and_set_connections" :: held 0.001s {{(pid=124077) inner /usr/local/lib/python3.8/dist-packages/oslo_concurrency/lockutils.py:400}}
Jan 27 19:50:44.267608 n-d-764486-5 devstack@n-api.service[124077]: DEBUG oslo_concurrency.lockutils [None req-70577342-f52b-454e-99fe-77caeccee298 tempest-AggregatesAdminTestJSON-1861035374 tempest-AggregatesAdminTestJSON-1861035374-project] Lock "c530b5f0-9b46-48fa-92b3-f1998d47c202" acquired by "nova.context.set_target_cell..get_or_set_cached_cell_and_set_connections" :: waited 0.000s {{(pid=124077) inner /usr/local/lib/python3.8/dist-packages/oslo_concurrency/lockutils.py:386}}
Jan 27 19:50:44.268250 n-d-764486-5 devstack@n-api.service[124077]: DEBUG oslo_concurrency.lockutils [None req-70577342-f52b-454e-99fe-77caeccee298 tempest-AggregatesAdminTestJSON-1861035374 tempest-AggregatesAdminTestJSON-1861035374-project] Lock "c530b5f0-9b46-48fa-92b3-f1998d47c202" "released" by "nova.context.set_target_cell..get_or_set_cached_cell_and_set_connections" :: held 0.001s {{(pid=124077) inner /usr/local/lib/python3.8/dist-packages/oslo_concurrency/lockutils.py:400}}
Jan 27 19:50:44.447772 n-d-764486-5 devstack@n-api.service[124076]: DEBUG nova.quota [None req-71d3f97d-c304-441e-8c4b-eb2402d8af23 tempest-KeyPairsV210TestJSON-1648765882 tempest-KeyPairsV210TestJSON-1648765882-project-admin] Getting quotas for project 83b7dfd568c1464199e5089a6b7684d2. Resources: {'key_pairs'} {{(pid=124076) _get_quotas /opt/stack/nova/nova/quota.py:387}}
Jan 27 19:50:44.458534 n-d-764486-5 devstack@n-api.service[124076]: DEBUG nova.quota [None req-71d3f97d-c304-441e-8c4b-eb2402d8af23 tempest-KeyPairsV210TestJSON-1648765882 tempest-KeyPairsV210TestJSON-1648765882-project-admin] Getting quotas for user 202a50d5a0734e27a50f8c98b7c914b2 and project 83b7dfd568c1464199e5089a6b7684d2. Resources: {'key_pairs'} {{(pid=124076) _get_quotas /opt/stack/nova/nova/quota.py:377}}
Jan 27 19:50:44.492884 n-d-764486-5 devstack@n-api.service[124077]: DEBUG nova.policy [None req-70577342-f52b-454e-99fe-77caeccee298 tempest-AggregatesAdminTestJSON-1861035374 tempest-AggregatesAdminTestJSON-1861035374-project] Policy check for os_compute_api:os-extended-server-attributes failed with credentials {'is_admin': False, 'user_id': 'da66d6b59b2c49f9936b0598da4d16d4', 'user_domain_id': 'default', 'system_scope': None, 'domain_id': None, 'project_id': '397e4404dee54d6287faebe32639bcbe', 'project_domain_id': 'default', 'roles': ['member', 'reader'], 'is_admin_project': True, 'service_user_id': None, 'service_user_domain_id': None, 'service_project_id': None, 'service_project_domain_id': None, 'service_roles': []} {{(pid=124077) authorize /opt/stack/nova/nova/policy.py:199}}
Jan 27 19:50:44.504644 n-d-764486-5 devstack@n-api.service[124077]: INFO nova.api.openstack.requestlog [None req-70577342-f52b-454e-99fe-77caeccee298 tempest-AggregatesAdminTestJSON-1861035374 tempest-AggregatesAdminTestJSON-1861035374-project] 10.222.0.73 "GET /compute/v2.1/servers/83641ad3-41f1-4651-adf4-f09c03a260b7" status: 200 len: 1337 microversion: 2.1 time: 0.251067
Jan 27 19:50:44.506034 n-d-764486-5 devstack@n-api.service[124077]: [pid: 124077|app: 0|req: 103/165] 10.222.0.73 () {58 vars in 1235 bytes} [Thu Jan 27 19:50:44 2022] GET /compute/v2.1/servers/83641ad3-41f1-4651-adf4-f09c03a260b7 => generated 1337 bytes in 254 msecs (HTTP/1.1 200) 9 headers in 358 bytes (2 switches on core 0)
Jan 27 19:50:44.507570 n-d-764486-5 devstack@n-api.service[124076]: INFO nova.api.openstack.requestlog [None req-71d3f97d-c304-441e-8c4b-eb2402d8af23 tempest-KeyPairsV210TestJSON-1648765882 tempest-KeyPairsV210TestJSON-1648765882-project-admin] 10.222.0.73 "POST /compute/v2.1/os-keypairs" status: 201 len: 2315 microversion: 2.10 time: 0.440448
Jan 27 19:50:44.508418 n-d-764486-5 devstack@n-api.service[124076]: [pid: 124076|app: 0|req: 63/166] 10.222.0.73 () {62 vars in 1199 bytes} [Thu Jan 27 19:50:44 2022] POST /compute/v2.1/os-keypairs => generated 2315 bytes in 442 msecs (HTTP/1.1 201) 9 headers in 365 bytes (2 switches on core 0)
Jan 27 19:50:44.513143 n-d-764486-5 devstack@n-api.service[124077]: DEBUG nova.api.openstack.wsgi [None req-0c1ebae6-8b1a-4cd4-a356-203207291848 tempest-LiveMigrationTest-1941061147 tempest-LiveMigrationTest-1941061147-project] Calling method '>' {{(pid=124077) _process_stack /opt/stack/nova/nova/api/openstack/wsgi.py:513}}
Jan 27 19:50:44.513912 n-d-764486-5 devstack@n-api.service[124077]: DEBUG nova.compute.api [None req-0c1ebae6-8b1a-4cd4-a356-203207291848 tempest-LiveMigrationTest-1941061147 tempest-LiveMigrationTest-1941061147-project] [instance: f8eb00cc-09c9-412f-b0aa-74a9ff62a8a8] Fetching instance by UUID {{(pid=124077) get /opt/stack/nova/nova/compute/api.py:2865}}
Jan 27 19:50:44.521679 n-d-764486-5 devstack@n-api.service[124077]: DEBUG oslo_concurrency.lockutils [None req-0c1ebae6-8b1a-4cd4-a356-203207291848 tempest-LiveMigrationTest-1941061147 tempest-LiveMigrationTest-1941061147-project] Lock "c530b5f0-9b46-48fa-92b3-f1998d47c202" acquired by "nova.context.set_target_cell..get_or_set_cached_cell_and_set_connections" :: waited 0.000s {{(pid=124077) inner /usr/local/lib/python3.8/dist-packages/oslo_concurrency/lockutils.py:386}}
Jan 27 19:50:44.521823 n-d-764486-5 devstack@n-api.service[124076]: DEBUG nova.api.openstack.wsgi [None req-16771cc3-9c66-4cd0-ad7f-e84abcf2fc8d tempest-KeyPairsV210TestJSON-1648765882 tempest-KeyPairsV210TestJSON-1648765882-project-admin] Calling method '.version_select at 0x7f2d1ed03ee0>' {{(pid=124076) _process_stack /opt/stack/nova/nova/api/openstack/wsgi.py:513}}
Jan 27 19:50:44.522122 n-d-764486-5 devstack@n-api.service[124077]: DEBUG oslo_concurrency.lockutils [None req-0c1ebae6-8b1a-4cd4-a356-203207291848 tempest-LiveMigrationTest-1941061147 tempest-LiveMigrationTest-1941061147-project] Lock "c530b5f0-9b46-48fa-92b3-f1998d47c202" "released" by "nova.context.set_target_cell..get_or_set_cached_cell_and_set_connections" :: held 0.001s {{(pid=124077) inner /usr/local/lib/python3.8/dist-packages/oslo_concurrency/lockutils.py:400}}
Jan 27 19:50:44.523451 n-d-764486-5 devstack@n-api.service[124077]: DEBUG oslo_concurrency.lockutils [None req-0c1ebae6-8b1a-4cd4-a356-203207291848 tempest-LiveMigrationTest-1941061147 tempest-LiveMigrationTest-1941061147-project] Lock "c530b5f0-9b46-48fa-92b3-f1998d47c202" acquired by "nova.context.set_target_cell..get_or_set_cached_cell_and_set_connections" :: waited 0.000s {{(pid=124077) inner /usr/local/lib/python3.8/dist-packages/oslo_concurrency/lockutils.py:386}}
Jan 27 19:50:44.523921 n-d-764486-5 devstack@n-api.service[124077]: DEBUG oslo_concurrency.lockutils [None req-0c1ebae6-8b1a-4cd4-a356-203207291848 tempest-LiveMigrationTest-1941061147 tempest-LiveMigrationTest-1941061147-project] Lock "c530b5f0-9b46-48fa-92b3-f1998d47c202" "released" by "nova.context.set_target_cell..get_or_set_cached_cell_and_set_connections" :: held 0.001s {{(pid=124077) inner /usr/local/lib/python3.8/dist-packages/oslo_concurrency/lockutils.py:400}}
Jan 27 19:50:44.550501 n-d-764486-5 devstack@n-api.service[124076]: INFO nova.api.openstack.requestlog [None req-16771cc3-9c66-4cd0-ad7f-e84abcf2fc8d tempest-KeyPairsV210TestJSON-1648765882 tempest-KeyPairsV210TestJSON-1648765882-project-admin] 10.222.0.73 "GET /compute/v2.1/os-keypairs/tempest-keypair-1446636193?user_id=086232cd5b2c4e74b4c4b5a9f704b126" status: 200 len: 706 microversion: 2.10 time: 0.034037
Jan 27 19:50:44.556255 n-d-764486-5 devstack@n-api.service[124076]: [pid: 124076|app: 0|req: 64/167] 10.222.0.73 () {60 vars in 1339 bytes} [Thu Jan 27 19:50:44 2022] GET /compute/v2.1/os-keypairs/tempest-keypair-1446636193?user_id=086232cd5b2c4e74b4c4b5a9f704b126 => generated 706 bytes in 37 msecs (HTTP/1.1 200) 9 headers in 359 bytes (1 switches on core 0)
Jan 27 19:50:44.561928 n-d-764486-5 devstack@n-api.service[124076]: DEBUG nova.api.openstack.wsgi [None req-fc3543c3-f2a5-4f5c-b00f-496a6ea6f153 tempest-KeyPairsV210TestJSON-1648765882 tempest-KeyPairsV210TestJSON-1648765882-project-admin] Action: 'create', calling method: .version_select at 0x7f2d1ed034c0>, body: {"keypair": {"name": "tempest-KeyPairsV210TestJSON-keypair-116684741", "type": "ssh"}} {{(pid=124076) _process_stack /opt/stack/nova/nova/api/openstack/wsgi.py:511}}
Jan 27 19:50:44.593982 n-d-764486-5 devstack@n-api.service[124076]: DEBUG nova.quota [None req-fc3543c3-f2a5-4f5c-b00f-496a6ea6f153 tempest-KeyPairsV210TestJSON-1648765882 tempest-KeyPairsV210TestJSON-1648765882-project-admin] Getting quotas for project 83b7dfd568c1464199e5089a6b7684d2. Resources: {'key_pairs'} {{(pid=124076) _get_quotas /opt/stack/nova/nova/quota.py:387}}
Jan 27 19:50:44.600818 n-d-764486-5 devstack@n-api.service[124076]: DEBUG nova.quota [None req-fc3543c3-f2a5-4f5c-b00f-496a6ea6f153 tempest-KeyPairsV210TestJSON-1648765882 tempest-KeyPairsV210TestJSON-1648765882-project-admin] Getting quotas for user 202a50d5a0734e27a50f8c98b7c914b2 and project 83b7dfd568c1464199e5089a6b7684d2. Resources: {'key_pairs'} {{(pid=124076) _get_quotas /opt/stack/nova/nova/quota.py:377}}
Jan 27 19:50:44.730358 n-d-764486-5 devstack@n-api.service[124076]: DEBUG nova.quota [None req-fc3543c3-f2a5-4f5c-b00f-496a6ea6f153 tempest-KeyPairsV210TestJSON-1648765882 tempest-KeyPairsV210TestJSON-1648765882-project-admin] Getting quotas for project 83b7dfd568c1464199e5089a6b7684d2. Resources: {'key_pairs'} {{(pid=124076) _get_quotas /opt/stack/nova/nova/quota.py:387}}
Jan 27 19:50:44.736385 n-d-764486-5 devstack@n-api.service[124076]: DEBUG nova.quota [None req-fc3543c3-f2a5-4f5c-b00f-496a6ea6f153 tempest-KeyPairsV210TestJSON-1648765882 tempest-KeyPairsV210TestJSON-1648765882-project-admin] Getting quotas for user 202a50d5a0734e27a50f8c98b7c914b2 and project 83b7dfd568c1464199e5089a6b7684d2. Resources: {'key_pairs'} {{(pid=124076) _get_quotas /opt/stack/nova/nova/quota.py:377}}
Jan 27 19:50:44.754346 n-d-764486-5 devstack@n-api.service[124076]: INFO nova.api.openstack.requestlog [None req-fc3543c3-f2a5-4f5c-b00f-496a6ea6f153 tempest-KeyPairsV210TestJSON-1648765882 tempest-KeyPairsV210TestJSON-1648765882-project-admin] 10.222.0.73 "POST /compute/v2.1/os-keypairs" status: 201 len: 2336 microversion: 2.10 time: 0.195732
Jan 27 19:50:44.757492 n-d-764486-5 devstack@n-api.service[124076]: [pid: 124076|app: 0|req: 65/168] 10.222.0.73 () {62 vars in 1198 bytes} [Thu Jan 27 19:50:44 2022] POST /compute/v2.1/os-keypairs => generated 2336 bytes in 200 msecs (HTTP/1.1 201) 9 headers in 365 bytes (1 switches on core 0)
Jan 27 19:50:44.767942 n-d-764486-5 devstack@n-api.service[124076]: DEBUG nova.api.openstack.wsgi [None req-1f528f1a-2998-4dc3-83b0-219d88564338 tempest-KeyPairsV210TestJSON-1648765882 tempest-KeyPairsV210TestJSON-1648765882-project-admin] Calling method '.version_select at 0x7f2d1edd4430>' {{(pid=124076) _process_stack /opt/stack/nova/nova/api/openstack/wsgi.py:513}}
Jan 27 19:50:44.771447 n-d-764486-5 devstack@n-api.service[124076]: WARNING oslo_db.sqlalchemy.utils [None req-1f528f1a-2998-4dc3-83b0-219d88564338 tempest-KeyPairsV210TestJSON-1648765882 tempest-KeyPairsV210TestJSON-1648765882-project-admin] Unique keys not in sort_keys. The sorting order may be unstable.
Jan 27 19:50:44.779077 n-d-764486-5 devstack@n-api.service[124076]: INFO nova.api.openstack.requestlog [None req-1f528f1a-2998-4dc3-83b0-219d88564338 tempest-KeyPairsV210TestJSON-1648765882 tempest-KeyPairsV210TestJSON-1648765882-project-admin] 10.222.0.73 "GET /compute/v2.1/os-keypairs?user_id=086232cd5b2c4e74b4c4b5a9f704b126" status: 200 len: 1113 microversion: 2.10 time: 0.015686
Jan 27 19:50:44.786282 n-d-764486-5 devstack@n-api.service[124076]: [pid: 124076|app: 0|req: 66/169] 10.222.0.73 () {60 vars in 1258 bytes} [Thu Jan 27 19:50:44 2022] GET /compute/v2.1/os-keypairs?user_id=086232cd5b2c4e74b4c4b5a9f704b126 => generated 1113 bytes in 23 msecs (HTTP/1.1 200) 9 headers in 360 bytes (1 switches on core 0)
Jan 27 19:50:44.798866 n-d-764486-5 devstack@n-api.service[124076]: DEBUG nova.api.openstack.wsgi [None req-fca443ac-2dec-4ae0-bd1c-37eea4d68b98 tempest-KeyPairsV210TestJSON-1648765882 tempest-KeyPairsV210TestJSON-1648765882-project-admin] Calling method '.version_select at 0x7f2d1ed03040>' {{(pid=124076) _process_stack /opt/stack/nova/nova/api/openstack/wsgi.py:513}}
Jan 27 19:50:44.822328 n-d-764486-5 devstack@n-api.service[124076]: INFO nova.api.openstack.requestlog [None req-fca443ac-2dec-4ae0-bd1c-37eea4d68b98 tempest-KeyPairsV210TestJSON-1648765882 tempest-KeyPairsV210TestJSON-1648765882-project-admin] 10.222.0.73 "DELETE /compute/v2.1/os-keypairs/tempest-KeyPairsV210TestJSON-keypair-116684741" status: 204 len: 0 microversion: 2.10 time: 0.034886
Jan 27 19:50:44.823430 n-d-764486-5 devstack@n-api.service[124076]: [pid: 124076|app: 0|req: 67/170] 10.222.0.73 () {60 vars in 1321 bytes} [Thu Jan 27 19:50:44 2022] DELETE /compute/v2.1/os-keypairs/tempest-KeyPairsV210TestJSON-keypair-116684741 => generated 0 bytes in 37 msecs (HTTP/1.1 204) 9 headers in 365 bytes (1 switches on core 0)
Jan 27 19:50:44.835369 n-d-764486-5 devstack@n-api.service[124077]: DEBUG nova.policy [None req-0c1ebae6-8b1a-4cd4-a356-203207291848 tempest-LiveMigrationTest-1941061147 tempest-LiveMigrationTest-1941061147-project] Policy check for os_compute_api:os-extended-server-attributes failed with credentials {'is_admin': False, 'user_id': '2fe40b28defd4416b21a378ffe1dc221', 'user_domain_id': 'default', 'system_scope': None, 'domain_id': None, 'project_id': '494a781b1bbc413e99ccb82bea3b5292', 'project_domain_id': 'default', 'roles': ['member', 'reader'], 'is_admin_project': True, 'service_user_id': None, 'service_user_domain_id': None, 'service_project_id': None, 'service_project_domain_id': None, 'service_roles': []} {{(pid=124077) authorize /opt/stack/nova/nova/policy.py:199}}
Jan 27 19:50:44.835953 n-d-764486-5 devstack@n-api.service[124076]: DEBUG nova.api.openstack.wsgi [None req-588aec8d-7007-40c3-b6a7-62ec48c55181 tempest-KeyPairsV210TestJSON-1648765882 tempest-KeyPairsV210TestJSON-1648765882-project-admin] Calling method '.version_select at 0x7f2d241513a0>' {{(pid=124076) _process_stack /opt/stack/nova/nova/api/openstack/wsgi.py:513}}
Jan 27 19:50:44.843295 n-d-764486-5 devstack@n-api.service[124077]: INFO nova.api.openstack.requestlog [None req-0c1ebae6-8b1a-4cd4-a356-203207291848 tempest-LiveMigrationTest-1941061147 tempest-LiveMigrationTest-1941061147-project] 10.222.0.73 "GET /compute/v2.1/servers/f8eb00cc-09c9-412f-b0aa-74a9ff62a8a8" status: 200 len: 1332 microversion: 2.1 time: 0.335975
Jan 27 19:50:44.845955 n-d-764486-5 devstack@n-api.service[124077]: [pid: 124077|app: 0|req: 104/171] 10.222.0.73 () {58 vars in 1235 bytes} [Thu Jan 27 19:50:44 2022] GET /compute/v2.1/servers/f8eb00cc-09c9-412f-b0aa-74a9ff62a8a8 => generated 1332 bytes in 339 msecs (HTTP/1.1 200) 9 headers in 358 bytes (1 switches on core 0)
Jan 27 19:50:44.864047 n-d-764486-5 devstack@n-api.service[124076]: INFO nova.api.openstack.requestlog [None req-588aec8d-7007-40c3-b6a7-62ec48c55181 tempest-KeyPairsV210TestJSON-1648765882 tempest-KeyPairsV210TestJSON-1648765882-project-admin] 10.222.0.73 "DELETE /compute/v2.1/os-keypairs/tempest-keypair-841980427?user_id=086232cd5b2c4e74b4c4b5a9f704b126" status: 204 len: 0 microversion: 2.10 time: 0.034084
Jan 27 19:50:44.864620 n-d-764486-5 devstack@n-api.service[124076]: [pid: 124076|app: 0|req: 68/172] 10.222.0.73 () {60 vars in 1339 bytes} [Thu Jan 27 19:50:44 2022] DELETE /compute/v2.1/os-keypairs/tempest-keypair-841980427?user_id=086232cd5b2c4e74b4c4b5a9f704b126 => generated 0 bytes in 35 msecs (HTTP/1.1 204) 9 headers in 365 bytes (1 switches on core 0)
Jan 27 19:50:44.873144 n-d-764486-5 devstack@n-api.service[124077]: DEBUG nova.api.openstack.wsgi [None req-c647fafb-25fa-4b30-ad51-13c4b8068e6f tempest-KeyPairsV210TestJSON-1648765882 tempest-KeyPairsV210TestJSON-1648765882-project-admin] Calling method '.version_select at 0x7f2d1ecebd30>' {{(pid=124077) _process_stack /opt/stack/nova/nova/api/openstack/wsgi.py:513}}
Jan 27 19:50:44.914020 n-d-764486-5 devstack@n-api.service[124077]: INFO nova.api.openstack.requestlog [None req-c647fafb-25fa-4b30-ad51-13c4b8068e6f tempest-KeyPairsV210TestJSON-1648765882 tempest-KeyPairsV210TestJSON-1648765882-project-admin] 10.222.0.73 "DELETE /compute/v2.1/os-keypairs/tempest-keypair-1446636193?user_id=086232cd5b2c4e74b4c4b5a9f704b126" status: 204 len: 0 microversion: 2.10 time: 0.043032
Jan 27 19:50:44.915111 n-d-764486-5 devstack@n-api.service[124077]: [pid: 124077|app: 0|req: 105/173] 10.222.0.73 () {60 vars in 1342 bytes} [Thu Jan 27 19:50:44 2022] DELETE /compute/v2.1/os-keypairs/tempest-keypair-1446636193?user_id=086232cd5b2c4e74b4c4b5a9f704b126 => generated 0 bytes in 46 msecs (HTTP/1.1 204) 9 headers in 365 bytes (1 switches on core 0)
Jan 27 19:50:45.238528 n-d-764486-5 devstack@n-api.service[124076]: DEBUG nova.api.openstack.wsgi [None req-6890f9ce-1b18-47c5-9855-dad554aebbbd tempest-DeleteServersAdminTestJSON-1036863878 tempest-DeleteServersAdminTestJSON-1036863878-project] Calling method '>' {{(pid=124076) _process_stack /opt/stack/nova/nova/api/openstack/wsgi.py:513}}
Jan 27 19:50:45.240153 n-d-764486-5 devstack@n-api.service[124076]: DEBUG nova.compute.api [None req-6890f9ce-1b18-47c5-9855-dad554aebbbd tempest-DeleteServersAdminTestJSON-1036863878 tempest-DeleteServersAdminTestJSON-1036863878-project] [instance: c3740568-8c63-4910-85e5-1f0a10a63918] Fetching instance by UUID {{(pid=124076) get /opt/stack/nova/nova/compute/api.py:2865}}
Jan 27 19:50:45.250551 n-d-764486-5 devstack@n-api.service[124076]: DEBUG oslo_concurrency.lockutils [None req-6890f9ce-1b18-47c5-9855-dad554aebbbd tempest-DeleteServersAdminTestJSON-1036863878 tempest-DeleteServersAdminTestJSON-1036863878-project] Lock "c530b5f0-9b46-48fa-92b3-f1998d47c202" acquired by "nova.context.set_target_cell..get_or_set_cached_cell_and_set_connections" :: waited 0.000s {{(pid=124076) inner /usr/local/lib/python3.8/dist-packages/oslo_concurrency/lockutils.py:386}}
Jan 27 19:50:45.251304 n-d-764486-5 devstack@n-api.service[124076]: DEBUG oslo_concurrency.lockutils [None req-6890f9ce-1b18-47c5-9855-dad554aebbbd tempest-DeleteServersAdminTestJSON-1036863878 tempest-DeleteServersAdminTestJSON-1036863878-project] Lock "c530b5f0-9b46-48fa-92b3-f1998d47c202" "released" by "nova.context.set_target_cell..get_or_set_cached_cell_and_set_connections" :: held 0.001s {{(pid=124076) inner /usr/local/lib/python3.8/dist-packages/oslo_concurrency/lockutils.py:400}}
Jan 27 19:50:45.252303 n-d-764486-5 devstack@n-api.service[124076]: DEBUG oslo_concurrency.lockutils [None req-6890f9ce-1b18-47c5-9855-dad554aebbbd tempest-DeleteServersAdminTestJSON-1036863878 tempest-DeleteServersAdminTestJSON-1036863878-project] Lock "c530b5f0-9b46-48fa-92b3-f1998d47c202" acquired by "nova.context.set_target_cell..get_or_set_cached_cell_and_set_connections" :: waited 0.000s {{(pid=124076) inner /usr/local/lib/python3.8/dist-packages/oslo_concurrency/lockutils.py:386}}
Jan 27 19:50:45.253810 n-d-764486-5 devstack@n-api.service[124076]: DEBUG oslo_concurrency.lockutils [None req-6890f9ce-1b18-47c5-9855-dad554aebbbd tempest-DeleteServersAdminTestJSON-1036863878 tempest-DeleteServersAdminTestJSON-1036863878-project] Lock "c530b5f0-9b46-48fa-92b3-f1998d47c202" "released" by "nova.context.set_target_cell..get_or_set_cached_cell_and_set_connections" :: held 0.001s {{(pid=124076) inner /usr/local/lib/python3.8/dist-packages/oslo_concurrency/lockutils.py:400}}
Jan 27 19:50:45.446515 n-d-764486-5 devstack@n-api.service[124076]: DEBUG nova.policy [None req-6890f9ce-1b18-47c5-9855-dad554aebbbd tempest-DeleteServersAdminTestJSON-1036863878 tempest-DeleteServersAdminTestJSON-1036863878-project] Policy check for os_compute_api:os-extended-server-attributes failed with credentials {'is_admin': False, 'user_id': 'd14c6ffd4c7a4c6f8180abcbcb897a5e', 'user_domain_id': 'default', 'system_scope': None, 'domain_id': None, 'project_id': '437a6729e2524144bcf06a422aff8110', 'project_domain_id': 'default', 'roles': ['member', 'reader'], 'is_admin_project': True, 'service_user_id': None, 'service_user_domain_id': None, 'service_project_id': None, 'service_project_domain_id': None, 'service_roles': []} {{(pid=124076) authorize /opt/stack/nova/nova/policy.py:199}}
Jan 27 19:50:45.456685 n-d-764486-5 devstack@n-api.service[124076]: INFO nova.api.openstack.requestlog [None req-6890f9ce-1b18-47c5-9855-dad554aebbbd tempest-DeleteServersAdminTestJSON-1036863878 tempest-DeleteServersAdminTestJSON-1036863878-project] 10.222.0.73 "GET /compute/v2.1/servers/c3740568-8c63-4910-85e5-1f0a10a63918" status: 200 len: 1320 microversion: 2.1 time: 0.220809
Jan 27 19:50:45.457754 n-d-764486-5 devstack@n-api.service[124076]: [pid: 124076|app: 0|req: 69/174] 10.222.0.73 () {58 vars in 1235 bytes} [Thu Jan 27 19:50:45 2022] GET /compute/v2.1/servers/c3740568-8c63-4910-85e5-1f0a10a63918 => generated 1320 bytes in 224 msecs (HTTP/1.1 200) 9 headers in 358 bytes (2 switches on core 0)
Jan 27 19:50:45.524015 n-d-764486-5 devstack@n-api.service[124077]: DEBUG nova.api.openstack.wsgi [None req-9121806f-d835-44f7-9748-d8babdbc85d9 tempest-AggregatesAdminTestJSON-1861035374 tempest-AggregatesAdminTestJSON-1861035374-project] Calling method '>' {{(pid=124077) _process_stack /opt/stack/nova/nova/api/openstack/wsgi.py:513}}
Jan 27 19:50:45.525373 n-d-764486-5 devstack@n-api.service[124077]: DEBUG nova.compute.api [None req-9121806f-d835-44f7-9748-d8babdbc85d9 tempest-AggregatesAdminTestJSON-1861035374 tempest-AggregatesAdminTestJSON-1861035374-project] [instance: 83641ad3-41f1-4651-adf4-f09c03a260b7] Fetching instance by UUID {{(pid=124077) get /opt/stack/nova/nova/compute/api.py:2865}}
Jan 27 19:50:45.532971 n-d-764486-5 devstack@n-api.service[124077]: DEBUG oslo_concurrency.lockutils [None req-9121806f-d835-44f7-9748-d8babdbc85d9 tempest-AggregatesAdminTestJSON-1861035374 tempest-AggregatesAdminTestJSON-1861035374-project] Lock "c530b5f0-9b46-48fa-92b3-f1998d47c202" acquired by "nova.context.set_target_cell..get_or_set_cached_cell_and_set_connections" :: waited 0.000s {{(pid=124077) inner /usr/local/lib/python3.8/dist-packages/oslo_concurrency/lockutils.py:386}}
Jan 27 19:50:45.533857 n-d-764486-5 devstack@n-api.service[124077]: DEBUG oslo_concurrency.lockutils [None req-9121806f-d835-44f7-9748-d8babdbc85d9 tempest-AggregatesAdminTestJSON-1861035374 tempest-AggregatesAdminTestJSON-1861035374-project] Lock "c530b5f0-9b46-48fa-92b3-f1998d47c202" "released" by "nova.context.set_target_cell..get_or_set_cached_cell_and_set_connections" :: held 0.001s {{(pid=124077) inner /usr/local/lib/python3.8/dist-packages/oslo_concurrency/lockutils.py:400}}
Jan 27 19:50:45.535081 n-d-764486-5 devstack@n-api.service[124077]: DEBUG oslo_concurrency.lockutils [None req-9121806f-d835-44f7-9748-d8babdbc85d9 tempest-AggregatesAdminTestJSON-1861035374 tempest-AggregatesAdminTestJSON-1861035374-project] Lock "c530b5f0-9b46-48fa-92b3-f1998d47c202" acquired by "nova.context.set_target_cell..get_or_set_cached_cell_and_set_connections" :: waited 0.000s {{(pid=124077) inner /usr/local/lib/python3.8/dist-packages/oslo_concurrency/lockutils.py:386}}
Jan 27 19:50:45.535748 n-d-764486-5 devstack@n-api.service[124077]: DEBUG oslo_concurrency.lockutils [None req-9121806f-d835-44f7-9748-d8babdbc85d9 tempest-AggregatesAdminTestJSON-1861035374 tempest-AggregatesAdminTestJSON-1861035374-project] Lock "c530b5f0-9b46-48fa-92b3-f1998d47c202" "released" by "nova.context.set_target_cell..get_or_set_cached_cell_and_set_connections" :: held 0.001s {{(pid=124077) inner /usr/local/lib/python3.8/dist-packages/oslo_concurrency/lockutils.py:400}}
Jan 27 19:50:45.728668 n-d-764486-5 devstack@n-api.service[124077]: DEBUG nova.policy [None req-9121806f-d835-44f7-9748-d8babdbc85d9 tempest-AggregatesAdminTestJSON-1861035374 tempest-AggregatesAdminTestJSON-1861035374-project] Policy check for os_compute_api:os-extended-server-attributes failed with credentials {'is_admin': False, 'user_id': 'da66d6b59b2c49f9936b0598da4d16d4', 'user_domain_id': 'default', 'system_scope': None, 'domain_id': None, 'project_id': '397e4404dee54d6287faebe32639bcbe', 'project_domain_id': 'default', 'roles': ['member', 'reader'], 'is_admin_project': True, 'service_user_id': None, 'service_user_domain_id': None, 'service_project_id': None, 'service_project_domain_id': None, 'service_roles': []} {{(pid=124077) authorize /opt/stack/nova/nova/policy.py:199}}
Jan 27 19:50:45.741103 n-d-764486-5 devstack@n-api.service[124077]: INFO nova.api.openstack.requestlog [None req-9121806f-d835-44f7-9748-d8babdbc85d9 tempest-AggregatesAdminTestJSON-1861035374 tempest-AggregatesAdminTestJSON-1861035374-project] 10.222.0.73 "GET /compute/v2.1/servers/83641ad3-41f1-4651-adf4-f09c03a260b7" status: 200 len: 1337 microversion: 2.1 time: 0.221427
Jan 27 19:50:45.753251 n-d-764486-5 devstack@n-api.service[124077]: [pid: 124077|app: 0|req: 106/175] 10.222.0.73 () {58 vars in 1235 bytes} [Thu Jan 27 19:50:45 2022] GET /compute/v2.1/servers/83641ad3-41f1-4651-adf4-f09c03a260b7 => generated 1337 bytes in 234 msecs (HTTP/1.1 200) 9 headers in 358 bytes (2 switches on core 0)
Jan 27 19:50:45.868749 n-d-764486-5 devstack@n-api.service[124077]: DEBUG nova.api.openstack.wsgi [None req-c2e1698e-d548-46db-92ae-d55fe2f61707 tempest-LiveMigrationTest-1941061147 tempest-LiveMigrationTest-1941061147-project] Calling method '>' {{(pid=124077) _process_stack /opt/stack/nova/nova/api/openstack/wsgi.py:513}}
Jan 27 19:50:45.869548 n-d-764486-5 devstack@n-api.service[124077]: DEBUG nova.compute.api [None req-c2e1698e-d548-46db-92ae-d55fe2f61707 tempest-LiveMigrationTest-1941061147 tempest-LiveMigrationTest-1941061147-project] [instance: f8eb00cc-09c9-412f-b0aa-74a9ff62a8a8] Fetching instance by UUID {{(pid=124077) get /opt/stack/nova/nova/compute/api.py:2865}}
Jan 27 19:50:45.875544 n-d-764486-5 devstack@n-api.service[124077]: DEBUG oslo_concurrency.lockutils [None req-c2e1698e-d548-46db-92ae-d55fe2f61707 tempest-LiveMigrationTest-1941061147 tempest-LiveMigrationTest-1941061147-project] Lock "c530b5f0-9b46-48fa-92b3-f1998d47c202" acquired by "nova.context.set_target_cell..get_or_set_cached_cell_and_set_connections" :: waited 0.000s {{(pid=124077) inner /usr/local/lib/python3.8/dist-packages/oslo_concurrency/lockutils.py:386}}
Jan 27 19:50:45.875991 n-d-764486-5 devstack@n-api.service[124077]: DEBUG oslo_concurrency.lockutils [None req-c2e1698e-d548-46db-92ae-d55fe2f61707 tempest-LiveMigrationTest-1941061147 tempest-LiveMigrationTest-1941061147-project] Lock "c530b5f0-9b46-48fa-92b3-f1998d47c202" "released" by "nova.context.set_target_cell..get_or_set_cached_cell_and_set_connections" :: held 0.001s {{(pid=124077) inner /usr/local/lib/python3.8/dist-packages/oslo_concurrency/lockutils.py:400}}
Jan 27 19:50:45.876939 n-d-764486-5 devstack@n-api.service[124077]: DEBUG oslo_concurrency.lockutils [None req-c2e1698e-d548-46db-92ae-d55fe2f61707 tempest-LiveMigrationTest-1941061147 tempest-LiveMigrationTest-1941061147-project] Lock "c530b5f0-9b46-48fa-92b3-f1998d47c202" acquired by "nova.context.set_target_cell..get_or_set_cached_cell_and_set_connections" :: waited 0.000s {{(pid=124077) inner /usr/local/lib/python3.8/dist-packages/oslo_concurrency/lockutils.py:386}}
Jan 27 19:50:45.877679 n-d-764486-5 devstack@n-api.service[124077]: DEBUG oslo_concurrency.lockutils [None req-c2e1698e-d548-46db-92ae-d55fe2f61707 tempest-LiveMigrationTest-1941061147 tempest-LiveMigrationTest-1941061147-project] Lock "c530b5f0-9b46-48fa-92b3-f1998d47c202" "released" by "nova.context.set_target_cell..get_or_set_cached_cell_and_set_connections" :: held 0.001s {{(pid=124077) inner /usr/local/lib/python3.8/dist-packages/oslo_concurrency/lockutils.py:400}}
Jan 27 19:50:45.970294 n-d-764486-5 devstack@n-api.service[124076]: DEBUG nova.api.openstack.wsgi [req-d06057b4-8266-4f01-b26c-48123cd11612 req-3321d63c-14fd-4f67-ad4d-ddcb4d62737f service nova] Action: 'create', calling method: >, body: {"events": [{"server_uuid": "83641ad3-41f1-4651-adf4-f09c03a260b7", "name": "network-vif-plugged", "status": "completed", "tag": "55c27118-a296-4466-8a67-32b870351080"}]} {{(pid=124076) _process_stack /opt/stack/nova/nova/api/openstack/wsgi.py:511}}
Jan 27 19:50:45.972036 n-d-764486-5 devstack@n-api.service[124076]: /usr/local/lib/python3.8/dist-packages/oslo_policy/policy.py:1119: UserWarning: Policy "os_compute_api:os-server-external-events:create": "rule:system_admin_api" failed scope check. The token used to make the request was project scoped but the policy requires ['system'] scope. This behavior may change in the future where using the intended scope is required
Jan 27 19:50:45.972036 n-d-764486-5 devstack@n-api.service[124076]: warnings.warn(msg)
Jan 27 19:50:45.990086 n-d-764486-5 devstack@n-api.service[124076]: DEBUG oslo_concurrency.lockutils [req-d06057b4-8266-4f01-b26c-48123cd11612 req-3321d63c-14fd-4f67-ad4d-ddcb4d62737f service nova] Lock "c530b5f0-9b46-48fa-92b3-f1998d47c202" acquired by "nova.context.set_target_cell..get_or_set_cached_cell_and_set_connections" :: waited 0.000s {{(pid=124076) inner /usr/local/lib/python3.8/dist-packages/oslo_concurrency/lockutils.py:386}}
Jan 27 19:50:45.990547 n-d-764486-5 devstack@n-api.service[124076]: DEBUG oslo_concurrency.lockutils [req-d06057b4-8266-4f01-b26c-48123cd11612 req-3321d63c-14fd-4f67-ad4d-ddcb4d62737f service nova] Lock "c530b5f0-9b46-48fa-92b3-f1998d47c202" "released" by "nova.context.set_target_cell..get_or_set_cached_cell_and_set_connections" :: held 0.001s {{(pid=124076) inner /usr/local/lib/python3.8/dist-packages/oslo_concurrency/lockutils.py:400}}
Jan 27 19:50:46.014380 n-d-764486-5 devstack@n-api.service[124076]: INFO nova.api.openstack.compute.server_external_events [req-d06057b4-8266-4f01-b26c-48123cd11612 req-3321d63c-14fd-4f67-ad4d-ddcb4d62737f service nova] Creating event network-vif-plugged:55c27118-a296-4466-8a67-32b870351080 for instance 83641ad3-41f1-4651-adf4-f09c03a260b7 on n-h2-764486-5
Jan 27 19:50:46.015275 n-d-764486-5 devstack@n-api.service[124076]: DEBUG oslo_concurrency.lockutils [req-d06057b4-8266-4f01-b26c-48123cd11612 req-3321d63c-14fd-4f67-ad4d-ddcb4d62737f service nova] Acquired lock "compute-rpcapi-router" {{(pid=124076) lock /usr/local/lib/python3.8/dist-packages/oslo_concurrency/lockutils.py:294}}
Jan 27 19:50:46.016841 n-d-764486-5 devstack@n-api.service[124076]: DEBUG oslo_concurrency.lockutils [None req-8b41bfcb-104c-43c8-8616-1b5a1b1ca9a4 None None] Lock "00000000-0000-0000-0000-000000000000" acquired by "nova.context.set_target_cell..get_or_set_cached_cell_and_set_connections" :: waited 0.000s {{(pid=124076) inner /usr/local/lib/python3.8/dist-packages/oslo_concurrency/lockutils.py:386}}
Jan 27 19:50:46.017440 n-d-764486-5 devstack@n-api.service[124076]: DEBUG oslo_concurrency.lockutils [None req-8b41bfcb-104c-43c8-8616-1b5a1b1ca9a4 None None] Lock "00000000-0000-0000-0000-000000000000" "released" by "nova.context.set_target_cell..get_or_set_cached_cell_and_set_connections" :: held 0.001s {{(pid=124076) inner /usr/local/lib/python3.8/dist-packages/oslo_concurrency/lockutils.py:400}}
Jan 27 19:50:46.018609 n-d-764486-5 devstack@n-api.service[124076]: DEBUG oslo_concurrency.lockutils [None req-8b41bfcb-104c-43c8-8616-1b5a1b1ca9a4 None None] Lock "c530b5f0-9b46-48fa-92b3-f1998d47c202" acquired by "nova.context.set_target_cell..get_or_set_cached_cell_and_set_connections" :: waited 0.000s {{(pid=124076) inner /usr/local/lib/python3.8/dist-packages/oslo_concurrency/lockutils.py:386}}
Jan 27 19:50:46.019419 n-d-764486-5 devstack@n-api.service[124076]: DEBUG oslo_concurrency.lockutils [None req-8b41bfcb-104c-43c8-8616-1b5a1b1ca9a4 None None] Lock "c530b5f0-9b46-48fa-92b3-f1998d47c202" "released" by "nova.context.set_target_cell..get_or_set_cached_cell_and_set_connections" :: held 0.001s {{(pid=124076) inner /usr/local/lib/python3.8/dist-packages/oslo_concurrency/lockutils.py:400}}
Jan 27 19:50:46.032902 n-d-764486-5 devstack@n-api.service[124076]: INFO nova.compute.rpcapi [None req-8b41bfcb-104c-43c8-8616-1b5a1b1ca9a4 None None] Automatically selected compute RPC version 6.0 from minimum service version 60
Jan 27 19:50:46.034307 n-d-764486-5 devstack@n-api.service[124076]: DEBUG oslo_concurrency.lockutils [None req-8b41bfcb-104c-43c8-8616-1b5a1b1ca9a4 None None] Releasing lock "compute-rpcapi-router" {{(pid=124076) lock /usr/local/lib/python3.8/dist-packages/oslo_concurrency/lockutils.py:312}}
Jan 27 19:50:46.052683 n-d-764486-5 devstack@n-api.service[124076]: INFO nova.api.openstack.requestlog [None req-8b41bfcb-104c-43c8-8616-1b5a1b1ca9a4 None None] 10.222.0.73 "POST /compute/v2.1/os-server-external-events" status: 200 len: 183 microversion: 2.1 time: 0.242628
Jan 27 19:50:46.055335 n-d-764486-5 devstack@n-api.service[124076]: [pid: 124076|app: 0|req: 70/176] 10.222.0.73 () {64 vars in 1317 bytes} [Thu Jan 27 19:50:45 2022] POST /compute/v2.1/os-server-external-events => generated 183 bytes in 246 msecs (HTTP/1.1 200) 9 headers in 357 bytes (1 switches on core 0)
Jan 27 19:50:46.137923 n-d-764486-5 devstack@n-api.service[124077]: DEBUG nova.policy [None req-c2e1698e-d548-46db-92ae-d55fe2f61707 tempest-LiveMigrationTest-1941061147 tempest-LiveMigrationTest-1941061147-project] Policy check for os_compute_api:os-extended-server-attributes failed with credentials {'is_admin': False, 'user_id': '2fe40b28defd4416b21a378ffe1dc221', 'user_domain_id': 'default', 'system_scope': None, 'domain_id': None, 'project_id': '494a781b1bbc413e99ccb82bea3b5292', 'project_domain_id': 'default', 'roles': ['member', 'reader'], 'is_admin_project': True, 'service_user_id': None, 'service_user_domain_id': None, 'service_project_id': None, 'service_project_domain_id': None, 'service_roles': []} {{(pid=124077) authorize /opt/stack/nova/nova/policy.py:199}}
Jan 27 19:50:46.146301 n-d-764486-5 devstack@n-api.service[124077]: INFO nova.api.openstack.requestlog [None req-c2e1698e-d548-46db-92ae-d55fe2f61707 tempest-LiveMigrationTest-1941061147 tempest-LiveMigrationTest-1941061147-project] 10.222.0.73 "GET /compute/v2.1/servers/f8eb00cc-09c9-412f-b0aa-74a9ff62a8a8" status: 200 len: 1332 microversion: 2.1 time: 0.281984
Jan 27 19:50:46.147349 n-d-764486-5 devstack@n-api.service[124077]: [pid: 124077|app: 0|req: 107/177] 10.222.0.73 () {58 vars in 1235 bytes} [Thu Jan 27 19:50:45 2022] GET /compute/v2.1/servers/f8eb00cc-09c9-412f-b0aa-74a9ff62a8a8 => generated 1332 bytes in 283 msecs (HTTP/1.1 200) 9 headers in 358 bytes (2 switches on core 0)
Jan 27 19:50:46.483686 n-d-764486-5 devstack@n-api.service[124076]: DEBUG nova.api.openstack.wsgi [None req-c2beff1d-2110-4bd2-83bb-0d1425764636 tempest-DeleteServersAdminTestJSON-1036863878 tempest-DeleteServersAdminTestJSON-1036863878-project] Calling method '>' {{(pid=124076) _process_stack /opt/stack/nova/nova/api/openstack/wsgi.py:513}}
Jan 27 19:50:46.485553 n-d-764486-5 devstack@n-api.service[124076]: DEBUG nova.compute.api [None req-c2beff1d-2110-4bd2-83bb-0d1425764636 tempest-DeleteServersAdminTestJSON-1036863878 tempest-DeleteServersAdminTestJSON-1036863878-project] [instance: c3740568-8c63-4910-85e5-1f0a10a63918] Fetching instance by UUID {{(pid=124076) get /opt/stack/nova/nova/compute/api.py:2865}}
Jan 27 19:50:46.491625 n-d-764486-5 devstack@n-api.service[124076]: DEBUG oslo_concurrency.lockutils [None req-c2beff1d-2110-4bd2-83bb-0d1425764636 tempest-DeleteServersAdminTestJSON-1036863878 tempest-DeleteServersAdminTestJSON-1036863878-project] Lock "c530b5f0-9b46-48fa-92b3-f1998d47c202" acquired by "nova.context.set_target_cell..get_or_set_cached_cell_and_set_connections" :: waited 0.000s {{(pid=124076) inner /usr/local/lib/python3.8/dist-packages/oslo_concurrency/lockutils.py:386}}
Jan 27 19:50:46.492323 n-d-764486-5 devstack@n-api.service[124076]: DEBUG oslo_concurrency.lockutils [None req-c2beff1d-2110-4bd2-83bb-0d1425764636 tempest-DeleteServersAdminTestJSON-1036863878 tempest-DeleteServersAdminTestJSON-1036863878-project] Lock "c530b5f0-9b46-48fa-92b3-f1998d47c202" "released" by "nova.context.set_target_cell..get_or_set_cached_cell_and_set_connections" :: held 0.001s {{(pid=124076) inner /usr/local/lib/python3.8/dist-packages/oslo_concurrency/lockutils.py:400}}
Jan 27 19:50:46.493678 n-d-764486-5 devstack@n-api.service[124076]: DEBUG oslo_concurrency.lockutils [None req-c2beff1d-2110-4bd2-83bb-0d1425764636 tempest-DeleteServersAdminTestJSON-1036863878 tempest-DeleteServersAdminTestJSON-1036863878-project] Lock "c530b5f0-9b46-48fa-92b3-f1998d47c202" acquired by "nova.context.set_target_cell..get_or_set_cached_cell_and_set_connections" :: waited 0.000s {{(pid=124076) inner /usr/local/lib/python3.8/dist-packages/oslo_concurrency/lockutils.py:386}}
Jan 27 19:50:46.494390 n-d-764486-5 devstack@n-api.service[124076]: DEBUG oslo_concurrency.lockutils [None req-c2beff1d-2110-4bd2-83bb-0d1425764636 tempest-DeleteServersAdminTestJSON-1036863878 tempest-DeleteServersAdminTestJSON-1036863878-project] Lock "c530b5f0-9b46-48fa-92b3-f1998d47c202" "released" by "nova.context.set_target_cell..get_or_set_cached_cell_and_set_connections" :: held 0.001s {{(pid=124076) inner /usr/local/lib/python3.8/dist-packages/oslo_concurrency/lockutils.py:400}}
Jan 27 19:50:46.636118 n-d-764486-5 devstack@n-api.service[124076]: DEBUG nova.policy [None req-c2beff1d-2110-4bd2-83bb-0d1425764636 tempest-DeleteServersAdminTestJSON-1036863878 tempest-DeleteServersAdminTestJSON-1036863878-project] Policy check for os_compute_api:os-extended-server-attributes failed with credentials {'is_admin': False, 'user_id': 'd14c6ffd4c7a4c6f8180abcbcb897a5e', 'user_domain_id': 'default', 'system_scope': None, 'domain_id': None, 'project_id': '437a6729e2524144bcf06a422aff8110', 'project_domain_id': 'default', 'roles': ['member', 'reader'], 'is_admin_project': True, 'service_user_id': None, 'service_user_domain_id': None, 'service_project_id': None, 'service_project_domain_id': None, 'service_roles': []} {{(pid=124076) authorize /opt/stack/nova/nova/policy.py:199}}
Jan 27 19:50:46.645276 n-d-764486-5 devstack@n-api.service[124076]: INFO nova.api.openstack.requestlog [None req-c2beff1d-2110-4bd2-83bb-0d1425764636 tempest-DeleteServersAdminTestJSON-1036863878 tempest-DeleteServersAdminTestJSON-1036863878-project] 10.222.0.73 "GET /compute/v2.1/servers/c3740568-8c63-4910-85e5-1f0a10a63918" status: 200 len: 1320 microversion: 2.1 time: 0.171126
Jan 27 19:50:46.645276 n-d-764486-5 devstack@n-api.service[124076]: [pid: 124076|app: 0|req: 71/178] 10.222.0.73 () {58 vars in 1235 bytes} [Thu Jan 27 19:50:46 2022] GET /compute/v2.1/servers/c3740568-8c63-4910-85e5-1f0a10a63918 => generated 1320 bytes in 174 msecs (HTTP/1.1 200) 9 headers in 358 bytes (1 switches on core 0)
Jan 27 19:50:46.760108 n-d-764486-5 devstack@n-api.service[124077]: DEBUG nova.api.openstack.wsgi [None req-5aa23156-1a39-47bf-b58d-7e3f113cf77a tempest-AggregatesAdminTestJSON-1861035374 tempest-AggregatesAdminTestJSON-1861035374-project] Calling method '>' {{(pid=124077) _process_stack /opt/stack/nova/nova/api/openstack/wsgi.py:513}}
Jan 27 19:50:46.761721 n-d-764486-5 devstack@n-api.service[124077]: DEBUG nova.compute.api [None req-5aa23156-1a39-47bf-b58d-7e3f113cf77a tempest-AggregatesAdminTestJSON-1861035374 tempest-AggregatesAdminTestJSON-1861035374-project] [instance: 83641ad3-41f1-4651-adf4-f09c03a260b7] Fetching instance by UUID {{(pid=124077) get /opt/stack/nova/nova/compute/api.py:2865}}
Jan 27 19:50:46.770176 n-d-764486-5 devstack@n-api.service[124077]: DEBUG oslo_concurrency.lockutils [None req-5aa23156-1a39-47bf-b58d-7e3f113cf77a tempest-AggregatesAdminTestJSON-1861035374 tempest-AggregatesAdminTestJSON-1861035374-project] Lock "c530b5f0-9b46-48fa-92b3-f1998d47c202" acquired by "nova.context.set_target_cell..get_or_set_cached_cell_and_set_connections" :: waited 0.000s {{(pid=124077) inner /usr/local/lib/python3.8/dist-packages/oslo_concurrency/lockutils.py:386}}
