Jan 27 19:41:29.826521 n-d-764486-5 devstack@n-api.service[108848]: INFO nova.api.openstack.requestlog [None req-3d97d8bd-dff3-4081-b113-a6ceb9c2e16d admin admin] 10.222.0.73 "POST /compute/v2.1/flavors/d2/os-extra_specs" status: 200 len: 43 microversion: 2.61 time: 0.033930
Jan 27 19:41:29.827513 n-d-764486-5 devstack@n-api.service[108848]: [pid: 108848|app: 0|req: 7/12] 10.222.0.73 () {64 vars in 1335 bytes} [Thu Jan 27 19:41:29 2022] POST /compute/v2.1/flavors/d2/os-extra_specs => generated 43 bytes in 36 msecs (HTTP/1.1 200) 9 headers in 358 bytes (1 switches on core 0)
Jan 27 19:41:32.238422 n-d-764486-5 devstack@n-api.service[108847]: DEBUG nova.api.openstack.wsgi [None req-1dec5866-0bd6-4104-9281-55025c133bc6 admin admin] Calling method '>' {{(pid=108847) _process_stack /opt/stack/nova/nova/api/openstack/wsgi.py:513}}
Jan 27 19:41:32.239968 n-d-764486-5 devstack@n-api.service[108847]: INFO nova.api.openstack.requestlog [None req-1dec5866-0bd6-4104-9281-55025c133bc6 admin admin] 10.222.0.73 "GET /compute/v2.1" status: 200 len: 388 microversion: 2.1 time: 0.002034
Jan 27 19:41:32.240520 n-d-764486-5 devstack@n-api.service[108847]: [pid: 108847|app: 0|req: 6/13] 10.222.0.73 () {54 vars in 930 bytes} [Thu Jan 27 19:41:32 2022] GET /compute/v2.1 => generated 388 bytes in 3 msecs (HTTP/1.1 200) 9 headers in 357 bytes (1 switches on core 0)
Jan 27 19:41:32.303343 n-d-764486-5 devstack@n-api.service[108848]: DEBUG nova.api.openstack.wsgi [None req-a2fef6d5-2d75-4c61-ac43-1996b638034a admin admin] Action: 'create', calling method: >, body: {"flavor": {"rxtx_factor": 1.0, "name": "ds2G", "disk": 10, "swap": 0, "vcpus": 2, "os-flavor-access:is_public": true, "OS-FLV-EXT-DATA:ephemeral": 0, "ram": 2048, "id": "d3"}} {{(pid=108848) _process_stack /opt/stack/nova/nova/api/openstack/wsgi.py:511}}
Jan 27 19:41:32.326527 n-d-764486-5 devstack@n-api.service[108848]: INFO nova.api.openstack.requestlog [None req-a2fef6d5-2d75-4c61-ac43-1996b638034a admin admin] 10.222.0.73 "POST /compute/v2.1/flavors" status: 200 len: 404 microversion: 2.61 time: 0.079821
Jan 27 19:41:32.327834 n-d-764486-5 devstack@n-api.service[108848]: [pid: 108848|app: 0|req: 8/14] 10.222.0.73 () {64 vars in 1282 bytes} [Thu Jan 27 19:41:32 2022] POST /compute/v2.1/flavors => generated 404 bytes in 82 msecs (HTTP/1.1 200) 9 headers in 359 bytes (2 switches on core 0)
Jan 27 19:41:32.340353 n-d-764486-5 devstack@n-api.service[108847]: DEBUG nova.api.openstack.wsgi [None req-5fe3a6da-13d0-4b88-81f5-97578eddb8c4 admin admin] Action: 'create', calling method: >, body: {"extra_specs": {"hw_rng:allowed": "True"}} {{(pid=108847) _process_stack /opt/stack/nova/nova/api/openstack/wsgi.py:511}}
Jan 27 19:41:32.377583 n-d-764486-5 devstack@n-api.service[108847]: INFO nova.api.openstack.requestlog [None req-5fe3a6da-13d0-4b88-81f5-97578eddb8c4 admin admin] 10.222.0.73 "POST /compute/v2.1/flavors/d3/os-extra_specs" status: 200 len: 43 microversion: 2.61 time: 0.040896
Jan 27 19:41:32.378927 n-d-764486-5 devstack@n-api.service[108847]: [pid: 108847|app: 0|req: 7/15] 10.222.0.73 () {64 vars in 1335 bytes} [Thu Jan 27 19:41:32 2022] POST /compute/v2.1/flavors/d3/os-extra_specs => generated 43 bytes in 43 msecs (HTTP/1.1 200) 9 headers in 358 bytes (1 switches on core 0)
Jan 27 19:41:34.851017 n-d-764486-5 devstack@n-api.service[108848]: DEBUG nova.api.openstack.wsgi [None req-a2fef6d5-2d75-4c61-ac43-1996b638034a admin admin] Calling method '>' {{(pid=108848) _process_stack /opt/stack/nova/nova/api/openstack/wsgi.py:513}}
Jan 27 19:41:34.852066 n-d-764486-5 devstack@n-api.service[108848]: INFO nova.api.openstack.requestlog [None req-a2fef6d5-2d75-4c61-ac43-1996b638034a admin admin] 10.222.0.73 "GET /compute/v2.1" status: 200 len: 388 microversion: 2.1 time: 0.002310
Jan 27 19:41:34.852493 n-d-764486-5 devstack@n-api.service[108848]: [pid: 108848|app: 0|req: 9/16] 10.222.0.73 () {54 vars in 930 bytes} [Thu Jan 27 19:41:34 2022] GET /compute/v2.1 => generated 388 bytes in 3 msecs (HTTP/1.1 200) 9 headers in 357 bytes (1 switches on core 0)
Jan 27 19:41:34.916385 n-d-764486-5 devstack@n-api.service[108847]: DEBUG nova.api.openstack.wsgi [None req-29c4fee7-98db-4569-a67f-18d155135234 admin admin] Action: 'create', calling method: >, body: {"flavor": {"disk": 20, "OS-FLV-EXT-DATA:ephemeral": 0, "ram": 4096, "id": "d4", "rxtx_factor": 1.0, "vcpus": 4, "os-flavor-access:is_public": true, "name": "ds4G", "swap": 0}} {{(pid=108847) _process_stack /opt/stack/nova/nova/api/openstack/wsgi.py:511}}
Jan 27 19:41:34.937590 n-d-764486-5 devstack@n-api.service[108847]: INFO nova.api.openstack.requestlog [None req-29c4fee7-98db-4569-a67f-18d155135234 admin admin] 10.222.0.73 "POST /compute/v2.1/flavors" status: 200 len: 404 microversion: 2.61 time: 0.078634
Jan 27 19:41:34.938763 n-d-764486-5 devstack@n-api.service[108847]: [pid: 108847|app: 0|req: 8/17] 10.222.0.73 () {64 vars in 1282 bytes} [Thu Jan 27 19:41:34 2022] POST /compute/v2.1/flavors => generated 404 bytes in 80 msecs (HTTP/1.1 200) 9 headers in 359 bytes (1 switches on core 0)
Jan 27 19:41:34.950788 n-d-764486-5 devstack@n-api.service[108848]: DEBUG nova.api.openstack.wsgi [None req-724ed889-8fce-464d-8b96-46a11a8fa641 admin admin] Action: 'create', calling method: >, body: {"extra_specs": {"hw_rng:allowed": "True"}} {{(pid=108848) _process_stack /opt/stack/nova/nova/api/openstack/wsgi.py:511}}
Jan 27 19:41:34.974682 n-d-764486-5 devstack@n-api.service[108848]: INFO nova.api.openstack.requestlog [None req-724ed889-8fce-464d-8b96-46a11a8fa641 admin admin] 10.222.0.73 "POST /compute/v2.1/flavors/d4/os-extra_specs" status: 200 len: 43 microversion: 2.61 time: 0.027438
Jan 27 19:41:34.975654 n-d-764486-5 devstack@n-api.service[108848]: [pid: 108848|app: 0|req: 10/18] 10.222.0.73 () {64 vars in 1335 bytes} [Thu Jan 27 19:41:34 2022] POST /compute/v2.1/flavors/d4/os-extra_specs => generated 43 bytes in 29 msecs (HTTP/1.1 200) 9 headers in 358 bytes (1 switches on core 0)
Jan 27 19:41:37.337601 n-d-764486-5 devstack@n-api.service[108847]: DEBUG nova.api.openstack.wsgi [None req-29c4fee7-98db-4569-a67f-18d155135234 admin admin] Calling method '>' {{(pid=108847) _process_stack /opt/stack/nova/nova/api/openstack/wsgi.py:513}}
Jan 27 19:41:37.340315 n-d-764486-5 devstack@n-api.service[108847]: INFO nova.api.openstack.requestlog [None req-29c4fee7-98db-4569-a67f-18d155135234 admin admin] 10.222.0.73 "GET /compute/v2.1" status: 200 len: 388 microversion: 2.1 time: 0.002506
Jan 27 19:41:37.340315 n-d-764486-5 devstack@n-api.service[108847]: [pid: 108847|app: 0|req: 9/19] 10.222.0.73 () {54 vars in 930 bytes} [Thu Jan 27 19:41:37 2022] GET /compute/v2.1 => generated 388 bytes in 3 msecs (HTTP/1.1 200) 9 headers in 357 bytes (1 switches on core 0)
Jan 27 19:41:37.433150 n-d-764486-5 devstack@n-api.service[108848]: DEBUG nova.api.openstack.wsgi [None req-2356c687-aeed-4e5d-81ac-c345d865d82d admin admin] Calling method '>' {{(pid=108848) _process_stack /opt/stack/nova/nova/api/openstack/wsgi.py:513}}
Jan 27 19:41:37.460178 n-d-764486-5 devstack@n-api.service[108848]: INFO nova.api.openstack.requestlog [None req-2356c687-aeed-4e5d-81ac-c345d865d82d admin admin] 10.222.0.73 "GET /compute/v2.1/flavors/detail?is_public=True" status: 200 len: 2106 microversion: 2.61 time: 0.113679
Jan 27 19:41:37.461407 n-d-764486-5 devstack@n-api.service[108848]: [pid: 108848|app: 0|req: 11/20] 10.222.0.73 () {60 vars in 1291 bytes} [Thu Jan 27 19:41:37 2022] GET /compute/v2.1/flavors/detail?is_public=True => generated 2106 bytes in 115 msecs (HTTP/1.1 200) 9 headers in 360 bytes (1 switches on core 0)
Jan 27 19:41:39.845527 n-d-764486-5 devstack@n-api.service[108847]: DEBUG nova.api.openstack.wsgi [None req-29c4fee7-98db-4569-a67f-18d155135234 admin admin] Calling method '>' {{(pid=108847) _process_stack /opt/stack/nova/nova/api/openstack/wsgi.py:513}}
Jan 27 19:41:39.847159 n-d-764486-5 devstack@n-api.service[108847]: INFO nova.api.openstack.requestlog [None req-29c4fee7-98db-4569-a67f-18d155135234 admin admin] 10.222.0.73 "GET /compute/v2.1" status: 200 len: 388 microversion: 2.1 time: 0.001964
Jan 27 19:41:39.853055 n-d-764486-5 devstack@n-api.service[108847]: [pid: 108847|app: 0|req: 10/21] 10.222.0.73 () {54 vars in 930 bytes} [Thu Jan 27 19:41:39 2022] GET /compute/v2.1 => generated 388 bytes in 3 msecs (HTTP/1.1 200) 9 headers in 357 bytes (1 switches on core 0)
Jan 27 19:41:39.915985 n-d-764486-5 devstack@n-api.service[108848]: DEBUG nova.api.openstack.wsgi [None req-5d28f2b8-7763-4d0d-90e4-8fd9636c4932 admin admin] Action: 'create', calling method: >, body: {"flavor": {"name": "m1.tiny", "id": "1", "rxtx_factor": 1.0, "os-flavor-access:is_public": true, "vcpus": 1, "ram": 512, "swap": 0, "disk": 1, "OS-FLV-EXT-DATA:ephemeral": 0}} {{(pid=108848) _process_stack /opt/stack/nova/nova/api/openstack/wsgi.py:511}}
Jan 27 19:41:39.940755 n-d-764486-5 devstack@n-api.service[108848]: INFO nova.api.openstack.requestlog [None req-5d28f2b8-7763-4d0d-90e4-8fd9636c4932 admin admin] 10.222.0.73 "POST /compute/v2.1/flavors" status: 200 len: 402 microversion: 2.61 time: 0.086474
Jan 27 19:41:39.941976 n-d-764486-5 devstack@n-api.service[108848]: [pid: 108848|app: 0|req: 12/22] 10.222.0.73 () {64 vars in 1282 bytes} [Thu Jan 27 19:41:39 2022] POST /compute/v2.1/flavors => generated 402 bytes in 88 msecs (HTTP/1.1 200) 9 headers in 359 bytes (2 switches on core 0)
Jan 27 19:41:39.953369 n-d-764486-5 devstack@n-api.service[108847]: DEBUG nova.api.openstack.wsgi [None req-9aad9229-40c8-419e-9f35-66f45555c190 admin admin] Action: 'create', calling method: >, body: {"extra_specs": {"hw_rng:allowed": "True"}} {{(pid=108847) _process_stack /opt/stack/nova/nova/api/openstack/wsgi.py:511}}
Jan 27 19:41:39.979853 n-d-764486-5 devstack@n-api.service[108847]: INFO nova.api.openstack.requestlog [None req-9aad9229-40c8-419e-9f35-66f45555c190 admin admin] 10.222.0.73 "POST /compute/v2.1/flavors/1/os-extra_specs" status: 200 len: 43 microversion: 2.61 time: 0.029991
Jan 27 19:41:39.991908 n-d-764486-5 devstack@n-api.service[108847]: [pid: 108847|app: 0|req: 11/23] 10.222.0.73 () {64 vars in 1332 bytes} [Thu Jan 27 19:41:39 2022] POST /compute/v2.1/flavors/1/os-extra_specs => generated 43 bytes in 43 msecs (HTTP/1.1 200) 9 headers in 358 bytes (2 switches on core 0)
Jan 27 19:41:42.330551 n-d-764486-5 devstack@n-api.service[108848]: DEBUG nova.api.openstack.wsgi [None req-5d28f2b8-7763-4d0d-90e4-8fd9636c4932 admin admin] Calling method '>' {{(pid=108848) _process_stack /opt/stack/nova/nova/api/openstack/wsgi.py:513}}
Jan 27 19:41:42.332629 n-d-764486-5 devstack@n-api.service[108848]: INFO nova.api.openstack.requestlog [None req-5d28f2b8-7763-4d0d-90e4-8fd9636c4932 admin admin] 10.222.0.73 "GET /compute/v2.1" status: 200 len: 388 microversion: 2.1 time: 0.002660
Jan 27 19:41:42.333345 n-d-764486-5 devstack@n-api.service[108848]: [pid: 108848|app: 0|req: 13/24] 10.222.0.73 () {54 vars in 930 bytes} [Thu Jan 27 19:41:42 2022] GET /compute/v2.1 => generated 388 bytes in 4 msecs (HTTP/1.1 200) 9 headers in 357 bytes (1 switches on core 0)
Jan 27 19:41:42.404018 n-d-764486-5 devstack@n-api.service[108847]: DEBUG nova.api.openstack.wsgi [None req-1526c076-393b-4853-b297-1e469fd599af admin admin] Action: 'create', calling method: >, body: {"flavor": {"disk": 20, "ram": 2048, "id": "2", "OS-FLV-EXT-DATA:ephemeral": 0, "os-flavor-access:is_public": true, "name": "m1.small", "swap": 0, "rxtx_factor": 1.0, "vcpus": 1}} {{(pid=108847) _process_stack /opt/stack/nova/nova/api/openstack/wsgi.py:511}}
Jan 27 19:41:42.426106 n-d-764486-5 devstack@n-api.service[108847]: INFO nova.api.openstack.requestlog [None req-1526c076-393b-4853-b297-1e469fd599af admin admin] 10.222.0.73 "POST /compute/v2.1/flavors" status: 200 len: 405 microversion: 2.61 time: 0.084793
Jan 27 19:41:42.427055 n-d-764486-5 devstack@n-api.service[108847]: [pid: 108847|app: 0|req: 12/25] 10.222.0.73 () {64 vars in 1282 bytes} [Thu Jan 27 19:41:42 2022] POST /compute/v2.1/flavors => generated 405 bytes in 86 msecs (HTTP/1.1 200) 9 headers in 359 bytes (1 switches on core 0)
Jan 27 19:41:42.441204 n-d-764486-5 devstack@n-api.service[108848]: DEBUG nova.api.openstack.wsgi [None req-53498545-eeeb-4aa6-abc9-f40fda5e54cd admin admin] Action: 'create', calling method: >, body: {"extra_specs": {"hw_rng:allowed": "True"}} {{(pid=108848) _process_stack /opt/stack/nova/nova/api/openstack/wsgi.py:511}}
Jan 27 19:41:42.469940 n-d-764486-5 devstack@n-api.service[108848]: INFO nova.api.openstack.requestlog [None req-53498545-eeeb-4aa6-abc9-f40fda5e54cd admin admin] 10.222.0.73 "POST /compute/v2.1/flavors/2/os-extra_specs" status: 200 len: 43 microversion: 2.61 time: 0.033203
Jan 27 19:41:42.471013 n-d-764486-5 devstack@n-api.service[108848]: [pid: 108848|app: 0|req: 14/26] 10.222.0.73 () {64 vars in 1332 bytes} [Thu Jan 27 19:41:42 2022] POST /compute/v2.1/flavors/2/os-extra_specs => generated 43 bytes in 35 msecs (HTTP/1.1 200) 9 headers in 358 bytes (1 switches on core 0)
Jan 27 19:41:44.972290 n-d-764486-5 devstack@n-api.service[108847]: DEBUG nova.api.openstack.wsgi [None req-1526c076-393b-4853-b297-1e469fd599af admin admin] Calling method '>' {{(pid=108847) _process_stack /opt/stack/nova/nova/api/openstack/wsgi.py:513}}
Jan 27 19:41:44.973305 n-d-764486-5 devstack@n-api.service[108847]: INFO nova.api.openstack.requestlog [None req-1526c076-393b-4853-b297-1e469fd599af admin admin] 10.222.0.73 "GET /compute/v2.1" status: 200 len: 388 microversion: 2.1 time: 0.001466
Jan 27 19:41:44.973921 n-d-764486-5 devstack@n-api.service[108847]: [pid: 108847|app: 0|req: 13/27] 10.222.0.73 () {54 vars in 930 bytes} [Thu Jan 27 19:41:44 2022] GET /compute/v2.1 => generated 388 bytes in 2 msecs (HTTP/1.1 200) 9 headers in 357 bytes (1 switches on core 0)
Jan 27 19:41:45.049771 n-d-764486-5 devstack@n-api.service[108848]: DEBUG nova.api.openstack.wsgi [None req-7bc0b150-a91f-4728-8c83-8e7381c27e5c admin admin] Action: 'create', calling method: >, body: {"flavor": {"vcpus": 2, "swap": 0, "OS-FLV-EXT-DATA:ephemeral": 0, "os-flavor-access:is_public": true, "id": "3", "name": "m1.medium", "ram": 4096, "disk": 40, "rxtx_factor": 1.0}} {{(pid=108848) _process_stack /opt/stack/nova/nova/api/openstack/wsgi.py:511}}
Jan 27 19:41:45.074192 n-d-764486-5 devstack@n-api.service[108848]: INFO nova.api.openstack.requestlog [None req-7bc0b150-a91f-4728-8c83-8e7381c27e5c admin admin] 10.222.0.73 "POST /compute/v2.1/flavors" status: 200 len: 406 microversion: 2.61 time: 0.094148
Jan 27 19:41:45.075644 n-d-764486-5 devstack@n-api.service[108848]: [pid: 108848|app: 0|req: 15/28] 10.222.0.73 () {64 vars in 1282 bytes} [Thu Jan 27 19:41:44 2022] POST /compute/v2.1/flavors => generated 406 bytes in 96 msecs (HTTP/1.1 200) 9 headers in 359 bytes (2 switches on core 0)
Jan 27 19:41:45.088247 n-d-764486-5 devstack@n-api.service[108847]: DEBUG nova.api.openstack.wsgi [None req-2446ee29-5146-4c24-9390-07dce5894983 admin admin] Action: 'create', calling method: >, body: {"extra_specs": {"hw_rng:allowed": "True"}} {{(pid=108847) _process_stack /opt/stack/nova/nova/api/openstack/wsgi.py:511}}
Jan 27 19:41:45.119806 n-d-764486-5 devstack@n-api.service[108847]: INFO nova.api.openstack.requestlog [None req-2446ee29-5146-4c24-9390-07dce5894983 admin admin] 10.222.0.73 "POST /compute/v2.1/flavors/3/os-extra_specs" status: 200 len: 43 microversion: 2.61 time: 0.036127
Jan 27 19:41:45.120806 n-d-764486-5 devstack@n-api.service[108847]: [pid: 108847|app: 0|req: 14/29] 10.222.0.73 () {64 vars in 1332 bytes} [Thu Jan 27 19:41:45 2022] POST /compute/v2.1/flavors/3/os-extra_specs => generated 43 bytes in 38 msecs (HTTP/1.1 200) 9 headers in 358 bytes (1 switches on core 0)
Jan 27 19:41:47.651240 n-d-764486-5 devstack@n-api.service[108848]: DEBUG nova.api.openstack.wsgi [None req-7bc0b150-a91f-4728-8c83-8e7381c27e5c admin admin] Calling method '>' {{(pid=108848) _process_stack /opt/stack/nova/nova/api/openstack/wsgi.py:513}}
Jan 27 19:41:47.654058 n-d-764486-5 devstack@n-api.service[108848]: INFO nova.api.openstack.requestlog [None req-7bc0b150-a91f-4728-8c83-8e7381c27e5c admin admin] 10.222.0.73 "GET /compute/v2.1" status: 200 len: 388 microversion: 2.1 time: 0.003503
Jan 27 19:41:47.654554 n-d-764486-5 devstack@n-api.service[108848]: [pid: 108848|app: 0|req: 16/30] 10.222.0.73 () {54 vars in 930 bytes} [Thu Jan 27 19:41:47 2022] GET /compute/v2.1 => generated 388 bytes in 5 msecs (HTTP/1.1 200) 9 headers in 357 bytes (2 switches on core 0)
Jan 27 19:41:47.718313 n-d-764486-5 devstack@n-api.service[108847]: DEBUG nova.api.openstack.wsgi [None req-ca93c61c-b9e7-4153-bc62-d82f01c0d7ec admin admin] Action: 'create', calling method: >, body: {"flavor": {"OS-FLV-EXT-DATA:ephemeral": 0, "disk": 80, "name": "m1.large", "rxtx_factor": 1.0, "vcpus": 4, "id": "4", "swap": 0, "ram": 8192, "os-flavor-access:is_public": true}} {{(pid=108847) _process_stack /opt/stack/nova/nova/api/openstack/wsgi.py:511}}
Jan 27 19:41:47.736756 n-d-764486-5 devstack@n-api.service[108847]: INFO nova.api.openstack.requestlog [None req-ca93c61c-b9e7-4153-bc62-d82f01c0d7ec admin admin] 10.222.0.73 "POST /compute/v2.1/flavors" status: 200 len: 405 microversion: 2.61 time: 0.076035
Jan 27 19:41:47.737307 n-d-764486-5 devstack@n-api.service[108847]: [pid: 108847|app: 0|req: 15/31] 10.222.0.73 () {64 vars in 1282 bytes} [Thu Jan 27 19:41:47 2022] POST /compute/v2.1/flavors => generated 405 bytes in 77 msecs (HTTP/1.1 200) 9 headers in 359 bytes (1 switches on core 0)
Jan 27 19:41:47.749282 n-d-764486-5 devstack@n-api.service[108848]: DEBUG nova.api.openstack.wsgi [None req-0ace0e04-ffa4-499f-9e2e-2430d28841e1 admin admin] Action: 'create', calling method: >, body: {"extra_specs": {"hw_rng:allowed": "True"}} {{(pid=108848) _process_stack /opt/stack/nova/nova/api/openstack/wsgi.py:511}}
Jan 27 19:41:47.773135 n-d-764486-5 devstack@n-api.service[108848]: INFO nova.api.openstack.requestlog [None req-0ace0e04-ffa4-499f-9e2e-2430d28841e1 admin admin] 10.222.0.73 "POST /compute/v2.1/flavors/4/os-extra_specs" status: 200 len: 43 microversion: 2.61 time: 0.027399
Jan 27 19:41:47.774052 n-d-764486-5 devstack@n-api.service[108848]: [pid: 108848|app: 0|req: 17/32] 10.222.0.73 () {64 vars in 1332 bytes} [Thu Jan 27 19:41:47 2022] POST /compute/v2.1/flavors/4/os-extra_specs => generated 43 bytes in 29 msecs (HTTP/1.1 200) 9 headers in 358 bytes (1 switches on core 0)
Jan 27 19:41:50.066644 n-d-764486-5 devstack@n-api.service[108847]: DEBUG nova.api.openstack.wsgi [None req-ca93c61c-b9e7-4153-bc62-d82f01c0d7ec admin admin] Calling method '>' {{(pid=108847) _process_stack /opt/stack/nova/nova/api/openstack/wsgi.py:513}}
Jan 27 19:41:50.067850 n-d-764486-5 devstack@n-api.service[108847]: INFO nova.api.openstack.requestlog [None req-ca93c61c-b9e7-4153-bc62-d82f01c0d7ec admin admin] 10.222.0.73 "GET /compute/v2.1" status: 200 len: 388 microversion: 2.1 time: 0.001451
Jan 27 19:41:50.068480 n-d-764486-5 devstack@n-api.service[108847]: [pid: 108847|app: 0|req: 16/33] 10.222.0.73 () {54 vars in 930 bytes} [Thu Jan 27 19:41:50 2022] GET /compute/v2.1 => generated 388 bytes in 3 msecs (HTTP/1.1 200) 9 headers in 357 bytes (2 switches on core 0)
Jan 27 19:41:50.126598 n-d-764486-5 devstack@n-api.service[108848]: DEBUG nova.api.openstack.wsgi [None req-5ba84af6-0e2d-4e3f-a841-e0d3c34c7a8a admin admin] Action: 'create', calling method: >, body: {"flavor": {"os-flavor-access:is_public": true, "swap": 0, "OS-FLV-EXT-DATA:ephemeral": 0, "disk": 160, "vcpus": 8, "ram": 16384, "name": "m1.xlarge", "id": "5", "rxtx_factor": 1.0}} {{(pid=108848) _process_stack /opt/stack/nova/nova/api/openstack/wsgi.py:511}}
Jan 27 19:41:50.144090 n-d-764486-5 devstack@n-api.service[108848]: INFO nova.api.openstack.requestlog [None req-5ba84af6-0e2d-4e3f-a841-e0d3c34c7a8a admin admin] 10.222.0.73 "POST /compute/v2.1/flavors" status: 200 len: 408 microversion: 2.61 time: 0.068998
Jan 27 19:41:50.145045 n-d-764486-5 devstack@n-api.service[108848]: [pid: 108848|app: 0|req: 18/34] 10.222.0.73 () {64 vars in 1282 bytes} [Thu Jan 27 19:41:50 2022] POST /compute/v2.1/flavors => generated 408 bytes in 70 msecs (HTTP/1.1 200) 9 headers in 359 bytes (1 switches on core 0)
Jan 27 19:41:50.156371 n-d-764486-5 devstack@n-api.service[108847]: DEBUG nova.api.openstack.wsgi [None req-19228585-8010-4106-a05a-576600c03381 admin admin] Action: 'create', calling method: >, body: {"extra_specs": {"hw_rng:allowed": "True"}} {{(pid=108847) _process_stack /opt/stack/nova/nova/api/openstack/wsgi.py:511}}
Jan 27 19:41:50.180704 n-d-764486-5 devstack@n-api.service[108847]: INFO nova.api.openstack.requestlog [None req-19228585-8010-4106-a05a-576600c03381 admin admin] 10.222.0.73 "POST /compute/v2.1/flavors/5/os-extra_specs" status: 200 len: 43 microversion: 2.61 time: 0.027934
Jan 27 19:41:50.181279 n-d-764486-5 devstack@n-api.service[108847]: [pid: 108847|app: 0|req: 17/35] 10.222.0.73 () {64 vars in 1332 bytes} [Thu Jan 27 19:41:50 2022] POST /compute/v2.1/flavors/5/os-extra_specs => generated 43 bytes in 29 msecs (HTTP/1.1 200) 9 headers in 358 bytes (2 switches on core 0)
Jan 27 19:42:17.113128 n-d-764486-5 devstack@n-api.service[108848]: DEBUG nova.api.openstack.wsgi [None req-5ba84af6-0e2d-4e3f-a841-e0d3c34c7a8a admin admin] Calling method '>' {{(pid=108848) _process_stack /opt/stack/nova/nova/api/openstack/wsgi.py:513}}
Jan 27 19:42:17.114728 n-d-764486-5 devstack@n-api.service[108848]: INFO nova.api.openstack.requestlog [None req-5ba84af6-0e2d-4e3f-a841-e0d3c34c7a8a admin admin] 10.222.0.73 "GET /compute/v2.1" status: 200 len: 388 microversion: 2.1 time: 0.001422
Jan 27 19:42:17.115198 n-d-764486-5 devstack@n-api.service[108848]: [pid: 108848|app: 0|req: 19/36] 10.222.0.73 () {54 vars in 930 bytes} [Thu Jan 27 19:42:17 2022] GET /compute/v2.1 => generated 388 bytes in 3 msecs (HTTP/1.1 200) 9 headers in 357 bytes (1 switches on core 0)
Jan 27 19:42:17.171519 n-d-764486-5 devstack@n-api.service[108847]: DEBUG nova.api.openstack.wsgi [None req-7fdb2aa1-7a76-4aec-b615-1946ab79738e admin admin] Calling method '>' {{(pid=108847) _process_stack /opt/stack/nova/nova/api/openstack/wsgi.py:513}}
Jan 27 19:42:17.188716 n-d-764486-5 devstack@n-api.service[108847]: INFO nova.api.openstack.requestlog [None req-7fdb2aa1-7a76-4aec-b615-1946ab79738e admin admin] 10.222.0.73 "GET /compute/v2.1/flavors/detail?is_public=True" status: 200 len: 4202 microversion: 2.61 time: 0.067630
Jan 27 19:42:17.189251 n-d-764486-5 devstack@n-api.service[108847]: [pid: 108847|app: 0|req: 18/37] 10.222.0.73 () {60 vars in 1291 bytes} [Thu Jan 27 19:42:17 2022] GET /compute/v2.1/flavors/detail?is_public=True => generated 4202 bytes in 69 msecs (HTTP/1.1 200) 9 headers in 360 bytes (1 switches on core 0)
Jan 27 19:42:18.575180 n-d-764486-5 devstack@n-api.service[108848]: DEBUG nova.api.openstack.wsgi [None req-5ba84af6-0e2d-4e3f-a841-e0d3c34c7a8a admin admin] Calling method '>' {{(pid=108848) _process_stack /opt/stack/nova/nova/api/openstack/wsgi.py:513}}
Jan 27 19:42:18.576201 n-d-764486-5 devstack@n-api.service[108848]: INFO nova.api.openstack.requestlog [None req-5ba84af6-0e2d-4e3f-a841-e0d3c34c7a8a admin admin] 10.222.0.73 "GET /compute/v2.1" status: 200 len: 388 microversion: 2.1 time: 0.001453
Jan 27 19:42:18.576598 n-d-764486-5 devstack@n-api.service[108848]: [pid: 108848|app: 0|req: 20/38] 10.222.0.73 () {56 vars in 1074 bytes} [Thu Jan 27 19:42:18 2022] GET /compute/v2.1 => generated 388 bytes in 2 msecs (HTTP/1.1 200) 9 headers in 357 bytes (1 switches on core 0)
Jan 27 19:42:18.776459 n-d-764486-5 devstack@n-api.service[108847]: DEBUG nova.api.openstack.wsgi [None req-613f17a0-e695-43ef-9b1a-3f27aede8c92 admin admin] Calling method '>' {{(pid=108847) _process_stack /opt/stack/nova/nova/api/openstack/wsgi.py:513}}
Jan 27 19:42:18.781907 n-d-764486-5 devstack@n-api.service[108847]: INFO nova.api.openstack.wsgi [None req-613f17a0-e695-43ef-9b1a-3f27aede8c92 admin admin] HTTP exception thrown: Flavor 42 could not be found.
Jan 27 19:42:18.782736 n-d-764486-5 devstack@n-api.service[108847]: DEBUG nova.api.openstack.wsgi [None req-613f17a0-e695-43ef-9b1a-3f27aede8c92 admin admin] Returning 404 to user: Flavor 42 could not be found. {{(pid=108847) __call__ /opt/stack/nova/nova/api/openstack/wsgi.py:936}}
Jan 27 19:42:18.783570 n-d-764486-5 devstack@n-api.service[108847]: INFO nova.api.openstack.requestlog [None req-613f17a0-e695-43ef-9b1a-3f27aede8c92 admin admin] 10.222.0.73 "GET /compute/v2.1/flavors/42" status: 404 len: 75 microversion: 2.90 time: 0.057938
Jan 27 19:42:18.784081 n-d-764486-5 devstack@n-api.service[108847]: [pid: 108847|app: 0|req: 19/39] 10.222.0.73 () {60 vars in 1190 bytes} [Thu Jan 27 19:42:18 2022] GET /compute/v2.1/flavors/42 => generated 75 bytes in 59 msecs (HTTP/1.1 404) 9 headers in 380 bytes (1 switches on core 0)
Jan 27 19:42:18.794126 n-d-764486-5 devstack@n-api.service[108848]: DEBUG nova.api.openstack.wsgi [None req-ba0d92c9-63d3-4e51-b3e6-58868b779a87 admin admin] Calling method '>' {{(pid=108848) _process_stack /opt/stack/nova/nova/api/openstack/wsgi.py:513}}
Jan 27 19:42:18.815335 n-d-764486-5 devstack@n-api.service[108848]: INFO nova.api.openstack.requestlog [None req-ba0d92c9-63d3-4e51-b3e6-58868b779a87 admin admin] 10.222.0.73 "GET /compute/v2.1/flavors?is_public=None" status: 200 len: 2056 microversion: 2.90 time: 0.024682
Jan 27 19:42:18.815880 n-d-764486-5 devstack@n-api.service[108848]: [pid: 108848|app: 0|req: 21/40] 10.222.0.73 () {60 vars in 1210 bytes} [Thu Jan 27 19:42:18 2022] GET /compute/v2.1/flavors?is_public=None => generated 2056 bytes in 26 msecs (HTTP/1.1 200) 9 headers in 360 bytes (2 switches on core 0)
Jan 27 19:42:18.833680 n-d-764486-5 devstack@n-api.service[108847]: DEBUG nova.api.openstack.wsgi [None req-a338e282-54bf-4001-b3c6-7494e09638ca admin admin] Calling method '>' {{(pid=108847) _process_stack /opt/stack/nova/nova/api/openstack/wsgi.py:513}}
Jan 27 19:42:18.854672 n-d-764486-5 devstack@n-api.service[108847]: INFO nova.api.openstack.requestlog [None req-a338e282-54bf-4001-b3c6-7494e09638ca admin admin] 10.222.0.73 "GET /compute/v2.1/flavors?is_public=None" status: 200 len: 2056 microversion: 2.90 time: 0.024564
Jan 27 19:42:18.855230 n-d-764486-5 devstack@n-api.service[108847]: [pid: 108847|app: 0|req: 20/41] 10.222.0.73 () {60 vars in 1210 bytes} [Thu Jan 27 19:42:18 2022] GET /compute/v2.1/flavors?is_public=None => generated 2056 bytes in 26 msecs (HTTP/1.1 200) 9 headers in 360 bytes (1 switches on core 0)
Jan 27 19:42:18.865154 n-d-764486-5 devstack@n-api.service[108848]: DEBUG nova.api.openstack.wsgi [None req-09183890-b225-4d24-95b7-6c9d7194f944 admin admin] Calling method '>' {{(pid=108848) _process_stack /opt/stack/nova/nova/api/openstack/wsgi.py:513}}
Jan 27 19:42:18.870407 n-d-764486-5 devstack@n-api.service[108848]: INFO nova.api.openstack.wsgi [None req-09183890-b225-4d24-95b7-6c9d7194f944 admin admin] HTTP exception thrown: Flavor 42 could not be found.
Jan 27 19:42:18.871016 n-d-764486-5 devstack@n-api.service[108848]: DEBUG nova.api.openstack.wsgi [None req-09183890-b225-4d24-95b7-6c9d7194f944 admin admin] Returning 404 to user: Flavor 42 could not be found. {{(pid=108848) __call__ /opt/stack/nova/nova/api/openstack/wsgi.py:936}}
Jan 27 19:42:18.871792 n-d-764486-5 devstack@n-api.service[108848]: INFO nova.api.openstack.requestlog [None req-09183890-b225-4d24-95b7-6c9d7194f944 admin admin] 10.222.0.73 "GET /compute/v2.1/flavors/42" status: 404 len: 75 microversion: 2.90 time: 0.011128
Jan 27 19:42:18.872276 n-d-764486-5 devstack@n-api.service[108848]: [pid: 108848|app: 0|req: 22/42] 10.222.0.73 () {60 vars in 1190 bytes} [Thu Jan 27 19:42:18 2022] GET /compute/v2.1/flavors/42 => generated 75 bytes in 12 msecs (HTTP/1.1 404) 9 headers in 380 bytes (2 switches on core 0)
Jan 27 19:42:20.142658 n-d-764486-5 devstack@n-api.service[108847]: DEBUG nova.api.openstack.wsgi [None req-a338e282-54bf-4001-b3c6-7494e09638ca admin admin] Calling method '>' {{(pid=108847) _process_stack /opt/stack/nova/nova/api/openstack/wsgi.py:513}}
Jan 27 19:42:20.143706 n-d-764486-5 devstack@n-api.service[108847]: INFO nova.api.openstack.requestlog [None req-a338e282-54bf-4001-b3c6-7494e09638ca admin admin] 10.222.0.73 "GET /compute/v2.1" status: 200 len: 388 microversion: 2.1 time: 0.001463
Jan 27 19:42:20.144100 n-d-764486-5 devstack@n-api.service[108847]: [pid: 108847|app: 0|req: 21/43] 10.222.0.73 () {56 vars in 1074 bytes} [Thu Jan 27 19:42:20 2022] GET /compute/v2.1 => generated 388 bytes in 2 msecs (HTTP/1.1 200) 9 headers in 357 bytes (1 switches on core 0)
Jan 27 19:42:20.334751 n-d-764486-5 devstack@n-api.service[108848]: DEBUG nova.api.openstack.wsgi [None req-cb3990e1-64a5-4f13-86b7-0bbc1f8ef2cf admin admin] Calling method '>' {{(pid=108848) _process_stack /opt/stack/nova/nova/api/openstack/wsgi.py:513}}
Jan 27 19:42:20.339925 n-d-764486-5 devstack@n-api.service[108848]: INFO nova.api.openstack.wsgi [None req-cb3990e1-64a5-4f13-86b7-0bbc1f8ef2cf admin admin] HTTP exception thrown: Flavor 84 could not be found.
Jan 27 19:42:20.340478 n-d-764486-5 devstack@n-api.service[108848]: DEBUG nova.api.openstack.wsgi [None req-cb3990e1-64a5-4f13-86b7-0bbc1f8ef2cf admin admin] Returning 404 to user: Flavor 84 could not be found. {{(pid=108848) __call__ /opt/stack/nova/nova/api/openstack/wsgi.py:936}}
Jan 27 19:42:20.341257 n-d-764486-5 devstack@n-api.service[108848]: INFO nova.api.openstack.requestlog [None req-cb3990e1-64a5-4f13-86b7-0bbc1f8ef2cf admin admin] 10.222.0.73 "GET /compute/v2.1/flavors/84" status: 404 len: 75 microversion: 2.90 time: 0.057895
Jan 27 19:42:20.341762 n-d-764486-5 devstack@n-api.service[108848]: [pid: 108848|app: 0|req: 23/44] 10.222.0.73 () {60 vars in 1190 bytes} [Thu Jan 27 19:42:20 2022] GET /compute/v2.1/flavors/84 => generated 75 bytes in 59 msecs (HTTP/1.1 404) 9 headers in 380 bytes (1 switches on core 0)
Jan 27 19:42:20.351743 n-d-764486-5 devstack@n-api.service[108847]: DEBUG nova.api.openstack.wsgi [None req-2b0f6a64-b076-47f2-b6e3-5e65c9bc39a6 admin admin] Calling method '>' {{(pid=108847) _process_stack /opt/stack/nova/nova/api/openstack/wsgi.py:513}}
Jan 27 19:42:20.367225 n-d-764486-5 devstack@n-api.service[108847]: INFO nova.api.openstack.requestlog [None req-2b0f6a64-b076-47f2-b6e3-5e65c9bc39a6 admin admin] 10.222.0.73 "GET /compute/v2.1/flavors?is_public=None" status: 200 len: 2056 microversion: 2.90 time: 0.019716
Jan 27 19:42:20.367988 n-d-764486-5 devstack@n-api.service[108847]: [pid: 108847|app: 0|req: 22/45] 10.222.0.73 () {60 vars in 1210 bytes} [Thu Jan 27 19:42:20 2022] GET /compute/v2.1/flavors?is_public=None => generated 2056 bytes in 21 msecs (HTTP/1.1 200) 9 headers in 360 bytes (1 switches on core 0)
Jan 27 19:42:20.377542 n-d-764486-5 devstack@n-api.service[108848]: DEBUG nova.api.openstack.wsgi [None req-c70b4608-0aba-4e5f-90d5-4263211fc32c admin admin] Calling method '>' {{(pid=108848) _process_stack /opt/stack/nova/nova/api/openstack/wsgi.py:513}}
Jan 27 19:42:20.391179 n-d-764486-5 devstack@n-api.service[108848]: INFO nova.api.openstack.requestlog [None req-c70b4608-0aba-4e5f-90d5-4263211fc32c admin admin] 10.222.0.73 "GET /compute/v2.1/flavors?is_public=None" status: 200 len: 2056 microversion: 2.90 time: 0.017099
Jan 27 19:42:20.391715 n-d-764486-5 devstack@n-api.service[108848]: [pid: 108848|app: 0|req: 24/46] 10.222.0.73 () {60 vars in 1210 bytes} [Thu Jan 27 19:42:20 2022] GET /compute/v2.1/flavors?is_public=None => generated 2056 bytes in 18 msecs (HTTP/1.1 200) 9 headers in 360 bytes (1 switches on core 0)
Jan 27 19:42:20.401005 n-d-764486-5 devstack@n-api.service[108847]: DEBUG nova.api.openstack.wsgi [None req-14de7c9a-1949-49fd-8986-ffa8e9271e4a admin admin] Calling method '>' {{(pid=108847) _process_stack /opt/stack/nova/nova/api/openstack/wsgi.py:513}}
Jan 27 19:42:20.406191 n-d-764486-5 devstack@n-api.service[108847]: INFO nova.api.openstack.wsgi [None req-14de7c9a-1949-49fd-8986-ffa8e9271e4a admin admin] HTTP exception thrown: Flavor 84 could not be found.
Jan 27 19:42:20.406758 n-d-764486-5 devstack@n-api.service[108847]: DEBUG nova.api.openstack.wsgi [None req-14de7c9a-1949-49fd-8986-ffa8e9271e4a admin admin] Returning 404 to user: Flavor 84 could not be found. {{(pid=108847) __call__ /opt/stack/nova/nova/api/openstack/wsgi.py:936}}
Jan 27 19:42:20.407828 n-d-764486-5 devstack@n-api.service[108847]: INFO nova.api.openstack.requestlog [None req-14de7c9a-1949-49fd-8986-ffa8e9271e4a admin admin] 10.222.0.73 "GET /compute/v2.1/flavors/84" status: 404 len: 75 microversion: 2.90 time: 0.010229
Jan 27 19:42:20.408317 n-d-764486-5 devstack@n-api.service[108847]: [pid: 108847|app: 0|req: 23/47] 10.222.0.73 () {60 vars in 1190 bytes} [Thu Jan 27 19:42:20 2022] GET /compute/v2.1/flavors/84 => generated 75 bytes in 11 msecs (HTTP/1.1 404) 9 headers in 380 bytes (1 switches on core 0)
Jan 27 19:42:21.706020 n-d-764486-5 devstack@n-api.service[108848]: DEBUG nova.api.openstack.wsgi [None req-c70b4608-0aba-4e5f-90d5-4263211fc32c admin admin] Calling method '>' {{(pid=108848) _process_stack /opt/stack/nova/nova/api/openstack/wsgi.py:513}}
Jan 27 19:42:21.709588 n-d-764486-5 devstack@n-api.service[108848]: INFO nova.api.openstack.requestlog [None req-c70b4608-0aba-4e5f-90d5-4263211fc32c admin admin] 10.222.0.73 "GET /compute/v2.1" status: 200 len: 388 microversion: 2.1 time: 0.001462
Jan 27 19:42:21.709997 n-d-764486-5 devstack@n-api.service[108848]: [pid: 108848|app: 0|req: 25/48] 10.222.0.73 () {56 vars in 1074 bytes} [Thu Jan 27 19:42:21 2022] GET /compute/v2.1 => generated 388 bytes in 5 msecs (HTTP/1.1 200) 9 headers in 357 bytes (1 switches on core 0)
Jan 27 19:42:21.904917 n-d-764486-5 devstack@n-api.service[108847]: DEBUG nova.api.openstack.wsgi [None req-3b66d103-f84f-4075-915f-f7d28afbe469 admin admin] Calling method '>' {{(pid=108847) _process_stack /opt/stack/nova/nova/api/openstack/wsgi.py:513}}
Jan 27 19:42:21.910272 n-d-764486-5 devstack@n-api.service[108847]: INFO nova.api.openstack.wsgi [None req-3b66d103-f84f-4075-915f-f7d28afbe469 admin admin] HTTP exception thrown: Flavor 451 could not be found.
Jan 27 19:42:21.911388 n-d-764486-5 devstack@n-api.service[108847]: DEBUG nova.api.openstack.wsgi [None req-3b66d103-f84f-4075-915f-f7d28afbe469 admin admin] Returning 404 to user: Flavor 451 could not be found. {{(pid=108847) __call__ /opt/stack/nova/nova/api/openstack/wsgi.py:936}}
Jan 27 19:42:21.912171 n-d-764486-5 devstack@n-api.service[108847]: INFO nova.api.openstack.requestlog [None req-3b66d103-f84f-4075-915f-f7d28afbe469 admin admin] 10.222.0.73 "GET /compute/v2.1/flavors/451" status: 404 len: 76 microversion: 2.90 time: 0.057730
Jan 27 19:42:21.912666 n-d-764486-5 devstack@n-api.service[108847]: [pid: 108847|app: 0|req: 24/49] 10.222.0.73 () {60 vars in 1193 bytes} [Thu Jan 27 19:42:21 2022] GET /compute/v2.1/flavors/451 => generated 76 bytes in 59 msecs (HTTP/1.1 404) 9 headers in 380 bytes (1 switches on core 0)
Jan 27 19:42:21.921802 n-d-764486-5 devstack@n-api.service[108848]: DEBUG nova.api.openstack.wsgi [None req-f13e13c9-1944-4697-9a01-dcbc3546b363 admin admin] Calling method '>' {{(pid=108848) _process_stack /opt/stack/nova/nova/api/openstack/wsgi.py:513}}
Jan 27 19:42:21.935215 n-d-764486-5 devstack@n-api.service[108848]: INFO nova.api.openstack.requestlog [None req-f13e13c9-1944-4697-9a01-dcbc3546b363 admin admin] 10.222.0.73 "GET /compute/v2.1/flavors?is_public=None" status: 200 len: 2056 microversion: 2.90 time: 0.016920
Jan 27 19:42:21.935730 n-d-764486-5 devstack@n-api.service[108848]: [pid: 108848|app: 0|req: 26/50] 10.222.0.73 () {60 vars in 1210 bytes} [Thu Jan 27 19:42:21 2022] GET /compute/v2.1/flavors?is_public=None => generated 2056 bytes in 18 msecs (HTTP/1.1 200) 9 headers in 360 bytes (1 switches on core 0)
Jan 27 19:42:21.945025 n-d-764486-5 devstack@n-api.service[108847]: DEBUG nova.api.openstack.wsgi [None req-4a85a0e6-8f38-46b0-9c16-cf7ba507df7a admin admin] Calling method '>' {{(pid=108847) _process_stack /opt/stack/nova/nova/api/openstack/wsgi.py:513}}
Jan 27 19:42:21.958582 n-d-764486-5 devstack@n-api.service[108847]: INFO nova.api.openstack.requestlog [None req-4a85a0e6-8f38-46b0-9c16-cf7ba507df7a admin admin] 10.222.0.73 "GET /compute/v2.1/flavors?is_public=None" status: 200 len: 2056 microversion: 2.90 time: 0.016487
Jan 27 19:42:21.959192 n-d-764486-5 devstack@n-api.service[108847]: [pid: 108847|app: 0|req: 25/51] 10.222.0.73 () {60 vars in 1210 bytes} [Thu Jan 27 19:42:21 2022] GET /compute/v2.1/flavors?is_public=None => generated 2056 bytes in 18 msecs (HTTP/1.1 200) 9 headers in 360 bytes (2 switches on core 0)
Jan 27 19:42:21.968186 n-d-764486-5 devstack@n-api.service[108848]: DEBUG nova.api.openstack.wsgi [None req-b0b7755d-7e45-4014-af09-3228185c53bb admin admin] Calling method '>' {{(pid=108848) _process_stack /opt/stack/nova/nova/api/openstack/wsgi.py:513}}
Jan 27 19:42:21.974007 n-d-764486-5 devstack@n-api.service[108848]: INFO nova.api.openstack.wsgi [None req-b0b7755d-7e45-4014-af09-3228185c53bb admin admin] HTTP exception thrown: Flavor 451 could not be found.
Jan 27 19:42:21.974572 n-d-764486-5 devstack@n-api.service[108848]: DEBUG nova.api.openstack.wsgi [None req-b0b7755d-7e45-4014-af09-3228185c53bb admin admin] Returning 404 to user: Flavor 451 could not be found. {{(pid=108848) __call__ /opt/stack/nova/nova/api/openstack/wsgi.py:936}}
Jan 27 19:42:21.975390 n-d-764486-5 devstack@n-api.service[108848]: INFO nova.api.openstack.requestlog [None req-b0b7755d-7e45-4014-af09-3228185c53bb admin admin] 10.222.0.73 "GET /compute/v2.1/flavors/451" status: 404 len: 76 microversion: 2.90 time: 0.010704
Jan 27 19:42:21.975887 n-d-764486-5 devstack@n-api.service[108848]: [pid: 108848|app: 0|req: 27/52] 10.222.0.73 () {60 vars in 1193 bytes} [Thu Jan 27 19:42:21 2022] GET /compute/v2.1/flavors/451 => generated 76 bytes in 12 msecs (HTTP/1.1 404) 9 headers in 380 bytes (1 switches on core 0)
Jan 27 19:42:23.253125 n-d-764486-5 devstack@n-api.service[108847]: DEBUG nova.api.openstack.wsgi [None req-4a85a0e6-8f38-46b0-9c16-cf7ba507df7a admin admin] Calling method '>' {{(pid=108847) _process_stack /opt/stack/nova/nova/api/openstack/wsgi.py:513}}
Jan 27 19:42:23.253707 n-d-764486-5 devstack@n-api.service[108847]: INFO nova.api.openstack.requestlog [None req-4a85a0e6-8f38-46b0-9c16-cf7ba507df7a admin admin] 10.222.0.73 "GET /compute/v2.1" status: 200 len: 388 microversion: 2.1 time: 0.001408
Jan 27 19:42:23.254102 n-d-764486-5 devstack@n-api.service[108847]: [pid: 108847|app: 0|req: 26/53] 10.222.0.73 () {56 vars in 1074 bytes} [Thu Jan 27 19:42:23 2022] GET /compute/v2.1 => generated 388 bytes in 2 msecs (HTTP/1.1 200) 9 headers in 357 bytes (2 switches on core 0)
Jan 27 19:42:23.445863 n-d-764486-5 devstack@n-api.service[108848]: DEBUG nova.api.openstack.wsgi [None req-ba34515a-0bdc-4775-bcff-dadaedb5c9b0 admin admin] Action: 'create', calling method: >, body: {"flavor": {"name": "m1.nano", "ram": 256, "vcpus": 1, "disk": 1, "id": "42", "swap": 0, "OS-FLV-EXT-DATA:ephemeral": 0, "rxtx_factor": 1.0, "os-flavor-access:is_public": true}} {{(pid=108848) _process_stack /opt/stack/nova/nova/api/openstack/wsgi.py:511}}
Jan 27 19:42:23.463947 n-d-764486-5 devstack@n-api.service[108848]: INFO nova.api.openstack.requestlog [None req-ba34515a-0bdc-4775-bcff-dadaedb5c9b0 admin admin] 10.222.0.73 "POST /compute/v2.1/flavors" status: 200 len: 404 microversion: 2.90 time: 0.069596
Jan 27 19:42:23.464414 n-d-764486-5 devstack@n-api.service[108848]: [pid: 108848|app: 0|req: 28/54] 10.222.0.73 () {64 vars in 1235 bytes} [Thu Jan 27 19:42:23 2022] POST /compute/v2.1/flavors => generated 404 bytes in 71 msecs (HTTP/1.1 200) 9 headers in 359 bytes (2 switches on core 0)
Jan 27 19:42:24.758022 n-d-764486-5 devstack@n-api.service[108847]: DEBUG nova.api.openstack.wsgi [None req-4a85a0e6-8f38-46b0-9c16-cf7ba507df7a admin admin] Calling method '>' {{(pid=108847) _process_stack /opt/stack/nova/nova/api/openstack/wsgi.py:513}}
Jan 27 19:42:24.759052 n-d-764486-5 devstack@n-api.service[108847]: INFO nova.api.openstack.requestlog [None req-4a85a0e6-8f38-46b0-9c16-cf7ba507df7a admin admin] 10.222.0.73 "GET /compute/v2.1" status: 200 len: 388 microversion: 2.1 time: 0.001456
Jan 27 19:42:24.759460 n-d-764486-5 devstack@n-api.service[108847]: [pid: 108847|app: 0|req: 27/55] 10.222.0.73 () {56 vars in 1074 bytes} [Thu Jan 27 19:42:24 2022] GET /compute/v2.1 => generated 388 bytes in 2 msecs (HTTP/1.1 200) 9 headers in 357 bytes (1 switches on core 0)
Jan 27 19:42:24.951146 n-d-764486-5 devstack@n-api.service[108848]: DEBUG nova.api.openstack.wsgi [None req-3f1e9a4f-6199-478b-b8b7-71091959c2a1 admin admin] Action: 'create', calling method: >, body: {"flavor": {"name": "m1.micro", "ram": 256, "vcpus": 1, "disk": 2, "id": "84", "swap": 0, "OS-FLV-EXT-DATA:ephemeral": 0, "rxtx_factor": 1.0, "os-flavor-access:is_public": true}} {{(pid=108848) _process_stack /opt/stack/nova/nova/api/openstack/wsgi.py:511}}
Jan 27 19:42:24.969931 n-d-764486-5 devstack@n-api.service[108848]: INFO nova.api.openstack.requestlog [None req-3f1e9a4f-6199-478b-b8b7-71091959c2a1 admin admin] 10.222.0.73 "POST /compute/v2.1/flavors" status: 200 len: 405 microversion: 2.90 time: 0.069598
Jan 27 19:42:24.970406 n-d-764486-5 devstack@n-api.service[108848]: [pid: 108848|app: 0|req: 29/56] 10.222.0.73 () {64 vars in 1235 bytes} [Thu Jan 27 19:42:24 2022] POST /compute/v2.1/flavors => generated 405 bytes in 71 msecs (HTTP/1.1 200) 9 headers in 359 bytes (1 switches on core 0)
Jan 27 19:42:26.261285 n-d-764486-5 devstack@n-api.service[108847]: DEBUG nova.api.openstack.wsgi [None req-4a85a0e6-8f38-46b0-9c16-cf7ba507df7a admin admin] Calling method '>' {{(pid=108847) _process_stack /opt/stack/nova/nova/api/openstack/wsgi.py:513}}
Jan 27 19:42:26.262294 n-d-764486-5 devstack@n-api.service[108847]: INFO nova.api.openstack.requestlog [None req-4a85a0e6-8f38-46b0-9c16-cf7ba507df7a admin admin] 10.222.0.73 "GET /compute/v2.1" status: 200 len: 388 microversion: 2.1 time: 0.001416
Jan 27 19:42:26.262694 n-d-764486-5 devstack@n-api.service[108847]: [pid: 108847|app: 0|req: 28/57] 10.222.0.73 () {56 vars in 1074 bytes} [Thu Jan 27 19:42:26 2022] GET /compute/v2.1 => generated 388 bytes in 2 msecs (HTTP/1.1 200) 9 headers in 357 bytes (1 switches on core 0)
Jan 27 19:42:26.456220 n-d-764486-5 devstack@n-api.service[108848]: DEBUG nova.api.openstack.wsgi [None req-9e3bea92-a2b4-4edd-84a3-65be08f65609 admin admin] Action: 'create', calling method: >, body: {"flavor": {"name": "m1.heat", "ram": 512, "vcpus": 1, "disk": 1, "id": "451", "swap": 0, "OS-FLV-EXT-DATA:ephemeral": 0, "rxtx_factor": 1.0, "os-flavor-access:is_public": true}} {{(pid=108848) _process_stack /opt/stack/nova/nova/api/openstack/wsgi.py:511}}
Jan 27 19:42:26.476131 n-d-764486-5 devstack@n-api.service[108848]: INFO nova.api.openstack.requestlog [None req-9e3bea92-a2b4-4edd-84a3-65be08f65609 admin admin] 10.222.0.73 "POST /compute/v2.1/flavors" status: 200 len: 407 microversion: 2.90 time: 0.070582
Jan 27 19:42:26.476611 n-d-764486-5 devstack@n-api.service[108848]: [pid: 108848|app: 0|req: 30/58] 10.222.0.73 () {64 vars in 1235 bytes} [Thu Jan 27 19:42:26 2022] POST /compute/v2.1/flavors => generated 407 bytes in 72 msecs (HTTP/1.1 200) 9 headers in 359 bytes (1 switches on core 0)
Jan 27 19:42:27.751432 n-d-764486-5 devstack@n-api.service[108847]: DEBUG nova.api.openstack.wsgi [None req-4a85a0e6-8f38-46b0-9c16-cf7ba507df7a admin admin] Calling method '>' {{(pid=108847) _process_stack /opt/stack/nova/nova/api/openstack/wsgi.py:513}}
Jan 27 19:42:27.752435 n-d-764486-5 devstack@n-api.service[108847]: INFO nova.api.openstack.requestlog [None req-4a85a0e6-8f38-46b0-9c16-cf7ba507df7a admin admin] 10.222.0.73 "GET /compute/v2.1" status: 200 len: 388 microversion: 2.1 time: 0.001452
Jan 27 19:42:27.752830 n-d-764486-5 devstack@n-api.service[108847]: [pid: 108847|app: 0|req: 29/59] 10.222.0.73 () {56 vars in 1074 bytes} [Thu Jan 27 19:42:27 2022] GET /compute/v2.1 => generated 388 bytes in 2 msecs (HTTP/1.1 200) 9 headers in 357 bytes (1 switches on core 0)
Jan 27 19:42:27.948376 n-d-764486-5 devstack@n-api.service[108848]: DEBUG nova.api.openstack.wsgi [None req-d8ec4441-565a-4d26-8b61-8a93c5dad66c admin admin] Action: 'create', calling method: >, body: {"flavor": {"name": "m1.heat2", "ram": 1024, "vcpus": 1, "disk": 1, "id": "452", "swap": 0, "OS-FLV-EXT-DATA:ephemeral": 0, "rxtx_factor": 1.0, "os-flavor-access:is_public": true}} {{(pid=108848) _process_stack /opt/stack/nova/nova/api/openstack/wsgi.py:511}}
Jan 27 19:42:27.968715 n-d-764486-5 devstack@n-api.service[108848]: INFO nova.api.openstack.requestlog [None req-d8ec4441-565a-4d26-8b61-8a93c5dad66c admin admin] 10.222.0.73 "POST /compute/v2.1/flavors" status: 200 len: 409 microversion: 2.90 time: 0.070973
Jan 27 19:42:27.969200 n-d-764486-5 devstack@n-api.service[108848]: [pid: 108848|app: 0|req: 31/60] 10.222.0.73 () {64 vars in 1235 bytes} [Thu Jan 27 19:42:27 2022] POST /compute/v2.1/flavors => generated 409 bytes in 72 msecs (HTTP/1.1 200) 9 headers in 359 bytes (1 switches on core 0)
Jan 27 19:42:29.250677 n-d-764486-5 devstack@n-api.service[108847]: DEBUG nova.api.openstack.wsgi [None req-4a85a0e6-8f38-46b0-9c16-cf7ba507df7a admin admin] Calling method '>' {{(pid=108847) _process_stack /opt/stack/nova/nova/api/openstack/wsgi.py:513}}
Jan 27 19:42:29.251696 n-d-764486-5 devstack@n-api.service[108847]: INFO nova.api.openstack.requestlog [None req-4a85a0e6-8f38-46b0-9c16-cf7ba507df7a admin admin] 10.222.0.73 "GET /compute/v2.1" status: 200 len: 388 microversion: 2.1 time: 0.001487
Jan 27 19:42:29.252106 n-d-764486-5 devstack@n-api.service[108847]: [pid: 108847|app: 0|req: 30/61] 10.222.0.73 () {56 vars in 1074 bytes} [Thu Jan 27 19:42:29 2022] GET /compute/v2.1 => generated 388 bytes in 2 msecs (HTTP/1.1 200) 9 headers in 357 bytes (1 switches on core 0)
Jan 27 19:42:29.443359 n-d-764486-5 devstack@n-api.service[108848]: DEBUG nova.api.openstack.wsgi [None req-b6ef91cd-6922-4044-b18b-358065ff9733 admin admin] Calling method '>' {{(pid=108848) _process_stack /opt/stack/nova/nova/api/openstack/wsgi.py:513}}
Jan 27 19:42:29.462795 n-d-764486-5 devstack@n-api.service[108848]: INFO nova.api.openstack.requestlog [None req-b6ef91cd-6922-4044-b18b-358065ff9733 admin admin] 10.222.0.73 "GET /compute/v2.1/flavors/detail" status: 200 len: 5777 microversion: 2.90 time: 0.070677
Jan 27 19:42:29.463289 n-d-764486-5 devstack@n-api.service[108848]: [pid: 108848|app: 0|req: 32/62] 10.222.0.73 () {60 vars in 1202 bytes} [Thu Jan 27 19:42:29 2022] GET /compute/v2.1/flavors/detail => generated 5777 bytes in 72 msecs (HTTP/1.1 200) 9 headers in 360 bytes (1 switches on core 0)
Jan 27 19:43:16.149353 n-d-764486-5 devstack@n-api.service[108847]: DEBUG nova.api.openstack.wsgi [None req-4a85a0e6-8f38-46b0-9c16-cf7ba507df7a admin admin] Calling method '>' {{(pid=108847) _process_stack /opt/stack/nova/nova/api/openstack/wsgi.py:513}}
Jan 27 19:43:16.150361 n-d-764486-5 devstack@n-api.service[108847]: INFO nova.api.openstack.requestlog [None req-4a85a0e6-8f38-46b0-9c16-cf7ba507df7a admin admin] 10.222.0.73 "GET /compute/v2.1" status: 200 len: 388 microversion: 2.1 time: 0.001431
Jan 27 19:43:16.150760 n-d-764486-5 devstack@n-api.service[108847]: [pid: 108847|app: 0|req: 31/63] 10.222.0.73 () {54 vars in 930 bytes} [Thu Jan 27 19:43:16 2022] GET /compute/v2.1 => generated 388 bytes in 2 msecs (HTTP/1.1 200) 9 headers in 357 bytes (1 switches on core 0)
Jan 27 19:43:16.207808 n-d-764486-5 devstack@n-api.service[108848]: DEBUG nova.api.openstack.wsgi [None req-c7b55180-5037-4663-a528-9d49ccad19e9 admin admin] Calling method '>' {{(pid=108848) _process_stack /opt/stack/nova/nova/api/openstack/wsgi.py:513}}
Jan 27 19:43:16.227040 n-d-764486-5 devstack@n-api.service[108848]: INFO nova.api.openstack.requestlog [None req-c7b55180-5037-4663-a528-9d49ccad19e9 admin admin] 10.222.0.73 "GET /compute/v2.1/flavors/detail?is_public=True" status: 200 len: 5791 microversion: 2.61 time: 0.070714
Jan 27 19:43:16.227573 n-d-764486-5 devstack@n-api.service[108848]: [pid: 108848|app: 0|req: 33/64] 10.222.0.73 () {60 vars in 1291 bytes} [Thu Jan 27 19:43:16 2022] GET /compute/v2.1/flavors/detail?is_public=True => generated 5791 bytes in 72 msecs (HTTP/1.1 200) 9 headers in 360 bytes (1 switches on core 0)
Jan 27 19:43:16.249201 n-d-764486-5 devstack@n-api.service[108847]: DEBUG nova.api.openstack.wsgi [None req-9fa2bbf9-3517-4ff0-9b10-738a7ab7d80a admin admin] Calling method '>' {{(pid=108847) _process_stack /opt/stack/nova/nova/api/openstack/wsgi.py:513}}
Jan 27 19:43:16.257639 n-d-764486-5 devstack@n-api.service[108847]: INFO nova.api.openstack.requestlog [None req-9fa2bbf9-3517-4ff0-9b10-738a7ab7d80a admin admin] 10.222.0.73 "GET /compute/v2.1/flavors/42/os-extra_specs" status: 200 len: 19 microversion: 2.61 time: 0.011983
Jan 27 19:43:16.258149 n-d-764486-5 devstack@n-api.service[108847]: [pid: 108847|app: 0|req: 32/65] 10.222.0.73 () {60 vars in 1282 bytes} [Thu Jan 27 19:43:16 2022] GET /compute/v2.1/flavors/42/os-extra_specs => generated 19 bytes in 13 msecs (HTTP/1.1 200) 9 headers in 358 bytes (1 switches on core 0)
Jan 27 19:43:16.270679 n-d-764486-5 devstack@n-api.service[108848]: DEBUG nova.api.openstack.wsgi [None req-cc65411f-54bb-496d-b481-9705b25be43e admin admin] Calling method '>' {{(pid=108848) _process_stack /opt/stack/nova/nova/api/openstack/wsgi.py:513}}
Jan 27 19:43:16.281418 n-d-764486-5 devstack@n-api.service[108848]: INFO nova.api.openstack.requestlog [None req-cc65411f-54bb-496d-b481-9705b25be43e admin admin] 10.222.0.73 "GET /compute/v2.1/flavors/451/os-extra_specs" status: 200 len: 19 microversion: 2.61 time: 0.015026
Jan 27 19:43:16.282114 n-d-764486-5 devstack@n-api.service[108848]: [pid: 108848|app: 0|req: 34/66] 10.222.0.73 () {60 vars in 1285 bytes} [Thu Jan 27 19:43:16 2022] GET /compute/v2.1/flavors/451/os-extra_specs => generated 19 bytes in 17 msecs (HTTP/1.1 200) 9 headers in 358 bytes (1 switches on core 0)
