Aug 18 09:29:46.842134 n-d-764486-12 devstack@keystone.service[82052]: DEBUG keystone.server.flask.request_processing.req_logging [None req-942c4ea0-385a-4d12-bf6e-b640c66d6572 None None] REQUEST_METHOD: `POST` {{(pid=82052) log_request_info /opt/stack/keystone/keystone/server/flask/request_processing/req_logging.py:27}}
Aug 18 09:29:46.842497 n-d-764486-12 devstack@keystone.service[82052]: DEBUG keystone.server.flask.request_processing.req_logging [None req-942c4ea0-385a-4d12-bf6e-b640c66d6572 None None] SCRIPT_NAME: `/identity` {{(pid=82052) log_request_info /opt/stack/keystone/keystone/server/flask/request_processing/req_logging.py:28}}
Aug 18 09:29:46.842725 n-d-764486-12 devstack@keystone.service[82052]: DEBUG keystone.server.flask.request_processing.req_logging [None req-942c4ea0-385a-4d12-bf6e-b640c66d6572 None None] PATH_INFO: `/v3/auth/tokens` {{(pid=82052) log_request_info /opt/stack/keystone/keystone/server/flask/request_processing/req_logging.py:29}}
Aug 18 09:29:46.884895 n-d-764486-12 devstack@keystone.service[82052]: DEBUG keystone.auth.core [None req-942c4ea0-385a-4d12-bf6e-b640c66d6572 None None] MFA Rules not processed for user `692a2d03f9024018bf995f7b1e00a38e`. Rule list: `[]` (Enabled: `True`). {{(pid=82052) check_auth_methods_against_rules /opt/stack/keystone/keystone/auth/core.py:438}}
Aug 18 09:29:46.886916 n-d-764486-12 devstack@keystone.service[82052]: DEBUG keystone.common.fernet_utils [None req-942c4ea0-385a-4d12-bf6e-b640c66d6572 None None] Loaded 2 Fernet keys from /etc/keystone/fernet-keys/, but `[fernet_tokens] max_active_keys = 3`; perhaps there have not been enough key rotations to reach `max_active_keys` yet? {{(pid=82052) load_keys /opt/stack/keystone/keystone/common/fernet_utils.py:286}}
Aug 18 09:29:46.973989 n-d-764486-12 devstack@keystone.service[82051]: DEBUG keystone.server.flask.request_processing.middleware.auth_context [None req-7e1f8639-5bf2-41cb-9075-151dd89f1735 None admin] Validating token access rules against request {{(pid=82051) validate_allowed_request /usr/local/lib/python3.8/dist-packages/keystonemiddleware/auth_token/__init__.py:545}}
Aug 18 09:29:47.015584 n-d-764486-12 devstack@keystone.service[82051]: DEBUG keystone.server.flask.request_processing.middleware.auth_context [None req-22243ea7-166c-4170-89c7-68277856ad75 None admin] RBAC: auth_context: {'token': , 'domain_id': None, 'trust_id': None, 'trustor_id': None, 'trustee_id': None, 'domain_name': None, 'group_ids': [], 'user_id': '692a2d03f9024018bf995f7b1e00a38e', 'user_domain_id': 'default', 'system_scope': 'all', 'project_id': None, 'project_domain_id': None, 'roles': ['admin', 'member', 'reader'], 'is_admin_project': True, 'service_user_id': None, 'service_user_domain_id': None, 'service_project_id': None, 'service_project_domain_id': None, 'service_roles': []} {{(pid=82051) fill_context /opt/stack/keystone/keystone/server/flask/request_processing/middleware/auth_context.py:478}}
Aug 18 09:29:47.017107 n-d-764486-12 devstack@keystone.service[82051]: DEBUG keystone.server.flask.request_processing.req_logging [None req-22243ea7-166c-4170-89c7-68277856ad75 None admin] REQUEST_METHOD: `GET` {{(pid=82051) log_request_info /opt/stack/keystone/keystone/server/flask/request_processing/req_logging.py:27}}
Aug 18 09:29:47.017638 n-d-764486-12 devstack@keystone.service[82051]: DEBUG keystone.server.flask.request_processing.req_logging [None req-22243ea7-166c-4170-89c7-68277856ad75 None admin] SCRIPT_NAME: `/identity` {{(pid=82051) log_request_info /opt/stack/keystone/keystone/server/flask/request_processing/req_logging.py:28}}
Aug 18 09:29:47.018117 n-d-764486-12 devstack@keystone.service[82051]: DEBUG keystone.server.flask.request_processing.req_logging [None req-22243ea7-166c-4170-89c7-68277856ad75 None admin] PATH_INFO: `/v3/roles` {{(pid=82051) log_request_info /opt/stack/keystone/keystone/server/flask/request_processing/req_logging.py:29}}
Aug 18 09:29:47.019063 n-d-764486-12 devstack@keystone.service[82051]: DEBUG keystone.common.rbac_enforcer.enforcer [None req-22243ea7-166c-4170-89c7-68277856ad75 None admin] RBAC: Adding query filter params (name=admin) {{(pid=82051) _extract_filter_values /opt/stack/keystone/keystone/common/rbac_enforcer/enforcer.py:167}}
Aug 18 09:29:47.019585 n-d-764486-12 devstack@keystone.service[82051]: DEBUG keystone.common.rbac_enforcer.enforcer [None req-22243ea7-166c-4170-89c7-68277856ad75 None admin] RBAC: Authorizing `identity:list_roles()` {{(pid=82051) enforce_call /opt/stack/keystone/keystone/common/rbac_enforcer/enforcer.py:449}}
Aug 18 09:29:47.021246 n-d-764486-12 devstack@keystone.service[82051]: DEBUG keystone.common.rbac_enforcer.enforcer [None req-22243ea7-166c-4170-89c7-68277856ad75 None admin] RBAC: Authorization granted {{(pid=82051) enforce_call /opt/stack/keystone/keystone/common/rbac_enforcer/enforcer.py:457}}
Aug 18 09:29:47.024365 n-d-764486-12 devstack@keystone.service[82052]: [pid: 82052|app: 0|req: 96/185] 10.222.0.72 () {58 vars in 1024 bytes} [Thu Aug 18 09:29:46 2022] POST /identity/v3/auth/tokens => generated 799 bytes in 184 msecs (HTTP/1.1 201) 6 headers in 363 bytes (1 switches on core 0)
Aug 18 09:29:47.025551 n-d-764486-12 devstack@keystone.service[82052]: DEBUG keystone.server.flask.request_processing.req_logging [None req-607814ba-fba8-4c33-a118-6f079064e92a None None] REQUEST_METHOD: `GET` {{(pid=82052) log_request_info /opt/stack/keystone/keystone/server/flask/request_processing/req_logging.py:27}}
Aug 18 09:29:47.025842 n-d-764486-12 devstack@keystone.service[82052]: DEBUG keystone.server.flask.request_processing.req_logging [None req-607814ba-fba8-4c33-a118-6f079064e92a None None] SCRIPT_NAME: `/identity` {{(pid=82052) log_request_info /opt/stack/keystone/keystone/server/flask/request_processing/req_logging.py:28}}
Aug 18 09:29:47.026119 n-d-764486-12 devstack@keystone.service[82052]: DEBUG keystone.server.flask.request_processing.req_logging [None req-607814ba-fba8-4c33-a118-6f079064e92a None None] PATH_INFO: `/` {{(pid=82052) log_request_info /opt/stack/keystone/keystone/server/flask/request_processing/req_logging.py:29}}
Aug 18 09:29:47.031692 n-d-764486-12 devstack@keystone.service[82052]: [pid: 82052|app: 0|req: 97/186] 10.222.0.72 () {54 vars in 927 bytes} [Thu Aug 18 09:29:47 2022] GET /identity => generated 270 bytes in 7 msecs (HTTP/1.1 300) 6 headers in 234 bytes (1 switches on core 0)
Aug 18 09:29:47.033043 n-d-764486-12 devstack@keystone.service[82051]: [pid: 82051|app: 0|req: 90/187] 10.222.0.72 () {56 vars in 1099 bytes} [Thu Aug 18 09:29:46 2022] GET /identity/v3/roles?name=admin => generated 339 bytes in 258 msecs (HTTP/1.1 200) 5 headers in 177 bytes (2 switches on core 0)
Aug 18 09:29:47.038720 n-d-764486-12 devstack@keystone.service[82052]: DEBUG keystone.server.flask.request_processing.req_logging [None req-40c37ec1-a819-4b2e-8ee5-fdbcca967dfe None None] REQUEST_METHOD: `POST` {{(pid=82052) log_request_info /opt/stack/keystone/keystone/server/flask/request_processing/req_logging.py:27}}
Aug 18 09:29:47.038720 n-d-764486-12 devstack@keystone.service[82052]: DEBUG keystone.server.flask.request_processing.req_logging [None req-40c37ec1-a819-4b2e-8ee5-fdbcca967dfe None None] SCRIPT_NAME: `/identity` {{(pid=82052) log_request_info /opt/stack/keystone/keystone/server/flask/request_processing/req_logging.py:28}}
Aug 18 09:29:47.038720 n-d-764486-12 devstack@keystone.service[82052]: DEBUG keystone.server.flask.request_processing.req_logging [None req-40c37ec1-a819-4b2e-8ee5-fdbcca967dfe None None] PATH_INFO: `/v3/auth/tokens` {{(pid=82052) log_request_info /opt/stack/keystone/keystone/server/flask/request_processing/req_logging.py:29}}
Aug 18 09:29:47.040173 n-d-764486-12 devstack@keystone.service[82051]: DEBUG keystone.server.flask.request_processing.middleware.auth_context [None req-22243ea7-166c-4170-89c7-68277856ad75 None admin] Authenticating user token {{(pid=82051) process_request /usr/local/lib/python3.8/dist-packages/keystonemiddleware/auth_token/__init__.py:407}}
Aug 18 09:29:47.072332 n-d-764486-12 devstack@keystone.service[82052]: DEBUG keystone.auth.core [None req-40c37ec1-a819-4b2e-8ee5-fdbcca967dfe None None] MFA Rules not processed for user `692a2d03f9024018bf995f7b1e00a38e`. Rule list: `[]` (Enabled: `True`). {{(pid=82052) check_auth_methods_against_rules /opt/stack/keystone/keystone/auth/core.py:438}}
Aug 18 09:29:47.073578 n-d-764486-12 devstack@keystone.service[82052]: DEBUG keystone.common.fernet_utils [None req-40c37ec1-a819-4b2e-8ee5-fdbcca967dfe None None] Loaded 2 Fernet keys from /etc/keystone/fernet-keys/, but `[fernet_tokens] max_active_keys = 3`; perhaps there have not been enough key rotations to reach `max_active_keys` yet? {{(pid=82052) load_keys /opt/stack/keystone/keystone/common/fernet_utils.py:286}}
Aug 18 09:29:47.085132 n-d-764486-12 devstack@keystone.service[82051]: DEBUG dbcounter [-] [82051] Writing DB stats keystone:SELECT=100 {{(pid=82051) stat_writer /usr/local/lib/python3.8/dist-packages/dbcounter.py:114}}
Aug 18 09:29:47.168580 n-d-764486-12 devstack@keystone.service[82052]: DEBUG dbcounter [-] [82052] Writing DB stats keystone:SELECT=100 {{(pid=82052) stat_writer /usr/local/lib/python3.8/dist-packages/dbcounter.py:114}}
Aug 18 09:29:47.176912 n-d-764486-12 devstack@keystone.service[82052]: [pid: 82052|app: 0|req: 98/188] 10.222.0.72 () {58 vars in 1024 bytes} [Thu Aug 18 09:29:47 2022] POST /identity/v3/auth/tokens => generated 799 bytes in 140 msecs (HTTP/1.1 201) 6 headers in 363 bytes (1 switches on core 0)
Aug 18 09:29:47.204367 n-d-764486-12 devstack@keystone.service[82051]: DEBUG keystone.server.flask.request_processing.middleware.auth_context [None req-22243ea7-166c-4170-89c7-68277856ad75 None admin] Validating token access rules against request {{(pid=82051) validate_allowed_request /usr/local/lib/python3.8/dist-packages/keystonemiddleware/auth_token/__init__.py:545}}
Aug 18 09:29:47.253513 n-d-764486-12 devstack@keystone.service[82052]: DEBUG keystone.server.flask.request_processing.req_logging [None req-e6ef340c-4f47-460e-a61d-7dc605ad11b6 None None] REQUEST_METHOD: `GET` {{(pid=82052) log_request_info /opt/stack/keystone/keystone/server/flask/request_processing/req_logging.py:27}}
Aug 18 09:29:47.253825 n-d-764486-12 devstack@keystone.service[82052]: DEBUG keystone.server.flask.request_processing.req_logging [None req-e6ef340c-4f47-460e-a61d-7dc605ad11b6 None None] SCRIPT_NAME: `/identity` {{(pid=82052) log_request_info /opt/stack/keystone/keystone/server/flask/request_processing/req_logging.py:28}}
Aug 18 09:29:47.254072 n-d-764486-12 devstack@keystone.service[82052]: DEBUG keystone.server.flask.request_processing.req_logging [None req-e6ef340c-4f47-460e-a61d-7dc605ad11b6 None None] PATH_INFO: `/` {{(pid=82052) log_request_info /opt/stack/keystone/keystone/server/flask/request_processing/req_logging.py:29}}
Aug 18 09:29:47.255969 n-d-764486-12 devstack@keystone.service[82052]: [pid: 82052|app: 0|req: 99/189] 10.222.0.72 () {54 vars in 927 bytes} [Thu Aug 18 09:29:47 2022] GET /identity => generated 270 bytes in 3 msecs (HTTP/1.1 300) 6 headers in 234 bytes (2 switches on core 0)
Aug 18 09:29:47.262509 n-d-764486-12 devstack@keystone.service[82051]: DEBUG keystone.server.flask.request_processing.middleware.auth_context [None req-3ebaf27a-45fc-4891-9555-a9ccedd5468a None admin] RBAC: auth_context: {'token': , 'domain_id': None, 'trust_id': None, 'trustor_id': None, 'trustee_id': None, 'domain_name': None, 'group_ids': [], 'user_id': '692a2d03f9024018bf995f7b1e00a38e', 'user_domain_id': 'default', 'system_scope': 'all', 'project_id': None, 'project_domain_id': None, 'roles': ['admin', 'member', 'reader'], 'is_admin_project': True, 'service_user_id': None, 'service_user_domain_id': None, 'service_project_id': None, 'service_project_domain_id': None, 'service_roles': []} {{(pid=82051) fill_context /opt/stack/keystone/keystone/server/flask/request_processing/middleware/auth_context.py:478}}
Aug 18 09:29:47.263571 n-d-764486-12 devstack@keystone.service[82051]: DEBUG keystone.server.flask.request_processing.req_logging [None req-3ebaf27a-45fc-4891-9555-a9ccedd5468a None admin] REQUEST_METHOD: `GET` {{(pid=82051) log_request_info /opt/stack/keystone/keystone/server/flask/request_processing/req_logging.py:27}}
Aug 18 09:29:47.263862 n-d-764486-12 devstack@keystone.service[82051]: DEBUG keystone.server.flask.request_processing.req_logging [None req-3ebaf27a-45fc-4891-9555-a9ccedd5468a None admin] SCRIPT_NAME: `/identity` {{(pid=82051) log_request_info /opt/stack/keystone/keystone/server/flask/request_processing/req_logging.py:28}}
Aug 18 09:29:47.264133 n-d-764486-12 devstack@keystone.service[82051]: DEBUG keystone.server.flask.request_processing.req_logging [None req-3ebaf27a-45fc-4891-9555-a9ccedd5468a None admin] PATH_INFO: `/v3/users/0401d5242e62455b9a5ad1ab1a83ff08` {{(pid=82051) log_request_info /opt/stack/keystone/keystone/server/flask/request_processing/req_logging.py:29}}
Aug 18 09:29:47.266459 n-d-764486-12 devstack@keystone.service[82052]: DEBUG keystone.server.flask.request_processing.req_logging [None req-21367c22-e023-49d1-b62e-5f764cd1e9f2 None None] REQUEST_METHOD: `POST` {{(pid=82052) log_request_info /opt/stack/keystone/keystone/server/flask/request_processing/req_logging.py:27}}
Aug 18 09:29:47.266778 n-d-764486-12 devstack@keystone.service[82052]: DEBUG keystone.server.flask.request_processing.req_logging [None req-21367c22-e023-49d1-b62e-5f764cd1e9f2 None None] SCRIPT_NAME: `/identity` {{(pid=82052) log_request_info /opt/stack/keystone/keystone/server/flask/request_processing/req_logging.py:28}}
Aug 18 09:29:47.267033 n-d-764486-12 devstack@keystone.service[82052]: DEBUG keystone.server.flask.request_processing.req_logging [None req-21367c22-e023-49d1-b62e-5f764cd1e9f2 None None] PATH_INFO: `/v3/auth/tokens` {{(pid=82052) log_request_info /opt/stack/keystone/keystone/server/flask/request_processing/req_logging.py:29}}
Aug 18 09:29:47.291521 n-d-764486-12 devstack@keystone.service[82051]: DEBUG keystone.common.rbac_enforcer.enforcer [None req-3ebaf27a-45fc-4891-9555-a9ccedd5468a None admin] RBAC: Authorizing `identity:get_user(user_id=0401d5242e62455b9a5ad1ab1a83ff08)` {{(pid=82051) enforce_call /opt/stack/keystone/keystone/common/rbac_enforcer/enforcer.py:449}}
Aug 18 09:29:47.294403 n-d-764486-12 devstack@keystone.service[82051]: DEBUG keystone.common.rbac_enforcer.enforcer [None req-3ebaf27a-45fc-4891-9555-a9ccedd5468a None admin] RBAC: Authorization granted {{(pid=82051) enforce_call /opt/stack/keystone/keystone/common/rbac_enforcer/enforcer.py:457}}
Aug 18 09:29:47.297428 n-d-764486-12 devstack@keystone.service[82051]: [pid: 82051|app: 0|req: 91/190] 10.222.0.72 () {56 vars in 1177 bytes} [Thu Aug 18 09:29:47 2022] GET /identity/v3/users/0401d5242e62455b9a5ad1ab1a83ff08 => generated 283 bytes in 258 msecs (HTTP/1.1 200) 5 headers in 177 bytes (1 switches on core 0)
Aug 18 09:29:47.300157 n-d-764486-12 devstack@keystone.service[82052]: DEBUG keystone.auth.core [None req-21367c22-e023-49d1-b62e-5f764cd1e9f2 None None] MFA Rules not processed for user `692a2d03f9024018bf995f7b1e00a38e`. Rule list: `[]` (Enabled: `True`). {{(pid=82052) check_auth_methods_against_rules /opt/stack/keystone/keystone/auth/core.py:438}}
Aug 18 09:29:47.301434 n-d-764486-12 devstack@keystone.service[82052]: DEBUG keystone.common.fernet_utils [None req-21367c22-e023-49d1-b62e-5f764cd1e9f2 None None] Loaded 2 Fernet keys from /etc/keystone/fernet-keys/, but `[fernet_tokens] max_active_keys = 3`; perhaps there have not been enough key rotations to reach `max_active_keys` yet? {{(pid=82052) load_keys /opt/stack/keystone/keystone/common/fernet_utils.py:286}}
Aug 18 09:29:47.303925 n-d-764486-12 devstack@keystone.service[82051]: DEBUG keystone.server.flask.request_processing.middleware.auth_context [None req-3ebaf27a-45fc-4891-9555-a9ccedd5468a None admin] Authenticating user token {{(pid=82051) process_request /usr/local/lib/python3.8/dist-packages/keystonemiddleware/auth_token/__init__.py:407}}
Aug 18 09:29:47.392081 n-d-764486-12 devstack@keystone.service[82052]: [pid: 82052|app: 0|req: 100/191] 10.222.0.72 () {58 vars in 1024 bytes} [Thu Aug 18 09:29:47 2022] POST /identity/v3/auth/tokens => generated 799 bytes in 126 msecs (HTTP/1.1 201) 6 headers in 363 bytes (2 switches on core 0)
Aug 18 09:29:47.393213 n-d-764486-12 devstack@keystone.service[82052]: DEBUG keystone.server.flask.request_processing.middleware.auth_context [None req-21367c22-e023-49d1-b62e-5f764cd1e9f2 None None] Authenticating user token {{(pid=82052) process_request /usr/local/lib/python3.8/dist-packages/keystonemiddleware/auth_token/__init__.py:407}}
Aug 18 09:29:47.443133 n-d-764486-12 devstack@keystone.service[82051]: DEBUG dbcounter [-] [82051] Writing DB stats keystone:SELECT=100 {{(pid=82051) stat_writer /usr/local/lib/python3.8/dist-packages/dbcounter.py:114}}
Aug 18 09:29:47.451322 n-d-764486-12 devstack@keystone.service[82051]: DEBUG keystone.server.flask.request_processing.middleware.auth_context [None req-3ebaf27a-45fc-4891-9555-a9ccedd5468a None admin] Validating token access rules against request {{(pid=82051) validate_allowed_request /usr/local/lib/python3.8/dist-packages/keystonemiddleware/auth_token/__init__.py:545}}
Aug 18 09:29:47.503961 n-d-764486-12 devstack@keystone.service[82051]: DEBUG keystone.server.flask.request_processing.middleware.auth_context [None req-7adbd64e-54f9-4368-b9d4-e2d5a344ba36 None admin] RBAC: auth_context: {'token': , 'domain_id': None, 'trust_id': None, 'trustor_id': None, 'trustee_id': None, 'domain_name': None, 'group_ids': [], 'user_id': '692a2d03f9024018bf995f7b1e00a38e', 'user_domain_id': 'default', 'system_scope': 'all', 'project_id': None, 'project_domain_id': None, 'roles': ['admin', 'member', 'reader'], 'is_admin_project': True, 'service_user_id': None, 'service_user_domain_id': None, 'service_project_id': None, 'service_project_domain_id': None, 'service_roles': []} {{(pid=82051) fill_context /opt/stack/keystone/keystone/server/flask/request_processing/middleware/auth_context.py:478}}
Aug 18 09:29:47.504589 n-d-764486-12 devstack@keystone.service[82051]: DEBUG keystone.server.flask.request_processing.req_logging [None req-7adbd64e-54f9-4368-b9d4-e2d5a344ba36 None admin] REQUEST_METHOD: `GET` {{(pid=82051) log_request_info /opt/stack/keystone/keystone/server/flask/request_processing/req_logging.py:27}}
Aug 18 09:29:47.504868 n-d-764486-12 devstack@keystone.service[82051]: DEBUG keystone.server.flask.request_processing.req_logging [None req-7adbd64e-54f9-4368-b9d4-e2d5a344ba36 None admin] SCRIPT_NAME: `/identity` {{(pid=82051) log_request_info /opt/stack/keystone/keystone/server/flask/request_processing/req_logging.py:28}}
Aug 18 09:29:47.505182 n-d-764486-12 devstack@keystone.service[82051]: DEBUG keystone.server.flask.request_processing.req_logging [None req-7adbd64e-54f9-4368-b9d4-e2d5a344ba36 None admin] PATH_INFO: `/v3/auth/tokens` {{(pid=82051) log_request_info /opt/stack/keystone/keystone/server/flask/request_processing/req_logging.py:29}}
Aug 18 09:29:47.519640 n-d-764486-12 devstack@keystone.service[82052]: DEBUG keystone.server.flask.request_processing.middleware.auth_context [None req-21367c22-e023-49d1-b62e-5f764cd1e9f2 None None] Validating token access rules against request {{(pid=82052) validate_allowed_request /usr/local/lib/python3.8/dist-packages/keystonemiddleware/auth_token/__init__.py:545}}
Aug 18 09:29:47.558431 n-d-764486-12 devstack@keystone.service[82052]: DEBUG dbcounter [-] [82052] Writing DB stats keystone:SELECT=100 {{(pid=82052) stat_writer /usr/local/lib/python3.8/dist-packages/dbcounter.py:114}}
Aug 18 09:29:47.565061 n-d-764486-12 devstack@keystone.service[82052]: DEBUG keystone.server.flask.request_processing.middleware.auth_context [None req-69246572-4e4b-4fe0-ba16-f54c17b06d4e None admin] RBAC: auth_context: {'token': , 'domain_id': None, 'trust_id': None, 'trustor_id': None, 'trustee_id': None, 'domain_name': None, 'group_ids': [], 'user_id': '692a2d03f9024018bf995f7b1e00a38e', 'user_domain_id': 'default', 'system_scope': 'all', 'project_id': None, 'project_domain_id': None, 'roles': ['admin', 'member', 'reader'], 'is_admin_project': True, 'service_user_id': None, 'service_user_domain_id': None, 'service_project_id': None, 'service_project_domain_id': None, 'service_roles': []} {{(pid=82052) fill_context /opt/stack/keystone/keystone/server/flask/request_processing/middleware/auth_context.py:478}}
Aug 18 09:29:47.565708 n-d-764486-12 devstack@keystone.service[82052]: DEBUG keystone.server.flask.request_processing.req_logging [None req-69246572-4e4b-4fe0-ba16-f54c17b06d4e None admin] REQUEST_METHOD: `GET` {{(pid=82052) log_request_info /opt/stack/keystone/keystone/server/flask/request_processing/req_logging.py:27}}
Aug 18 09:29:47.565991 n-d-764486-12 devstack@keystone.service[82052]: DEBUG keystone.server.flask.request_processing.req_logging [None req-69246572-4e4b-4fe0-ba16-f54c17b06d4e None admin] SCRIPT_NAME: `/identity` {{(pid=82052) log_request_info /opt/stack/keystone/keystone/server/flask/request_processing/req_logging.py:28}}
Aug 18 09:29:47.566298 n-d-764486-12 devstack@keystone.service[82052]: DEBUG keystone.server.flask.request_processing.req_logging [None req-69246572-4e4b-4fe0-ba16-f54c17b06d4e None admin] PATH_INFO: `/v3/roles/anotherrole` {{(pid=82052) log_request_info /opt/stack/keystone/keystone/server/flask/request_processing/req_logging.py:29}}
Aug 18 09:29:47.580016 n-d-764486-12 devstack@keystone.service[82052]: DEBUG keystone.common.rbac_enforcer.enforcer [None req-69246572-4e4b-4fe0-ba16-f54c17b06d4e None admin] Extracting inferred target data resulted in "NOT FOUND (404)". {{(pid=82052) enforce_call /opt/stack/keystone/keystone/common/rbac_enforcer/enforcer.py:409}}
Aug 18 09:29:47.587406 n-d-764486-12 devstack@keystone.service[82051]: DEBUG keystone.common.rbac_enforcer.enforcer [None req-7adbd64e-54f9-4368-b9d4-e2d5a344ba36 None admin] RBAC: Authorizing `identity:validate_token()` {{(pid=82051) enforce_call /opt/stack/keystone/keystone/common/rbac_enforcer/enforcer.py:449}}
Aug 18 09:29:47.588121 n-d-764486-12 devstack@keystone.service[82052]: ERROR keystone.server.flask.application [None req-69246572-4e4b-4fe0-ba16-f54c17b06d4e None admin] Could not find role: anotherrole.: keystone.exception.RoleNotFound: Could not find role: anotherrole.
Aug 18 09:29:47.588121 n-d-764486-12 devstack@keystone.service[82052]: ERROR keystone.server.flask.application
Traceback (most recent call last):
Aug 18 09:29:47.588121 n-d-764486-12 devstack@keystone.service[82052]: ERROR keystone.server.flask.application
File "/usr/local/lib/python3.8/dist-packages/flask/app.py", line 1820, in full_dispatch_request
Aug 18 09:29:47.588121 n-d-764486-12 devstack@keystone.service[82052]: ERROR keystone.server.flask.application rv = self.dispatch_request()
Aug 18 09:29:47.588121 n-d-764486-12 devstack@keystone.service[82052]: ERROR keystone.server.flask.application
File "/usr/local/lib/python3.8/dist-packages/flask/app.py", line 1796, in dispatch_request
Aug 18 09:29:47.588121 n-d-764486-12 devstack@keystone.service[82052]: ERROR keystone.server.flask.application return self.ensure_sync(self.view_functions[rule.endpoint])(**view_args)
Aug 18 09:29:47.588121 n-d-764486-12 devstack@keystone.service[82052]: ERROR keystone.server.flask.application
File "/usr/local/lib/python3.8/dist-packages/flask_restful/__init__.py", line 467, in wrapper
Aug 18 09:29:47.588121 n-d-764486-12 devstack@keystone.service[82052]: ERROR keystone.server.flask.application resp = resource(*args, **kwargs)
Aug 18 09:29:47.588121 n-d-764486-12 devstack@keystone.service[82052]: ERROR keystone.server.flask.application
File "/usr/local/lib/python3.8/dist-packages/flask/views.py", line 107, in view
Aug 18 09:29:47.588121 n-d-764486-12 devstack@keystone.service[82052]: ERROR keystone.server.flask.application return current_app.ensure_sync(self.dispatch_request)(**kwargs)
Aug 18 09:29:47.588121 n-d-764486-12 devstack@keystone.service[82052]: ERROR keystone.server.flask.application
File "/usr/local/lib/python3.8/dist-packages/flask_restful/__init__.py", line 582, in dispatch_request
Aug 18 09:29:47.588121 n-d-764486-12 devstack@keystone.service[82052]: ERROR keystone.server.flask.application resp = meth(*args, **kwargs)
Aug 18 09:29:47.588121 n-d-764486-12 devstack@keystone.service[82052]: ERROR keystone.server.flask.application
File "/opt/stack/keystone/keystone/api/roles.py", line 50, in get
Aug 18 09:29:47.588121 n-d-764486-12 devstack@keystone.service[82052]: ERROR keystone.server.flask.application return self._get_role(role_id)
Aug 18 09:29:47.588121 n-d-764486-12 devstack@keystone.service[82052]: ERROR keystone.server.flask.application
File "/opt/stack/keystone/keystone/api/roles.py", line 70, in _get_role
Aug 18 09:29:47.588121 n-d-764486-12 devstack@keystone.service[82052]: ERROR keystone.server.flask.application ENFORCER.enforce_call(action='identity:get_role')
Aug 18 09:29:47.589004 n-d-764486-12 devstack@keystone.service[82052]: ERROR keystone.server.flask.application
File "/opt/stack/keystone/keystone/common/rbac_enforcer/enforcer.py", line 402, in enforce_call
Aug 18 09:29:47.589004 n-d-764486-12 devstack@keystone.service[82052]: ERROR keystone.server.flask.application policy_dict.update(cls._extract_member_target_data(
Aug 18 09:29:47.589004 n-d-764486-12 devstack@keystone.service[82052]: ERROR keystone.server.flask.application
File "/opt/stack/keystone/keystone/common/rbac_enforcer/enforcer.py", line 234, in _extract_member_target_data
Aug 18 09:29:47.589004 n-d-764486-12 devstack@keystone.service[82052]: ERROR keystone.server.flask.application member_name: func(flask.request.view_args[key])
Aug 18 09:29:47.589004 n-d-764486-12 devstack@keystone.service[82052]: ERROR keystone.server.flask.application
File "/opt/stack/keystone/keystone/common/manager.py", line 115, in wrapped
Aug 18 09:29:47.589004 n-d-764486-12 devstack@keystone.service[82052]: ERROR keystone.server.flask.application __ret_val = __f(*args, **kwargs)
Aug 18 09:29:47.589004 n-d-764486-12 devstack@keystone.service[82052]: ERROR keystone.server.flask.application
File "/usr/local/lib/python3.8/dist-packages/decorator.py", line 232, in fun
Aug 18 09:29:47.589004 n-d-764486-12 devstack@keystone.service[82052]: ERROR keystone.server.flask.application return caller(func, *(extras + args), **kw)
Aug 18 09:29:47.589004 n-d-764486-12 devstack@keystone.service[82052]: ERROR keystone.server.flask.application
File "/usr/local/lib/python3.8/dist-packages/dogpile/cache/region.py", line 1577, in get_or_create_for_user_func
Aug 18 09:29:47.589004 n-d-764486-12 devstack@keystone.service[82052]: ERROR keystone.server.flask.application return self.get_or_create(
Aug 18 09:29:47.589004 n-d-764486-12 devstack@keystone.service[82052]: ERROR keystone.server.flask.application
File "/usr/local/lib/python3.8/dist-packages/dogpile/cache/region.py", line 1042, in get_or_create
Aug 18 09:29:47.589004 n-d-764486-12 devstack@keystone.service[82052]: ERROR keystone.server.flask.application with Lock(
Aug 18 09:29:47.589004 n-d-764486-12 devstack@keystone.service[82052]: ERROR keystone.server.flask.application
File "/usr/local/lib/python3.8/dist-packages/dogpile/lock.py", line 185, in __enter__
Aug 18 09:29:47.589004 n-d-764486-12 devstack@keystone.service[82052]: ERROR keystone.server.flask.application return self._enter()
Aug 18 09:29:47.589004 n-d-764486-12 devstack@keystone.service[82052]: ERROR keystone.server.flask.application
File "/usr/local/lib/python3.8/dist-packages/dogpile/lock.py", line 94, in _enter
Aug 18 09:29:47.589004 n-d-764486-12 devstack@keystone.service[82052]: ERROR keystone.server.flask.application generated = self._enter_create(value, createdtime)
Aug 18 09:29:47.589787 n-d-764486-12 devstack@keystone.service[82052]: ERROR keystone.server.flask.application
File "/usr/local/lib/python3.8/dist-packages/dogpile/lock.py", line 178, in _enter_create
Aug 18 09:29:47.589787 n-d-764486-12 devstack@keystone.service[82052]: ERROR keystone.server.flask.application return self.creator()
Aug 18 09:29:47.589787 n-d-764486-12 devstack@keystone.service[82052]: ERROR keystone.server.flask.application
File "/usr/local/lib/python3.8/dist-packages/dogpile/cache/region.py", line 995, in gen_value
Aug 18 09:29:47.589787 n-d-764486-12 devstack@keystone.service[82052]: ERROR keystone.server.flask.application created_value = creator(
Aug 18 09:29:47.589787 n-d-764486-12 devstack@keystone.service[82052]: ERROR keystone.server.flask.application
File "/opt/stack/keystone/keystone/assignment/core.py", line 1276, in get_role
Aug 18 09:29:47.589787 n-d-764486-12 devstack@keystone.service[82052]: ERROR keystone.server.flask.application return self.driver.get_role(role_id)
Aug 18 09:29:47.589787 n-d-764486-12 devstack@keystone.service[82052]: ERROR keystone.server.flask.application
File "/opt/stack/keystone/keystone/assignment/role_backends/sql.py", line 70, in get_role
Aug 18 09:29:47.589787 n-d-764486-12 devstack@keystone.service[82052]: ERROR keystone.server.flask.application return self._get_role(session, role_id).to_dict()
Aug 18 09:29:47.589787 n-d-764486-12 devstack@keystone.service[82052]: ERROR keystone.server.flask.application
File "/opt/stack/keystone/keystone/assignment/role_backends/sql.py", line 65, in _get_role
Aug 18 09:29:47.589787 n-d-764486-12 devstack@keystone.service[82052]: ERROR keystone.server.flask.application raise exception.RoleNotFound(role_id=role_id)
Aug 18 09:29:47.589787 n-d-764486-12 devstack@keystone.service[82052]: ERROR keystone.server.flask.application keystone.exception.RoleNotFound: Could not find role: anotherrole.
Aug 18 09:29:47.589787 n-d-764486-12 devstack@keystone.service[82052]: ERROR keystone.server.flask.application
Aug 18 09:29:47.590924 n-d-764486-12 devstack@keystone.service[82051]: DEBUG keystone.common.rbac_enforcer.enforcer [None req-7adbd64e-54f9-4368-b9d4-e2d5a344ba36 None admin] RBAC: Authorization granted {{(pid=82051) enforce_call /opt/stack/keystone/keystone/common/rbac_enforcer/enforcer.py:457}}
Aug 18 09:29:47.591007 n-d-764486-12 devstack@keystone.service[82052]: [pid: 82052|app: 0|req: 101/192] 10.222.0.72 () {56 vars in 1114 bytes} [Thu Aug 18 09:29:47 2022] GET /identity/v3/roles/anotherrole => generated 89 bytes in 197 msecs (HTTP/1.1 404) 5 headers in 183 bytes (1 switches on core 0)
Aug 18 09:29:47.591007 n-d-764486-12 devstack@keystone.service[82052]: DEBUG keystone.server.flask.request_processing.middleware.auth_context [None req-69246572-4e4b-4fe0-ba16-f54c17b06d4e None admin] Authenticating user token {{(pid=82052) process_request /usr/local/lib/python3.8/dist-packages/keystonemiddleware/auth_token/__init__.py:407}}
Aug 18 09:29:47.700498 n-d-764486-12 devstack@keystone.service[82051]: DEBUG dbcounter [-] [82051] Writing DB stats keystone:SELECT=100 {{(pid=82051) stat_writer /usr/local/lib/python3.8/dist-packages/dbcounter.py:114}}
Aug 18 09:29:47.701417 n-d-764486-12 devstack@keystone.service[82052]: DEBUG keystone.server.flask.request_processing.middleware.auth_context [None req-69246572-4e4b-4fe0-ba16-f54c17b06d4e None admin] Validating token access rules against request {{(pid=82052) validate_allowed_request /usr/local/lib/python3.8/dist-packages/keystonemiddleware/auth_token/__init__.py:545}}
Aug 18 09:29:47.710460 n-d-764486-12 devstack@keystone.service[82051]: [pid: 82051|app: 0|req: 92/193] 10.222.0.72 () {58 vars in 1282 bytes} [Thu Aug 18 09:29:47 2022] GET /identity/v3/auth/tokens => generated 799 bytes in 407 msecs (HTTP/1.1 200) 6 headers in 358 bytes (2 switches on core 0)
Aug 18 09:29:47.711296 n-d-764486-12 devstack@keystone.service[82051]: DEBUG keystone.server.flask.request_processing.middleware.auth_context [None req-7adbd64e-54f9-4368-b9d4-e2d5a344ba36 None admin] Authenticating user token {{(pid=82051) process_request /usr/local/lib/python3.8/dist-packages/keystonemiddleware/auth_token/__init__.py:407}}
Aug 18 09:29:47.736660 n-d-764486-12 devstack@keystone.service[82052]: DEBUG keystone.server.flask.request_processing.middleware.auth_context [None req-d8b6e07e-5502-4729-8262-93c0e17e2098 None admin] RBAC: auth_context: {'token': , 'domain_id': None, 'trust_id': None, 'trustor_id': None, 'trustee_id': None, 'domain_name': None, 'group_ids': [], 'user_id': '692a2d03f9024018bf995f7b1e00a38e', 'user_domain_id': 'default', 'system_scope': 'all', 'project_id': None, 'project_domain_id': None, 'roles': ['admin', 'member', 'reader'], 'is_admin_project': True, 'service_user_id': None, 'service_user_domain_id': None, 'service_project_id': None, 'service_project_domain_id': None, 'service_roles': []} {{(pid=82052) fill_context /opt/stack/keystone/keystone/server/flask/request_processing/middleware/auth_context.py:478}}
Aug 18 09:29:47.737353 n-d-764486-12 devstack@keystone.service[82052]: DEBUG keystone.server.flask.request_processing.req_logging [None req-d8b6e07e-5502-4729-8262-93c0e17e2098 None admin] REQUEST_METHOD: `GET` {{(pid=82052) log_request_info /opt/stack/keystone/keystone/server/flask/request_processing/req_logging.py:27}}
Aug 18 09:29:47.737556 n-d-764486-12 devstack@keystone.service[82052]: DEBUG keystone.server.flask.request_processing.req_logging [None req-d8b6e07e-5502-4729-8262-93c0e17e2098 None admin] SCRIPT_NAME: `/identity` {{(pid=82052) log_request_info /opt/stack/keystone/keystone/server/flask/request_processing/req_logging.py:28}}
Aug 18 09:29:47.737824 n-d-764486-12 devstack@keystone.service[82052]: DEBUG keystone.server.flask.request_processing.req_logging [None req-d8b6e07e-5502-4729-8262-93c0e17e2098 None admin] PATH_INFO: `/v3/domains/default` {{(pid=82052) log_request_info /opt/stack/keystone/keystone/server/flask/request_processing/req_logging.py:29}}
Aug 18 09:29:47.738964 n-d-764486-12 devstack@keystone.service[82052]: DEBUG keystone.common.rbac_enforcer.enforcer [None req-d8b6e07e-5502-4729-8262-93c0e17e2098 None admin] RBAC: Authorizing `identity:get_domain(domain_id=default)` {{(pid=82052) enforce_call /opt/stack/keystone/keystone/common/rbac_enforcer/enforcer.py:449}}
Aug 18 09:29:47.740421 n-d-764486-12 devstack@keystone.service[82052]: DEBUG keystone.common.rbac_enforcer.enforcer [None req-d8b6e07e-5502-4729-8262-93c0e17e2098 None admin] RBAC: Authorization granted {{(pid=82052) enforce_call /opt/stack/keystone/keystone/common/rbac_enforcer/enforcer.py:457}}
Aug 18 09:29:47.741964 n-d-764486-12 devstack@keystone.service[82052]: [pid: 82052|app: 0|req: 102/194] 10.222.0.72 () {56 vars in 1108 bytes} [Thu Aug 18 09:29:47 2022] GET /identity/v3/domains/default => generated 199 bytes in 152 msecs (HTTP/1.1 200) 5 headers in 177 bytes (1 switches on core 0)
Aug 18 09:29:47.745295 n-d-764486-12 devstack@keystone.service[82052]: DEBUG keystone.server.flask.request_processing.middleware.auth_context [None req-d8b6e07e-5502-4729-8262-93c0e17e2098 None admin] Authenticating user token {{(pid=82052) process_request /usr/local/lib/python3.8/dist-packages/keystonemiddleware/auth_token/__init__.py:407}}
Aug 18 09:29:47.803866 n-d-764486-12 devstack@keystone.service[82052]: DEBUG dbcounter [-] [82052] Writing DB stats keystone:SELECT=100 {{(pid=82052) stat_writer /usr/local/lib/python3.8/dist-packages/dbcounter.py:114}}
Aug 18 09:29:47.811217 n-d-764486-12 devstack@keystone.service[82051]: DEBUG keystone.server.flask.request_processing.middleware.auth_context [None req-7adbd64e-54f9-4368-b9d4-e2d5a344ba36 None admin] Validating token access rules against request {{(pid=82051) validate_allowed_request /usr/local/lib/python3.8/dist-packages/keystonemiddleware/auth_token/__init__.py:545}}
Aug 18 09:29:47.845544 n-d-764486-12 devstack@keystone.service[82052]: DEBUG keystone.server.flask.request_processing.middleware.auth_context [None req-d8b6e07e-5502-4729-8262-93c0e17e2098 None admin] Validating token access rules against request {{(pid=82052) validate_allowed_request /usr/local/lib/python3.8/dist-packages/keystonemiddleware/auth_token/__init__.py:545}}
Aug 18 09:29:47.846506 n-d-764486-12 devstack@keystone.service[82051]: DEBUG keystone.server.flask.request_processing.middleware.auth_context [None req-6e5852a0-4e03-4ec9-8695-613c5c5ac77a None admin] RBAC: auth_context: {'token': , 'domain_id': None, 'trust_id': None, 'trustor_id': None, 'trustee_id': None, 'domain_name': None, 'group_ids': [], 'user_id': '692a2d03f9024018bf995f7b1e00a38e', 'user_domain_id': 'default', 'system_scope': 'all', 'project_id': None, 'project_domain_id': None, 'roles': ['admin', 'member', 'reader'], 'is_admin_project': True, 'service_user_id': None, 'service_user_domain_id': None, 'service_project_id': None, 'service_project_domain_id': None, 'service_roles': []} {{(pid=82051) fill_context /opt/stack/keystone/keystone/server/flask/request_processing/middleware/auth_context.py:478}}
Aug 18 09:29:47.847130 n-d-764486-12 devstack@keystone.service[82051]: DEBUG keystone.server.flask.request_processing.req_logging [None req-6e5852a0-4e03-4ec9-8695-613c5c5ac77a None admin] REQUEST_METHOD: `GET` {{(pid=82051) log_request_info /opt/stack/keystone/keystone/server/flask/request_processing/req_logging.py:27}}
Aug 18 09:29:47.847408 n-d-764486-12 devstack@keystone.service[82051]: DEBUG keystone.server.flask.request_processing.req_logging [None req-6e5852a0-4e03-4ec9-8695-613c5c5ac77a None admin] SCRIPT_NAME: `/identity` {{(pid=82051) log_request_info /opt/stack/keystone/keystone/server/flask/request_processing/req_logging.py:28}}
Aug 18 09:29:47.847680 n-d-764486-12 devstack@keystone.service[82051]: DEBUG keystone.server.flask.request_processing.req_logging [None req-6e5852a0-4e03-4ec9-8695-613c5c5ac77a None admin] PATH_INFO: `/v3/roles` {{(pid=82051) log_request_info /opt/stack/keystone/keystone/server/flask/request_processing/req_logging.py:29}}
Aug 18 09:29:47.848352 n-d-764486-12 devstack@keystone.service[82051]: DEBUG keystone.common.rbac_enforcer.enforcer [None req-6e5852a0-4e03-4ec9-8695-613c5c5ac77a None admin] RBAC: Adding query filter params (name=anotherrole) {{(pid=82051) _extract_filter_values /opt/stack/keystone/keystone/common/rbac_enforcer/enforcer.py:167}}
Aug 18 09:29:47.848647 n-d-764486-12 devstack@keystone.service[82051]: DEBUG keystone.common.rbac_enforcer.enforcer [None req-6e5852a0-4e03-4ec9-8695-613c5c5ac77a None admin] RBAC: Authorizing `identity:list_roles()` {{(pid=82051) enforce_call /opt/stack/keystone/keystone/common/rbac_enforcer/enforcer.py:449}}
Aug 18 09:29:47.850049 n-d-764486-12 devstack@keystone.service[82051]: DEBUG keystone.common.rbac_enforcer.enforcer [None req-6e5852a0-4e03-4ec9-8695-613c5c5ac77a None admin] RBAC: Authorization granted {{(pid=82051) enforce_call /opt/stack/keystone/keystone/common/rbac_enforcer/enforcer.py:457}}
Aug 18 09:29:47.858071 n-d-764486-12 devstack@keystone.service[82051]: [pid: 82051|app: 0|req: 93/195] 10.222.0.72 () {56 vars in 1111 bytes} [Thu Aug 18 09:29:47 2022] GET /identity/v3/roles?name=anotherrole => generated 334 bytes in 147 msecs (HTTP/1.1 200) 5 headers in 177 bytes (1 switches on core 0)
Aug 18 09:29:47.858984 n-d-764486-12 devstack@keystone.service[82051]: DEBUG keystone.server.flask.request_processing.middleware.auth_context [None req-6e5852a0-4e03-4ec9-8695-613c5c5ac77a None admin] Authenticating user token {{(pid=82051) process_request /usr/local/lib/python3.8/dist-packages/keystonemiddleware/auth_token/__init__.py:407}}
Aug 18 09:29:47.884021 n-d-764486-12 devstack@keystone.service[82052]: DEBUG keystone.server.flask.request_processing.middleware.auth_context [None req-df5b2c0f-0345-49ae-b5b4-59b9d8a008c8 None admin] RBAC: auth_context: {'token': , 'domain_id': None, 'trust_id': None, 'trustor_id': None, 'trustee_id': None, 'domain_name': None, 'group_ids': [], 'user_id': '692a2d03f9024018bf995f7b1e00a38e', 'user_domain_id': 'default', 'system_scope': 'all', 'project_id': None, 'project_domain_id': None, 'roles': ['admin', 'member', 'reader'], 'is_admin_project': True, 'service_user_id': None, 'service_user_domain_id': None, 'service_project_id': None, 'service_project_domain_id': None, 'service_roles': []} {{(pid=82052) fill_context /opt/stack/keystone/keystone/server/flask/request_processing/middleware/auth_context.py:478}}
Aug 18 09:29:47.884733 n-d-764486-12 devstack@keystone.service[82052]: DEBUG keystone.server.flask.request_processing.req_logging [None req-df5b2c0f-0345-49ae-b5b4-59b9d8a008c8 None admin] REQUEST_METHOD: `GET` {{(pid=82052) log_request_info /opt/stack/keystone/keystone/server/flask/request_processing/req_logging.py:27}}
Aug 18 09:29:47.885017 n-d-764486-12 devstack@keystone.service[82052]: DEBUG keystone.server.flask.request_processing.req_logging [None req-df5b2c0f-0345-49ae-b5b4-59b9d8a008c8 None admin] SCRIPT_NAME: `/identity` {{(pid=82052) log_request_info /opt/stack/keystone/keystone/server/flask/request_processing/req_logging.py:28}}
Aug 18 09:29:47.885293 n-d-764486-12 devstack@keystone.service[82052]: DEBUG keystone.server.flask.request_processing.req_logging [None req-df5b2c0f-0345-49ae-b5b4-59b9d8a008c8 None admin] PATH_INFO: `/v3/roles/reader` {{(pid=82052) log_request_info /opt/stack/keystone/keystone/server/flask/request_processing/req_logging.py:29}}
Aug 18 09:29:47.896070 n-d-764486-12 devstack@keystone.service[82052]: DEBUG keystone.common.rbac_enforcer.enforcer [None req-df5b2c0f-0345-49ae-b5b4-59b9d8a008c8 None admin] Extracting inferred target data resulted in "NOT FOUND (404)". {{(pid=82052) enforce_call /opt/stack/keystone/keystone/common/rbac_enforcer/enforcer.py:409}}
Aug 18 09:29:47.901324 n-d-764486-12 devstack@keystone.service[82052]: ERROR keystone.server.flask.application [None req-df5b2c0f-0345-49ae-b5b4-59b9d8a008c8 None admin] Could not find role: reader.: keystone.exception.RoleNotFound: Could not find role: reader.
Aug 18 09:29:47.901324 n-d-764486-12 devstack@keystone.service[82052]: ERROR keystone.server.flask.application
Traceback (most recent call last):
Aug 18 09:29:47.901324 n-d-764486-12 devstack@keystone.service[82052]: ERROR keystone.server.flask.application
File "/usr/local/lib/python3.8/dist-packages/flask/app.py", line 1820, in full_dispatch_request
Aug 18 09:29:47.901324 n-d-764486-12 devstack@keystone.service[82052]: ERROR keystone.server.flask.application rv = self.dispatch_request()
Aug 18 09:29:47.901324 n-d-764486-12 devstack@keystone.service[82052]: ERROR keystone.server.flask.application
File "/usr/local/lib/python3.8/dist-packages/flask/app.py", line 1796, in dispatch_request
Aug 18 09:29:47.901324 n-d-764486-12 devstack@keystone.service[82052]: ERROR keystone.server.flask.application return self.ensure_sync(self.view_functions[rule.endpoint])(**view_args)
Aug 18 09:29:47.901324 n-d-764486-12 devstack@keystone.service[82052]: ERROR keystone.server.flask.application
File "/usr/local/lib/python3.8/dist-packages/flask_restful/__init__.py", line 467, in wrapper
Aug 18 09:29:47.901324 n-d-764486-12 devstack@keystone.service[82052]: ERROR keystone.server.flask.application resp = resource(*args, **kwargs)
Aug 18 09:29:47.901324 n-d-764486-12 devstack@keystone.service[82052]: ERROR keystone.server.flask.application
File "/usr/local/lib/python3.8/dist-packages/flask/views.py", line 107, in view
Aug 18 09:29:47.901324 n-d-764486-12 devstack@keystone.service[82052]: ERROR keystone.server.flask.application return current_app.ensure_sync(self.dispatch_request)(**kwargs)
Aug 18 09:29:47.901324 n-d-764486-12 devstack@keystone.service[82052]: ERROR keystone.server.flask.application
File "/usr/local/lib/python3.8/dist-packages/flask_restful/__init__.py", line 582, in dispatch_request
Aug 18 09:29:47.901324 n-d-764486-12 devstack@keystone.service[82052]: ERROR keystone.server.flask.application resp = meth(*args, **kwargs)
Aug 18 09:29:47.901324 n-d-764486-12 devstack@keystone.service[82052]: ERROR keystone.server.flask.application
File "/opt/stack/keystone/keystone/api/roles.py", line 50, in get
Aug 18 09:29:47.901324 n-d-764486-12 devstack@keystone.service[82052]: ERROR keystone.server.flask.application return self._get_role(role_id)
Aug 18 09:29:47.901324 n-d-764486-12 devstack@keystone.service[82052]: ERROR keystone.server.flask.application
File "/opt/stack/keystone/keystone/api/roles.py", line 70, in _get_role
Aug 18 09:29:47.901324 n-d-764486-12 devstack@keystone.service[82052]: ERROR keystone.server.flask.application ENFORCER.enforce_call(action='identity:get_role')
Aug 18 09:29:47.902352 n-d-764486-12 devstack@keystone.service[82052]: ERROR keystone.server.flask.application
File "/opt/stack/keystone/keystone/common/rbac_enforcer/enforcer.py", line 402, in enforce_call
Aug 18 09:29:47.902352 n-d-764486-12 devstack@keystone.service[82052]: ERROR keystone.server.flask.application policy_dict.update(cls._extract_member_target_data(
Aug 18 09:29:47.902352 n-d-764486-12 devstack@keystone.service[82052]: ERROR keystone.server.flask.application
File "/opt/stack/keystone/keystone/common/rbac_enforcer/enforcer.py", line 234, in _extract_member_target_data
Aug 18 09:29:47.902352 n-d-764486-12 devstack@keystone.service[82052]: ERROR keystone.server.flask.application member_name: func(flask.request.view_args[key])
Aug 18 09:29:47.902352 n-d-764486-12 devstack@keystone.service[82052]: ERROR keystone.server.flask.application
File "/opt/stack/keystone/keystone/common/manager.py", line 115, in wrapped
Aug 18 09:29:47.902352 n-d-764486-12 devstack@keystone.service[82052]: ERROR keystone.server.flask.application __ret_val = __f(*args, **kwargs)
Aug 18 09:29:47.902352 n-d-764486-12 devstack@keystone.service[82052]: ERROR keystone.server.flask.application
File "/usr/local/lib/python3.8/dist-packages/decorator.py", line 232, in fun
Aug 18 09:29:47.902352 n-d-764486-12 devstack@keystone.service[82052]: ERROR keystone.server.flask.application return caller(func, *(extras + args), **kw)
Aug 18 09:29:47.902352 n-d-764486-12 devstack@keystone.service[82052]: ERROR keystone.server.flask.application
File "/usr/local/lib/python3.8/dist-packages/dogpile/cache/region.py", line 1577, in get_or_create_for_user_func
Aug 18 09:29:47.902352 n-d-764486-12 devstack@keystone.service[82052]: ERROR keystone.server.flask.application return self.get_or_create(
Aug 18 09:29:47.902352 n-d-764486-12 devstack@keystone.service[82052]: ERROR keystone.server.flask.application
File "/usr/local/lib/python3.8/dist-packages/dogpile/cache/region.py", line 1042, in get_or_create
Aug 18 09:29:47.902352 n-d-764486-12 devstack@keystone.service[82052]: ERROR keystone.server.flask.application with Lock(
Aug 18 09:29:47.902352 n-d-764486-12 devstack@keystone.service[82052]: ERROR keystone.server.flask.application
File "/usr/local/lib/python3.8/dist-packages/dogpile/lock.py", line 185, in __enter__
Aug 18 09:29:47.902352 n-d-764486-12 devstack@keystone.service[82052]: ERROR keystone.server.flask.application return self._enter()
Aug 18 09:29:47.902352 n-d-764486-12 devstack@keystone.service[82052]: ERROR keystone.server.flask.application
File "/usr/local/lib/python3.8/dist-packages/dogpile/lock.py", line 94, in _enter
Aug 18 09:29:47.902352 n-d-764486-12 devstack@keystone.service[82052]: ERROR keystone.server.flask.application generated = self._enter_create(value, createdtime)
Aug 18 09:29:47.903171 n-d-764486-12 devstack@keystone.service[82052]: ERROR keystone.server.flask.application
File "/usr/local/lib/python3.8/dist-packages/dogpile/lock.py", line 178, in _enter_create
Aug 18 09:29:47.903171 n-d-764486-12 devstack@keystone.service[82052]: ERROR keystone.server.flask.application return self.creator()
Aug 18 09:29:47.903171 n-d-764486-12 devstack@keystone.service[82052]: ERROR keystone.server.flask.application
File "/usr/local/lib/python3.8/dist-packages/dogpile/cache/region.py", line 995, in gen_value
Aug 18 09:29:47.903171 n-d-764486-12 devstack@keystone.service[82052]: ERROR keystone.server.flask.application created_value = creator(
Aug 18 09:29:47.903171 n-d-764486-12 devstack@keystone.service[82052]: ERROR keystone.server.flask.application
File "/opt/stack/keystone/keystone/assignment/core.py", line 1276, in get_role
Aug 18 09:29:47.903171 n-d-764486-12 devstack@keystone.service[82052]: ERROR keystone.server.flask.application return self.driver.get_role(role_id)
Aug 18 09:29:47.903171 n-d-764486-12 devstack@keystone.service[82052]: ERROR keystone.server.flask.application
File "/opt/stack/keystone/keystone/assignment/role_backends/sql.py", line 70, in get_role
Aug 18 09:29:47.903171 n-d-764486-12 devstack@keystone.service[82052]: ERROR keystone.server.flask.application return self._get_role(session, role_id).to_dict()
Aug 18 09:29:47.903171 n-d-764486-12 devstack@keystone.service[82052]: ERROR keystone.server.flask.application
File "/opt/stack/keystone/keystone/assignment/role_backends/sql.py", line 65, in _get_role
Aug 18 09:29:47.903171 n-d-764486-12 devstack@keystone.service[82052]: ERROR keystone.server.flask.application raise exception.RoleNotFound(role_id=role_id)
Aug 18 09:29:47.903171 n-d-764486-12 devstack@keystone.service[82052]: ERROR keystone.server.flask.application keystone.exception.RoleNotFound: Could not find role: reader.
Aug 18 09:29:47.903171 n-d-764486-12 devstack@keystone.service[82052]: ERROR keystone.server.flask.application
Aug 18 09:29:47.903171 n-d-764486-12 devstack@keystone.service[82052]: [pid: 82052|app: 0|req: 103/196] 10.222.0.72 () {56 vars in 1099 bytes} [Thu Aug 18 09:29:47 2022] GET /identity/v3/roles/reader => generated 84 bytes in 160 msecs (HTTP/1.1 404) 5 headers in 183 bytes (1 switches on core 0)
Aug 18 09:29:47.903823 n-d-764486-12 devstack@keystone.service[82052]: DEBUG keystone.server.flask.request_processing.middleware.auth_context [None req-df5b2c0f-0345-49ae-b5b4-59b9d8a008c8 None admin] Authenticating user token {{(pid=82052) process_request /usr/local/lib/python3.8/dist-packages/keystonemiddleware/auth_token/__init__.py:407}}
