Jul 20 04:30:46.045714 n-d-764485-11 devstack@placement-api.service[105727]: DEBUG placement.wsgi_wrapper [None req-27140e7c-6665-406d-a15f-61986a0a4084 service placement] Placement API returning an error response: No resource provider with uuid eabb787a-0d85-4413-b4df-d4aceed106bb found for delete {{(pid=105727) call_func /opt/stack/placement/placement/wsgi_wrapper.py:31}}
Jul 20 04:30:46.047333 n-d-764485-11 devstack@placement-api.service[105727]: INFO placement.requestlog [None req-27140e7c-6665-406d-a15f-61986a0a4084 service placement] 10.222.0.20 "DELETE /placement/resource_providers/eabb787a-0d85-4413-b4df-d4aceed106bb" status: 404 len: 246 microversion: 1.1
Jul 20 04:30:46.057073 n-d-764485-11 devstack@placement-api.service[105727]: [pid: 105727|app: 0|req: 452/910] 10.222.0.20 () {60 vars in 1351 bytes} [Wed Jul 20 04:30:46 2022] DELETE /placement/resource_providers/eabb787a-0d85-4413-b4df-d4aceed106bb => generated 246 bytes in 30 msecs (HTTP/1.1 404) 6 headers in 231 bytes (1 switches on core 0)
Jul 20 04:30:47.935172 n-d-764485-11 devstack@placement-api.service[105728]: DEBUG placement.requestlog [req-ff2724fb-07e1-4f7b-ab48-79320a1903d6 req-caae06e4-b895-4192-85c2-07b1d737461b None None] Starting request: 10.222.0.44 "DELETE /placement/allocations/3d3f1cfb-8d75-4eb6-9cc6-d45d1af4b37e" {{(pid=105728) __call__ /opt/stack/placement/placement/requestlog.py:55}}
Jul 20 04:30:47.984821 n-d-764485-11 devstack@placement-api.service[105728]: DEBUG placement.handlers.allocation [req-ff2724fb-07e1-4f7b-ab48-79320a1903d6 req-caae06e4-b895-4192-85c2-07b1d737461b service placement] Successfully deleted allocations [, , ] {{(pid=105728) delete_allocations /opt/stack/placement/placement/handlers/allocation.py:627}}
Jul 20 04:30:47.985362 n-d-764485-11 devstack@placement-api.service[105728]: INFO placement.requestlog [req-ff2724fb-07e1-4f7b-ab48-79320a1903d6 req-caae06e4-b895-4192-85c2-07b1d737461b service placement] 10.222.0.44 "DELETE /placement/allocations/3d3f1cfb-8d75-4eb6-9cc6-d45d1af4b37e" status: 204 len: 0 microversion: 1.0
Jul 20 04:30:47.986030 n-d-764485-11 devstack@placement-api.service[105728]: [pid: 105728|app: 0|req: 459/911] 10.222.0.44 () {60 vars in 1355 bytes} [Wed Jul 20 04:30:47 2022] DELETE /placement/allocations/3d3f1cfb-8d75-4eb6-9cc6-d45d1af4b37e => generated 0 bytes in 51 msecs (HTTP/1.1 204) 5 headers in 198 bytes (1 switches on core 0)
Jul 20 04:30:49.430823 n-d-764485-11 devstack@placement-api.service[105727]: DEBUG placement.requestlog [req-f3602c7f-dee5-43d1-b752-8be8155bc874 req-f29c8f44-3fed-42b9-a94e-ba614c0edbef None None] Starting request: 10.222.0.20 "GET /placement/allocation_candidates?resources=DISK_GB%3A1%2CMEMORY_MB%3A1024%2CVCPU%3A1&root_required=%21COMPUTE_STATUS_DISABLED" {{(pid=105727) __call__ /opt/stack/placement/placement/requestlog.py:55}}
Jul 20 04:30:49.545695 n-d-764485-11 devstack@placement-api.service[105727]: DEBUG placement.objects.research_context [req-f3602c7f-dee5-43d1-b752-8be8155bc874 req-f29c8f44-3fed-42b9-a94e-ba614c0edbef service placement] getting providers with 1 DISK_GB {{(pid=105727) __init__ /opt/stack/placement/placement/objects/research_context.py:136}}
Jul 20 04:30:49.571616 n-d-764485-11 devstack@placement-api.service[105727]: DEBUG placement.objects.research_context [req-f3602c7f-dee5-43d1-b752-8be8155bc874 req-f29c8f44-3fed-42b9-a94e-ba614c0edbef service placement] getting providers with 1024 MEMORY_MB {{(pid=105727) __init__ /opt/stack/placement/placement/objects/research_context.py:136}}
Jul 20 04:30:49.582244 n-d-764485-11 devstack@placement-api.service[105727]: DEBUG placement.objects.research_context [req-f3602c7f-dee5-43d1-b752-8be8155bc874 req-f29c8f44-3fed-42b9-a94e-ba614c0edbef service placement] getting providers with 1 VCPU {{(pid=105727) __init__ /opt/stack/placement/placement/objects/research_context.py:136}}
Jul 20 04:30:49.592976 n-d-764485-11 devstack@placement-api.service[105727]: DEBUG placement.objects.research_context [req-f3602c7f-dee5-43d1-b752-8be8155bc874 req-f29c8f44-3fed-42b9-a94e-ba614c0edbef service placement] found 2 providers with available 1 DISK_GB {{(pid=105727) get_provider_ids_matching /opt/stack/placement/placement/objects/research_context.py:563}}
Jul 20 04:30:49.595099 n-d-764485-11 devstack@placement-api.service[105727]: DEBUG placement.objects.research_context [req-f3602c7f-dee5-43d1-b752-8be8155bc874 req-f29c8f44-3fed-42b9-a94e-ba614c0edbef service placement] found 2 providers with available 1024 MEMORY_MB {{(pid=105727) get_provider_ids_matching /opt/stack/placement/placement/objects/research_context.py:563}}
Jul 20 04:30:49.597171 n-d-764485-11 devstack@placement-api.service[105727]: DEBUG placement.objects.research_context [req-f3602c7f-dee5-43d1-b752-8be8155bc874 req-f29c8f44-3fed-42b9-a94e-ba614c0edbef service placement] found 2 providers after filtering by previous result {{(pid=105727) get_provider_ids_matching /opt/stack/placement/placement/objects/research_context.py:594}}
Jul 20 04:30:49.599820 n-d-764485-11 devstack@placement-api.service[105727]: DEBUG placement.objects.research_context [req-f3602c7f-dee5-43d1-b752-8be8155bc874 req-f29c8f44-3fed-42b9-a94e-ba614c0edbef service placement] found 2 providers with available 1 VCPU {{(pid=105727) get_provider_ids_matching /opt/stack/placement/placement/objects/research_context.py:563}}
Jul 20 04:30:49.600886 n-d-764485-11 devstack@placement-api.service[105727]: DEBUG placement.objects.research_context [req-f3602c7f-dee5-43d1-b752-8be8155bc874 req-f29c8f44-3fed-42b9-a94e-ba614c0edbef service placement] found 2 providers after filtering by previous result {{(pid=105727) get_provider_ids_matching /opt/stack/placement/placement/objects/research_context.py:594}}
Jul 20 04:30:49.619221 n-d-764485-11 devstack@placement-api.service[105727]: DEBUG placement.objects.allocation_candidate [req-f3602c7f-dee5-43d1-b752-8be8155bc874 req-f29c8f44-3fed-42b9-a94e-ba614c0edbef service placement] RequestGroup(use_same_provider=False, resources={DISK_GB:1, MEMORY_MB:1024, VCPU:1}, traits=(), aggregates=[]) (suffix '') returned 2 matches {{(pid=105727) _get_by_requests /opt/stack/placement/placement/objects/allocation_candidate.py:156}}
Jul 20 04:30:49.619816 n-d-764485-11 devstack@placement-api.service[105727]: DEBUG placement.objects.allocation_candidate [req-f3602c7f-dee5-43d1-b752-8be8155bc874 req-f29c8f44-3fed-42b9-a94e-ba614c0edbef service placement] Merging candidates yields 2 allocation requests and 2 provider summaries {{(pid=105727) _merge_candidates /opt/stack/placement/placement/objects/allocation_candidate.py:809}}
Jul 20 04:30:49.621761 n-d-764485-11 devstack@placement-api.service[105727]: INFO placement.requestlog [req-f3602c7f-dee5-43d1-b752-8be8155bc874 req-f29c8f44-3fed-42b9-a94e-ba614c0edbef service placement] 10.222.0.20 "GET /placement/allocation_candidates?resources=DISK_GB%3A1%2CMEMORY_MB%3A1024%2CVCPU%3A1&root_required=%21COMPUTE_STATUS_DISABLED" status: 200 len: 1309 microversion: 1.36
Jul 20 04:30:49.622296 n-d-764485-11 devstack@placement-api.service[105727]: [pid: 105727|app: 0|req: 453/912] 10.222.0.20 () {60 vars in 1484 bytes} [Wed Jul 20 04:30:49 2022] GET /placement/allocation_candidates?resources=DISK_GB%3A1%2CMEMORY_MB%3A1024%2CVCPU%3A1&root_required=%21COMPUTE_STATUS_DISABLED => generated 1309 bytes in 192 msecs (HTTP/1.1 200) 8 headers in 297 bytes (1 switches on core 0)
Jul 20 04:30:49.699616 n-d-764485-11 devstack@placement-api.service[105728]: DEBUG placement.requestlog [req-f3602c7f-dee5-43d1-b752-8be8155bc874 req-7116f137-e77b-402d-9756-bf59a6123227 None None] Starting request: 10.222.0.20 "GET /placement/allocations/9777f396-9873-4ba1-8c76-55a9f1cf28c6" {{(pid=105728) __call__ /opt/stack/placement/placement/requestlog.py:55}}
Jul 20 04:30:49.712224 n-d-764485-11 devstack@placement-api.service[105728]: INFO placement.requestlog [req-f3602c7f-dee5-43d1-b752-8be8155bc874 req-7116f137-e77b-402d-9756-bf59a6123227 service placement] 10.222.0.20 "GET /placement/allocations/9777f396-9873-4ba1-8c76-55a9f1cf28c6" status: 200 len: 19 microversion: 1.28
Jul 20 04:30:49.718322 n-d-764485-11 devstack@placement-api.service[105728]: [pid: 105728|app: 0|req: 460/913] 10.222.0.20 () {60 vars in 1380 bytes} [Wed Jul 20 04:30:49 2022] GET /placement/allocations/9777f396-9873-4ba1-8c76-55a9f1cf28c6 => generated 19 bytes in 19 msecs (HTTP/1.1 200) 8 headers in 295 bytes (1 switches on core 0)
Jul 20 04:30:49.719704 n-d-764485-11 devstack@placement-api.service[105727]: DEBUG placement.requestlog [req-f3602c7f-dee5-43d1-b752-8be8155bc874 req-90917c12-d39a-4eb1-b0d5-9e8e22959f61 None None] Starting request: 10.222.0.20 "PUT /placement/allocations/9777f396-9873-4ba1-8c76-55a9f1cf28c6" {{(pid=105727) __call__ /opt/stack/placement/placement/requestlog.py:55}}
Jul 20 04:30:49.825268 n-d-764485-11 devstack@placement-api.service[105727]: DEBUG placement.handlers.allocation [req-f3602c7f-dee5-43d1-b752-8be8155bc874 req-90917c12-d39a-4eb1-b0d5-9e8e22959f61 service placement] Successfully wrote allocations [, , ] {{(pid=105727) _update_consumers_and_create_allocations /opt/stack/placement/placement/handlers/allocation.py:462}}
Jul 20 04:30:49.830688 n-d-764485-11 devstack@placement-api.service[105727]: INFO placement.requestlog [req-f3602c7f-dee5-43d1-b752-8be8155bc874 req-90917c12-d39a-4eb1-b0d5-9e8e22959f61 service placement] 10.222.0.20 "PUT /placement/allocations/9777f396-9873-4ba1-8c76-55a9f1cf28c6" status: 204 len: 0 microversion: 1.36
Jul 20 04:30:49.841589 n-d-764485-11 devstack@placement-api.service[105727]: [pid: 105727|app: 0|req: 454/914] 10.222.0.20 () {64 vars in 1433 bytes} [Wed Jul 20 04:30:49 2022] PUT /placement/allocations/9777f396-9873-4ba1-8c76-55a9f1cf28c6 => generated 0 bytes in 112 msecs (HTTP/1.1 204) 5 headers in 199 bytes (2 switches on core 0)
Jul 20 04:30:50.403956 n-d-764485-11 devstack@placement-api.service[105728]: DEBUG placement.requestlog [req-f3602c7f-dee5-43d1-b752-8be8155bc874 req-95be82b3-0daa-413c-8506-44726dcb4c93 None None] Starting request: 10.222.0.44 "GET /placement/allocations/9777f396-9873-4ba1-8c76-55a9f1cf28c6" {{(pid=105728) __call__ /opt/stack/placement/placement/requestlog.py:55}}
Jul 20 04:30:50.435977 n-d-764485-11 devstack@placement-api.service[105728]: INFO placement.requestlog [req-f3602c7f-dee5-43d1-b752-8be8155bc874 req-95be82b3-0daa-413c-8506-44726dcb4c93 service placement] 10.222.0.44 "GET /placement/allocations/9777f396-9873-4ba1-8c76-55a9f1cf28c6" status: 200 len: 259 microversion: 1.28
Jul 20 04:30:50.436513 n-d-764485-11 devstack@placement-api.service[105728]: [pid: 105728|app: 0|req: 461/915] 10.222.0.44 () {60 vars in 1377 bytes} [Wed Jul 20 04:30:50 2022] GET /placement/allocations/9777f396-9873-4ba1-8c76-55a9f1cf28c6 => generated 259 bytes in 33 msecs (HTTP/1.1 200) 8 headers in 296 bytes (1 switches on core 0)
Jul 20 04:30:50.745016 n-d-764485-11 devstack@placement-api.service[105727]: DEBUG placement.requestlog [req-f1c0338f-f327-4d8e-b471-bac6a06e7f7e req-775391c1-2372-487d-81ed-d002b610ad3e None None] Starting request: 10.222.0.20 "GET /placement/allocation_candidates?limit=1000&resources=DISK_GB%3A1%2CMEMORY_MB%3A1024%2CVCPU%3A1&root_required=%21COMPUTE_STATUS_DISABLED" {{(pid=105727) __call__ /opt/stack/placement/placement/requestlog.py:55}}
Jul 20 04:30:50.808888 n-d-764485-11 devstack@placement-api.service[105727]: DEBUG placement.objects.research_context [req-f1c0338f-f327-4d8e-b471-bac6a06e7f7e req-775391c1-2372-487d-81ed-d002b610ad3e service placement] getting providers with 1 DISK_GB {{(pid=105727) __init__ /opt/stack/placement/placement/objects/research_context.py:136}}
Jul 20 04:30:50.816308 n-d-764485-11 devstack@placement-api.service[105727]: DEBUG placement.objects.research_context [req-f1c0338f-f327-4d8e-b471-bac6a06e7f7e req-775391c1-2372-487d-81ed-d002b610ad3e service placement] getting providers with 1024 MEMORY_MB {{(pid=105727) __init__ /opt/stack/placement/placement/objects/research_context.py:136}}
Jul 20 04:30:50.832767 n-d-764485-11 devstack@placement-api.service[105727]: DEBUG placement.objects.research_context [req-f1c0338f-f327-4d8e-b471-bac6a06e7f7e req-775391c1-2372-487d-81ed-d002b610ad3e service placement] getting providers with 1 VCPU {{(pid=105727) __init__ /opt/stack/placement/placement/objects/research_context.py:136}}
Jul 20 04:30:50.841507 n-d-764485-11 devstack@placement-api.service[105727]: DEBUG placement.objects.research_context [req-f1c0338f-f327-4d8e-b471-bac6a06e7f7e req-775391c1-2372-487d-81ed-d002b610ad3e service placement] found 2 providers with available 1 DISK_GB {{(pid=105727) get_provider_ids_matching /opt/stack/placement/placement/objects/research_context.py:563}}
Jul 20 04:30:50.841979 n-d-764485-11 devstack@placement-api.service[105727]: DEBUG placement.objects.research_context [req-f1c0338f-f327-4d8e-b471-bac6a06e7f7e req-775391c1-2372-487d-81ed-d002b610ad3e service placement] found 2 providers with available 1024 MEMORY_MB {{(pid=105727) get_provider_ids_matching /opt/stack/placement/placement/objects/research_context.py:563}}
Jul 20 04:30:50.842583 n-d-764485-11 devstack@placement-api.service[105727]: DEBUG placement.objects.research_context [req-f1c0338f-f327-4d8e-b471-bac6a06e7f7e req-775391c1-2372-487d-81ed-d002b610ad3e service placement] found 2 providers after filtering by previous result {{(pid=105727) get_provider_ids_matching /opt/stack/placement/placement/objects/research_context.py:594}}
Jul 20 04:30:50.843122 n-d-764485-11 devstack@placement-api.service[105727]: DEBUG placement.objects.research_context [req-f1c0338f-f327-4d8e-b471-bac6a06e7f7e req-775391c1-2372-487d-81ed-d002b610ad3e service placement] found 2 providers with available 1 VCPU {{(pid=105727) get_provider_ids_matching /opt/stack/placement/placement/objects/research_context.py:563}}
Jul 20 04:30:50.843642 n-d-764485-11 devstack@placement-api.service[105727]: DEBUG placement.objects.research_context [req-f1c0338f-f327-4d8e-b471-bac6a06e7f7e req-775391c1-2372-487d-81ed-d002b610ad3e service placement] found 2 providers after filtering by previous result {{(pid=105727) get_provider_ids_matching /opt/stack/placement/placement/objects/research_context.py:594}}
Jul 20 04:30:50.868859 n-d-764485-11 devstack@placement-api.service[105727]: DEBUG placement.objects.allocation_candidate [req-f1c0338f-f327-4d8e-b471-bac6a06e7f7e req-775391c1-2372-487d-81ed-d002b610ad3e service placement] RequestGroup(use_same_provider=False, resources={DISK_GB:1, MEMORY_MB:1024, VCPU:1}, traits=(), aggregates=[]) (suffix '') returned 2 matches {{(pid=105727) _get_by_requests /opt/stack/placement/placement/objects/allocation_candidate.py:156}}
Jul 20 04:30:50.869451 n-d-764485-11 devstack@placement-api.service[105727]: DEBUG placement.objects.allocation_candidate [req-f1c0338f-f327-4d8e-b471-bac6a06e7f7e req-775391c1-2372-487d-81ed-d002b610ad3e service placement] Merging candidates yields 2 allocation requests and 2 provider summaries {{(pid=105727) _merge_candidates /opt/stack/placement/placement/objects/allocation_candidate.py:809}}
Jul 20 04:30:50.871412 n-d-764485-11 devstack@placement-api.service[105727]: INFO placement.requestlog [req-f1c0338f-f327-4d8e-b471-bac6a06e7f7e req-775391c1-2372-487d-81ed-d002b610ad3e service placement] 10.222.0.20 "GET /placement/allocation_candidates?limit=1000&resources=DISK_GB%3A1%2CMEMORY_MB%3A1024%2CVCPU%3A1&root_required=%21COMPUTE_STATUS_DISABLED" status: 200 len: 1309 microversion: 1.36
Jul 20 04:30:50.876734 n-d-764485-11 devstack@placement-api.service[105727]: [pid: 105727|app: 0|req: 455/916] 10.222.0.20 () {60 vars in 1506 bytes} [Wed Jul 20 04:30:50 2022] GET /placement/allocation_candidates?limit=1000&resources=DISK_GB%3A1%2CMEMORY_MB%3A1024%2CVCPU%3A1&root_required=%21COMPUTE_STATUS_DISABLED => generated 1309 bytes in 132 msecs (HTTP/1.1 200) 8 headers in 297 bytes (1 switches on core 0)
Jul 20 04:30:50.968340 n-d-764485-11 devstack@placement-api.service[105728]: DEBUG placement.requestlog [req-f1c0338f-f327-4d8e-b471-bac6a06e7f7e req-e73752a9-71d5-40b5-9b36-c8586f729d51 None None] Starting request: 10.222.0.20 "GET /placement/allocations/6dcf7980-51fd-4f6c-9d31-833631d4419e" {{(pid=105728) __call__ /opt/stack/placement/placement/requestlog.py:55}}
Jul 20 04:30:50.993694 n-d-764485-11 devstack@placement-api.service[105728]: INFO placement.requestlog [req-f1c0338f-f327-4d8e-b471-bac6a06e7f7e req-e73752a9-71d5-40b5-9b36-c8586f729d51 service placement] 10.222.0.20 "GET /placement/allocations/6dcf7980-51fd-4f6c-9d31-833631d4419e" status: 200 len: 19 microversion: 1.28
Jul 20 04:30:51.000061 n-d-764485-11 devstack@placement-api.service[105728]: [pid: 105728|app: 0|req: 462/917] 10.222.0.20 () {60 vars in 1380 bytes} [Wed Jul 20 04:30:50 2022] GET /placement/allocations/6dcf7980-51fd-4f6c-9d31-833631d4419e => generated 19 bytes in 32 msecs (HTTP/1.1 200) 8 headers in 295 bytes (1 switches on core 0)
Jul 20 04:30:51.004190 n-d-764485-11 devstack@placement-api.service[105727]: DEBUG placement.requestlog [req-f1c0338f-f327-4d8e-b471-bac6a06e7f7e req-84a5df59-cfec-47c9-9b93-619cfe83d83f None None] Starting request: 10.222.0.20 "PUT /placement/allocations/6dcf7980-51fd-4f6c-9d31-833631d4419e" {{(pid=105727) __call__ /opt/stack/placement/placement/requestlog.py:55}}
Jul 20 04:30:51.122838 n-d-764485-11 devstack@placement-api.service[105727]: DEBUG placement.handlers.allocation [req-f1c0338f-f327-4d8e-b471-bac6a06e7f7e req-84a5df59-cfec-47c9-9b93-619cfe83d83f service placement] Successfully wrote allocations [, , ] {{(pid=105727) _update_consumers_and_create_allocations /opt/stack/placement/placement/handlers/allocation.py:462}}
Jul 20 04:30:51.129355 n-d-764485-11 devstack@placement-api.service[105727]: INFO placement.requestlog [req-f1c0338f-f327-4d8e-b471-bac6a06e7f7e req-84a5df59-cfec-47c9-9b93-619cfe83d83f service placement] 10.222.0.20 "PUT /placement/allocations/6dcf7980-51fd-4f6c-9d31-833631d4419e" status: 204 len: 0 microversion: 1.36
Jul 20 04:30:51.129874 n-d-764485-11 devstack@placement-api.service[105727]: [pid: 105727|app: 0|req: 456/918] 10.222.0.20 () {64 vars in 1433 bytes} [Wed Jul 20 04:30:51 2022] PUT /placement/allocations/6dcf7980-51fd-4f6c-9d31-833631d4419e => generated 0 bytes in 126 msecs (HTTP/1.1 204) 5 headers in 199 bytes (1 switches on core 0)
Jul 20 04:30:51.870900 n-d-764485-11 devstack@placement-api.service[105728]: DEBUG placement.requestlog [req-f1c0338f-f327-4d8e-b471-bac6a06e7f7e req-a17d101d-595f-44eb-a623-73af0ada9734 None None] Starting request: 10.222.0.44 "GET /placement/allocations/6dcf7980-51fd-4f6c-9d31-833631d4419e" {{(pid=105728) __call__ /opt/stack/placement/placement/requestlog.py:55}}
Jul 20 04:30:51.967903 n-d-764485-11 devstack@placement-api.service[105728]: INFO placement.requestlog [req-f1c0338f-f327-4d8e-b471-bac6a06e7f7e req-a17d101d-595f-44eb-a623-73af0ada9734 service placement] 10.222.0.44 "GET /placement/allocations/6dcf7980-51fd-4f6c-9d31-833631d4419e" status: 200 len: 259 microversion: 1.28
Jul 20 04:30:51.969653 n-d-764485-11 devstack@placement-api.service[105728]: [pid: 105728|app: 0|req: 463/919] 10.222.0.44 () {60 vars in 1377 bytes} [Wed Jul 20 04:30:51 2022] GET /placement/allocations/6dcf7980-51fd-4f6c-9d31-833631d4419e => generated 259 bytes in 99 msecs (HTTP/1.1 200) 8 headers in 296 bytes (1 switches on core 0)
Jul 20 04:30:57.753337 n-d-764485-11 devstack@placement-api.service[105727]: DEBUG placement.requestlog [req-7d3131d4-a8cb-44fd-9a57-40aa4f7308ff req-fec878b7-b007-42a3-af20-59a3cf02f7be None None] Starting request: 10.222.0.20 "GET /placement/allocation_candidates?limit=1000&resources=DISK_GB%3A1%2CMEMORY_MB%3A1024%2CVCPU%3A1&root_required=%21COMPUTE_STATUS_DISABLED" {{(pid=105727) __call__ /opt/stack/placement/placement/requestlog.py:55}}
Jul 20 04:30:58.061555 n-d-764485-11 devstack@placement-api.service[105727]: DEBUG placement.objects.research_context [req-7d3131d4-a8cb-44fd-9a57-40aa4f7308ff req-fec878b7-b007-42a3-af20-59a3cf02f7be service placement] getting providers with 1 DISK_GB {{(pid=105727) __init__ /opt/stack/placement/placement/objects/research_context.py:136}}
Jul 20 04:30:58.073142 n-d-764485-11 devstack@placement-api.service[105727]: DEBUG placement.objects.research_context [req-7d3131d4-a8cb-44fd-9a57-40aa4f7308ff req-fec878b7-b007-42a3-af20-59a3cf02f7be service placement] getting providers with 1024 MEMORY_MB {{(pid=105727) __init__ /opt/stack/placement/placement/objects/research_context.py:136}}
Jul 20 04:30:58.088075 n-d-764485-11 devstack@placement-api.service[105727]: DEBUG placement.objects.research_context [req-7d3131d4-a8cb-44fd-9a57-40aa4f7308ff req-fec878b7-b007-42a3-af20-59a3cf02f7be service placement] getting providers with 1 VCPU {{(pid=105727) __init__ /opt/stack/placement/placement/objects/research_context.py:136}}
Jul 20 04:30:58.104415 n-d-764485-11 devstack@placement-api.service[105727]: DEBUG placement.objects.research_context [req-7d3131d4-a8cb-44fd-9a57-40aa4f7308ff req-fec878b7-b007-42a3-af20-59a3cf02f7be service placement] found 2 providers with available 1 DISK_GB {{(pid=105727) get_provider_ids_matching /opt/stack/placement/placement/objects/research_context.py:563}}
Jul 20 04:30:58.104686 n-d-764485-11 devstack@placement-api.service[105727]: DEBUG placement.objects.research_context [req-7d3131d4-a8cb-44fd-9a57-40aa4f7308ff req-fec878b7-b007-42a3-af20-59a3cf02f7be service placement] found 2 providers with available 1024 MEMORY_MB {{(pid=105727) get_provider_ids_matching /opt/stack/placement/placement/objects/research_context.py:563}}
Jul 20 04:30:58.104955 n-d-764485-11 devstack@placement-api.service[105727]: DEBUG placement.objects.research_context [req-7d3131d4-a8cb-44fd-9a57-40aa4f7308ff req-fec878b7-b007-42a3-af20-59a3cf02f7be service placement] found 2 providers after filtering by previous result {{(pid=105727) get_provider_ids_matching /opt/stack/placement/placement/objects/research_context.py:594}}
Jul 20 04:30:58.105215 n-d-764485-11 devstack@placement-api.service[105727]: DEBUG placement.objects.research_context [req-7d3131d4-a8cb-44fd-9a57-40aa4f7308ff req-fec878b7-b007-42a3-af20-59a3cf02f7be service placement] found 2 providers with available 1 VCPU {{(pid=105727) get_provider_ids_matching /opt/stack/placement/placement/objects/research_context.py:563}}
Jul 20 04:30:58.105477 n-d-764485-11 devstack@placement-api.service[105727]: DEBUG placement.objects.research_context [req-7d3131d4-a8cb-44fd-9a57-40aa4f7308ff req-fec878b7-b007-42a3-af20-59a3cf02f7be service placement] found 2 providers after filtering by previous result {{(pid=105727) get_provider_ids_matching /opt/stack/placement/placement/objects/research_context.py:594}}
Jul 20 04:30:58.142440 n-d-764485-11 devstack@placement-api.service[105727]: DEBUG placement.objects.allocation_candidate [req-7d3131d4-a8cb-44fd-9a57-40aa4f7308ff req-fec878b7-b007-42a3-af20-59a3cf02f7be service placement] RequestGroup(use_same_provider=False, resources={DISK_GB:1, MEMORY_MB:1024, VCPU:1}, traits=(), aggregates=[]) (suffix '') returned 2 matches {{(pid=105727) _get_by_requests /opt/stack/placement/placement/objects/allocation_candidate.py:156}}
Jul 20 04:30:58.142848 n-d-764485-11 devstack@placement-api.service[105727]: DEBUG placement.objects.allocation_candidate [req-7d3131d4-a8cb-44fd-9a57-40aa4f7308ff req-fec878b7-b007-42a3-af20-59a3cf02f7be service placement] Merging candidates yields 2 allocation requests and 2 provider summaries {{(pid=105727) _merge_candidates /opt/stack/placement/placement/objects/allocation_candidate.py:809}}
Jul 20 04:30:58.147086 n-d-764485-11 devstack@placement-api.service[105727]: INFO placement.requestlog [req-7d3131d4-a8cb-44fd-9a57-40aa4f7308ff req-fec878b7-b007-42a3-af20-59a3cf02f7be service placement] 10.222.0.20 "GET /placement/allocation_candidates?limit=1000&resources=DISK_GB%3A1%2CMEMORY_MB%3A1024%2CVCPU%3A1&root_required=%21COMPUTE_STATUS_DISABLED" status: 200 len: 1309 microversion: 1.36
Jul 20 04:30:58.147723 n-d-764485-11 devstack@placement-api.service[105727]: [pid: 105727|app: 0|req: 457/920] 10.222.0.20 () {60 vars in 1506 bytes} [Wed Jul 20 04:30:57 2022] GET /placement/allocation_candidates?limit=1000&resources=DISK_GB%3A1%2CMEMORY_MB%3A1024%2CVCPU%3A1&root_required=%21COMPUTE_STATUS_DISABLED => generated 1309 bytes in 394 msecs (HTTP/1.1 200) 8 headers in 297 bytes (1 switches on core 0)
Jul 20 04:30:58.300437 n-d-764485-11 devstack@placement-api.service[105728]: DEBUG placement.requestlog [req-7d3131d4-a8cb-44fd-9a57-40aa4f7308ff req-53af120c-7ff3-4e23-8861-a6856c00124e None None] Starting request: 10.222.0.20 "GET /placement/allocations/a2f3226f-82c7-4e50-9a7d-ca0721979912" {{(pid=105728) __call__ /opt/stack/placement/placement/requestlog.py:55}}
Jul 20 04:30:58.309233 n-d-764485-11 devstack@placement-api.service[105728]: DEBUG dbcounter [-] [105728] Writing DB stats placement:SELECT=54,placement:INSERT=6,placement:DELETE=4,placement:UPDATE=2 {{(pid=105728) stat_writer /usr/local/lib/python3.8/dist-packages/dbcounter.py:114}}
Jul 20 04:30:58.323731 n-d-764485-11 devstack@placement-api.service[105728]: INFO placement.requestlog [req-7d3131d4-a8cb-44fd-9a57-40aa4f7308ff req-53af120c-7ff3-4e23-8861-a6856c00124e service placement] 10.222.0.20 "GET /placement/allocations/a2f3226f-82c7-4e50-9a7d-ca0721979912" status: 200 len: 19 microversion: 1.28
Jul 20 04:30:58.324739 n-d-764485-11 devstack@placement-api.service[105728]: [pid: 105728|app: 0|req: 464/921] 10.222.0.20 () {60 vars in 1380 bytes} [Wed Jul 20 04:30:58 2022] GET /placement/allocations/a2f3226f-82c7-4e50-9a7d-ca0721979912 => generated 19 bytes in 24 msecs (HTTP/1.1 200) 8 headers in 295 bytes (1 switches on core 0)
Jul 20 04:30:58.330328 n-d-764485-11 devstack@placement-api.service[105727]: DEBUG placement.requestlog [req-7d3131d4-a8cb-44fd-9a57-40aa4f7308ff req-e9ac253c-6863-48bc-a37c-4d94e9c5106a None None] Starting request: 10.222.0.20 "PUT /placement/allocations/a2f3226f-82c7-4e50-9a7d-ca0721979912" {{(pid=105727) __call__ /opt/stack/placement/placement/requestlog.py:55}}
Jul 20 04:30:58.421864 n-d-764485-11 devstack@placement-api.service[105727]: DEBUG dbcounter [-] [105727] Writing DB stats placement:SELECT=78,placement:INSERT=13,placement:DELETE=5,placement:UPDATE=4 {{(pid=105727) stat_writer /usr/local/lib/python3.8/dist-packages/dbcounter.py:114}}
Jul 20 04:30:58.449402 n-d-764485-11 devstack@placement-api.service[105727]: DEBUG placement.handlers.allocation [req-7d3131d4-a8cb-44fd-9a57-40aa4f7308ff req-e9ac253c-6863-48bc-a37c-4d94e9c5106a service placement] Successfully wrote allocations [, , ] {{(pid=105727) _update_consumers_and_create_allocations /opt/stack/placement/placement/handlers/allocation.py:462}}
Jul 20 04:30:58.459980 n-d-764485-11 devstack@placement-api.service[105727]: INFO placement.requestlog [req-7d3131d4-a8cb-44fd-9a57-40aa4f7308ff req-e9ac253c-6863-48bc-a37c-4d94e9c5106a service placement] 10.222.0.20 "PUT /placement/allocations/a2f3226f-82c7-4e50-9a7d-ca0721979912" status: 204 len: 0 microversion: 1.36
Jul 20 04:30:58.460913 n-d-764485-11 devstack@placement-api.service[105727]: [pid: 105727|app: 0|req: 458/922] 10.222.0.20 () {64 vars in 1433 bytes} [Wed Jul 20 04:30:58 2022] PUT /placement/allocations/a2f3226f-82c7-4e50-9a7d-ca0721979912 => generated 0 bytes in 131 msecs (HTTP/1.1 204) 5 headers in 199 bytes (1 switches on core 0)
Jul 20 04:30:59.507789 n-d-764485-11 devstack@placement-api.service[105728]: DEBUG placement.requestlog [req-7d3131d4-a8cb-44fd-9a57-40aa4f7308ff req-b4da025a-9f52-41e0-bb23-141bdbba3eb2 None None] Starting request: 10.222.0.47 "GET /placement/allocations/a2f3226f-82c7-4e50-9a7d-ca0721979912" {{(pid=105728) __call__ /opt/stack/placement/placement/requestlog.py:55}}
Jul 20 04:30:59.531177 n-d-764485-11 devstack@placement-api.service[105728]: INFO placement.requestlog [req-7d3131d4-a8cb-44fd-9a57-40aa4f7308ff req-b4da025a-9f52-41e0-bb23-141bdbba3eb2 service placement] 10.222.0.47 "GET /placement/allocations/a2f3226f-82c7-4e50-9a7d-ca0721979912" status: 200 len: 259 microversion: 1.28
Jul 20 04:30:59.532181 n-d-764485-11 devstack@placement-api.service[105728]: [pid: 105728|app: 0|req: 465/923] 10.222.0.47 () {60 vars in 1377 bytes} [Wed Jul 20 04:30:59 2022] GET /placement/allocations/a2f3226f-82c7-4e50-9a7d-ca0721979912 => generated 259 bytes in 25 msecs (HTTP/1.1 200) 8 headers in 296 bytes (1 switches on core 0)
Jul 20 04:31:04.441033 n-d-764485-11 devstack@placement-api.service[105727]: DEBUG placement.requestlog [req-68496536-ab46-4626-99ce-3c635d492dbb req-9cb51ff0-7598-43e4-9817-7fdb6a809c7b None None] Starting request: 10.222.0.20 "GET /placement/allocation_candidates?limit=1000&resources=DISK_GB%3A1%2CMEMORY_MB%3A1024%2CVCPU%3A1&root_required=%21COMPUTE_STATUS_DISABLED" {{(pid=105727) __call__ /opt/stack/placement/placement/requestlog.py:55}}
Jul 20 04:31:04.505390 n-d-764485-11 devstack@placement-api.service[105727]: DEBUG placement.objects.research_context [req-68496536-ab46-4626-99ce-3c635d492dbb req-9cb51ff0-7598-43e4-9817-7fdb6a809c7b service placement] getting providers with 1 DISK_GB {{(pid=105727) __init__ /opt/stack/placement/placement/objects/research_context.py:136}}
Jul 20 04:31:04.512221 n-d-764485-11 devstack@placement-api.service[105727]: DEBUG placement.objects.research_context [req-68496536-ab46-4626-99ce-3c635d492dbb req-9cb51ff0-7598-43e4-9817-7fdb6a809c7b service placement] getting providers with 1024 MEMORY_MB {{(pid=105727) __init__ /opt/stack/placement/placement/objects/research_context.py:136}}
Jul 20 04:31:04.518102 n-d-764485-11 devstack@placement-api.service[105727]: DEBUG placement.objects.research_context [req-68496536-ab46-4626-99ce-3c635d492dbb req-9cb51ff0-7598-43e4-9817-7fdb6a809c7b service placement] getting providers with 1 VCPU {{(pid=105727) __init__ /opt/stack/placement/placement/objects/research_context.py:136}}
Jul 20 04:31:04.525076 n-d-764485-11 devstack@placement-api.service[105727]: DEBUG placement.objects.research_context [req-68496536-ab46-4626-99ce-3c635d492dbb req-9cb51ff0-7598-43e4-9817-7fdb6a809c7b service placement] found 2 providers with available 1 DISK_GB {{(pid=105727) get_provider_ids_matching /opt/stack/placement/placement/objects/research_context.py:563}}
Jul 20 04:31:04.528317 n-d-764485-11 devstack@placement-api.service[105727]: DEBUG placement.objects.research_context [req-68496536-ab46-4626-99ce-3c635d492dbb req-9cb51ff0-7598-43e4-9817-7fdb6a809c7b service placement] found 2 providers with available 1024 MEMORY_MB {{(pid=105727) get_provider_ids_matching /opt/stack/placement/placement/objects/research_context.py:563}}
Jul 20 04:31:04.528813 n-d-764485-11 devstack@placement-api.service[105727]: DEBUG placement.objects.research_context [req-68496536-ab46-4626-99ce-3c635d492dbb req-9cb51ff0-7598-43e4-9817-7fdb6a809c7b service placement] found 2 providers after filtering by previous result {{(pid=105727) get_provider_ids_matching /opt/stack/placement/placement/objects/research_context.py:594}}
Jul 20 04:31:04.529234 n-d-764485-11 devstack@placement-api.service[105727]: DEBUG placement.objects.research_context [req-68496536-ab46-4626-99ce-3c635d492dbb req-9cb51ff0-7598-43e4-9817-7fdb6a809c7b service placement] found 2 providers with available 1 VCPU {{(pid=105727) get_provider_ids_matching /opt/stack/placement/placement/objects/research_context.py:563}}
Jul 20 04:31:04.529654 n-d-764485-11 devstack@placement-api.service[105727]: DEBUG placement.objects.research_context [req-68496536-ab46-4626-99ce-3c635d492dbb req-9cb51ff0-7598-43e4-9817-7fdb6a809c7b service placement] found 2 providers after filtering by previous result {{(pid=105727) get_provider_ids_matching /opt/stack/placement/placement/objects/research_context.py:594}}
Jul 20 04:31:04.542581 n-d-764485-11 devstack@placement-api.service[105727]: DEBUG placement.objects.allocation_candidate [req-68496536-ab46-4626-99ce-3c635d492dbb req-9cb51ff0-7598-43e4-9817-7fdb6a809c7b service placement] RequestGroup(use_same_provider=False, resources={DISK_GB:1, MEMORY_MB:1024, VCPU:1}, traits=(), aggregates=[]) (suffix '') returned 2 matches {{(pid=105727) _get_by_requests /opt/stack/placement/placement/objects/allocation_candidate.py:156}}
Jul 20 04:31:04.543230 n-d-764485-11 devstack@placement-api.service[105727]: DEBUG placement.objects.allocation_candidate [req-68496536-ab46-4626-99ce-3c635d492dbb req-9cb51ff0-7598-43e4-9817-7fdb6a809c7b service placement] Merging candidates yields 2 allocation requests and 2 provider summaries {{(pid=105727) _merge_candidates /opt/stack/placement/placement/objects/allocation_candidate.py:809}}
Jul 20 04:31:04.545043 n-d-764485-11 devstack@placement-api.service[105727]: INFO placement.requestlog [req-68496536-ab46-4626-99ce-3c635d492dbb req-9cb51ff0-7598-43e4-9817-7fdb6a809c7b service placement] 10.222.0.20 "GET /placement/allocation_candidates?limit=1000&resources=DISK_GB%3A1%2CMEMORY_MB%3A1024%2CVCPU%3A1&root_required=%21COMPUTE_STATUS_DISABLED" status: 200 len: 1309 microversion: 1.36
Jul 20 04:31:04.545973 n-d-764485-11 devstack@placement-api.service[105727]: [pid: 105727|app: 0|req: 459/924] 10.222.0.20 () {60 vars in 1506 bytes} [Wed Jul 20 04:31:04 2022] GET /placement/allocation_candidates?limit=1000&resources=DISK_GB%3A1%2CMEMORY_MB%3A1024%2CVCPU%3A1&root_required=%21COMPUTE_STATUS_DISABLED => generated 1309 bytes in 105 msecs (HTTP/1.1 200) 8 headers in 297 bytes (1 switches on core 0)
Jul 20 04:31:04.626038 n-d-764485-11 devstack@placement-api.service[105728]: DEBUG placement.requestlog [req-68496536-ab46-4626-99ce-3c635d492dbb req-4d8b218b-720f-462c-ac27-0293ffe4f725 None None] Starting request: 10.222.0.20 "GET /placement/allocations/44750009-3372-4838-91b8-69f3c34ca9c5" {{(pid=105728) __call__ /opt/stack/placement/placement/requestlog.py:55}}
Jul 20 04:31:04.639248 n-d-764485-11 devstack@placement-api.service[105728]: INFO placement.requestlog [req-68496536-ab46-4626-99ce-3c635d492dbb req-4d8b218b-720f-462c-ac27-0293ffe4f725 service placement] 10.222.0.20 "GET /placement/allocations/44750009-3372-4838-91b8-69f3c34ca9c5" status: 200 len: 19 microversion: 1.28
Jul 20 04:31:04.639869 n-d-764485-11 devstack@placement-api.service[105728]: [pid: 105728|app: 0|req: 466/925] 10.222.0.20 () {60 vars in 1380 bytes} [Wed Jul 20 04:31:04 2022] GET /placement/allocations/44750009-3372-4838-91b8-69f3c34ca9c5 => generated 19 bytes in 14 msecs (HTTP/1.1 200) 8 headers in 295 bytes (2 switches on core 0)
Jul 20 04:31:04.653152 n-d-764485-11 devstack@placement-api.service[105727]: DEBUG placement.requestlog [req-68496536-ab46-4626-99ce-3c635d492dbb req-36441ca1-b01d-4b2b-adbb-2909124c35a2 None None] Starting request: 10.222.0.20 "PUT /placement/allocations/44750009-3372-4838-91b8-69f3c34ca9c5" {{(pid=105727) __call__ /opt/stack/placement/placement/requestlog.py:55}}
Jul 20 04:31:04.761626 n-d-764485-11 devstack@placement-api.service[105727]: DEBUG placement.handlers.allocation [req-68496536-ab46-4626-99ce-3c635d492dbb req-36441ca1-b01d-4b2b-adbb-2909124c35a2 service placement] Successfully wrote allocations [, , ] {{(pid=105727) _update_consumers_and_create_allocations /opt/stack/placement/placement/handlers/allocation.py:462}}
Jul 20 04:31:04.767744 n-d-764485-11 devstack@placement-api.service[105727]: INFO placement.requestlog [req-68496536-ab46-4626-99ce-3c635d492dbb req-36441ca1-b01d-4b2b-adbb-2909124c35a2 service placement] 10.222.0.20 "PUT /placement/allocations/44750009-3372-4838-91b8-69f3c34ca9c5" status: 204 len: 0 microversion: 1.36
Jul 20 04:31:04.769358 n-d-764485-11 devstack@placement-api.service[105727]: [pid: 105727|app: 0|req: 460/926] 10.222.0.20 () {64 vars in 1433 bytes} [Wed Jul 20 04:31:04 2022] PUT /placement/allocations/44750009-3372-4838-91b8-69f3c34ca9c5 => generated 0 bytes in 116 msecs (HTTP/1.1 204) 5 headers in 199 bytes (2 switches on core 0)
Jul 20 04:31:05.328295 n-d-764485-11 devstack@placement-api.service[105728]: DEBUG placement.requestlog [req-68496536-ab46-4626-99ce-3c635d492dbb req-51ff8ffe-8bcc-4c6d-a58b-1c6100c5b27d None None] Starting request: 10.222.0.44 "GET /placement/allocations/44750009-3372-4838-91b8-69f3c34ca9c5" {{(pid=105728) __call__ /opt/stack/placement/placement/requestlog.py:55}}
Jul 20 04:31:05.352312 n-d-764485-11 devstack@placement-api.service[105728]: INFO placement.requestlog [req-68496536-ab46-4626-99ce-3c635d492dbb req-51ff8ffe-8bcc-4c6d-a58b-1c6100c5b27d service placement] 10.222.0.44 "GET /placement/allocations/44750009-3372-4838-91b8-69f3c34ca9c5" status: 200 len: 259 microversion: 1.28
Jul 20 04:31:05.353847 n-d-764485-11 devstack@placement-api.service[105728]: [pid: 105728|app: 0|req: 467/927] 10.222.0.44 () {60 vars in 1377 bytes} [Wed Jul 20 04:31:05 2022] GET /placement/allocations/44750009-3372-4838-91b8-69f3c34ca9c5 => generated 259 bytes in 26 msecs (HTTP/1.1 200) 8 headers in 296 bytes (1 switches on core 0)
Jul 20 04:31:14.761125 n-d-764485-11 devstack@placement-api.service[105727]: DEBUG dbcounter [-] [105727] Writing DB stats placement:SELECT=29,placement:INSERT=9,placement:UPDATE=4,placement:DELETE=3 {{(pid=105727) stat_writer /usr/local/lib/python3.8/dist-packages/dbcounter.py:114}}
Jul 20 04:31:15.348846 n-d-764485-11 devstack@placement-api.service[105728]: DEBUG dbcounter [-] [105728] Writing DB stats placement:SELECT=11 {{(pid=105728) stat_writer /usr/local/lib/python3.8/dist-packages/dbcounter.py:114}}
Jul 20 04:31:18.761951 n-d-764485-11 devstack@placement-api.service[105727]: DEBUG placement.requestlog [req-bffb56ef-862f-4943-9543-a222cdc5af8b req-c2f16452-050b-4566-9ce6-67dcd5d7c37a None None] Starting request: 10.222.0.47 "GET /placement/resource_providers/05e97dc5-250e-46cb-beb9-deb45e4e20e3/allocations" {{(pid=105727) __call__ /opt/stack/placement/placement/requestlog.py:55}}
Jul 20 04:31:18.812257 n-d-764485-11 devstack@placement-api.service[105727]: INFO placement.requestlog [req-bffb56ef-862f-4943-9543-a222cdc5af8b req-c2f16452-050b-4566-9ce6-67dcd5d7c37a service placement] 10.222.0.47 "GET /placement/resource_providers/05e97dc5-250e-46cb-beb9-deb45e4e20e3/allocations" status: 200 len: 558 microversion: 1.0
Jul 20 04:31:18.816774 n-d-764485-11 devstack@placement-api.service[105727]: [pid: 105727|app: 0|req: 461/928] 10.222.0.47 () {58 vars in 1390 bytes} [Wed Jul 20 04:31:18 2022] GET /placement/resource_providers/05e97dc5-250e-46cb-beb9-deb45e4e20e3/allocations => generated 558 bytes in 52 msecs (HTTP/1.1 200) 6 headers in 224 bytes (1 switches on core 0)
Jul 20 04:31:20.988685 n-d-764485-11 devstack@placement-api.service[105728]: DEBUG placement.requestlog [req-14e2c23a-fc97-4dd5-b82d-1aabd3733ed3 req-1bfbf612-e50b-4201-b6f6-a0ef3da5b2c0 None None] Starting request: 10.222.0.44 "DELETE /placement/allocations/9777f396-9873-4ba1-8c76-55a9f1cf28c6" {{(pid=105728) __call__ /opt/stack/placement/placement/requestlog.py:55}}
Jul 20 04:31:21.032366 n-d-764485-11 devstack@placement-api.service[105728]: DEBUG placement.handlers.allocation [req-14e2c23a-fc97-4dd5-b82d-1aabd3733ed3 req-1bfbf612-e50b-4201-b6f6-a0ef3da5b2c0 service placement] Successfully deleted allocations [, , ] {{(pid=105728) delete_allocations /opt/stack/placement/placement/handlers/allocation.py:627}}
Jul 20 04:31:21.032934 n-d-764485-11 devstack@placement-api.service[105728]: INFO placement.requestlog [req-14e2c23a-fc97-4dd5-b82d-1aabd3733ed3 req-1bfbf612-e50b-4201-b6f6-a0ef3da5b2c0 service placement] 10.222.0.44 "DELETE /placement/allocations/9777f396-9873-4ba1-8c76-55a9f1cf28c6" status: 204 len: 0 microversion: 1.0
Jul 20 04:31:21.033696 n-d-764485-11 devstack@placement-api.service[105728]: [pid: 105728|app: 0|req: 468/929] 10.222.0.44 () {60 vars in 1355 bytes} [Wed Jul 20 04:31:20 2022] DELETE /placement/allocations/9777f396-9873-4ba1-8c76-55a9f1cf28c6 => generated 0 bytes in 45 msecs (HTTP/1.1 204) 5 headers in 198 bytes (1 switches on core 0)
Jul 20 04:31:23.710276 n-d-764485-11 devstack@placement-api.service[105727]: DEBUG placement.requestlog [req-932a694d-ed79-482f-ab9c-4a60676a7efa req-4eb6243e-ae24-4080-a8ec-9b3c2c333924 None None] Starting request: 10.222.0.20 "GET /placement/allocation_candidates?limit=1000&resources=DISK_GB%3A1%2CMEMORY_MB%3A1024%2CVCPU%3A1&root_required=%21COMPUTE_STATUS_DISABLED" {{(pid=105727) __call__ /opt/stack/placement/placement/requestlog.py:55}}
Jul 20 04:31:23.778396 n-d-764485-11 devstack@placement-api.service[105727]: DEBUG placement.objects.research_context [req-932a694d-ed79-482f-ab9c-4a60676a7efa req-4eb6243e-ae24-4080-a8ec-9b3c2c333924 service placement] getting providers with 1 DISK_GB {{(pid=105727) __init__ /opt/stack/placement/placement/objects/research_context.py:136}}
Jul 20 04:31:23.786525 n-d-764485-11 devstack@placement-api.service[105727]: DEBUG placement.objects.research_context [req-932a694d-ed79-482f-ab9c-4a60676a7efa req-4eb6243e-ae24-4080-a8ec-9b3c2c333924 service placement] getting providers with 1024 MEMORY_MB {{(pid=105727) __init__ /opt/stack/placement/placement/objects/research_context.py:136}}
Jul 20 04:31:23.797974 n-d-764485-11 devstack@placement-api.service[105727]: DEBUG placement.objects.research_context [req-932a694d-ed79-482f-ab9c-4a60676a7efa req-4eb6243e-ae24-4080-a8ec-9b3c2c333924 service placement] getting providers with 1 VCPU {{(pid=105727) __init__ /opt/stack/placement/placement/objects/research_context.py:136}}
Jul 20 04:31:23.808618 n-d-764485-11 devstack@placement-api.service[105727]: DEBUG placement.objects.research_context [req-932a694d-ed79-482f-ab9c-4a60676a7efa req-4eb6243e-ae24-4080-a8ec-9b3c2c333924 service placement] found 2 providers with available 1 DISK_GB {{(pid=105727) get_provider_ids_matching /opt/stack/placement/placement/objects/research_context.py:563}}
Jul 20 04:31:23.811821 n-d-764485-11 devstack@placement-api.service[105727]: DEBUG placement.objects.research_context [req-932a694d-ed79-482f-ab9c-4a60676a7efa req-4eb6243e-ae24-4080-a8ec-9b3c2c333924 service placement] found 2 providers with available 1024 MEMORY_MB {{(pid=105727) get_provider_ids_matching /opt/stack/placement/placement/objects/research_context.py:563}}
Jul 20 04:31:23.812286 n-d-764485-11 devstack@placement-api.service[105727]: DEBUG placement.objects.research_context [req-932a694d-ed79-482f-ab9c-4a60676a7efa req-4eb6243e-ae24-4080-a8ec-9b3c2c333924 service placement] found 2 providers after filtering by previous result {{(pid=105727) get_provider_ids_matching /opt/stack/placement/placement/objects/research_context.py:594}}
Jul 20 04:31:23.812854 n-d-764485-11 devstack@placement-api.service[105727]: DEBUG placement.objects.research_context [req-932a694d-ed79-482f-ab9c-4a60676a7efa req-4eb6243e-ae24-4080-a8ec-9b3c2c333924 service placement] found 2 providers with available 1 VCPU {{(pid=105727) get_provider_ids_matching /opt/stack/placement/placement/objects/research_context.py:563}}
Jul 20 04:31:23.813264 n-d-764485-11 devstack@placement-api.service[105727]: DEBUG placement.objects.research_context [req-932a694d-ed79-482f-ab9c-4a60676a7efa req-4eb6243e-ae24-4080-a8ec-9b3c2c333924 service placement] found 2 providers after filtering by previous result {{(pid=105727) get_provider_ids_matching /opt/stack/placement/placement/objects/research_context.py:594}}
Jul 20 04:31:23.838161 n-d-764485-11 devstack@placement-api.service[105727]: DEBUG placement.objects.allocation_candidate [req-932a694d-ed79-482f-ab9c-4a60676a7efa req-4eb6243e-ae24-4080-a8ec-9b3c2c333924 service placement] RequestGroup(use_same_provider=False, resources={DISK_GB:1, MEMORY_MB:1024, VCPU:1}, traits=(), aggregates=[]) (suffix '') returned 2 matches {{(pid=105727) _get_by_requests /opt/stack/placement/placement/objects/allocation_candidate.py:156}}
Jul 20 04:31:23.838678 n-d-764485-11 devstack@placement-api.service[105727]: DEBUG placement.objects.allocation_candidate [req-932a694d-ed79-482f-ab9c-4a60676a7efa req-4eb6243e-ae24-4080-a8ec-9b3c2c333924 service placement] Merging candidates yields 2 allocation requests and 2 provider summaries {{(pid=105727) _merge_candidates /opt/stack/placement/placement/objects/allocation_candidate.py:809}}
Jul 20 04:31:23.840427 n-d-764485-11 devstack@placement-api.service[105727]: INFO placement.requestlog [req-932a694d-ed79-482f-ab9c-4a60676a7efa req-4eb6243e-ae24-4080-a8ec-9b3c2c333924 service placement] 10.222.0.20 "GET /placement/allocation_candidates?limit=1000&resources=DISK_GB%3A1%2CMEMORY_MB%3A1024%2CVCPU%3A1&root_required=%21COMPUTE_STATUS_DISABLED" status: 200 len: 1309 microversion: 1.36
Jul 20 04:31:23.850421 n-d-764485-11 devstack@placement-api.service[105727]: [pid: 105727|app: 0|req: 462/930] 10.222.0.20 () {60 vars in 1506 bytes} [Wed Jul 20 04:31:23 2022] GET /placement/allocation_candidates?limit=1000&resources=DISK_GB%3A1%2CMEMORY_MB%3A1024%2CVCPU%3A1&root_required=%21COMPUTE_STATUS_DISABLED => generated 1309 bytes in 140 msecs (HTTP/1.1 200) 8 headers in 297 bytes (1 switches on core 0)
Jul 20 04:31:23.916371 n-d-764485-11 devstack@placement-api.service[105728]: DEBUG placement.requestlog [req-932a694d-ed79-482f-ab9c-4a60676a7efa req-76a3afee-d52a-4ef9-a56c-607ccd9bbe1d None None] Starting request: 10.222.0.20 "GET /placement/allocations/de2b9533-c850-4e02-afc0-68243a289fac" {{(pid=105728) __call__ /opt/stack/placement/placement/requestlog.py:55}}
Jul 20 04:31:23.929897 n-d-764485-11 devstack@placement-api.service[105728]: INFO placement.requestlog [req-932a694d-ed79-482f-ab9c-4a60676a7efa req-76a3afee-d52a-4ef9-a56c-607ccd9bbe1d service placement] 10.222.0.20 "GET /placement/allocations/de2b9533-c850-4e02-afc0-68243a289fac" status: 200 len: 19 microversion: 1.28
Jul 20 04:31:23.935592 n-d-764485-11 devstack@placement-api.service[105728]: [pid: 105728|app: 0|req: 469/931] 10.222.0.20 () {60 vars in 1380 bytes} [Wed Jul 20 04:31:23 2022] GET /placement/allocations/de2b9533-c850-4e02-afc0-68243a289fac => generated 19 bytes in 19 msecs (HTTP/1.1 200) 8 headers in 295 bytes (1 switches on core 0)
Jul 20 04:31:23.936496 n-d-764485-11 devstack@placement-api.service[105727]: DEBUG placement.requestlog [req-932a694d-ed79-482f-ab9c-4a60676a7efa req-15be922c-8e21-4df9-9432-0027589c4fd0 None None] Starting request: 10.222.0.20 "PUT /placement/allocations/de2b9533-c850-4e02-afc0-68243a289fac" {{(pid=105727) __call__ /opt/stack/placement/placement/requestlog.py:55}}
Jul 20 04:31:24.004328 n-d-764485-11 devstack@placement-api.service[105727]: DEBUG placement.handlers.allocation [req-932a694d-ed79-482f-ab9c-4a60676a7efa req-15be922c-8e21-4df9-9432-0027589c4fd0 service placement] Successfully wrote allocations [, , ] {{(pid=105727) _update_consumers_and_create_allocations /opt/stack/placement/placement/handlers/allocation.py:462}}
Jul 20 04:31:24.012817 n-d-764485-11 devstack@placement-api.service[105727]: INFO placement.requestlog [req-932a694d-ed79-482f-ab9c-4a60676a7efa req-15be922c-8e21-4df9-9432-0027589c4fd0 service placement] 10.222.0.20 "PUT /placement/allocations/de2b9533-c850-4e02-afc0-68243a289fac" status: 204 len: 0 microversion: 1.36
Jul 20 04:31:24.022899 n-d-764485-11 devstack@placement-api.service[105727]: [pid: 105727|app: 0|req: 463/932] 10.222.0.20 () {64 vars in 1433 bytes} [Wed Jul 20 04:31:23 2022] PUT /placement/allocations/de2b9533-c850-4e02-afc0-68243a289fac => generated 0 bytes in 78 msecs (HTTP/1.1 204) 5 headers in 199 bytes (1 switches on core 0)
Jul 20 04:31:24.436977 n-d-764485-11 devstack@placement-api.service[105728]: DEBUG placement.requestlog [req-932a694d-ed79-482f-ab9c-4a60676a7efa req-209dcc41-94e0-44b0-bfb6-1367a96bfe12 None None] Starting request: 10.222.0.47 "GET /placement/allocations/de2b9533-c850-4e02-afc0-68243a289fac" {{(pid=105728) __call__ /opt/stack/placement/placement/requestlog.py:55}}
Jul 20 04:31:24.453085 n-d-764485-11 devstack@placement-api.service[105728]: INFO placement.requestlog [req-932a694d-ed79-482f-ab9c-4a60676a7efa req-209dcc41-94e0-44b0-bfb6-1367a96bfe12 service placement] 10.222.0.47 "GET /placement/allocations/de2b9533-c850-4e02-afc0-68243a289fac" status: 200 len: 259 microversion: 1.28
Jul 20 04:31:24.453609 n-d-764485-11 devstack@placement-api.service[105728]: [pid: 105728|app: 0|req: 470/933] 10.222.0.47 () {60 vars in 1377 bytes} [Wed Jul 20 04:31:24 2022] GET /placement/allocations/de2b9533-c850-4e02-afc0-68243a289fac => generated 259 bytes in 17 msecs (HTTP/1.1 200) 8 headers in 296 bytes (2 switches on core 0)
Jul 20 04:31:26.722510 n-d-764485-11 devstack@placement-api.service[105727]: DEBUG placement.requestlog [req-f1475fb0-0c81-47c4-8565-23f76fe6c8e5 req-00ca13c9-e860-4c4a-83b5-a4e1d4739444 None None] Starting request: 10.222.0.44 "DELETE /placement/allocations/6dcf7980-51fd-4f6c-9d31-833631d4419e" {{(pid=105727) __call__ /opt/stack/placement/placement/requestlog.py:55}}
Jul 20 04:31:26.767286 n-d-764485-11 devstack@placement-api.service[105727]: DEBUG placement.handlers.allocation [req-f1475fb0-0c81-47c4-8565-23f76fe6c8e5 req-00ca13c9-e860-4c4a-83b5-a4e1d4739444 service placement] Successfully deleted allocations [, , ] {{(pid=105727) delete_allocations /opt/stack/placement/placement/handlers/allocation.py:627}}
Jul 20 04:31:26.767855 n-d-764485-11 devstack@placement-api.service[105727]: INFO placement.requestlog [req-f1475fb0-0c81-47c4-8565-23f76fe6c8e5 req-00ca13c9-e860-4c4a-83b5-a4e1d4739444 service placement] 10.222.0.44 "DELETE /placement/allocations/6dcf7980-51fd-4f6c-9d31-833631d4419e" status: 204 len: 0 microversion: 1.0
Jul 20 04:31:26.769132 n-d-764485-11 devstack@placement-api.service[105727]: [pid: 105727|app: 0|req: 464/934] 10.222.0.44 () {60 vars in 1355 bytes} [Wed Jul 20 04:31:26 2022] DELETE /placement/allocations/6dcf7980-51fd-4f6c-9d31-833631d4419e => generated 0 bytes in 47 msecs (HTTP/1.1 204) 5 headers in 198 bytes (1 switches on core 0)
