Jul 26 16:13:47.447285 n-d-764435-4 devstack@placement-api.service[94526]: DEBUG placement.objects.research_context [req-466dbc56-27f7-428d-b3c5-abe493c08683 req-9e51305d-f79b-4949-a36e-3eab852202e4 service placement] found 2 providers with available 1024 MEMORY_MB {{(pid=94526) get_provider_ids_matching /opt/stack/placement/placement/objects/research_context.py:549}}
Jul 26 16:13:47.447959 n-d-764435-4 devstack@placement-api.service[94526]: DEBUG placement.objects.research_context [req-466dbc56-27f7-428d-b3c5-abe493c08683 req-9e51305d-f79b-4949-a36e-3eab852202e4 service placement] found 2 providers after filtering by previous result {{(pid=94526) get_provider_ids_matching /opt/stack/placement/placement/objects/research_context.py:580}}
Jul 26 16:13:47.448233 n-d-764435-4 devstack@placement-api.service[94526]: DEBUG placement.objects.research_context [req-466dbc56-27f7-428d-b3c5-abe493c08683 req-9e51305d-f79b-4949-a36e-3eab852202e4 service placement] found 2 providers with available 1 VCPU {{(pid=94526) get_provider_ids_matching /opt/stack/placement/placement/objects/research_context.py:549}}
Jul 26 16:13:47.448729 n-d-764435-4 devstack@placement-api.service[94526]: DEBUG placement.objects.research_context [req-466dbc56-27f7-428d-b3c5-abe493c08683 req-9e51305d-f79b-4949-a36e-3eab852202e4 service placement] found 2 providers after filtering by previous result {{(pid=94526) get_provider_ids_matching /opt/stack/placement/placement/objects/research_context.py:580}}
Jul 26 16:13:47.468425 n-d-764435-4 devstack@placement-api.service[94526]: DEBUG placement.objects.allocation_candidate [req-466dbc56-27f7-428d-b3c5-abe493c08683 req-9e51305d-f79b-4949-a36e-3eab852202e4 service placement] RequestGroup(use_same_provider=False, resources={DISK_GB:1, MEMORY_MB:1024, VCPU:1}, traits=[], aggregates=[]) (suffix '') returned 2 matches {{(pid=94526) _get_by_requests /opt/stack/placement/placement/objects/allocation_candidate.py:145}}
Jul 26 16:13:47.470181 n-d-764435-4 devstack@placement-api.service[94526]: DEBUG placement.objects.allocation_candidate [req-466dbc56-27f7-428d-b3c5-abe493c08683 req-9e51305d-f79b-4949-a36e-3eab852202e4 service placement] Merging candidates yields 2 allocation requests and 2 provider summaries {{(pid=94526) _merge_candidates /opt/stack/placement/placement/objects/allocation_candidate.py:783}}
Jul 26 16:13:47.477626 n-d-764435-4 devstack@placement-api.service[94526]: INFO placement.requestlog [req-466dbc56-27f7-428d-b3c5-abe493c08683 req-9e51305d-f79b-4949-a36e-3eab852202e4 service placement] 10.222.0.62 "GET /placement/allocation_candidates?limit=1000&resources=DISK_GB%3A1%2CMEMORY_MB%3A1024%2CVCPU%3A1&root_required=%21COMPUTE_STATUS_DISABLED" status: 200 len: 1303 microversion: 1.35
Jul 26 16:13:47.478494 n-d-764435-4 devstack@placement-api.service[94526]: [pid: 94526|app: 0|req: 18/34] 10.222.0.62 () {60 vars in 1507 bytes} [Mon Jul 26 16:13:47 2021] GET /placement/allocation_candidates?limit=1000&resources=DISK_GB%3A1%2CMEMORY_MB%3A1024%2CVCPU%3A1&root_required=%21COMPUTE_STATUS_DISABLED => generated 1303 bytes in 469 msecs (HTTP/1.1 200) 8 headers in 297 bytes (1 switches on core 0)
Jul 26 16:13:47.744846 n-d-764435-4 devstack@placement-api.service[94525]: DEBUG placement.requestlog [req-466dbc56-27f7-428d-b3c5-abe493c08683 req-131a295e-9919-4781-b18e-a68a3adadae9 None None] Starting request: 10.222.0.62 "GET /placement/allocations/abe97ec1-7e6c-40d2-b3a6-426c6a56b293" {{(pid=94525) __call__ /opt/stack/placement/placement/requestlog.py:55}}
Jul 26 16:13:48.107587 n-d-764435-4 devstack@placement-api.service[94525]: INFO placement.requestlog [req-466dbc56-27f7-428d-b3c5-abe493c08683 req-131a295e-9919-4781-b18e-a68a3adadae9 service placement] 10.222.0.62 "GET /placement/allocations/abe97ec1-7e6c-40d2-b3a6-426c6a56b293" status: 200 len: 19 microversion: 1.28
Jul 26 16:13:48.108285 n-d-764435-4 devstack@placement-api.service[94525]: [pid: 94525|app: 0|req: 17/35] 10.222.0.62 () {60 vars in 1381 bytes} [Mon Jul 26 16:13:47 2021] GET /placement/allocations/abe97ec1-7e6c-40d2-b3a6-426c6a56b293 => generated 19 bytes in 364 msecs (HTTP/1.1 200) 8 headers in 295 bytes (1 switches on core 0)
Jul 26 16:13:48.114361 n-d-764435-4 devstack@placement-api.service[94526]: DEBUG placement.requestlog [req-466dbc56-27f7-428d-b3c5-abe493c08683 req-bf2f20ba-581d-46b9-9af9-50315397f0f6 None None] Starting request: 10.222.0.62 "PUT /placement/allocations/abe97ec1-7e6c-40d2-b3a6-426c6a56b293" {{(pid=94526) __call__ /opt/stack/placement/placement/requestlog.py:55}}
Jul 26 16:13:48.276478 n-d-764435-4 devstack@placement-api.service[94526]: DEBUG placement.handlers.allocation [req-466dbc56-27f7-428d-b3c5-abe493c08683 req-bf2f20ba-581d-46b9-9af9-50315397f0f6 service placement] Successfully wrote allocations [, , ] {{(pid=94526) _create_allocations /opt/stack/placement/placement/handlers/allocation.py:435}}
Jul 26 16:13:48.277048 n-d-764435-4 devstack@placement-api.service[94526]: INFO placement.requestlog [req-466dbc56-27f7-428d-b3c5-abe493c08683 req-bf2f20ba-581d-46b9-9af9-50315397f0f6 service placement] 10.222.0.62 "PUT /placement/allocations/abe97ec1-7e6c-40d2-b3a6-426c6a56b293" status: 204 len: 0 microversion: 1.35
Jul 26 16:13:48.277768 n-d-764435-4 devstack@placement-api.service[94526]: [pid: 94526|app: 0|req: 19/36] 10.222.0.62 () {64 vars in 1434 bytes} [Mon Jul 26 16:13:48 2021] PUT /placement/allocations/abe97ec1-7e6c-40d2-b3a6-426c6a56b293 => generated 0 bytes in 164 msecs (HTTP/1.1 204) 5 headers in 199 bytes (1 switches on core 0)
Jul 26 16:13:49.215544 n-d-764435-4 devstack@placement-api.service[94525]: DEBUG placement.requestlog [req-466dbc56-27f7-428d-b3c5-abe493c08683 req-9eca8ff2-46a0-4bed-8492-861b11116fd9 None None] Starting request: 10.222.0.13 "GET /placement/allocations/abe97ec1-7e6c-40d2-b3a6-426c6a56b293" {{(pid=94525) __call__ /opt/stack/placement/placement/requestlog.py:55}}
Jul 26 16:13:49.238544 n-d-764435-4 devstack@placement-api.service[94525]: INFO placement.requestlog [req-466dbc56-27f7-428d-b3c5-abe493c08683 req-9eca8ff2-46a0-4bed-8492-861b11116fd9 service placement] 10.222.0.13 "GET /placement/allocations/abe97ec1-7e6c-40d2-b3a6-426c6a56b293" status: 200 len: 258 microversion: 1.28
Jul 26 16:13:49.241248 n-d-764435-4 devstack@placement-api.service[94525]: [pid: 94525|app: 0|req: 18/37] 10.222.0.13 () {60 vars in 1378 bytes} [Mon Jul 26 16:13:49 2021] GET /placement/allocations/abe97ec1-7e6c-40d2-b3a6-426c6a56b293 => generated 258 bytes in 24 msecs (HTTP/1.1 200) 8 headers in 296 bytes (1 switches on core 0)
Jul 26 16:13:53.027529 n-d-764435-4 devstack@placement-api.service[94526]: DEBUG placement.requestlog [req-1825238b-3c8b-4e77-b648-66a077ad8aa3 req-aa7cfa00-8543-425b-a879-d50f7ff804f3 None None] Starting request: 10.222.0.62 "GET /placement/allocation_candidates?limit=1000&resources=DISK_GB%3A1%2CMEMORY_MB%3A1024%2CVCPU%3A1&root_required=%21COMPUTE_STATUS_DISABLED" {{(pid=94526) __call__ /opt/stack/placement/placement/requestlog.py:55}}
Jul 26 16:13:53.130080 n-d-764435-4 devstack@placement-api.service[94526]: DEBUG placement.objects.research_context [req-1825238b-3c8b-4e77-b648-66a077ad8aa3 req-aa7cfa00-8543-425b-a879-d50f7ff804f3 service placement] getting providers with 1 DISK_GB {{(pid=94526) __init__ /opt/stack/placement/placement/objects/research_context.py:126}}
Jul 26 16:13:53.155749 n-d-764435-4 devstack@placement-api.service[94526]: DEBUG placement.objects.research_context [req-1825238b-3c8b-4e77-b648-66a077ad8aa3 req-aa7cfa00-8543-425b-a879-d50f7ff804f3 service placement] getting providers with 1024 MEMORY_MB {{(pid=94526) __init__ /opt/stack/placement/placement/objects/research_context.py:126}}
Jul 26 16:13:53.180869 n-d-764435-4 devstack@placement-api.service[94526]: DEBUG placement.objects.research_context [req-1825238b-3c8b-4e77-b648-66a077ad8aa3 req-aa7cfa00-8543-425b-a879-d50f7ff804f3 service placement] getting providers with 1 VCPU {{(pid=94526) __init__ /opt/stack/placement/placement/objects/research_context.py:126}}
Jul 26 16:13:53.201537 n-d-764435-4 devstack@placement-api.service[94526]: DEBUG placement.objects.research_context [req-1825238b-3c8b-4e77-b648-66a077ad8aa3 req-aa7cfa00-8543-425b-a879-d50f7ff804f3 service placement] found 2 providers with available 1 DISK_GB {{(pid=94526) get_provider_ids_matching /opt/stack/placement/placement/objects/research_context.py:549}}
Jul 26 16:13:53.201805 n-d-764435-4 devstack@placement-api.service[94526]: DEBUG placement.objects.research_context [req-1825238b-3c8b-4e77-b648-66a077ad8aa3 req-aa7cfa00-8543-425b-a879-d50f7ff804f3 service placement] found 2 providers with available 1024 MEMORY_MB {{(pid=94526) get_provider_ids_matching /opt/stack/placement/placement/objects/research_context.py:549}}
Jul 26 16:13:53.202494 n-d-764435-4 devstack@placement-api.service[94526]: DEBUG placement.objects.research_context [req-1825238b-3c8b-4e77-b648-66a077ad8aa3 req-aa7cfa00-8543-425b-a879-d50f7ff804f3 service placement] found 2 providers after filtering by previous result {{(pid=94526) get_provider_ids_matching /opt/stack/placement/placement/objects/research_context.py:580}}
Jul 26 16:13:53.203626 n-d-764435-4 devstack@placement-api.service[94526]: DEBUG placement.objects.research_context [req-1825238b-3c8b-4e77-b648-66a077ad8aa3 req-aa7cfa00-8543-425b-a879-d50f7ff804f3 service placement] found 2 providers with available 1 VCPU {{(pid=94526) get_provider_ids_matching /opt/stack/placement/placement/objects/research_context.py:549}}
Jul 26 16:13:53.206246 n-d-764435-4 devstack@placement-api.service[94526]: DEBUG placement.objects.research_context [req-1825238b-3c8b-4e77-b648-66a077ad8aa3 req-aa7cfa00-8543-425b-a879-d50f7ff804f3 service placement] found 2 providers after filtering by previous result {{(pid=94526) get_provider_ids_matching /opt/stack/placement/placement/objects/research_context.py:580}}
Jul 26 16:13:53.242093 n-d-764435-4 devstack@placement-api.service[94526]: DEBUG placement.objects.allocation_candidate [req-1825238b-3c8b-4e77-b648-66a077ad8aa3 req-aa7cfa00-8543-425b-a879-d50f7ff804f3 service placement] RequestGroup(use_same_provider=False, resources={DISK_GB:1, MEMORY_MB:1024, VCPU:1}, traits=[], aggregates=[]) (suffix '') returned 2 matches {{(pid=94526) _get_by_requests /opt/stack/placement/placement/objects/allocation_candidate.py:145}}
Jul 26 16:13:53.243462 n-d-764435-4 devstack@placement-api.service[94526]: DEBUG placement.objects.allocation_candidate [req-1825238b-3c8b-4e77-b648-66a077ad8aa3 req-aa7cfa00-8543-425b-a879-d50f7ff804f3 service placement] Merging candidates yields 2 allocation requests and 2 provider summaries {{(pid=94526) _merge_candidates /opt/stack/placement/placement/objects/allocation_candidate.py:783}}
Jul 26 16:13:53.250177 n-d-764435-4 devstack@placement-api.service[94526]: INFO placement.requestlog [req-1825238b-3c8b-4e77-b648-66a077ad8aa3 req-aa7cfa00-8543-425b-a879-d50f7ff804f3 service placement] 10.222.0.62 "GET /placement/allocation_candidates?limit=1000&resources=DISK_GB%3A1%2CMEMORY_MB%3A1024%2CVCPU%3A1&root_required=%21COMPUTE_STATUS_DISABLED" status: 200 len: 1306 microversion: 1.35
Jul 26 16:13:53.257257 n-d-764435-4 devstack@placement-api.service[94526]: [pid: 94526|app: 0|req: 20/38] 10.222.0.62 () {60 vars in 1507 bytes} [Mon Jul 26 16:13:53 2021] GET /placement/allocation_candidates?limit=1000&resources=DISK_GB%3A1%2CMEMORY_MB%3A1024%2CVCPU%3A1&root_required=%21COMPUTE_STATUS_DISABLED => generated 1306 bytes in 230 msecs (HTTP/1.1 200) 8 headers in 297 bytes (1 switches on core 0)
Jul 26 16:13:53.695057 n-d-764435-4 devstack@placement-api.service[94525]: DEBUG placement.requestlog [req-1825238b-3c8b-4e77-b648-66a077ad8aa3 req-5bca27d7-526c-46cc-8a17-ad231e47a383 None None] Starting request: 10.222.0.62 "GET /placement/allocations/d622218a-92b2-462f-8344-9eeebf190b0e" {{(pid=94525) __call__ /opt/stack/placement/placement/requestlog.py:55}}
Jul 26 16:13:53.713319 n-d-764435-4 devstack@placement-api.service[94525]: INFO placement.requestlog [req-1825238b-3c8b-4e77-b648-66a077ad8aa3 req-5bca27d7-526c-46cc-8a17-ad231e47a383 service placement] 10.222.0.62 "GET /placement/allocations/d622218a-92b2-462f-8344-9eeebf190b0e" status: 200 len: 19 microversion: 1.28
Jul 26 16:13:53.714300 n-d-764435-4 devstack@placement-api.service[94525]: [pid: 94525|app: 0|req: 19/39] 10.222.0.62 () {60 vars in 1381 bytes} [Mon Jul 26 16:13:53 2021] GET /placement/allocations/d622218a-92b2-462f-8344-9eeebf190b0e => generated 19 bytes in 19 msecs (HTTP/1.1 200) 8 headers in 295 bytes (2 switches on core 0)
Jul 26 16:13:53.722496 n-d-764435-4 devstack@placement-api.service[94526]: DEBUG placement.requestlog [req-1825238b-3c8b-4e77-b648-66a077ad8aa3 req-fe5c890a-e3d6-40b7-8899-8fa8fc759cf5 None None] Starting request: 10.222.0.62 "PUT /placement/allocations/d622218a-92b2-462f-8344-9eeebf190b0e" {{(pid=94526) __call__ /opt/stack/placement/placement/requestlog.py:55}}
Jul 26 16:13:53.855114 n-d-764435-4 devstack@placement-api.service[94526]: DEBUG placement.handlers.allocation [req-1825238b-3c8b-4e77-b648-66a077ad8aa3 req-fe5c890a-e3d6-40b7-8899-8fa8fc759cf5 service placement] Successfully wrote allocations [, , ] {{(pid=94526) _create_allocations /opt/stack/placement/placement/handlers/allocation.py:435}}
Jul 26 16:13:53.856375 n-d-764435-4 devstack@placement-api.service[94526]: INFO placement.requestlog [req-1825238b-3c8b-4e77-b648-66a077ad8aa3 req-fe5c890a-e3d6-40b7-8899-8fa8fc759cf5 service placement] 10.222.0.62 "PUT /placement/allocations/d622218a-92b2-462f-8344-9eeebf190b0e" status: 204 len: 0 microversion: 1.35
Jul 26 16:13:53.857698 n-d-764435-4 devstack@placement-api.service[94526]: [pid: 94526|app: 0|req: 21/40] 10.222.0.62 () {64 vars in 1434 bytes} [Mon Jul 26 16:13:53 2021] PUT /placement/allocations/d622218a-92b2-462f-8344-9eeebf190b0e => generated 0 bytes in 135 msecs (HTTP/1.1 204) 5 headers in 199 bytes (1 switches on core 0)
Jul 26 16:13:55.212303 n-d-764435-4 devstack@placement-api.service[94525]: DEBUG placement.requestlog [req-1825238b-3c8b-4e77-b648-66a077ad8aa3 req-330c376f-6a2a-4fd3-b454-9a800decc98c None None] Starting request: 10.222.0.52 "GET /placement/allocations/d622218a-92b2-462f-8344-9eeebf190b0e" {{(pid=94525) __call__ /opt/stack/placement/placement/requestlog.py:55}}
Jul 26 16:13:55.274353 n-d-764435-4 devstack@placement-api.service[94525]: INFO placement.requestlog [req-1825238b-3c8b-4e77-b648-66a077ad8aa3 req-330c376f-6a2a-4fd3-b454-9a800decc98c service placement] 10.222.0.52 "GET /placement/allocations/d622218a-92b2-462f-8344-9eeebf190b0e" status: 200 len: 258 microversion: 1.28
Jul 26 16:13:55.277694 n-d-764435-4 devstack@placement-api.service[94525]: [pid: 94525|app: 0|req: 20/41] 10.222.0.52 () {60 vars in 1378 bytes} [Mon Jul 26 16:13:55 2021] GET /placement/allocations/d622218a-92b2-462f-8344-9eeebf190b0e => generated 258 bytes in 66 msecs (HTTP/1.1 200) 8 headers in 296 bytes (1 switches on core 0)
Jul 26 16:14:12.136493 n-d-764435-4 devstack@placement-api.service[94526]: DEBUG placement.requestlog [req-f69f804d-203a-49d3-a867-0b4376f22826 req-7f6cb73b-9556-4020-83e2-3f323c5b5b80 None None] Starting request: 10.222.0.62 "GET /placement/allocation_candidates?limit=1000&resources=DISK_GB%3A1%2CMEMORY_MB%3A1024%2CVCPU%3A1&root_required=%21COMPUTE_STATUS_DISABLED" {{(pid=94526) __call__ /opt/stack/placement/placement/requestlog.py:55}}
Jul 26 16:14:12.166731 n-d-764435-4 devstack@placement-api.service[94526]: DEBUG placement.objects.research_context [req-f69f804d-203a-49d3-a867-0b4376f22826 req-7f6cb73b-9556-4020-83e2-3f323c5b5b80 service placement] getting providers with 1 DISK_GB {{(pid=94526) __init__ /opt/stack/placement/placement/objects/research_context.py:126}}
Jul 26 16:14:12.173081 n-d-764435-4 devstack@placement-api.service[94526]: DEBUG placement.objects.research_context [req-f69f804d-203a-49d3-a867-0b4376f22826 req-7f6cb73b-9556-4020-83e2-3f323c5b5b80 service placement] getting providers with 1024 MEMORY_MB {{(pid=94526) __init__ /opt/stack/placement/placement/objects/research_context.py:126}}
Jul 26 16:14:12.178850 n-d-764435-4 devstack@placement-api.service[94526]: DEBUG placement.objects.research_context [req-f69f804d-203a-49d3-a867-0b4376f22826 req-7f6cb73b-9556-4020-83e2-3f323c5b5b80 service placement] getting providers with 1 VCPU {{(pid=94526) __init__ /opt/stack/placement/placement/objects/research_context.py:126}}
Jul 26 16:14:12.188829 n-d-764435-4 devstack@placement-api.service[94526]: DEBUG placement.objects.research_context [req-f69f804d-203a-49d3-a867-0b4376f22826 req-7f6cb73b-9556-4020-83e2-3f323c5b5b80 service placement] found 2 providers with available 1 DISK_GB {{(pid=94526) get_provider_ids_matching /opt/stack/placement/placement/objects/research_context.py:549}}
Jul 26 16:14:12.188829 n-d-764435-4 devstack@placement-api.service[94526]: DEBUG placement.objects.research_context [req-f69f804d-203a-49d3-a867-0b4376f22826 req-7f6cb73b-9556-4020-83e2-3f323c5b5b80 service placement] found 2 providers with available 1024 MEMORY_MB {{(pid=94526) get_provider_ids_matching /opt/stack/placement/placement/objects/research_context.py:549}}
Jul 26 16:14:12.188829 n-d-764435-4 devstack@placement-api.service[94526]: DEBUG placement.objects.research_context [req-f69f804d-203a-49d3-a867-0b4376f22826 req-7f6cb73b-9556-4020-83e2-3f323c5b5b80 service placement] found 2 providers after filtering by previous result {{(pid=94526) get_provider_ids_matching /opt/stack/placement/placement/objects/research_context.py:580}}
Jul 26 16:14:12.188829 n-d-764435-4 devstack@placement-api.service[94526]: DEBUG placement.objects.research_context [req-f69f804d-203a-49d3-a867-0b4376f22826 req-7f6cb73b-9556-4020-83e2-3f323c5b5b80 service placement] found 2 providers with available 1 VCPU {{(pid=94526) get_provider_ids_matching /opt/stack/placement/placement/objects/research_context.py:549}}
Jul 26 16:14:12.188829 n-d-764435-4 devstack@placement-api.service[94526]: DEBUG placement.objects.research_context [req-f69f804d-203a-49d3-a867-0b4376f22826 req-7f6cb73b-9556-4020-83e2-3f323c5b5b80 service placement] found 2 providers after filtering by previous result {{(pid=94526) get_provider_ids_matching /opt/stack/placement/placement/objects/research_context.py:580}}
Jul 26 16:14:12.201132 n-d-764435-4 devstack@placement-api.service[94526]: DEBUG placement.objects.allocation_candidate [req-f69f804d-203a-49d3-a867-0b4376f22826 req-7f6cb73b-9556-4020-83e2-3f323c5b5b80 service placement] RequestGroup(use_same_provider=False, resources={DISK_GB:1, MEMORY_MB:1024, VCPU:1}, traits=[], aggregates=[]) (suffix '') returned 2 matches {{(pid=94526) _get_by_requests /opt/stack/placement/placement/objects/allocation_candidate.py:145}}
Jul 26 16:14:12.201678 n-d-764435-4 devstack@placement-api.service[94526]: DEBUG placement.objects.allocation_candidate [req-f69f804d-203a-49d3-a867-0b4376f22826 req-7f6cb73b-9556-4020-83e2-3f323c5b5b80 service placement] Merging candidates yields 2 allocation requests and 2 provider summaries {{(pid=94526) _merge_candidates /opt/stack/placement/placement/objects/allocation_candidate.py:783}}
Jul 26 16:14:12.203334 n-d-764435-4 devstack@placement-api.service[94526]: INFO placement.requestlog [req-f69f804d-203a-49d3-a867-0b4376f22826 req-7f6cb73b-9556-4020-83e2-3f323c5b5b80 service placement] 10.222.0.62 "GET /placement/allocation_candidates?limit=1000&resources=DISK_GB%3A1%2CMEMORY_MB%3A1024%2CVCPU%3A1&root_required=%21COMPUTE_STATUS_DISABLED" status: 200 len: 1309 microversion: 1.35
Jul 26 16:14:12.203917 n-d-764435-4 devstack@placement-api.service[94526]: [pid: 94526|app: 0|req: 22/42] 10.222.0.62 () {60 vars in 1507 bytes} [Mon Jul 26 16:14:12 2021] GET /placement/allocation_candidates?limit=1000&resources=DISK_GB%3A1%2CMEMORY_MB%3A1024%2CVCPU%3A1&root_required=%21COMPUTE_STATUS_DISABLED => generated 1309 bytes in 67 msecs (HTTP/1.1 200) 8 headers in 297 bytes (1 switches on core 0)
Jul 26 16:14:12.252846 n-d-764435-4 devstack@placement-api.service[94525]: DEBUG placement.requestlog [req-f69f804d-203a-49d3-a867-0b4376f22826 req-59c0ec0c-39fd-4b95-b867-c873579aecf5 None None] Starting request: 10.222.0.62 "GET /placement/allocations/bd6097cf-be4d-44bc-9e0f-af20062c742e" {{(pid=94525) __call__ /opt/stack/placement/placement/requestlog.py:55}}
Jul 26 16:14:12.264207 n-d-764435-4 devstack@placement-api.service[94525]: INFO placement.requestlog [req-f69f804d-203a-49d3-a867-0b4376f22826 req-59c0ec0c-39fd-4b95-b867-c873579aecf5 service placement] 10.222.0.62 "GET /placement/allocations/bd6097cf-be4d-44bc-9e0f-af20062c742e" status: 200 len: 19 microversion: 1.28
Jul 26 16:14:12.264802 n-d-764435-4 devstack@placement-api.service[94525]: [pid: 94525|app: 0|req: 21/43] 10.222.0.62 () {60 vars in 1381 bytes} [Mon Jul 26 16:14:12 2021] GET /placement/allocations/bd6097cf-be4d-44bc-9e0f-af20062c742e => generated 19 bytes in 12 msecs (HTTP/1.1 200) 8 headers in 295 bytes (1 switches on core 0)
Jul 26 16:14:12.272854 n-d-764435-4 devstack@placement-api.service[94526]: DEBUG placement.requestlog [req-f69f804d-203a-49d3-a867-0b4376f22826 req-3e81a2b1-334a-44ca-a260-451a4ba8a609 None None] Starting request: 10.222.0.62 "PUT /placement/allocations/bd6097cf-be4d-44bc-9e0f-af20062c742e" {{(pid=94526) __call__ /opt/stack/placement/placement/requestlog.py:55}}
Jul 26 16:14:12.351692 n-d-764435-4 devstack@placement-api.service[94526]: DEBUG placement.handlers.allocation [req-f69f804d-203a-49d3-a867-0b4376f22826 req-3e81a2b1-334a-44ca-a260-451a4ba8a609 service placement] Successfully wrote allocations [, , ] {{(pid=94526) _create_allocations /opt/stack/placement/placement/handlers/allocation.py:435}}
Jul 26 16:14:12.352221 n-d-764435-4 devstack@placement-api.service[94526]: INFO placement.requestlog [req-f69f804d-203a-49d3-a867-0b4376f22826 req-3e81a2b1-334a-44ca-a260-451a4ba8a609 service placement] 10.222.0.62 "PUT /placement/allocations/bd6097cf-be4d-44bc-9e0f-af20062c742e" status: 204 len: 0 microversion: 1.35
Jul 26 16:14:12.352628 n-d-764435-4 devstack@placement-api.service[94526]: [pid: 94526|app: 0|req: 23/44] 10.222.0.62 () {64 vars in 1434 bytes} [Mon Jul 26 16:14:12 2021] PUT /placement/allocations/bd6097cf-be4d-44bc-9e0f-af20062c742e => generated 0 bytes in 80 msecs (HTTP/1.1 204) 5 headers in 199 bytes (1 switches on core 0)
Jul 26 16:14:12.663925 n-d-764435-4 devstack@placement-api.service[94525]: DEBUG placement.requestlog [req-f69f804d-203a-49d3-a867-0b4376f22826 req-65359c64-7d3e-48e5-acde-a0f15614bb40 None None] Starting request: 10.222.0.13 "GET /placement/allocations/bd6097cf-be4d-44bc-9e0f-af20062c742e" {{(pid=94525) __call__ /opt/stack/placement/placement/requestlog.py:55}}
Jul 26 16:14:12.686024 n-d-764435-4 devstack@placement-api.service[94525]: INFO placement.requestlog [req-f69f804d-203a-49d3-a867-0b4376f22826 req-65359c64-7d3e-48e5-acde-a0f15614bb40 service placement] 10.222.0.13 "GET /placement/allocations/bd6097cf-be4d-44bc-9e0f-af20062c742e" status: 200 len: 258 microversion: 1.28
Jul 26 16:14:12.687494 n-d-764435-4 devstack@placement-api.service[94525]: [pid: 94525|app: 0|req: 22/45] 10.222.0.13 () {60 vars in 1378 bytes} [Mon Jul 26 16:14:12 2021] GET /placement/allocations/bd6097cf-be4d-44bc-9e0f-af20062c742e => generated 258 bytes in 24 msecs (HTTP/1.1 200) 8 headers in 296 bytes (1 switches on core 0)
Jul 26 16:14:12.751624 n-d-764435-4 devstack@placement-api.service[94526]: DEBUG placement.requestlog [req-77279384-99c0-4ad0-9c51-a56abebb15ac req-b867b1ce-8070-4742-9a88-c4a4999bad17 None None] Starting request: 10.222.0.62 "GET /placement/allocation_candidates?limit=1000&resources=DISK_GB%3A1%2CMEMORY_MB%3A1024%2CVCPU%3A1&root_required=%21COMPUTE_STATUS_DISABLED" {{(pid=94526) __call__ /opt/stack/placement/placement/requestlog.py:55}}
Jul 26 16:14:12.812026 n-d-764435-4 devstack@placement-api.service[94526]: DEBUG placement.objects.research_context [req-77279384-99c0-4ad0-9c51-a56abebb15ac req-b867b1ce-8070-4742-9a88-c4a4999bad17 service placement] getting providers with 1 DISK_GB {{(pid=94526) __init__ /opt/stack/placement/placement/objects/research_context.py:126}}
Jul 26 16:14:12.819473 n-d-764435-4 devstack@placement-api.service[94526]: DEBUG placement.objects.research_context [req-77279384-99c0-4ad0-9c51-a56abebb15ac req-b867b1ce-8070-4742-9a88-c4a4999bad17 service placement] getting providers with 1024 MEMORY_MB {{(pid=94526) __init__ /opt/stack/placement/placement/objects/research_context.py:126}}
Jul 26 16:14:12.826220 n-d-764435-4 devstack@placement-api.service[94526]: DEBUG placement.objects.research_context [req-77279384-99c0-4ad0-9c51-a56abebb15ac req-b867b1ce-8070-4742-9a88-c4a4999bad17 service placement] getting providers with 1 VCPU {{(pid=94526) __init__ /opt/stack/placement/placement/objects/research_context.py:126}}
Jul 26 16:14:12.834022 n-d-764435-4 devstack@placement-api.service[94526]: DEBUG placement.objects.research_context [req-77279384-99c0-4ad0-9c51-a56abebb15ac req-b867b1ce-8070-4742-9a88-c4a4999bad17 service placement] found 2 providers with available 1 DISK_GB {{(pid=94526) get_provider_ids_matching /opt/stack/placement/placement/objects/research_context.py:549}}
Jul 26 16:14:12.834637 n-d-764435-4 devstack@placement-api.service[94526]: DEBUG placement.objects.research_context [req-77279384-99c0-4ad0-9c51-a56abebb15ac req-b867b1ce-8070-4742-9a88-c4a4999bad17 service placement] found 2 providers with available 1024 MEMORY_MB {{(pid=94526) get_provider_ids_matching /opt/stack/placement/placement/objects/research_context.py:549}}
Jul 26 16:14:12.834901 n-d-764435-4 devstack@placement-api.service[94526]: DEBUG placement.objects.research_context [req-77279384-99c0-4ad0-9c51-a56abebb15ac req-b867b1ce-8070-4742-9a88-c4a4999bad17 service placement] found 2 providers after filtering by previous result {{(pid=94526) get_provider_ids_matching /opt/stack/placement/placement/objects/research_context.py:580}}
Jul 26 16:14:12.835333 n-d-764435-4 devstack@placement-api.service[94526]: DEBUG placement.objects.research_context [req-77279384-99c0-4ad0-9c51-a56abebb15ac req-b867b1ce-8070-4742-9a88-c4a4999bad17 service placement] found 2 providers with available 1 VCPU {{(pid=94526) get_provider_ids_matching /opt/stack/placement/placement/objects/research_context.py:549}}
Jul 26 16:14:12.835723 n-d-764435-4 devstack@placement-api.service[94526]: DEBUG placement.objects.research_context [req-77279384-99c0-4ad0-9c51-a56abebb15ac req-b867b1ce-8070-4742-9a88-c4a4999bad17 service placement] found 2 providers after filtering by previous result {{(pid=94526) get_provider_ids_matching /opt/stack/placement/placement/objects/research_context.py:580}}
Jul 26 16:14:12.848063 n-d-764435-4 devstack@placement-api.service[94526]: DEBUG placement.objects.allocation_candidate [req-77279384-99c0-4ad0-9c51-a56abebb15ac req-b867b1ce-8070-4742-9a88-c4a4999bad17 service placement] RequestGroup(use_same_provider=False, resources={DISK_GB:1, MEMORY_MB:1024, VCPU:1}, traits=[], aggregates=[]) (suffix '') returned 2 matches {{(pid=94526) _get_by_requests /opt/stack/placement/placement/objects/allocation_candidate.py:145}}
Jul 26 16:14:12.848748 n-d-764435-4 devstack@placement-api.service[94526]: DEBUG placement.objects.allocation_candidate [req-77279384-99c0-4ad0-9c51-a56abebb15ac req-b867b1ce-8070-4742-9a88-c4a4999bad17 service placement] Merging candidates yields 2 allocation requests and 2 provider summaries {{(pid=94526) _merge_candidates /opt/stack/placement/placement/objects/allocation_candidate.py:783}}
Jul 26 16:14:12.850343 n-d-764435-4 devstack@placement-api.service[94526]: INFO placement.requestlog [req-77279384-99c0-4ad0-9c51-a56abebb15ac req-b867b1ce-8070-4742-9a88-c4a4999bad17 service placement] 10.222.0.62 "GET /placement/allocation_candidates?limit=1000&resources=DISK_GB%3A1%2CMEMORY_MB%3A1024%2CVCPU%3A1&root_required=%21COMPUTE_STATUS_DISABLED" status: 200 len: 1309 microversion: 1.35
Jul 26 16:14:12.850776 n-d-764435-4 devstack@placement-api.service[94526]: [pid: 94526|app: 0|req: 24/46] 10.222.0.62 () {60 vars in 1507 bytes} [Mon Jul 26 16:14:12 2021] GET /placement/allocation_candidates?limit=1000&resources=DISK_GB%3A1%2CMEMORY_MB%3A1024%2CVCPU%3A1&root_required=%21COMPUTE_STATUS_DISABLED => generated 1309 bytes in 99 msecs (HTTP/1.1 200) 8 headers in 297 bytes (1 switches on core 0)
Jul 26 16:14:12.913435 n-d-764435-4 devstack@placement-api.service[94525]: DEBUG placement.requestlog [req-77279384-99c0-4ad0-9c51-a56abebb15ac req-9d14993b-f0cd-49f1-978a-2aad02a3c2cd None None] Starting request: 10.222.0.62 "GET /placement/allocations/0ca9fd7e-cb84-45af-b954-607d07a81479" {{(pid=94525) __call__ /opt/stack/placement/placement/requestlog.py:55}}
Jul 26 16:14:12.925751 n-d-764435-4 devstack@placement-api.service[94525]: INFO placement.requestlog [req-77279384-99c0-4ad0-9c51-a56abebb15ac req-9d14993b-f0cd-49f1-978a-2aad02a3c2cd service placement] 10.222.0.62 "GET /placement/allocations/0ca9fd7e-cb84-45af-b954-607d07a81479" status: 200 len: 19 microversion: 1.28
Jul 26 16:14:12.927314 n-d-764435-4 devstack@placement-api.service[94525]: [pid: 94525|app: 0|req: 23/47] 10.222.0.62 () {60 vars in 1381 bytes} [Mon Jul 26 16:14:12 2021] GET /placement/allocations/0ca9fd7e-cb84-45af-b954-607d07a81479 => generated 19 bytes in 14 msecs (HTTP/1.1 200) 8 headers in 295 bytes (1 switches on core 0)
Jul 26 16:14:12.937387 n-d-764435-4 devstack@placement-api.service[94526]: DEBUG placement.requestlog [req-77279384-99c0-4ad0-9c51-a56abebb15ac req-c56c7b6d-bee8-406e-a717-a880140745bf None None] Starting request: 10.222.0.62 "PUT /placement/allocations/0ca9fd7e-cb84-45af-b954-607d07a81479" {{(pid=94526) __call__ /opt/stack/placement/placement/requestlog.py:55}}
Jul 26 16:14:13.030577 n-d-764435-4 devstack@placement-api.service[94526]: DEBUG placement.handlers.allocation [req-77279384-99c0-4ad0-9c51-a56abebb15ac req-c56c7b6d-bee8-406e-a717-a880140745bf service placement] Successfully wrote allocations [, , ] {{(pid=94526) _create_allocations /opt/stack/placement/placement/handlers/allocation.py:435}}
Jul 26 16:14:13.031255 n-d-764435-4 devstack@placement-api.service[94526]: INFO placement.requestlog [req-77279384-99c0-4ad0-9c51-a56abebb15ac req-c56c7b6d-bee8-406e-a717-a880140745bf service placement] 10.222.0.62 "PUT /placement/allocations/0ca9fd7e-cb84-45af-b954-607d07a81479" status: 204 len: 0 microversion: 1.35
Jul 26 16:14:13.032088 n-d-764435-4 devstack@placement-api.service[94526]: [pid: 94526|app: 0|req: 25/48] 10.222.0.62 () {64 vars in 1434 bytes} [Mon Jul 26 16:14:12 2021] PUT /placement/allocations/0ca9fd7e-cb84-45af-b954-607d07a81479 => generated 0 bytes in 95 msecs (HTTP/1.1 204) 5 headers in 199 bytes (2 switches on core 0)
Jul 26 16:14:13.610958 n-d-764435-4 devstack@placement-api.service[94525]: DEBUG placement.requestlog [req-77279384-99c0-4ad0-9c51-a56abebb15ac req-57cd4fbb-9153-48a1-9b77-f8e368c60ca1 None None] Starting request: 10.222.0.52 "GET /placement/allocations/0ca9fd7e-cb84-45af-b954-607d07a81479" {{(pid=94525) __call__ /opt/stack/placement/placement/requestlog.py:55}}
Jul 26 16:14:13.640315 n-d-764435-4 devstack@placement-api.service[94525]: INFO placement.requestlog [req-77279384-99c0-4ad0-9c51-a56abebb15ac req-57cd4fbb-9153-48a1-9b77-f8e368c60ca1 service placement] 10.222.0.52 "GET /placement/allocations/0ca9fd7e-cb84-45af-b954-607d07a81479" status: 200 len: 258 microversion: 1.28
Jul 26 16:14:13.640609 n-d-764435-4 devstack@placement-api.service[94525]: [pid: 94525|app: 0|req: 24/49] 10.222.0.52 () {60 vars in 1378 bytes} [Mon Jul 26 16:14:13 2021] GET /placement/allocations/0ca9fd7e-cb84-45af-b954-607d07a81479 => generated 258 bytes in 30 msecs (HTTP/1.1 200) 8 headers in 296 bytes (1 switches on core 0)
Jul 26 16:14:20.473908 n-d-764435-4 devstack@placement-api.service[94526]: DEBUG placement.requestlog [req-20659bb2-64d2-4dd0-a5e8-2737b2d5e1ec req-e7eb932d-6ac3-4fb2-90f9-e95f3a0e72c9 None None] Starting request: 10.222.0.62 "GET /placement/allocation_candidates?limit=1000&resources=DISK_GB%3A1%2CMEMORY_MB%3A1024%2CVCPU%3A1&root_required=%21COMPUTE_STATUS_DISABLED" {{(pid=94526) __call__ /opt/stack/placement/placement/requestlog.py:55}}
Jul 26 16:14:20.507029 n-d-764435-4 devstack@placement-api.service[94526]: DEBUG placement.objects.research_context [req-20659bb2-64d2-4dd0-a5e8-2737b2d5e1ec req-e7eb932d-6ac3-4fb2-90f9-e95f3a0e72c9 service placement] getting providers with 1 DISK_GB {{(pid=94526) __init__ /opt/stack/placement/placement/objects/research_context.py:126}}
Jul 26 16:14:20.512717 n-d-764435-4 devstack@placement-api.service[94526]: DEBUG placement.objects.research_context [req-20659bb2-64d2-4dd0-a5e8-2737b2d5e1ec req-e7eb932d-6ac3-4fb2-90f9-e95f3a0e72c9 service placement] getting providers with 1024 MEMORY_MB {{(pid=94526) __init__ /opt/stack/placement/placement/objects/research_context.py:126}}
Jul 26 16:14:20.519270 n-d-764435-4 devstack@placement-api.service[94526]: DEBUG placement.objects.research_context [req-20659bb2-64d2-4dd0-a5e8-2737b2d5e1ec req-e7eb932d-6ac3-4fb2-90f9-e95f3a0e72c9 service placement] getting providers with 1 VCPU {{(pid=94526) __init__ /opt/stack/placement/placement/objects/research_context.py:126}}
Jul 26 16:14:20.525133 n-d-764435-4 devstack@placement-api.service[94526]: DEBUG placement.objects.research_context [req-20659bb2-64d2-4dd0-a5e8-2737b2d5e1ec req-e7eb932d-6ac3-4fb2-90f9-e95f3a0e72c9 service placement] found 2 providers with available 1 DISK_GB {{(pid=94526) get_provider_ids_matching /opt/stack/placement/placement/objects/research_context.py:549}}
Jul 26 16:14:20.525640 n-d-764435-4 devstack@placement-api.service[94526]: DEBUG placement.objects.research_context [req-20659bb2-64d2-4dd0-a5e8-2737b2d5e1ec req-e7eb932d-6ac3-4fb2-90f9-e95f3a0e72c9 service placement] found 2 providers with available 1024 MEMORY_MB {{(pid=94526) get_provider_ids_matching /opt/stack/placement/placement/objects/research_context.py:549}}
Jul 26 16:14:20.526237 n-d-764435-4 devstack@placement-api.service[94526]: DEBUG placement.objects.research_context [req-20659bb2-64d2-4dd0-a5e8-2737b2d5e1ec req-e7eb932d-6ac3-4fb2-90f9-e95f3a0e72c9 service placement] found 2 providers after filtering by previous result {{(pid=94526) get_provider_ids_matching /opt/stack/placement/placement/objects/research_context.py:580}}
Jul 26 16:14:20.526660 n-d-764435-4 devstack@placement-api.service[94526]: DEBUG placement.objects.research_context [req-20659bb2-64d2-4dd0-a5e8-2737b2d5e1ec req-e7eb932d-6ac3-4fb2-90f9-e95f3a0e72c9 service placement] found 2 providers with available 1 VCPU {{(pid=94526) get_provider_ids_matching /opt/stack/placement/placement/objects/research_context.py:549}}
Jul 26 16:14:20.527092 n-d-764435-4 devstack@placement-api.service[94526]: DEBUG placement.objects.research_context [req-20659bb2-64d2-4dd0-a5e8-2737b2d5e1ec req-e7eb932d-6ac3-4fb2-90f9-e95f3a0e72c9 service placement] found 2 providers after filtering by previous result {{(pid=94526) get_provider_ids_matching /opt/stack/placement/placement/objects/research_context.py:580}}
Jul 26 16:14:20.539886 n-d-764435-4 devstack@placement-api.service[94526]: DEBUG placement.objects.allocation_candidate [req-20659bb2-64d2-4dd0-a5e8-2737b2d5e1ec req-e7eb932d-6ac3-4fb2-90f9-e95f3a0e72c9 service placement] RequestGroup(use_same_provider=False, resources={DISK_GB:1, MEMORY_MB:1024, VCPU:1}, traits=[], aggregates=[]) (suffix '') returned 2 matches {{(pid=94526) _get_by_requests /opt/stack/placement/placement/objects/allocation_candidate.py:145}}
Jul 26 16:14:20.540432 n-d-764435-4 devstack@placement-api.service[94526]: DEBUG placement.objects.allocation_candidate [req-20659bb2-64d2-4dd0-a5e8-2737b2d5e1ec req-e7eb932d-6ac3-4fb2-90f9-e95f3a0e72c9 service placement] Merging candidates yields 2 allocation requests and 2 provider summaries {{(pid=94526) _merge_candidates /opt/stack/placement/placement/objects/allocation_candidate.py:783}}
Jul 26 16:14:20.542559 n-d-764435-4 devstack@placement-api.service[94526]: INFO placement.requestlog [req-20659bb2-64d2-4dd0-a5e8-2737b2d5e1ec req-e7eb932d-6ac3-4fb2-90f9-e95f3a0e72c9 service placement] 10.222.0.62 "GET /placement/allocation_candidates?limit=1000&resources=DISK_GB%3A1%2CMEMORY_MB%3A1024%2CVCPU%3A1&root_required=%21COMPUTE_STATUS_DISABLED" status: 200 len: 1309 microversion: 1.35
Jul 26 16:14:20.548228 n-d-764435-4 devstack@placement-api.service[94526]: [pid: 94526|app: 0|req: 26/50] 10.222.0.62 () {60 vars in 1507 bytes} [Mon Jul 26 16:14:20 2021] GET /placement/allocation_candidates?limit=1000&resources=DISK_GB%3A1%2CMEMORY_MB%3A1024%2CVCPU%3A1&root_required=%21COMPUTE_STATUS_DISABLED => generated 1309 bytes in 74 msecs (HTTP/1.1 200) 8 headers in 297 bytes (1 switches on core 0)
Jul 26 16:14:20.610669 n-d-764435-4 devstack@placement-api.service[94525]: DEBUG placement.requestlog [req-20659bb2-64d2-4dd0-a5e8-2737b2d5e1ec req-29ebc0fb-4837-4916-96cb-16eaed53347c None None] Starting request: 10.222.0.62 "GET /placement/allocations/5c8491ea-485e-4603-9c06-82591270d77c" {{(pid=94525) __call__ /opt/stack/placement/placement/requestlog.py:55}}
Jul 26 16:14:20.622637 n-d-764435-4 devstack@placement-api.service[94525]: INFO placement.requestlog [req-20659bb2-64d2-4dd0-a5e8-2737b2d5e1ec req-29ebc0fb-4837-4916-96cb-16eaed53347c service placement] 10.222.0.62 "GET /placement/allocations/5c8491ea-485e-4603-9c06-82591270d77c" status: 200 len: 19 microversion: 1.28
Jul 26 16:14:20.623389 n-d-764435-4 devstack@placement-api.service[94525]: [pid: 94525|app: 0|req: 25/51] 10.222.0.62 () {60 vars in 1381 bytes} [Mon Jul 26 16:14:20 2021] GET /placement/allocations/5c8491ea-485e-4603-9c06-82591270d77c => generated 19 bytes in 13 msecs (HTTP/1.1 200) 8 headers in 295 bytes (1 switches on core 0)
Jul 26 16:14:20.631303 n-d-764435-4 devstack@placement-api.service[94526]: DEBUG placement.requestlog [req-20659bb2-64d2-4dd0-a5e8-2737b2d5e1ec req-cdaecaca-169b-4f96-86f2-af9d178bb674 None None] Starting request: 10.222.0.62 "PUT /placement/allocations/5c8491ea-485e-4603-9c06-82591270d77c" {{(pid=94526) __call__ /opt/stack/placement/placement/requestlog.py:55}}
Jul 26 16:14:20.726313 n-d-764435-4 devstack@placement-api.service[94526]: DEBUG placement.handlers.allocation [req-20659bb2-64d2-4dd0-a5e8-2737b2d5e1ec req-cdaecaca-169b-4f96-86f2-af9d178bb674 service placement] Successfully wrote allocations [, , ] {{(pid=94526) _create_allocations /opt/stack/placement/placement/handlers/allocation.py:435}}
Jul 26 16:14:20.727194 n-d-764435-4 devstack@placement-api.service[94526]: INFO placement.requestlog [req-20659bb2-64d2-4dd0-a5e8-2737b2d5e1ec req-cdaecaca-169b-4f96-86f2-af9d178bb674 service placement] 10.222.0.62 "PUT /placement/allocations/5c8491ea-485e-4603-9c06-82591270d77c" status: 204 len: 0 microversion: 1.35
Jul 26 16:14:20.728861 n-d-764435-4 devstack@placement-api.service[94526]: [pid: 94526|app: 0|req: 27/52] 10.222.0.62 () {64 vars in 1434 bytes} [Mon Jul 26 16:14:20 2021] PUT /placement/allocations/5c8491ea-485e-4603-9c06-82591270d77c => generated 0 bytes in 98 msecs (HTTP/1.1 204) 5 headers in 199 bytes (2 switches on core 0)
Jul 26 16:14:21.158639 n-d-764435-4 devstack@placement-api.service[94525]: DEBUG placement.requestlog [req-20659bb2-64d2-4dd0-a5e8-2737b2d5e1ec req-45e6b2cc-b145-4cda-bac6-69f6d0716e74 None None] Starting request: 10.222.0.13 "GET /placement/allocations/5c8491ea-485e-4603-9c06-82591270d77c" {{(pid=94525) __call__ /opt/stack/placement/placement/requestlog.py:55}}
Jul 26 16:14:21.178217 n-d-764435-4 devstack@placement-api.service[94525]: INFO placement.requestlog [req-20659bb2-64d2-4dd0-a5e8-2737b2d5e1ec req-45e6b2cc-b145-4cda-bac6-69f6d0716e74 service placement] 10.222.0.13 "GET /placement/allocations/5c8491ea-485e-4603-9c06-82591270d77c" status: 200 len: 258 microversion: 1.28
Jul 26 16:14:21.178860 n-d-764435-4 devstack@placement-api.service[94525]: [pid: 94525|app: 0|req: 26/53] 10.222.0.13 () {60 vars in 1378 bytes} [Mon Jul 26 16:14:21 2021] GET /placement/allocations/5c8491ea-485e-4603-9c06-82591270d77c => generated 258 bytes in 20 msecs (HTTP/1.1 200) 8 headers in 296 bytes (1 switches on core 0)
Jul 26 16:14:26.264210 n-d-764435-4 devstack@placement-api.service[94526]: DEBUG placement.requestlog [req-5cdd696d-2646-43a7-9990-379a1c30d8ba req-5ee64885-51fc-4c95-a4d6-2687c0065361 None None] Starting request: 10.222.0.13 "GET /placement/resource_providers/31004908-8333-4c52-9906-72fd2c12664a/allocations" {{(pid=94526) __call__ /opt/stack/placement/placement/requestlog.py:55}}
Jul 26 16:14:26.294269 n-d-764435-4 devstack@placement-api.service[94526]: INFO placement.requestlog [req-5cdd696d-2646-43a7-9990-379a1c30d8ba req-5ee64885-51fc-4c95-a4d6-2687c0065361 service placement] 10.222.0.13 "GET /placement/resource_providers/31004908-8333-4c52-9906-72fd2c12664a/allocations" status: 200 len: 355 microversion: 1.0
Jul 26 16:14:26.295634 n-d-764435-4 devstack@placement-api.service[94526]: [pid: 94526|app: 0|req: 28/54] 10.222.0.13 () {58 vars in 1391 bytes} [Mon Jul 26 16:14:26 2021] GET /placement/resource_providers/31004908-8333-4c52-9906-72fd2c12664a/allocations => generated 355 bytes in 32 msecs (HTTP/1.1 200) 6 headers in 224 bytes (1 switches on core 0)
Jul 26 16:14:26.970592 n-d-764435-4 devstack@placement-api.service[94525]: DEBUG placement.requestlog [None req-5ddb68e2-c2d2-4759-bfee-fab5f298c628 None None] Starting request: 10.222.0.62 "GET /placement/" {{(pid=94525) __call__ /opt/stack/placement/placement/requestlog.py:55}}
Jul 26 16:14:26.971278 n-d-764435-4 devstack@placement-api.service[94525]: INFO placement.requestlog [None req-5ddb68e2-c2d2-4759-bfee-fab5f298c628 None None] 10.222.0.62 "GET /placement/" status: 200 len: 136 microversion: 1.0
Jul 26 16:14:26.972080 n-d-764435-4 devstack@placement-api.service[94525]: [pid: 94525|app: 0|req: 27/55] 10.222.0.62 () {54 vars in 907 bytes} [Mon Jul 26 16:14:26 2021] GET /placement => generated 136 bytes in 2 msecs (HTTP/1.1 200) 6 headers in 224 bytes (1 switches on core 0)
Jul 26 16:14:26.997718 n-d-764435-4 devstack@placement-api.service[94526]: DEBUG placement.requestlog [req-75ab96ab-fcdf-485c-bdf2-db431d17f2bd req-94cafbe9-8d37-41a2-a9c9-b1d315bd9790 None None] Starting request: 10.222.0.62 "GET /placement/resource_providers?name=n-h1-764435-4" {{(pid=94526) __call__ /opt/stack/placement/placement/requestlog.py:55}}
Jul 26 16:14:27.335643 n-d-764435-4 devstack@placement-api.service[94526]: INFO placement.requestlog [req-75ab96ab-fcdf-485c-bdf2-db431d17f2bd req-94cafbe9-8d37-41a2-a9c9-b1d315bd9790 service placement] 10.222.0.62 "GET /placement/resource_providers?name=n-h1-764435-4" status: 200 len: 440 microversion: 1.0
Jul 26 16:14:27.336480 n-d-764435-4 devstack@placement-api.service[94526]: [pid: 94526|app: 0|req: 29/56] 10.222.0.62 () {58 vars in 1275 bytes} [Mon Jul 26 16:14:26 2021] GET /placement/resource_providers?name=n-h1-764435-4 => generated 440 bytes in 340 msecs (HTTP/1.1 200) 6 headers in 224 bytes (1 switches on core 0)
Jul 26 16:14:27.345115 n-d-764435-4 devstack@placement-api.service[94525]: DEBUG placement.requestlog [req-75ab96ab-fcdf-485c-bdf2-db431d17f2bd req-087b5261-4299-4145-8e76-e51c359612df None None] Starting request: 10.222.0.62 "GET /placement/resource_providers/31004908-8333-4c52-9906-72fd2c12664a/aggregates" {{(pid=94525) __call__ /opt/stack/placement/placement/requestlog.py:55}}
Jul 26 16:14:27.369119 n-d-764435-4 devstack@placement-api.service[94525]: INFO placement.requestlog [req-75ab96ab-fcdf-485c-bdf2-db431d17f2bd req-087b5261-4299-4145-8e76-e51c359612df service placement] 10.222.0.62 "GET /placement/resource_providers/31004908-8333-4c52-9906-72fd2c12664a/aggregates" status: 200 len: 91 microversion: 1.19
Jul 26 16:14:27.376125 n-d-764435-4 devstack@placement-api.service[94525]: [pid: 94525|app: 0|req: 28/57] 10.222.0.62 () {60 vars in 1426 bytes} [Mon Jul 26 16:14:27 2021] GET /placement/resource_providers/31004908-8333-4c52-9906-72fd2c12664a/aggregates => generated 91 bytes in 31 msecs (HTTP/1.1 200) 8 headers in 295 bytes (1 switches on core 0)
Jul 26 16:14:27.376808 n-d-764435-4 devstack@placement-api.service[94526]: DEBUG placement.requestlog [req-75ab96ab-fcdf-485c-bdf2-db431d17f2bd req-bb07659f-4f63-459e-9e0b-1381f5bb43b5 None None] Starting request: 10.222.0.62 "PUT /placement/resource_providers/31004908-8333-4c52-9906-72fd2c12664a/aggregates" {{(pid=94526) __call__ /opt/stack/placement/placement/requestlog.py:55}}
Jul 26 16:14:27.400364 n-d-764435-4 devstack@placement-api.service[94526]: DEBUG placement.objects.resource_provider [req-75ab96ab-fcdf-485c-bdf2-db431d17f2bd req-bb07659f-4f63-459e-9e0b-1381f5bb43b5 service placement] Setting aggregates for provider 31004908-8333-4c52-9906-72fd2c12664a. Successfully disassociated aggregate 60637d80-6a2d-4403-b9fa-e25293e24a17. {{(pid=94526) _set_aggregates /opt/stack/placement/placement/objects/resource_provider.py:403}}
Jul 26 16:14:27.409287 n-d-764435-4 devstack@placement-api.service[94526]: INFO placement.requestlog [req-75ab96ab-fcdf-485c-bdf2-db431d17f2bd req-bb07659f-4f63-459e-9e0b-1381f5bb43b5 service placement] 10.222.0.62 "PUT /placement/resource_providers/31004908-8333-4c52-9906-72fd2c12664a/aggregates" status: 200 len: 53 microversion: 1.19
Jul 26 16:14:27.410217 n-d-764435-4 devstack@placement-api.service[94526]: [pid: 94526|app: 0|req: 30/58] 10.222.0.62 () {64 vars in 1478 bytes} [Mon Jul 26 16:14:27 2021] PUT /placement/resource_providers/31004908-8333-4c52-9906-72fd2c12664a/aggregates => generated 53 bytes in 34 msecs (HTTP/1.1 200) 8 headers in 295 bytes (2 switches on core 0)
Jul 26 16:14:27.663780 n-d-764435-4 devstack@placement-api.service[94525]: DEBUG placement.requestlog [req-ac21248b-89aa-4018-a8c0-31dfc49ffc66 req-a66703a1-7efd-4019-a12d-1ce7ff05bf6d None None] Starting request: 10.222.0.62 "GET /placement/resource_providers?name=n-h1-764435-4" {{(pid=94525) __call__ /opt/stack/placement/placement/requestlog.py:55}}
Jul 26 16:14:27.683033 n-d-764435-4 devstack@placement-api.service[94525]: INFO placement.requestlog [req-ac21248b-89aa-4018-a8c0-31dfc49ffc66 req-a66703a1-7efd-4019-a12d-1ce7ff05bf6d service placement] 10.222.0.62 "GET /placement/resource_providers?name=n-h1-764435-4" status: 200 len: 440 microversion: 1.0
Jul 26 16:14:27.683757 n-d-764435-4 devstack@placement-api.service[94525]: [pid: 94525|app: 0|req: 29/59] 10.222.0.62 () {58 vars in 1275 bytes} [Mon Jul 26 16:14:27 2021] GET /placement/resource_providers?name=n-h1-764435-4 => generated 440 bytes in 20 msecs (HTTP/1.1 200) 6 headers in 224 bytes (1 switches on core 0)
Jul 26 16:14:27.691872 n-d-764435-4 devstack@placement-api.service[94526]: DEBUG placement.requestlog [req-ac21248b-89aa-4018-a8c0-31dfc49ffc66 req-2fd76ce2-8959-4485-a5f6-ab0f87bd8161 None None] Starting request: 10.222.0.62 "GET /placement/resource_providers/31004908-8333-4c52-9906-72fd2c12664a/aggregates" {{(pid=94526) __call__ /opt/stack/placement/placement/requestlog.py:55}}
Jul 26 16:14:27.708590 n-d-764435-4 devstack@placement-api.service[94526]: INFO placement.requestlog [req-ac21248b-89aa-4018-a8c0-31dfc49ffc66 req-2fd76ce2-8959-4485-a5f6-ab0f87bd8161 service placement] 10.222.0.62 "GET /placement/resource_providers/31004908-8333-4c52-9906-72fd2c12664a/aggregates" status: 200 len: 53 microversion: 1.19
Jul 26 16:14:27.709163 n-d-764435-4 devstack@placement-api.service[94526]: [pid: 94526|app: 0|req: 31/60] 10.222.0.62 () {60 vars in 1426 bytes} [Mon Jul 26 16:14:27 2021] GET /placement/resource_providers/31004908-8333-4c52-9906-72fd2c12664a/aggregates => generated 53 bytes in 17 msecs (HTTP/1.1 200) 8 headers in 295 bytes (1 switches on core 0)
Jul 26 16:14:27.718604 n-d-764435-4 devstack@placement-api.service[94525]: DEBUG placement.requestlog [req-ac21248b-89aa-4018-a8c0-31dfc49ffc66 req-84b0cdcc-2ee5-4bab-b82e-f27eb650bdea None None] Starting request: 10.222.0.62 "PUT /placement/resource_providers/31004908-8333-4c52-9906-72fd2c12664a/aggregates" {{(pid=94525) __call__ /opt/stack/placement/placement/requestlog.py:55}}
Jul 26 16:14:27.741266 n-d-764435-4 devstack@placement-api.service[94525]: DEBUG placement.objects.resource_provider [req-ac21248b-89aa-4018-a8c0-31dfc49ffc66 req-84b0cdcc-2ee5-4bab-b82e-f27eb650bdea service placement] _ensure_aggregate() did not find aggregate 5d3700f7-c35f-4f6f-81b8-fb746a5786eb. Attempting to create it. {{(pid=94525) _ensure_aggregate /opt/stack/placement/placement/objects/resource_provider.py:320}}
Jul 26 16:14:27.742751 n-d-764435-4 devstack@placement-api.service[94525]: DEBUG placement.objects.resource_provider [req-ac21248b-89aa-4018-a8c0-31dfc49ffc66 req-84b0cdcc-2ee5-4bab-b82e-f27eb650bdea service placement] _ensure_aggregate() created new aggregate 5d3700f7-c35f-4f6f-81b8-fb746a5786eb (id=3). {{(pid=94525) _ensure_aggregate /opt/stack/placement/placement/objects/resource_provider.py:326}}
Jul 26 16:14:27.744769 n-d-764435-4 devstack@placement-api.service[94525]: DEBUG placement.objects.resource_provider [req-ac21248b-89aa-4018-a8c0-31dfc49ffc66 req-84b0cdcc-2ee5-4bab-b82e-f27eb650bdea service placement] Setting aggregates for provider 31004908-8333-4c52-9906-72fd2c12664a. Successfully associated aggregate 5d3700f7-c35f-4f6f-81b8-fb746a5786eb. {{(pid=94525) _set_aggregates /opt/stack/placement/placement/objects/resource_provider.py:388}}
Jul 26 16:14:27.754002 n-d-764435-4 devstack@placement-api.service[94525]: INFO placement.requestlog [req-ac21248b-89aa-4018-a8c0-31dfc49ffc66 req-84b0cdcc-2ee5-4bab-b82e-f27eb650bdea service placement] 10.222.0.62 "PUT /placement/resource_providers/31004908-8333-4c52-9906-72fd2c12664a/aggregates" status: 200 len: 92 microversion: 1.19
Jul 26 16:14:27.754657 n-d-764435-4 devstack@placement-api.service[94525]: [pid: 94525|app: 0|req: 30/61] 10.222.0.62 () {64 vars in 1478 bytes} [Mon Jul 26 16:14:27 2021] PUT /placement/resource_providers/31004908-8333-4c52-9906-72fd2c12664a/aggregates => generated 92 bytes in 36 msecs (HTTP/1.1 200) 8 headers in 295 bytes (2 switches on core 0)
