May 18 04:46:42.784512 n-d-764292-35 devstack@placement-api.service[112008]: [pid: 112008|app: 0|req: 157/306] 10.222.0.36 () {60 vars in 1506 bytes} [Wed May 18 04:46:42 2022] GET /placement/allocation_candidates?limit=1000&resources=DISK_GB%3A1%2CMEMORY_MB%3A1024%2CVCPU%3A1&root_required=%21COMPUTE_STATUS_DISABLED => generated 1309 bytes in 85 msecs (HTTP/1.1 200) 8 headers in 297 bytes (1 switches on core 0)
May 18 04:46:42.880387 n-d-764292-35 devstack@placement-api.service[112009]: DEBUG placement.requestlog [req-8d6ab7b6-6668-4d05-a0ec-617075ff349a req-c5f51e0e-c52a-4ebe-8d26-573de326e8fc None None] Starting request: 10.222.0.36 "GET /placement/allocations/c5a41012-6784-48bd-98ea-edc2591437bd" {{(pid=112009) __call__ /opt/stack/placement/placement/requestlog.py:55}}
May 18 04:46:42.897845 n-d-764292-35 devstack@placement-api.service[112009]: INFO placement.requestlog [req-8d6ab7b6-6668-4d05-a0ec-617075ff349a req-c5f51e0e-c52a-4ebe-8d26-573de326e8fc service placement] 10.222.0.36 "GET /placement/allocations/c5a41012-6784-48bd-98ea-edc2591437bd" status: 200 len: 19 microversion: 1.28
May 18 04:46:42.898716 n-d-764292-35 devstack@placement-api.service[112009]: [pid: 112009|app: 0|req: 150/307] 10.222.0.36 () {60 vars in 1380 bytes} [Wed May 18 04:46:42 2022] GET /placement/allocations/c5a41012-6784-48bd-98ea-edc2591437bd => generated 19 bytes in 19 msecs (HTTP/1.1 200) 8 headers in 295 bytes (1 switches on core 0)
May 18 04:46:42.908895 n-d-764292-35 devstack@placement-api.service[112008]: DEBUG placement.requestlog [req-8d6ab7b6-6668-4d05-a0ec-617075ff349a req-f960549f-02f0-403a-a8c2-ef009890acbd None None] Starting request: 10.222.0.36 "PUT /placement/allocations/c5a41012-6784-48bd-98ea-edc2591437bd" {{(pid=112008) __call__ /opt/stack/placement/placement/requestlog.py:55}}
May 18 04:46:43.694969 n-d-764292-35 devstack@placement-api.service[112008]: DEBUG placement.handlers.allocation [req-8d6ab7b6-6668-4d05-a0ec-617075ff349a req-f960549f-02f0-403a-a8c2-ef009890acbd service placement] Successfully wrote allocations [, , ] {{(pid=112008) _update_consumers_and_create_allocations /opt/stack/placement/placement/handlers/allocation.py:462}}
May 18 04:46:43.782174 n-d-764292-35 devstack@placement-api.service[112008]: INFO placement.requestlog [req-8d6ab7b6-6668-4d05-a0ec-617075ff349a req-f960549f-02f0-403a-a8c2-ef009890acbd service placement] 10.222.0.36 "PUT /placement/allocations/c5a41012-6784-48bd-98ea-edc2591437bd" status: 204 len: 0 microversion: 1.36
May 18 04:46:43.782907 n-d-764292-35 devstack@placement-api.service[112008]: [pid: 112008|app: 0|req: 158/308] 10.222.0.36 () {64 vars in 1433 bytes} [Wed May 18 04:46:42 2022] PUT /placement/allocations/c5a41012-6784-48bd-98ea-edc2591437bd => generated 0 bytes in 874 msecs (HTTP/1.1 204) 5 headers in 199 bytes (1 switches on core 0)
May 18 04:46:43.843323 n-d-764292-35 devstack@placement-api.service[112009]: DEBUG placement.requestlog [req-f5e155fd-cfcd-4f18-af0b-82d856289989 req-37b1e79b-c560-4d5c-8bc8-5b6ab82ba3f4 None None] Starting request: 10.222.0.49 "GET /placement/resource_providers/a4fbffdb-6060-4cdd-ba09-f8e6e6992fca/allocations" {{(pid=112009) __call__ /opt/stack/placement/placement/requestlog.py:55}}
May 18 04:46:43.904185 n-d-764292-35 devstack@placement-api.service[112009]: INFO placement.requestlog [req-f5e155fd-cfcd-4f18-af0b-82d856289989 req-37b1e79b-c560-4d5c-8bc8-5b6ab82ba3f4 service placement] 10.222.0.49 "GET /placement/resource_providers/a4fbffdb-6060-4cdd-ba09-f8e6e6992fca/allocations" status: 200 len: 859 microversion: 1.0
May 18 04:46:43.909178 n-d-764292-35 devstack@placement-api.service[112009]: [pid: 112009|app: 0|req: 151/309] 10.222.0.49 () {58 vars in 1390 bytes} [Wed May 18 04:46:43 2022] GET /placement/resource_providers/a4fbffdb-6060-4cdd-ba09-f8e6e6992fca/allocations => generated 859 bytes in 66 msecs (HTTP/1.1 200) 6 headers in 224 bytes (1 switches on core 0)
May 18 04:46:45.552648 n-d-764292-35 devstack@placement-api.service[112008]: DEBUG placement.requestlog [req-8d6ab7b6-6668-4d05-a0ec-617075ff349a req-c08b69ca-f752-4080-92f0-22fde305041e None None] Starting request: 10.222.0.49 "GET /placement/allocations/c5a41012-6784-48bd-98ea-edc2591437bd" {{(pid=112008) __call__ /opt/stack/placement/placement/requestlog.py:55}}
May 18 04:46:45.620488 n-d-764292-35 devstack@placement-api.service[112008]: INFO placement.requestlog [req-8d6ab7b6-6668-4d05-a0ec-617075ff349a req-c08b69ca-f752-4080-92f0-22fde305041e service placement] 10.222.0.49 "GET /placement/allocations/c5a41012-6784-48bd-98ea-edc2591437bd" status: 200 len: 259 microversion: 1.28
May 18 04:46:45.624499 n-d-764292-35 devstack@placement-api.service[112008]: [pid: 112008|app: 0|req: 159/310] 10.222.0.49 () {60 vars in 1377 bytes} [Wed May 18 04:46:45 2022] GET /placement/allocations/c5a41012-6784-48bd-98ea-edc2591437bd => generated 259 bytes in 71 msecs (HTTP/1.1 200) 8 headers in 296 bytes (2 switches on core 0)
May 18 04:46:51.387502 n-d-764292-35 devstack@placement-api.service[112009]: DEBUG placement.requestlog [req-47fedb61-b9f9-4cf0-948c-c02c66fd6952 req-2b243054-7ef8-4b73-ac02-e13ff1febe09 None None] Starting request: 10.222.0.57 "GET /placement/allocations/f268689a-b249-4de0-b871-14f33b853eb6" {{(pid=112009) __call__ /opt/stack/placement/placement/requestlog.py:55}}
May 18 04:46:51.411189 n-d-764292-35 devstack@placement-api.service[112009]: INFO placement.requestlog [req-47fedb61-b9f9-4cf0-948c-c02c66fd6952 req-2b243054-7ef8-4b73-ac02-e13ff1febe09 service placement] 10.222.0.57 "GET /placement/allocations/f268689a-b249-4de0-b871-14f33b853eb6" status: 200 len: 259 microversion: 1.28
May 18 04:46:51.411827 n-d-764292-35 devstack@placement-api.service[112009]: [pid: 112009|app: 0|req: 152/311] 10.222.0.57 () {60 vars in 1377 bytes} [Wed May 18 04:46:51 2022] GET /placement/allocations/f268689a-b249-4de0-b871-14f33b853eb6 => generated 259 bytes in 24 msecs (HTTP/1.1 200) 8 headers in 296 bytes (1 switches on core 0)
May 18 04:46:51.428921 n-d-764292-35 devstack@placement-api.service[112008]: DEBUG placement.requestlog [req-47fedb61-b9f9-4cf0-948c-c02c66fd6952 req-0f3e0156-9af1-452c-8908-df7f25e8f508 None None] Starting request: 10.222.0.57 "GET /placement/allocations/f268689a-b249-4de0-b871-14f33b853eb6" {{(pid=112008) __call__ /opt/stack/placement/placement/requestlog.py:55}}
May 18 04:46:51.452551 n-d-764292-35 devstack@placement-api.service[112008]: INFO placement.requestlog [req-47fedb61-b9f9-4cf0-948c-c02c66fd6952 req-0f3e0156-9af1-452c-8908-df7f25e8f508 service placement] 10.222.0.57 "GET /placement/allocations/f268689a-b249-4de0-b871-14f33b853eb6" status: 200 len: 259 microversion: 1.28
May 18 04:46:51.454820 n-d-764292-35 devstack@placement-api.service[112008]: [pid: 112008|app: 0|req: 160/312] 10.222.0.57 () {60 vars in 1377 bytes} [Wed May 18 04:46:51 2022] GET /placement/allocations/f268689a-b249-4de0-b871-14f33b853eb6 => generated 259 bytes in 27 msecs (HTTP/1.1 200) 8 headers in 296 bytes (1 switches on core 0)
May 18 04:46:51.461496 n-d-764292-35 devstack@placement-api.service[112009]: DEBUG placement.requestlog [req-47fedb61-b9f9-4cf0-948c-c02c66fd6952 req-13dfa19b-5e2f-4d2d-9e6c-e0418d03a732 None None] Starting request: 10.222.0.57 "GET /placement/allocations/6dd8d17a-d0e4-4003-b4da-307b03589467" {{(pid=112009) __call__ /opt/stack/placement/placement/requestlog.py:55}}
May 18 04:46:51.499909 n-d-764292-35 devstack@placement-api.service[112009]: INFO placement.requestlog [req-47fedb61-b9f9-4cf0-948c-c02c66fd6952 req-13dfa19b-5e2f-4d2d-9e6c-e0418d03a732 service placement] 10.222.0.57 "GET /placement/allocations/6dd8d17a-d0e4-4003-b4da-307b03589467" status: 200 len: 258 microversion: 1.28
May 18 04:46:51.500575 n-d-764292-35 devstack@placement-api.service[112009]: [pid: 112009|app: 0|req: 153/313] 10.222.0.57 () {60 vars in 1377 bytes} [Wed May 18 04:46:51 2022] GET /placement/allocations/6dd8d17a-d0e4-4003-b4da-307b03589467 => generated 258 bytes in 39 msecs (HTTP/1.1 200) 8 headers in 296 bytes (1 switches on core 0)
May 18 04:46:51.511673 n-d-764292-35 devstack@placement-api.service[112008]: DEBUG placement.requestlog [req-47fedb61-b9f9-4cf0-948c-c02c66fd6952 req-23d56772-a29b-4c2a-82a7-0c52a2de8028 None None] Starting request: 10.222.0.57 "POST /placement/allocations" {{(pid=112008) __call__ /opt/stack/placement/placement/requestlog.py:55}}
May 18 04:46:51.652511 n-d-764292-35 devstack@placement-api.service[112008]: DEBUG placement.handlers.allocation [req-47fedb61-b9f9-4cf0-948c-c02c66fd6952 req-23d56772-a29b-4c2a-82a7-0c52a2de8028 service placement] Successfully wrote allocations [, , , , , ] {{(pid=112008) _update_consumers_and_create_allocations /opt/stack/placement/placement/handlers/allocation.py:572}}
May 18 04:46:51.725288 n-d-764292-35 devstack@placement-api.service[112008]: INFO placement.requestlog [req-47fedb61-b9f9-4cf0-948c-c02c66fd6952 req-23d56772-a29b-4c2a-82a7-0c52a2de8028 service placement] 10.222.0.57 "POST /placement/allocations" status: 204 len: 0 microversion: 1.28
May 18 04:46:51.725707 n-d-764292-35 devstack@placement-api.service[112008]: [pid: 112008|app: 0|req: 161/314] 10.222.0.57 () {64 vars in 1320 bytes} [Wed May 18 04:46:51 2022] POST /placement/allocations => generated 0 bytes in 214 msecs (HTTP/1.1 204) 5 headers in 199 bytes (1 switches on core 0)
May 18 04:46:55.265166 n-d-764292-35 devstack@placement-api.service[112009]: DEBUG placement.requestlog [req-d8f7dd64-5d6d-40ef-9146-b3d3b7eae6c1 req-43934137-a83b-4bca-8fd9-f04ba9c9c7fd None None] Starting request: 10.222.0.49 "DELETE /placement/allocations/8c1c1e86-f784-4b3f-b164-649c03cc8a19" {{(pid=112009) __call__ /opt/stack/placement/placement/requestlog.py:55}}
May 18 04:46:55.277095 n-d-764292-35 devstack@placement-api.service[112009]: DEBUG dbcounter [-] [112009] Writing DB stats placement:SELECT=62,placement:INSERT=6,placement:DELETE=2,placement:UPDATE=2 {{(pid=112009) stat_writer /usr/local/lib/python3.8/dist-packages/dbcounter.py:114}}
May 18 04:46:55.506297 n-d-764292-35 devstack@placement-api.service[112009]: DEBUG placement.handlers.allocation [req-d8f7dd64-5d6d-40ef-9146-b3d3b7eae6c1 req-43934137-a83b-4bca-8fd9-f04ba9c9c7fd service placement] Successfully deleted allocations [, , ] {{(pid=112009) delete_allocations /opt/stack/placement/placement/handlers/allocation.py:627}}
May 18 04:46:55.507106 n-d-764292-35 devstack@placement-api.service[112009]: INFO placement.requestlog [req-d8f7dd64-5d6d-40ef-9146-b3d3b7eae6c1 req-43934137-a83b-4bca-8fd9-f04ba9c9c7fd service placement] 10.222.0.49 "DELETE /placement/allocations/8c1c1e86-f784-4b3f-b164-649c03cc8a19" status: 204 len: 0 microversion: 1.0
May 18 04:46:55.507783 n-d-764292-35 devstack@placement-api.service[112009]: [pid: 112009|app: 0|req: 154/315] 10.222.0.49 () {60 vars in 1355 bytes} [Wed May 18 04:46:55 2022] DELETE /placement/allocations/8c1c1e86-f784-4b3f-b164-649c03cc8a19 => generated 0 bytes in 243 msecs (HTTP/1.1 204) 5 headers in 198 bytes (1 switches on core 0)
May 18 04:47:01.658711 n-d-764292-35 devstack@placement-api.service[112008]: DEBUG dbcounter [-] [112008] Writing DB stats placement:SELECT=44,placement:INSERT=9,placement:DELETE=5,placement:UPDATE=5 {{(pid=112008) stat_writer /usr/local/lib/python3.8/dist-packages/dbcounter.py:114}}
May 18 04:47:06.081327 n-d-764292-35 devstack@placement-api.service[112008]: DEBUG placement.requestlog [req-31e97899-fd71-4018-844a-2f5ab6d830df req-3a336f51-f08e-4c41-964f-4be215ef3828 None None] Starting request: 10.222.0.36 "GET /placement/allocation_candidates?limit=1000&resources=DISK_GB%3A1%2CMEMORY_MB%3A1024%2CVCPU%3A1&root_required=%21COMPUTE_STATUS_DISABLED" {{(pid=112008) __call__ /opt/stack/placement/placement/requestlog.py:55}}
May 18 04:47:06.223427 n-d-764292-35 devstack@placement-api.service[112009]: DEBUG placement.requestlog [req-d6a2c562-1b23-4c2f-b9c0-8cceb3fc5466 req-1cd417cd-68dd-4f79-afc5-a1d5b4c3b7b4 None None] Starting request: 10.222.0.49 "GET /placement/resource_providers/a4fbffdb-6060-4cdd-ba09-f8e6e6992fca/allocations" {{(pid=112009) __call__ /opt/stack/placement/placement/requestlog.py:55}}
May 18 04:47:06.264652 n-d-764292-35 devstack@placement-api.service[112009]: INFO placement.requestlog [req-d6a2c562-1b23-4c2f-b9c0-8cceb3fc5466 req-1cd417cd-68dd-4f79-afc5-a1d5b4c3b7b4 service placement] 10.222.0.49 "GET /placement/resource_providers/a4fbffdb-6060-4cdd-ba09-f8e6e6992fca/allocations" status: 200 len: 658 microversion: 1.0
May 18 04:47:06.265630 n-d-764292-35 devstack@placement-api.service[112009]: [pid: 112009|app: 0|req: 155/316] 10.222.0.49 () {58 vars in 1390 bytes} [Wed May 18 04:47:06 2022] GET /placement/resource_providers/a4fbffdb-6060-4cdd-ba09-f8e6e6992fca/allocations => generated 658 bytes in 42 msecs (HTTP/1.1 200) 6 headers in 224 bytes (1 switches on core 0)
May 18 04:47:06.407174 n-d-764292-35 devstack@placement-api.service[112008]: DEBUG placement.objects.research_context [req-31e97899-fd71-4018-844a-2f5ab6d830df req-3a336f51-f08e-4c41-964f-4be215ef3828 service placement] getting providers with 1 DISK_GB {{(pid=112008) __init__ /opt/stack/placement/placement/objects/research_context.py:136}}
May 18 04:47:06.414148 n-d-764292-35 devstack@placement-api.service[112008]: DEBUG placement.objects.research_context [req-31e97899-fd71-4018-844a-2f5ab6d830df req-3a336f51-f08e-4c41-964f-4be215ef3828 service placement] getting providers with 1024 MEMORY_MB {{(pid=112008) __init__ /opt/stack/placement/placement/objects/research_context.py:136}}
May 18 04:47:06.419673 n-d-764292-35 devstack@placement-api.service[112008]: DEBUG placement.objects.research_context [req-31e97899-fd71-4018-844a-2f5ab6d830df req-3a336f51-f08e-4c41-964f-4be215ef3828 service placement] getting providers with 1 VCPU {{(pid=112008) __init__ /opt/stack/placement/placement/objects/research_context.py:136}}
May 18 04:47:06.427929 n-d-764292-35 devstack@placement-api.service[112008]: DEBUG placement.objects.research_context [req-31e97899-fd71-4018-844a-2f5ab6d830df req-3a336f51-f08e-4c41-964f-4be215ef3828 service placement] found 2 providers with available 1 DISK_GB {{(pid=112008) get_provider_ids_matching /opt/stack/placement/placement/objects/research_context.py:563}}
May 18 04:47:06.428295 n-d-764292-35 devstack@placement-api.service[112008]: DEBUG placement.objects.research_context [req-31e97899-fd71-4018-844a-2f5ab6d830df req-3a336f51-f08e-4c41-964f-4be215ef3828 service placement] found 2 providers with available 1024 MEMORY_MB {{(pid=112008) get_provider_ids_matching /opt/stack/placement/placement/objects/research_context.py:563}}
May 18 04:47:06.428638 n-d-764292-35 devstack@placement-api.service[112008]: DEBUG placement.objects.research_context [req-31e97899-fd71-4018-844a-2f5ab6d830df req-3a336f51-f08e-4c41-964f-4be215ef3828 service placement] found 2 providers after filtering by previous result {{(pid=112008) get_provider_ids_matching /opt/stack/placement/placement/objects/research_context.py:594}}
May 18 04:47:06.428965 n-d-764292-35 devstack@placement-api.service[112008]: DEBUG placement.objects.research_context [req-31e97899-fd71-4018-844a-2f5ab6d830df req-3a336f51-f08e-4c41-964f-4be215ef3828 service placement] found 2 providers with available 1 VCPU {{(pid=112008) get_provider_ids_matching /opt/stack/placement/placement/objects/research_context.py:563}}
May 18 04:47:06.429287 n-d-764292-35 devstack@placement-api.service[112008]: DEBUG placement.objects.research_context [req-31e97899-fd71-4018-844a-2f5ab6d830df req-3a336f51-f08e-4c41-964f-4be215ef3828 service placement] found 2 providers after filtering by previous result {{(pid=112008) get_provider_ids_matching /opt/stack/placement/placement/objects/research_context.py:594}}
May 18 04:47:06.443443 n-d-764292-35 devstack@placement-api.service[112008]: DEBUG placement.objects.allocation_candidate [req-31e97899-fd71-4018-844a-2f5ab6d830df req-3a336f51-f08e-4c41-964f-4be215ef3828 service placement] RequestGroup(use_same_provider=False, resources={DISK_GB:1, MEMORY_MB:1024, VCPU:1}, traits=(), aggregates=[]) (suffix '') returned 2 matches {{(pid=112008) _get_by_requests /opt/stack/placement/placement/objects/allocation_candidate.py:156}}
May 18 04:47:06.444352 n-d-764292-35 devstack@placement-api.service[112008]: DEBUG placement.objects.allocation_candidate [req-31e97899-fd71-4018-844a-2f5ab6d830df req-3a336f51-f08e-4c41-964f-4be215ef3828 service placement] Merging candidates yields 2 allocation requests and 2 provider summaries {{(pid=112008) _merge_candidates /opt/stack/placement/placement/objects/allocation_candidate.py:809}}
May 18 04:47:06.446095 n-d-764292-35 devstack@placement-api.service[112008]: INFO placement.requestlog [req-31e97899-fd71-4018-844a-2f5ab6d830df req-3a336f51-f08e-4c41-964f-4be215ef3828 service placement] 10.222.0.36 "GET /placement/allocation_candidates?limit=1000&resources=DISK_GB%3A1%2CMEMORY_MB%3A1024%2CVCPU%3A1&root_required=%21COMPUTE_STATUS_DISABLED" status: 200 len: 1309 microversion: 1.36
May 18 04:47:06.448765 n-d-764292-35 devstack@placement-api.service[112008]: [pid: 112008|app: 0|req: 162/317] 10.222.0.36 () {60 vars in 1506 bytes} [Wed May 18 04:47:06 2022] GET /placement/allocation_candidates?limit=1000&resources=DISK_GB%3A1%2CMEMORY_MB%3A1024%2CVCPU%3A1&root_required=%21COMPUTE_STATUS_DISABLED => generated 1309 bytes in 368 msecs (HTTP/1.1 200) 8 headers in 297 bytes (1 switches on core 0)
May 18 04:47:06.527672 n-d-764292-35 devstack@placement-api.service[112009]: DEBUG placement.requestlog [req-31e97899-fd71-4018-844a-2f5ab6d830df req-4ddff9da-ef23-4972-a161-b7c22611da54 None None] Starting request: 10.222.0.36 "GET /placement/allocations/bbfc8a17-e7f4-495a-b388-1280014e6ddb" {{(pid=112009) __call__ /opt/stack/placement/placement/requestlog.py:55}}
May 18 04:47:06.541084 n-d-764292-35 devstack@placement-api.service[112009]: INFO placement.requestlog [req-31e97899-fd71-4018-844a-2f5ab6d830df req-4ddff9da-ef23-4972-a161-b7c22611da54 service placement] 10.222.0.36 "GET /placement/allocations/bbfc8a17-e7f4-495a-b388-1280014e6ddb" status: 200 len: 19 microversion: 1.28
May 18 04:47:06.542225 n-d-764292-35 devstack@placement-api.service[112009]: [pid: 112009|app: 0|req: 156/318] 10.222.0.36 () {60 vars in 1380 bytes} [Wed May 18 04:47:06 2022] GET /placement/allocations/bbfc8a17-e7f4-495a-b388-1280014e6ddb => generated 19 bytes in 15 msecs (HTTP/1.1 200) 8 headers in 295 bytes (1 switches on core 0)
May 18 04:47:06.549058 n-d-764292-35 devstack@placement-api.service[112008]: DEBUG placement.requestlog [req-31e97899-fd71-4018-844a-2f5ab6d830df req-a9f48c76-021e-4228-a594-089ecfc5f90d None None] Starting request: 10.222.0.36 "PUT /placement/allocations/bbfc8a17-e7f4-495a-b388-1280014e6ddb" {{(pid=112008) __call__ /opt/stack/placement/placement/requestlog.py:55}}
May 18 04:47:06.696244 n-d-764292-35 devstack@placement-api.service[112008]: DEBUG placement.handlers.allocation [req-31e97899-fd71-4018-844a-2f5ab6d830df req-a9f48c76-021e-4228-a594-089ecfc5f90d service placement] Successfully wrote allocations [, , ] {{(pid=112008) _update_consumers_and_create_allocations /opt/stack/placement/placement/handlers/allocation.py:462}}
May 18 04:47:06.797470 n-d-764292-35 devstack@placement-api.service[112009]: DEBUG placement.requestlog [req-d6a2c562-1b23-4c2f-b9c0-8cceb3fc5466 req-0390850f-71f9-45c9-927d-0df3433714ef None None] Starting request: 10.222.0.49 "GET /placement/allocations/d1f98e1f-d875-4c86-8757-91d033c91c22" {{(pid=112009) __call__ /opt/stack/placement/placement/requestlog.py:55}}
May 18 04:47:06.823688 n-d-764292-35 devstack@placement-api.service[112009]: INFO placement.requestlog [req-d6a2c562-1b23-4c2f-b9c0-8cceb3fc5466 req-0390850f-71f9-45c9-927d-0df3433714ef service placement] 10.222.0.49 "GET /placement/allocations/d1f98e1f-d875-4c86-8757-91d033c91c22" status: 200 len: 259 microversion: 1.28
May 18 04:47:06.824534 n-d-764292-35 devstack@placement-api.service[112009]: [pid: 112009|app: 0|req: 157/319] 10.222.0.49 () {60 vars in 1377 bytes} [Wed May 18 04:47:06 2022] GET /placement/allocations/d1f98e1f-d875-4c86-8757-91d033c91c22 => generated 259 bytes in 27 msecs (HTTP/1.1 200) 8 headers in 296 bytes (1 switches on core 0)
May 18 04:47:06.827060 n-d-764292-35 devstack@placement-api.service[112008]: INFO placement.requestlog [req-31e97899-fd71-4018-844a-2f5ab6d830df req-a9f48c76-021e-4228-a594-089ecfc5f90d service placement] 10.222.0.36 "PUT /placement/allocations/bbfc8a17-e7f4-495a-b388-1280014e6ddb" status: 204 len: 0 microversion: 1.36
May 18 04:47:06.827705 n-d-764292-35 devstack@placement-api.service[112008]: [pid: 112008|app: 0|req: 163/320] 10.222.0.36 () {64 vars in 1433 bytes} [Wed May 18 04:47:06 2022] PUT /placement/allocations/bbfc8a17-e7f4-495a-b388-1280014e6ddb => generated 0 bytes in 280 msecs (HTTP/1.1 204) 5 headers in 199 bytes (1 switches on core 0)
May 18 04:47:06.837881 n-d-764292-35 devstack@placement-api.service[112009]: DEBUG placement.requestlog [req-d6a2c562-1b23-4c2f-b9c0-8cceb3fc5466 req-142c5039-231d-4dde-857c-e293dcd445e4 None None] Starting request: 10.222.0.49 "PUT /placement/allocations/d1f98e1f-d875-4c86-8757-91d033c91c22" {{(pid=112009) __call__ /opt/stack/placement/placement/requestlog.py:55}}
May 18 04:47:06.977863 n-d-764292-35 devstack@placement-api.service[112009]: DEBUG placement.handlers.allocation [req-d6a2c562-1b23-4c2f-b9c0-8cceb3fc5466 req-142c5039-231d-4dde-857c-e293dcd445e4 service placement] Successfully wrote allocations [, , ] {{(pid=112009) _update_consumers_and_create_allocations /opt/stack/placement/placement/handlers/allocation.py:462}}
May 18 04:47:07.125307 n-d-764292-35 devstack@placement-api.service[112009]: INFO placement.requestlog [req-d6a2c562-1b23-4c2f-b9c0-8cceb3fc5466 req-142c5039-231d-4dde-857c-e293dcd445e4 service placement] 10.222.0.49 "PUT /placement/allocations/d1f98e1f-d875-4c86-8757-91d033c91c22" status: 204 len: 0 microversion: 1.28
May 18 04:47:07.125892 n-d-764292-35 devstack@placement-api.service[112009]: [pid: 112009|app: 0|req: 158/321] 10.222.0.49 () {64 vars in 1430 bytes} [Wed May 18 04:47:06 2022] PUT /placement/allocations/d1f98e1f-d875-4c86-8757-91d033c91c22 => generated 0 bytes in 292 msecs (HTTP/1.1 204) 5 headers in 199 bytes (1 switches on core 0)
May 18 04:47:07.647924 n-d-764292-35 devstack@placement-api.service[112008]: DEBUG placement.requestlog [req-1c0e4d6c-29d8-4931-b978-477210b0c3ba req-c1094673-b9a9-4888-968f-c2397bfc54c4 None None] Starting request: 10.222.0.36 "GET /placement/allocation_candidates?limit=1000&resources=DISK_GB%3A1%2CMEMORY_MB%3A1024%2CVCPU%3A1&root_required=%21COMPUTE_STATUS_DISABLED" {{(pid=112008) __call__ /opt/stack/placement/placement/requestlog.py:55}}
May 18 04:47:07.736620 n-d-764292-35 devstack@placement-api.service[112008]: DEBUG placement.objects.research_context [req-1c0e4d6c-29d8-4931-b978-477210b0c3ba req-c1094673-b9a9-4888-968f-c2397bfc54c4 service placement] getting providers with 1 DISK_GB {{(pid=112008) __init__ /opt/stack/placement/placement/objects/research_context.py:136}}
May 18 04:47:07.751625 n-d-764292-35 devstack@placement-api.service[112008]: DEBUG placement.objects.research_context [req-1c0e4d6c-29d8-4931-b978-477210b0c3ba req-c1094673-b9a9-4888-968f-c2397bfc54c4 service placement] getting providers with 1024 MEMORY_MB {{(pid=112008) __init__ /opt/stack/placement/placement/objects/research_context.py:136}}
May 18 04:47:07.761425 n-d-764292-35 devstack@placement-api.service[112008]: DEBUG placement.objects.research_context [req-1c0e4d6c-29d8-4931-b978-477210b0c3ba req-c1094673-b9a9-4888-968f-c2397bfc54c4 service placement] getting providers with 1 VCPU {{(pid=112008) __init__ /opt/stack/placement/placement/objects/research_context.py:136}}
May 18 04:47:07.772261 n-d-764292-35 devstack@placement-api.service[112008]: DEBUG placement.objects.research_context [req-1c0e4d6c-29d8-4931-b978-477210b0c3ba req-c1094673-b9a9-4888-968f-c2397bfc54c4 service placement] found 2 providers with available 1 DISK_GB {{(pid=112008) get_provider_ids_matching /opt/stack/placement/placement/objects/research_context.py:563}}
May 18 04:47:07.772367 n-d-764292-35 devstack@placement-api.service[112008]: DEBUG placement.objects.research_context [req-1c0e4d6c-29d8-4931-b978-477210b0c3ba req-c1094673-b9a9-4888-968f-c2397bfc54c4 service placement] found 2 providers with available 1024 MEMORY_MB {{(pid=112008) get_provider_ids_matching /opt/stack/placement/placement/objects/research_context.py:563}}
May 18 04:47:07.772584 n-d-764292-35 devstack@placement-api.service[112008]: DEBUG placement.objects.research_context [req-1c0e4d6c-29d8-4931-b978-477210b0c3ba req-c1094673-b9a9-4888-968f-c2397bfc54c4 service placement] found 2 providers after filtering by previous result {{(pid=112008) get_provider_ids_matching /opt/stack/placement/placement/objects/research_context.py:594}}
May 18 04:47:07.775378 n-d-764292-35 devstack@placement-api.service[112008]: DEBUG placement.objects.research_context [req-1c0e4d6c-29d8-4931-b978-477210b0c3ba req-c1094673-b9a9-4888-968f-c2397bfc54c4 service placement] found 2 providers with available 1 VCPU {{(pid=112008) get_provider_ids_matching /opt/stack/placement/placement/objects/research_context.py:563}}
May 18 04:47:07.775840 n-d-764292-35 devstack@placement-api.service[112008]: DEBUG placement.objects.research_context [req-1c0e4d6c-29d8-4931-b978-477210b0c3ba req-c1094673-b9a9-4888-968f-c2397bfc54c4 service placement] found 2 providers after filtering by previous result {{(pid=112008) get_provider_ids_matching /opt/stack/placement/placement/objects/research_context.py:594}}
May 18 04:47:07.805104 n-d-764292-35 devstack@placement-api.service[112008]: DEBUG placement.objects.allocation_candidate [req-1c0e4d6c-29d8-4931-b978-477210b0c3ba req-c1094673-b9a9-4888-968f-c2397bfc54c4 service placement] RequestGroup(use_same_provider=False, resources={DISK_GB:1, MEMORY_MB:1024, VCPU:1}, traits=(), aggregates=[]) (suffix '') returned 2 matches {{(pid=112008) _get_by_requests /opt/stack/placement/placement/objects/allocation_candidate.py:156}}
May 18 04:47:07.806846 n-d-764292-35 devstack@placement-api.service[112008]: DEBUG placement.objects.allocation_candidate [req-1c0e4d6c-29d8-4931-b978-477210b0c3ba req-c1094673-b9a9-4888-968f-c2397bfc54c4 service placement] Merging candidates yields 2 allocation requests and 2 provider summaries {{(pid=112008) _merge_candidates /opt/stack/placement/placement/objects/allocation_candidate.py:809}}
May 18 04:47:07.811103 n-d-764292-35 devstack@placement-api.service[112008]: INFO placement.requestlog [req-1c0e4d6c-29d8-4931-b978-477210b0c3ba req-c1094673-b9a9-4888-968f-c2397bfc54c4 service placement] 10.222.0.36 "GET /placement/allocation_candidates?limit=1000&resources=DISK_GB%3A1%2CMEMORY_MB%3A1024%2CVCPU%3A1&root_required=%21COMPUTE_STATUS_DISABLED" status: 200 len: 1309 microversion: 1.36
May 18 04:47:07.812189 n-d-764292-35 devstack@placement-api.service[112008]: [pid: 112008|app: 0|req: 164/322] 10.222.0.36 () {60 vars in 1506 bytes} [Wed May 18 04:47:07 2022] GET /placement/allocation_candidates?limit=1000&resources=DISK_GB%3A1%2CMEMORY_MB%3A1024%2CVCPU%3A1&root_required=%21COMPUTE_STATUS_DISABLED => generated 1309 bytes in 164 msecs (HTTP/1.1 200) 8 headers in 297 bytes (1 switches on core 0)
May 18 04:47:07.917543 n-d-764292-35 devstack@placement-api.service[112009]: DEBUG placement.requestlog [req-1c0e4d6c-29d8-4931-b978-477210b0c3ba req-6cfb3eb4-0f6c-4627-9556-7ddd2dfc2ad5 None None] Starting request: 10.222.0.36 "GET /placement/allocations/0dd1912e-66fc-4f54-a091-b40703b259ba" {{(pid=112009) __call__ /opt/stack/placement/placement/requestlog.py:55}}
May 18 04:47:07.957960 n-d-764292-35 devstack@placement-api.service[112009]: INFO placement.requestlog [req-1c0e4d6c-29d8-4931-b978-477210b0c3ba req-6cfb3eb4-0f6c-4627-9556-7ddd2dfc2ad5 service placement] 10.222.0.36 "GET /placement/allocations/0dd1912e-66fc-4f54-a091-b40703b259ba" status: 200 len: 19 microversion: 1.28
May 18 04:47:07.963004 n-d-764292-35 devstack@placement-api.service[112009]: [pid: 112009|app: 0|req: 159/323] 10.222.0.36 () {60 vars in 1380 bytes} [Wed May 18 04:47:07 2022] GET /placement/allocations/0dd1912e-66fc-4f54-a091-b40703b259ba => generated 19 bytes in 46 msecs (HTTP/1.1 200) 8 headers in 295 bytes (1 switches on core 0)
May 18 04:47:07.969832 n-d-764292-35 devstack@placement-api.service[112008]: DEBUG placement.requestlog [req-1c0e4d6c-29d8-4931-b978-477210b0c3ba req-45f97e18-7516-4e32-91f5-f2aa45ae343a None None] Starting request: 10.222.0.36 "PUT /placement/allocations/0dd1912e-66fc-4f54-a091-b40703b259ba" {{(pid=112008) __call__ /opt/stack/placement/placement/requestlog.py:55}}
May 18 04:47:08.197942 n-d-764292-35 devstack@placement-api.service[112008]: DEBUG placement.handlers.allocation [req-1c0e4d6c-29d8-4931-b978-477210b0c3ba req-45f97e18-7516-4e32-91f5-f2aa45ae343a service placement] Successfully wrote allocations [, , ] {{(pid=112008) _update_consumers_and_create_allocations /opt/stack/placement/placement/handlers/allocation.py:462}}
May 18 04:47:08.273776 n-d-764292-35 devstack@placement-api.service[112008]: INFO placement.requestlog [req-1c0e4d6c-29d8-4931-b978-477210b0c3ba req-45f97e18-7516-4e32-91f5-f2aa45ae343a service placement] 10.222.0.36 "PUT /placement/allocations/0dd1912e-66fc-4f54-a091-b40703b259ba" status: 204 len: 0 microversion: 1.36
May 18 04:47:08.275686 n-d-764292-35 devstack@placement-api.service[112008]: [pid: 112008|app: 0|req: 165/324] 10.222.0.36 () {64 vars in 1433 bytes} [Wed May 18 04:47:07 2022] PUT /placement/allocations/0dd1912e-66fc-4f54-a091-b40703b259ba => generated 0 bytes in 306 msecs (HTTP/1.1 204) 5 headers in 199 bytes (1 switches on core 0)
May 18 04:47:09.467729 n-d-764292-35 devstack@placement-api.service[112009]: DEBUG placement.requestlog [req-31e97899-fd71-4018-844a-2f5ab6d830df req-51bcd18f-9151-4e91-b1b1-55109eafb6d2 None None] Starting request: 10.222.0.49 "GET /placement/allocations/bbfc8a17-e7f4-495a-b388-1280014e6ddb" {{(pid=112009) __call__ /opt/stack/placement/placement/requestlog.py:55}}
May 18 04:47:09.484320 n-d-764292-35 devstack@placement-api.service[112009]: INFO placement.requestlog [req-31e97899-fd71-4018-844a-2f5ab6d830df req-51bcd18f-9151-4e91-b1b1-55109eafb6d2 service placement] 10.222.0.49 "GET /placement/allocations/bbfc8a17-e7f4-495a-b388-1280014e6ddb" status: 200 len: 259 microversion: 1.28
May 18 04:47:09.484988 n-d-764292-35 devstack@placement-api.service[112009]: [pid: 112009|app: 0|req: 160/325] 10.222.0.49 () {60 vars in 1377 bytes} [Wed May 18 04:47:09 2022] GET /placement/allocations/bbfc8a17-e7f4-495a-b388-1280014e6ddb => generated 259 bytes in 18 msecs (HTTP/1.1 200) 8 headers in 296 bytes (1 switches on core 0)
May 18 04:47:09.885184 n-d-764292-35 devstack@placement-api.service[112008]: DEBUG placement.requestlog [req-1c0e4d6c-29d8-4931-b978-477210b0c3ba req-33db5bbb-4342-4feb-bc20-fbcc442bb160 None None] Starting request: 10.222.0.49 "GET /placement/allocations/0dd1912e-66fc-4f54-a091-b40703b259ba" {{(pid=112008) __call__ /opt/stack/placement/placement/requestlog.py:55}}
May 18 04:47:09.909429 n-d-764292-35 devstack@placement-api.service[112008]: INFO placement.requestlog [req-1c0e4d6c-29d8-4931-b978-477210b0c3ba req-33db5bbb-4342-4feb-bc20-fbcc442bb160 service placement] 10.222.0.49 "GET /placement/allocations/0dd1912e-66fc-4f54-a091-b40703b259ba" status: 200 len: 259 microversion: 1.28
May 18 04:47:09.910362 n-d-764292-35 devstack@placement-api.service[112008]: [pid: 112008|app: 0|req: 166/326] 10.222.0.49 () {60 vars in 1377 bytes} [Wed May 18 04:47:09 2022] GET /placement/allocations/0dd1912e-66fc-4f54-a091-b40703b259ba => generated 259 bytes in 27 msecs (HTTP/1.1 200) 8 headers in 296 bytes (1 switches on core 0)
May 18 04:47:16.739392 n-d-764292-35 devstack@placement-api.service[112009]: DEBUG placement.requestlog [req-2af52d46-a96d-4e94-84f2-667525d47792 req-47c4e8bc-debc-4f7c-97e8-b10ca75818a3 None None] Starting request: 10.222.0.49 "DELETE /placement/allocations/d6074a36-895a-436d-b334-9ff3e57a6041" {{(pid=112009) __call__ /opt/stack/placement/placement/requestlog.py:55}}
May 18 04:47:16.963460 n-d-764292-35 devstack@placement-api.service[112008]: DEBUG placement.requestlog [req-93cef42c-cfa8-4f1e-85f6-1f45fb692ce6 req-3cebae57-dc66-4f97-877c-6efe1d4007c3 None None] Starting request: 10.222.0.36 "GET /placement/allocation_candidates?limit=1000&resources=MEMORY_MB%3A1024%2CVCPU%3A1&root_required=%21COMPUTE_STATUS_DISABLED" {{(pid=112008) __call__ /opt/stack/placement/placement/requestlog.py:55}}
May 18 04:47:17.000092 n-d-764292-35 devstack@placement-api.service[112009]: DEBUG placement.handlers.allocation [req-2af52d46-a96d-4e94-84f2-667525d47792 req-47c4e8bc-debc-4f7c-97e8-b10ca75818a3 service placement] Successfully deleted allocations [, , ] {{(pid=112009) delete_allocations /opt/stack/placement/placement/handlers/allocation.py:627}}
May 18 04:47:17.001275 n-d-764292-35 devstack@placement-api.service[112009]: INFO placement.requestlog [req-2af52d46-a96d-4e94-84f2-667525d47792 req-47c4e8bc-debc-4f7c-97e8-b10ca75818a3 service placement] 10.222.0.49 "DELETE /placement/allocations/d6074a36-895a-436d-b334-9ff3e57a6041" status: 204 len: 0 microversion: 1.0
May 18 04:47:17.003048 n-d-764292-35 devstack@placement-api.service[112009]: [pid: 112009|app: 0|req: 161/327] 10.222.0.49 () {60 vars in 1355 bytes} [Wed May 18 04:47:16 2022] DELETE /placement/allocations/d6074a36-895a-436d-b334-9ff3e57a6041 => generated 0 bytes in 264 msecs (HTTP/1.1 204) 5 headers in 198 bytes (2 switches on core 0)
May 18 04:47:17.022197 n-d-764292-35 devstack@placement-api.service[112008]: DEBUG placement.objects.research_context [req-93cef42c-cfa8-4f1e-85f6-1f45fb692ce6 req-3cebae57-dc66-4f97-877c-6efe1d4007c3 service placement] getting providers with 1024 MEMORY_MB {{(pid=112008) __init__ /opt/stack/placement/placement/objects/research_context.py:136}}
May 18 04:47:17.042759 n-d-764292-35 devstack@placement-api.service[112008]: DEBUG placement.objects.research_context [req-93cef42c-cfa8-4f1e-85f6-1f45fb692ce6 req-3cebae57-dc66-4f97-877c-6efe1d4007c3 service placement] getting providers with 1 VCPU {{(pid=112008) __init__ /opt/stack/placement/placement/objects/research_context.py:136}}
May 18 04:47:17.049042 n-d-764292-35 devstack@placement-api.service[112008]: DEBUG placement.objects.research_context [req-93cef42c-cfa8-4f1e-85f6-1f45fb692ce6 req-3cebae57-dc66-4f97-877c-6efe1d4007c3 service placement] found 2 providers with available 1024 MEMORY_MB {{(pid=112008) get_provider_ids_matching /opt/stack/placement/placement/objects/research_context.py:563}}
May 18 04:47:17.049671 n-d-764292-35 devstack@placement-api.service[112008]: DEBUG placement.objects.research_context [req-93cef42c-cfa8-4f1e-85f6-1f45fb692ce6 req-3cebae57-dc66-4f97-877c-6efe1d4007c3 service placement] found 2 providers with available 1 VCPU {{(pid=112008) get_provider_ids_matching /opt/stack/placement/placement/objects/research_context.py:563}}
May 18 04:47:17.051151 n-d-764292-35 devstack@placement-api.service[112008]: DEBUG placement.objects.research_context [req-93cef42c-cfa8-4f1e-85f6-1f45fb692ce6 req-3cebae57-dc66-4f97-877c-6efe1d4007c3 service placement] found 2 providers after filtering by previous result {{(pid=112008) get_provider_ids_matching /opt/stack/placement/placement/objects/research_context.py:594}}
May 18 04:47:17.065727 n-d-764292-35 devstack@placement-api.service[112008]: DEBUG placement.objects.allocation_candidate [req-93cef42c-cfa8-4f1e-85f6-1f45fb692ce6 req-3cebae57-dc66-4f97-877c-6efe1d4007c3 service placement] RequestGroup(use_same_provider=False, resources={MEMORY_MB:1024, VCPU:1}, traits=(), aggregates=[]) (suffix '') returned 2 matches {{(pid=112008) _get_by_requests /opt/stack/placement/placement/objects/allocation_candidate.py:156}}
May 18 04:47:17.066372 n-d-764292-35 devstack@placement-api.service[112008]: DEBUG placement.objects.allocation_candidate [req-93cef42c-cfa8-4f1e-85f6-1f45fb692ce6 req-3cebae57-dc66-4f97-877c-6efe1d4007c3 service placement] Merging candidates yields 2 allocation requests and 2 provider summaries {{(pid=112008) _merge_candidates /opt/stack/placement/placement/objects/allocation_candidate.py:809}}
May 18 04:47:17.069318 n-d-764292-35 devstack@placement-api.service[112008]: INFO placement.requestlog [req-93cef42c-cfa8-4f1e-85f6-1f45fb692ce6 req-3cebae57-dc66-4f97-877c-6efe1d4007c3 service placement] 10.222.0.36 "GET /placement/allocation_candidates?limit=1000&resources=MEMORY_MB%3A1024%2CVCPU%3A1&root_required=%21COMPUTE_STATUS_DISABLED" status: 200 len: 1281 microversion: 1.36
May 18 04:47:17.077669 n-d-764292-35 devstack@placement-api.service[112008]: [pid: 112008|app: 0|req: 167/328] 10.222.0.36 () {60 vars in 1478 bytes} [Wed May 18 04:47:16 2022] GET /placement/allocation_candidates?limit=1000&resources=MEMORY_MB%3A1024%2CVCPU%3A1&root_required=%21COMPUTE_STATUS_DISABLED => generated 1281 bytes in 114 msecs (HTTP/1.1 200) 8 headers in 297 bytes (1 switches on core 0)
May 18 04:47:17.172704 n-d-764292-35 devstack@placement-api.service[112009]: DEBUG placement.requestlog [req-93cef42c-cfa8-4f1e-85f6-1f45fb692ce6 req-dae3bbbc-d527-446e-97bb-237f8e09baf3 None None] Starting request: 10.222.0.36 "GET /placement/allocations/856ad4c0-e1c2-4b2a-b8af-8a2270e59c21" {{(pid=112009) __call__ /opt/stack/placement/placement/requestlog.py:55}}
May 18 04:47:17.188146 n-d-764292-35 devstack@placement-api.service[112009]: INFO placement.requestlog [req-93cef42c-cfa8-4f1e-85f6-1f45fb692ce6 req-dae3bbbc-d527-446e-97bb-237f8e09baf3 service placement] 10.222.0.36 "GET /placement/allocations/856ad4c0-e1c2-4b2a-b8af-8a2270e59c21" status: 200 len: 19 microversion: 1.28
May 18 04:47:17.194845 n-d-764292-35 devstack@placement-api.service[112009]: [pid: 112009|app: 0|req: 162/329] 10.222.0.36 () {60 vars in 1380 bytes} [Wed May 18 04:47:17 2022] GET /placement/allocations/856ad4c0-e1c2-4b2a-b8af-8a2270e59c21 => generated 19 bytes in 22 msecs (HTTP/1.1 200) 8 headers in 295 bytes (1 switches on core 0)
May 18 04:47:17.195122 n-d-764292-35 devstack@placement-api.service[112008]: DEBUG placement.requestlog [req-93cef42c-cfa8-4f1e-85f6-1f45fb692ce6 req-9db217ba-689c-4036-8d76-f74a12fea90c None None] Starting request: 10.222.0.36 "PUT /placement/allocations/856ad4c0-e1c2-4b2a-b8af-8a2270e59c21" {{(pid=112008) __call__ /opt/stack/placement/placement/requestlog.py:55}}
May 18 04:47:17.391845 n-d-764292-35 devstack@placement-api.service[112008]: DEBUG dbcounter [-] [112008] Writing DB stats placement:SELECT=78,placement:INSERT=11,placement:DELETE=5,placement:UPDATE=6 {{(pid=112008) stat_writer /usr/local/lib/python3.8/dist-packages/dbcounter.py:114}}
May 18 04:47:17.391845 n-d-764292-35 devstack@placement-api.service[112008]: DEBUG placement.handlers.allocation [req-93cef42c-cfa8-4f1e-85f6-1f45fb692ce6 req-9db217ba-689c-4036-8d76-f74a12fea90c service placement] Successfully wrote allocations [, ] {{(pid=112008) _update_consumers_and_create_allocations /opt/stack/placement/placement/handlers/allocation.py:462}}
May 18 04:47:17.525778 n-d-764292-35 devstack@placement-api.service[112008]: INFO placement.requestlog [req-93cef42c-cfa8-4f1e-85f6-1f45fb692ce6 req-9db217ba-689c-4036-8d76-f74a12fea90c service placement] 10.222.0.36 "PUT /placement/allocations/856ad4c0-e1c2-4b2a-b8af-8a2270e59c21" status: 204 len: 0 microversion: 1.36
May 18 04:47:17.529483 n-d-764292-35 devstack@placement-api.service[112008]: [pid: 112008|app: 0|req: 168/330] 10.222.0.36 () {64 vars in 1433 bytes} [Wed May 18 04:47:17 2022] PUT /placement/allocations/856ad4c0-e1c2-4b2a-b8af-8a2270e59c21 => generated 0 bytes in 332 msecs (HTTP/1.1 204) 5 headers in 199 bytes (2 switches on core 0)
May 18 04:47:19.033045 n-d-764292-35 devstack@placement-api.service[112009]: DEBUG placement.requestlog [req-93cef42c-cfa8-4f1e-85f6-1f45fb692ce6 req-9a5d3740-ef4e-441c-9fca-6357459e598d None None] Starting request: 10.222.0.49 "GET /placement/allocations/856ad4c0-e1c2-4b2a-b8af-8a2270e59c21" {{(pid=112009) __call__ /opt/stack/placement/placement/requestlog.py:55}}
May 18 04:47:19.059102 n-d-764292-35 devstack@placement-api.service[112009]: INFO placement.requestlog [req-93cef42c-cfa8-4f1e-85f6-1f45fb692ce6 req-9a5d3740-ef4e-441c-9fca-6357459e598d service placement] 10.222.0.49 "GET /placement/allocations/856ad4c0-e1c2-4b2a-b8af-8a2270e59c21" status: 200 len: 245 microversion: 1.28
May 18 04:47:19.061417 n-d-764292-35 devstack@placement-api.service[112009]: [pid: 112009|app: 0|req: 163/331] 10.222.0.49 () {60 vars in 1377 bytes} [Wed May 18 04:47:19 2022] GET /placement/allocations/856ad4c0-e1c2-4b2a-b8af-8a2270e59c21 => generated 245 bytes in 39 msecs (HTTP/1.1 200) 8 headers in 296 bytes (1 switches on core 0)
May 18 04:47:26.609421 n-d-764292-35 devstack@placement-api.service[112008]: DEBUG placement.requestlog [req-6a5f33d4-c098-4338-830b-147633fdb8df req-6309e183-7dcf-4dfa-af85-76e7c617879d None None] Starting request: 10.222.0.36 "GET /placement/allocation_candidates?limit=1000&resources=DISK_GB%3A1%2CMEMORY_MB%3A1024%2CVCPU%3A1&root_required=%21COMPUTE_STATUS_DISABLED" {{(pid=112008) __call__ /opt/stack/placement/placement/requestlog.py:55}}
May 18 04:47:26.677945 n-d-764292-35 devstack@placement-api.service[112008]: DEBUG placement.objects.research_context [req-6a5f33d4-c098-4338-830b-147633fdb8df req-6309e183-7dcf-4dfa-af85-76e7c617879d service placement] getting providers with 1 DISK_GB {{(pid=112008) __init__ /opt/stack/placement/placement/objects/research_context.py:136}}
May 18 04:47:26.694530 n-d-764292-35 devstack@placement-api.service[112008]: DEBUG placement.objects.research_context [req-6a5f33d4-c098-4338-830b-147633fdb8df req-6309e183-7dcf-4dfa-af85-76e7c617879d service placement] getting providers with 1024 MEMORY_MB {{(pid=112008) __init__ /opt/stack/placement/placement/objects/research_context.py:136}}
May 18 04:47:26.708022 n-d-764292-35 devstack@placement-api.service[112008]: DEBUG placement.objects.research_context [req-6a5f33d4-c098-4338-830b-147633fdb8df req-6309e183-7dcf-4dfa-af85-76e7c617879d service placement] getting providers with 1 VCPU {{(pid=112008) __init__ /opt/stack/placement/placement/objects/research_context.py:136}}
May 18 04:47:26.725307 n-d-764292-35 devstack@placement-api.service[112008]: DEBUG placement.objects.research_context [req-6a5f33d4-c098-4338-830b-147633fdb8df req-6309e183-7dcf-4dfa-af85-76e7c617879d service placement] found 2 providers with available 1 DISK_GB {{(pid=112008) get_provider_ids_matching /opt/stack/placement/placement/objects/research_context.py:563}}
May 18 04:47:26.727516 n-d-764292-35 devstack@placement-api.service[112008]: DEBUG placement.objects.research_context [req-6a5f33d4-c098-4338-830b-147633fdb8df req-6309e183-7dcf-4dfa-af85-76e7c617879d service placement] found 2 providers with available 1024 MEMORY_MB {{(pid=112008) get_provider_ids_matching /opt/stack/placement/placement/objects/research_context.py:563}}
May 18 04:47:26.727516 n-d-764292-35 devstack@placement-api.service[112008]: DEBUG placement.objects.research_context [req-6a5f33d4-c098-4338-830b-147633fdb8df req-6309e183-7dcf-4dfa-af85-76e7c617879d service placement] found 2 providers after filtering by previous result {{(pid=112008) get_provider_ids_matching /opt/stack/placement/placement/objects/research_context.py:594}}
May 18 04:47:26.727516 n-d-764292-35 devstack@placement-api.service[112008]: DEBUG placement.objects.research_context [req-6a5f33d4-c098-4338-830b-147633fdb8df req-6309e183-7dcf-4dfa-af85-76e7c617879d service placement] found 2 providers with available 1 VCPU {{(pid=112008) get_provider_ids_matching /opt/stack/placement/placement/objects/research_context.py:563}}
May 18 04:47:26.727516 n-d-764292-35 devstack@placement-api.service[112008]: DEBUG placement.objects.research_context [req-6a5f33d4-c098-4338-830b-147633fdb8df req-6309e183-7dcf-4dfa-af85-76e7c617879d service placement] found 2 providers after filtering by previous result {{(pid=112008) get_provider_ids_matching /opt/stack/placement/placement/objects/research_context.py:594}}
May 18 04:47:26.749503 n-d-764292-35 devstack@placement-api.service[112008]: DEBUG placement.objects.allocation_candidate [req-6a5f33d4-c098-4338-830b-147633fdb8df req-6309e183-7dcf-4dfa-af85-76e7c617879d service placement] RequestGroup(use_same_provider=False, resources={DISK_GB:1, MEMORY_MB:1024, VCPU:1}, traits=(), aggregates=[]) (suffix '') returned 2 matches {{(pid=112008) _get_by_requests /opt/stack/placement/placement/objects/allocation_candidate.py:156}}
May 18 04:47:26.753948 n-d-764292-35 devstack@placement-api.service[112008]: DEBUG placement.objects.allocation_candidate [req-6a5f33d4-c098-4338-830b-147633fdb8df req-6309e183-7dcf-4dfa-af85-76e7c617879d service placement] Merging candidates yields 2 allocation requests and 2 provider summaries {{(pid=112008) _merge_candidates /opt/stack/placement/placement/objects/allocation_candidate.py:809}}
May 18 04:47:26.755602 n-d-764292-35 devstack@placement-api.service[112008]: INFO placement.requestlog [req-6a5f33d4-c098-4338-830b-147633fdb8df req-6309e183-7dcf-4dfa-af85-76e7c617879d service placement] 10.222.0.36 "GET /placement/allocation_candidates?limit=1000&resources=DISK_GB%3A1%2CMEMORY_MB%3A1024%2CVCPU%3A1&root_required=%21COMPUTE_STATUS_DISABLED" status: 200 len: 1309 microversion: 1.36
May 18 04:47:26.755988 n-d-764292-35 devstack@placement-api.service[112008]: [pid: 112008|app: 0|req: 169/332] 10.222.0.36 () {60 vars in 1506 bytes} [Wed May 18 04:47:26 2022] GET /placement/allocation_candidates?limit=1000&resources=DISK_GB%3A1%2CMEMORY_MB%3A1024%2CVCPU%3A1&root_required=%21COMPUTE_STATUS_DISABLED => generated 1309 bytes in 147 msecs (HTTP/1.1 200) 8 headers in 297 bytes (1 switches on core 0)
May 18 04:47:26.838508 n-d-764292-35 devstack@placement-api.service[112009]: DEBUG placement.requestlog [req-6a5f33d4-c098-4338-830b-147633fdb8df req-14bf28b5-e3d5-4ebc-b9cd-8a96107b5288 None None] Starting request: 10.222.0.36 "GET /placement/allocations/7e3363fc-b586-491a-ac57-0856f9f9df36" {{(pid=112009) __call__ /opt/stack/placement/placement/requestlog.py:55}}
May 18 04:47:26.851183 n-d-764292-35 devstack@placement-api.service[112009]: DEBUG dbcounter [-] [112009] Writing DB stats placement:SELECT=51,placement:DELETE=6,placement:UPDATE=2 {{(pid=112009) stat_writer /usr/local/lib/python3.8/dist-packages/dbcounter.py:114}}
May 18 04:47:26.864155 n-d-764292-35 devstack@placement-api.service[112009]: INFO placement.requestlog [req-6a5f33d4-c098-4338-830b-147633fdb8df req-14bf28b5-e3d5-4ebc-b9cd-8a96107b5288 service placement] 10.222.0.36 "GET /placement/allocations/7e3363fc-b586-491a-ac57-0856f9f9df36" status: 200 len: 19 microversion: 1.28
May 18 04:47:26.865865 n-d-764292-35 devstack@placement-api.service[112009]: [pid: 112009|app: 0|req: 164/333] 10.222.0.36 () {60 vars in 1380 bytes} [Wed May 18 04:47:26 2022] GET /placement/allocations/7e3363fc-b586-491a-ac57-0856f9f9df36 => generated 19 bytes in 31 msecs (HTTP/1.1 200) 8 headers in 295 bytes (1 switches on core 0)
May 18 04:47:26.873711 n-d-764292-35 devstack@placement-api.service[112008]: DEBUG placement.requestlog [req-6a5f33d4-c098-4338-830b-147633fdb8df req-ca0d898d-9cb5-4bde-8a01-8c6f626f5c99 None None] Starting request: 10.222.0.36 "PUT /placement/allocations/7e3363fc-b586-491a-ac57-0856f9f9df36" {{(pid=112008) __call__ /opt/stack/placement/placement/requestlog.py:55}}
May 18 04:47:27.249766 n-d-764292-35 devstack@placement-api.service[112008]: DEBUG placement.handlers.allocation [req-6a5f33d4-c098-4338-830b-147633fdb8df req-ca0d898d-9cb5-4bde-8a01-8c6f626f5c99 service placement] Successfully wrote allocations [, , ] {{(pid=112008) _update_consumers_and_create_allocations /opt/stack/placement/placement/handlers/allocation.py:462}}
May 18 04:47:27.331254 n-d-764292-35 devstack@placement-api.service[112008]: INFO placement.requestlog [req-6a5f33d4-c098-4338-830b-147633fdb8df req-ca0d898d-9cb5-4bde-8a01-8c6f626f5c99 service placement] 10.222.0.36 "PUT /placement/allocations/7e3363fc-b586-491a-ac57-0856f9f9df36" status: 204 len: 0 microversion: 1.36
May 18 04:47:27.332215 n-d-764292-35 devstack@placement-api.service[112008]: [pid: 112008|app: 0|req: 170/334] 10.222.0.36 () {64 vars in 1433 bytes} [Wed May 18 04:47:26 2022] PUT /placement/allocations/7e3363fc-b586-491a-ac57-0856f9f9df36 => generated 0 bytes in 459 msecs (HTTP/1.1 204) 5 headers in 199 bytes (1 switches on core 0)
May 18 04:47:28.992183 n-d-764292-35 devstack@placement-api.service[112009]: DEBUG placement.requestlog [req-6a5f33d4-c098-4338-830b-147633fdb8df req-52fdf55d-4801-4827-937a-fb702403bca1 None None] Starting request: 10.222.0.57 "GET /placement/allocations/7e3363fc-b586-491a-ac57-0856f9f9df36" {{(pid=112009) __call__ /opt/stack/placement/placement/requestlog.py:55}}
May 18 04:47:28.992183 n-d-764292-35 devstack@placement-api.service[112009]: INFO placement.requestlog [req-6a5f33d4-c098-4338-830b-147633fdb8df req-52fdf55d-4801-4827-937a-fb702403bca1 service placement] 10.222.0.57 "GET /placement/allocations/7e3363fc-b586-491a-ac57-0856f9f9df36" status: 200 len: 259 microversion: 1.28
May 18 04:47:28.992183 n-d-764292-35 devstack@placement-api.service[112009]: [pid: 112009|app: 0|req: 165/335] 10.222.0.57 () {60 vars in 1377 bytes} [Wed May 18 04:47:28 2022] GET /placement/allocations/7e3363fc-b586-491a-ac57-0856f9f9df36 => generated 259 bytes in 24 msecs (HTTP/1.1 200) 8 headers in 296 bytes (1 switches on core 0)
May 18 04:47:30.814626 n-d-764292-35 devstack@placement-api.service[112008]: DEBUG placement.requestlog [req-9a58fc93-a58e-4e05-82fd-5756dd269c55 req-98f5f801-9e60-480f-b2f5-2119ae051ce3 None None] Starting request: 10.222.0.36 "GET /placement/resource_providers/a4fbffdb-6060-4cdd-ba09-f8e6e6992fca/traits" {{(pid=112008) __call__ /opt/stack/placement/placement/requestlog.py:55}}
