Aug 11 09:08:50.462090 n-d-764292-31 neutron-server[95152]: INFO neutron.wsgi [req-1ec9138e-4865-4acd-b373-22c6ea0465c8 req-094a0fba-ccc7-4e77-a9a8-3dd33d00adfc tempest-SecurityGroupsTestAdminJSON-490615523 tempest-SecurityGroupsTestAdminJSON-490615523-project-admin] 10.222.0.66 "POST /v2.0/security-groups HTTP/1.1" status: 201 len: 1782 time: 0.7125962
Aug 11 09:08:50.470722 n-d-764292-31 neutron-server[95152]: DEBUG neutron_lib.callbacks.manager [req-c6f245e4-bf8c-467a-9d2b-38215055682c req-4568e4d9-d794-4992-99b3-849ad4161aca service neutron] Notify callbacks ['neutron.plugins.ml2.plugin.SecurityGroupDbMixin._ensure_default_security_group_handler-3549991'] for port, before_update {{(pid=95152) _notify_loop /usr/local/lib/python3.8/dist-packages/neutron_lib/callbacks/manager.py:192}}
Aug 11 09:08:50.594086 n-d-764292-31 neutron-server[95153]: DEBUG neutron.pecan_wsgi.hooks.quota_enforcement [req-9dc6a9e1-a031-4e6b-b1ff-eee124e72a08 req-72a01595-641b-4a6d-9149-4db4043da83d tempest-ServersWithSpecificFlavorTestJSON-95095361 tempest-ServersWithSpecificFlavorTestJSON-95095361-project] Made reservation on behalf of d07f1c9531494879944988ce2af0f77b for: {'port': 1} {{(pid=95153) before /opt/stack/neutron/neutron/pecan_wsgi/hooks/quota_enforcement.py:53}}
Aug 11 09:08:50.597593 n-d-764292-31 neutron-server[95153]: DEBUG neutron_lib.callbacks.manager [req-9dc6a9e1-a031-4e6b-b1ff-eee124e72a08 req-72a01595-641b-4a6d-9149-4db4043da83d tempest-ServersWithSpecificFlavorTestJSON-95095361 tempest-ServersWithSpecificFlavorTestJSON-95095361-project] Notify callbacks ['neutron.plugins.ml2.plugin.SecurityGroupDbMixin._ensure_default_security_group_handler-3549991'] for port, before_create {{(pid=95153) _notify_loop /usr/local/lib/python3.8/dist-packages/neutron_lib/callbacks/manager.py:192}}
Aug 11 09:08:50.670044 n-d-764292-31 neutron-server[95152]: INFO neutron.wsgi [req-78e42c1c-7dcf-452d-a504-03b04cac0111 req-940b74f8-930d-45ba-ae09-f0478236c93b tempest-LiveMigrationTest-606271090 tempest-LiveMigrationTest-606271090-project] 10.222.0.66 "GET /v2.0/ports?device_id=7cc573bb-3b27-41f4-b478-6883eb3cbd3e HTTP/1.1" status: 200 len: 210 time: 0.0956125
Aug 11 09:08:50.724676 n-d-764292-31 neutron-server[95153]: DEBUG neutron.db.db_base_plugin_common [req-9dc6a9e1-a031-4e6b-b1ff-eee124e72a08 req-72a01595-641b-4a6d-9149-4db4043da83d tempest-ServersWithSpecificFlavorTestJSON-95095361 tempest-ServersWithSpecificFlavorTestJSON-95095361-project] Allocated IP 172.20.0.3 (ca28ef55-31fb-47c7-ac5f-2e6d66bcfb18/47b8ee89-99d0-4311-b8aa-6a55d501b1e6/d8e70f59-cf9b-4e60-9f6a-3a3d69c9b864) {{(pid=95153) _store_ip_allocation /opt/stack/neutron/neutron/db/db_base_plugin_common.py:131}}
Aug 11 09:08:50.736287 n-d-764292-31 neutron-server[95152]: DEBUG neutron.pecan_wsgi.hooks.policy_enforcement [req-864d67e2-da84-4a10-b25d-c7d08347ed33 req-827264f9-f90b-4a7d-bf1c-997f473d2a46 tempest-LiveMigrationNegativeTest-1038181426 tempest-LiveMigrationNegativeTest-1038181426-project] Attributes excluded by policy engine: ['standard_attr_id', 'binding:profile', 'binding:host_id', 'binding:vif_type', 'binding:vif_details'] {{(pid=95152) _exclude_attributes_by_policy /opt/stack/neutron/neutron/pecan_wsgi/hooks/policy_enforcement.py:255}}
Aug 11 09:08:50.737804 n-d-764292-31 neutron-server[95152]: INFO neutron.wsgi [req-864d67e2-da84-4a10-b25d-c7d08347ed33 req-827264f9-f90b-4a7d-bf1c-997f473d2a46 tempest-LiveMigrationNegativeTest-1038181426 tempest-LiveMigrationNegativeTest-1038181426-project] 10.222.0.66 "GET /v2.0/ports?device_id=368394cf-ad6e-4771-b42c-4c18e11504a9 HTTP/1.1" status: 200 len: 936 time: 0.2055905
Aug 11 09:08:50.817159 n-d-764292-31 neutron-server[95152]: INFO neutron.wsgi [req-864d67e2-da84-4a10-b25d-c7d08347ed33 req-3b966a58-1022-4a44-bedd-dd09bdfa70ba tempest-LiveMigrationNegativeTest-1038181426 tempest-LiveMigrationNegativeTest-1038181426-project] 10.222.0.66 "GET /v2.0/security-groups?id=8ba2ff14-f695-48d2-a391-231a5425122e&fields=id&fields=name HTTP/1.1" status: 200 len: 286 time: 0.0505233
Aug 11 09:08:50.892120 n-d-764292-31 neutron-server[95152]: DEBUG neutron.api.v2.base [req-98f5e142-830e-4da9-9583-8ccffd1c451e req-dec10604-07b9-461a-817d-aa26c677a405 tempest-SecurityGroupsTestAdminJSON-490615523 tempest-SecurityGroupsTestAdminJSON-490615523-project-admin] Request body: {'security_group': {'name': 'tempest-securitygroup-1367596717', 'description': 'tempest-description-789209425'}} {{(pid=95152) prepare_request_body /opt/stack/neutron/neutron/api/v2/base.py:729}}
Aug 11 09:08:50.908985 n-d-764292-31 neutron-server[95153]: DEBUG neutron_lib.callbacks.manager [req-9dc6a9e1-a031-4e6b-b1ff-eee124e72a08 req-72a01595-641b-4a6d-9149-4db4043da83d tempest-ServersWithSpecificFlavorTestJSON-95095361 tempest-ServersWithSpecificFlavorTestJSON-95095361-project] Notify callbacks [] for port, precommit_create {{(pid=95153) _notify_loop /usr/local/lib/python3.8/dist-packages/neutron_lib/callbacks/manager.py:192}}
Aug 11 09:08:50.915724 n-d-764292-31 neutron-server[95152]: DEBUG neutron.notifiers.nova [req-c6f245e4-bf8c-467a-9d2b-38215055682c req-4568e4d9-d794-4992-99b3-849ad4161aca service neutron] Ignoring state change previous_port_status: DOWN current_port_status: DOWN port_id 0687fda0-081d-4f2c-9808-a25bfd233f00 {{(pid=95152) record_port_status_changed /opt/stack/neutron/neutron/notifiers/nova.py:224}}
Aug 11 09:08:50.924528 n-d-764292-31 neutron-server[95153]: DEBUG neutron.db.provisioning_blocks [req-9dc6a9e1-a031-4e6b-b1ff-eee124e72a08 req-72a01595-641b-4a6d-9149-4db4043da83d tempest-ServersWithSpecificFlavorTestJSON-95095361 tempest-ServersWithSpecificFlavorTestJSON-95095361-project] Transition to ACTIVE for port object d8e70f59-cf9b-4e60-9f6a-3a3d69c9b864 will not be triggered until provisioned by entity DHCP. {{(pid=95153) add_provisioning_component /opt/stack/neutron/neutron/db/provisioning_blocks.py:73}}
Aug 11 09:08:50.944736 n-d-764292-31 neutron-server[95152]: DEBUG neutron_lib.callbacks.manager [req-c6f245e4-bf8c-467a-9d2b-38215055682c req-4568e4d9-d794-4992-99b3-849ad4161aca service neutron] Notify callbacks [] for port, precommit_update {{(pid=95152) _notify_loop /usr/local/lib/python3.8/dist-packages/neutron_lib/callbacks/manager.py:192}}
Aug 11 09:08:50.948930 n-d-764292-31 neutron-server[95152]: INFO neutron.wsgi [req-5799e93c-8377-4376-a75a-5d09385a253e req-74cd230e-9b7a-4d37-9a00-a1547c9e0b43 tempest-MigrationsAdminTest-1663878999 tempest-MigrationsAdminTest-1663878999-project] 10.222.0.66 "GET /v2.0/networks?tenant_id=1055555701fa4ed79e5af71433128a41&shared=False HTTP/1.1" status: 200 len: 213 time: 0.0371008
Aug 11 09:08:50.973517 n-d-764292-31 neutron-server[95152]: DEBUG neutron.db.provisioning_blocks [req-c6f245e4-bf8c-467a-9d2b-38215055682c req-4568e4d9-d794-4992-99b3-849ad4161aca service neutron] Transition to ACTIVE for port object 0687fda0-081d-4f2c-9808-a25bfd233f00 will not be triggered until provisioned by entity L2. {{(pid=95152) add_provisioning_component /opt/stack/neutron/neutron/db/provisioning_blocks.py:73}}
Aug 11 09:08:51.020149 n-d-764292-31 neutron-server[95152]: DEBUG neutron_lib.callbacks.manager [req-98f5e142-830e-4da9-9583-8ccffd1c451e req-dec10604-07b9-461a-817d-aa26c677a405 tempest-SecurityGroupsTestAdminJSON-490615523 tempest-SecurityGroupsTestAdminJSON-490615523-project-admin] Notify callbacks [] for security_group, before_create {{(pid=95152) _notify_loop /usr/local/lib/python3.8/dist-packages/neutron_lib/callbacks/manager.py:192}}
Aug 11 09:08:51.065794 n-d-764292-31 neutron-server[95153]: DEBUG neutron_lib.callbacks.manager [req-9dc6a9e1-a031-4e6b-b1ff-eee124e72a08 req-72a01595-641b-4a6d-9149-4db4043da83d tempest-ServersWithSpecificFlavorTestJSON-95095361 tempest-ServersWithSpecificFlavorTestJSON-95095361-project] Notify callbacks ['neutron.plugins.ml2.plugin.SecurityGroupServerNotifierRpcMixin._notify_sg_on_port_change-3549321', 'neutron.plugins.ml2.ovo_rpc._ObjectChangeHandler.handle_event-89567', 'neutron.api.rpc.agentnotifiers.dhcp_rpc_agent_api.DhcpAgentNotifyAPI._native_event_send_dhcp_notification-3733305', 'neutron.db.l3_dvrscheduler_db._notify_l3_agent_new_port-8778537252334'] for port, after_create {{(pid=95153) _notify_loop /usr/local/lib/python3.8/dist-packages/neutron_lib/callbacks/manager.py:192}}
Aug 11 09:08:51.071391 n-d-764292-31 neutron-server[95152]: DEBUG neutron_lib.callbacks.manager [req-c6f245e4-bf8c-467a-9d2b-38215055682c req-4568e4d9-d794-4992-99b3-849ad4161aca service neutron] Notify callbacks ['neutron.plugins.ml2.plugin.SecurityGroupServerNotifierRpcMixin._notify_sg_on_port_change-3549321', 'neutron.plugins.ml2.ovo_rpc._ObjectChangeHandler.handle_event-89567', 'neutron.api.rpc.agentnotifiers.dhcp_rpc_agent_api.DhcpAgentNotifyAPI._native_event_send_dhcp_notification-3733305', 'neutron.db.l3_db.L3RpcNotifierMixin._notify_gateway_port_ip_changed-8778537736605', 'neutron.db.l3_dvrscheduler_db._notify_l3_agent_port_update-8778537249796', 'neutron.db.l3_hascheduler_db._notify_l3_agent_ha_port_update-8778537249814'] for port, after_update {{(pid=95152) _notify_loop /usr/local/lib/python3.8/dist-packages/neutron_lib/callbacks/manager.py:192}}
Aug 11 09:08:51.115841 n-d-764292-31 neutron-server[95153]: DEBUG neutron.scheduler.dhcp_agent_scheduler [req-9dc6a9e1-a031-4e6b-b1ff-eee124e72a08 req-72a01595-641b-4a6d-9149-4db4043da83d tempest-ServersWithSpecificFlavorTestJSON-95095361 tempest-ServersWithSpecificFlavorTestJSON-95095361-project] Network ca28ef55-31fb-47c7-ac5f-2e6d66bcfb18 is already hosted by enough agents. {{(pid=95153) _get_dhcp_agents_hosting_network /opt/stack/neutron/neutron/scheduler/dhcp_agent_scheduler.py:275}}
Aug 11 09:08:51.119448 n-d-764292-31 neutron-server[95153]: DEBUG neutron.scheduler.base_scheduler [req-9dc6a9e1-a031-4e6b-b1ff-eee124e72a08 req-72a01595-641b-4a6d-9149-4db4043da83d tempest-ServersWithSpecificFlavorTestJSON-95095361 tempest-ServersWithSpecificFlavorTestJSON-95095361-project] Resources bound (agent type, host, resource id): {{(pid=95153) schedule /opt/stack/neutron/neutron/scheduler/base_scheduler.py:57}}
Aug 11 09:08:51.122093 n-d-764292-31 neutron-server[95153]: DEBUG neutron.db.l3_dvrscheduler_db [req-9dc6a9e1-a031-4e6b-b1ff-eee124e72a08 req-72a01595-641b-4a6d-9149-4db4043da83d tempest-ServersWithSpecificFlavorTestJSON-95095361 tempest-ServersWithSpecificFlavorTestJSON-95095361-project] Received port after_create {{(pid=95153) _notify_l3_agent_new_port /opt/stack/neutron/neutron/db/l3_dvrscheduler_db.py:535}}
Aug 11 09:08:51.126523 n-d-764292-31 neutron-server[95152]: DEBUG neutron.pecan_wsgi.hooks.policy_enforcement [req-5799e93c-8377-4376-a75a-5d09385a253e req-983c1c97-d56c-4657-ba6b-66a806bc3938 tempest-MigrationsAdminTest-1663878999 tempest-MigrationsAdminTest-1663878999-project] Attributes excluded by policy engine: ['standard_attr_id', 'vlan_transparent', 'provider:network_type', 'provider:physical_network', 'provider:segmentation_id'] {{(pid=95152) _exclude_attributes_by_policy /opt/stack/neutron/neutron/pecan_wsgi/hooks/policy_enforcement.py:255}}
Aug 11 09:08:51.128085 n-d-764292-31 neutron-server[95152]: INFO neutron.wsgi [req-5799e93c-8377-4376-a75a-5d09385a253e req-983c1c97-d56c-4657-ba6b-66a806bc3938 tempest-MigrationsAdminTest-1663878999 tempest-MigrationsAdminTest-1663878999-project] 10.222.0.66 "GET /v2.0/networks?shared=True HTTP/1.1" status: 200 len: 769 time: 0.1708546
Aug 11 09:08:51.134213 n-d-764292-31 neutron-server[95153]: DEBUG neutron.pecan_wsgi.hooks.policy_enforcement [req-9dc6a9e1-a031-4e6b-b1ff-eee124e72a08 req-72a01595-641b-4a6d-9149-4db4043da83d tempest-ServersWithSpecificFlavorTestJSON-95095361 tempest-ServersWithSpecificFlavorTestJSON-95095361-project] Attributes excluded by policy engine: ['standard_attr_id', 'binding:profile', 'binding:host_id', 'binding:vif_type', 'binding:vif_details', 'network'] {{(pid=95153) _exclude_attributes_by_policy /opt/stack/neutron/neutron/pecan_wsgi/hooks/policy_enforcement.py:255}}
Aug 11 09:08:51.134900 n-d-764292-31 neutron-server[95153]: DEBUG neutron_lib.callbacks.manager [req-9dc6a9e1-a031-4e6b-b1ff-eee124e72a08 req-72a01595-641b-4a6d-9149-4db4043da83d tempest-ServersWithSpecificFlavorTestJSON-95095361 tempest-ServersWithSpecificFlavorTestJSON-95095361-project] Notify callbacks ['neutron.notifiers.nova.Notifier._send_nova_notification-90165', 'neutron.api.rpc.agentnotifiers.dhcp_rpc_agent_api.DhcpAgentNotifyAPI._send_dhcp_notification-3733287'] for port, before_response {{(pid=95153) _notify_loop /usr/local/lib/python3.8/dist-packages/neutron_lib/callbacks/manager.py:192}}
Aug 11 09:08:51.148652 n-d-764292-31 neutron-server[95153]: DEBUG neutron.api.rpc.handlers.resources_rpc [None req-72a01595-641b-4a6d-9149-4db4043da83d tempest-ServersWithSpecificFlavorTestJSON-95095361 tempest-ServersWithSpecificFlavorTestJSON-95095361-project] Pushing event updated for resources: {'Port': ['ID=d8e70f59-cf9b-4e60-9f6a-3a3d69c9b864,revision_number=1']} {{(pid=95153) push /opt/stack/neutron/neutron/api/rpc/handlers/resources_rpc.py:237}}
Aug 11 09:08:51.173108 n-d-764292-31 neutron-server[95152]: DEBUG neutron.api.rpc.handlers.resources_rpc [None req-4568e4d9-d794-4992-99b3-849ad4161aca service neutron] Pushing event updated for resources: {'Port': ['ID=0687fda0-081d-4f2c-9808-a25bfd233f00,revision_number=2']} {{(pid=95152) push /opt/stack/neutron/neutron/api/rpc/handlers/resources_rpc.py:237}}
Aug 11 09:08:51.205266 n-d-764292-31 neutron-server[95152]: INFO neutron.wsgi [req-5799e93c-8377-4376-a75a-5d09385a253e req-2d762fe5-0206-46a8-9902-a2262b95e6fd tempest-MigrationsAdminTest-1663878999 tempest-MigrationsAdminTest-1663878999-project] 10.222.0.66 "GET /v2.0/quotas/1055555701fa4ed79e5af71433128a41 HTTP/1.1" status: 200 len: 375 time: 0.0609782
Aug 11 09:08:51.264279 n-d-764292-31 neutron-server[95152]: INFO neutron.wsgi [req-5799e93c-8377-4376-a75a-5d09385a253e req-e38155e3-2ae6-4420-99bf-5c3d8091b252 tempest-MigrationsAdminTest-1663878999 tempest-MigrationsAdminTest-1663878999-project] 10.222.0.66 "GET /v2.0/ports?tenant_id=1055555701fa4ed79e5af71433128a41&fields=id HTTP/1.1" status: 200 len: 210 time: 0.0577354
Aug 11 09:08:51.270830 n-d-764292-31 neutron-server[95152]: DEBUG neutron.plugins.ml2.managers [req-c6f245e4-bf8c-467a-9d2b-38215055682c req-4568e4d9-d794-4992-99b3-849ad4161aca service neutron] Attempting to bind port 0687fda0-081d-4f2c-9808-a25bfd233f00 on host n-h2-764292-31 for vnic_type normal with profile {{(pid=95152) bind_port /opt/stack/neutron/neutron/plugins/ml2/managers.py:790}}
Aug 11 09:08:51.270830 n-d-764292-31 neutron-server[95152]: DEBUG neutron.plugins.ml2.managers [req-c6f245e4-bf8c-467a-9d2b-38215055682c req-4568e4d9-d794-4992-99b3-849ad4161aca service neutron] Attempting to bind port 0687fda0-081d-4f2c-9808-a25bfd233f00 by drivers openvswitch,hyperv on host n-h2-764292-31 at level 0 using segments [{'id': 'd558872d-1d84-453d-809a-7ff1f9eb3b97', 'network_type': 'vlan', 'physical_network': 'physnet1', 'segmentation_id': 1052, 'network_id': '180ecf52-45fa-454a-94aa-a6ef538b8cd2'}] {{(pid=95152) _bind_port_level /opt/stack/neutron/neutron/plugins/ml2/managers.py:815}}
Aug 11 09:08:51.270830 n-d-764292-31 neutron-server[95152]: DEBUG neutron.plugins.ml2.drivers.mech_agent [req-c6f245e4-bf8c-467a-9d2b-38215055682c req-4568e4d9-d794-4992-99b3-849ad4161aca service neutron] Attempting to bind port 0687fda0-081d-4f2c-9808-a25bfd233f00 on network 180ecf52-45fa-454a-94aa-a6ef538b8cd2 {{(pid=95152) bind_port /opt/stack/neutron/neutron/plugins/ml2/drivers/mech_agent.py:85}}
Aug 11 09:08:51.280187 n-d-764292-31 neutron-server[95152]: DEBUG neutron.plugins.ml2.drivers.mech_agent [req-c6f245e4-bf8c-467a-9d2b-38215055682c req-4568e4d9-d794-4992-99b3-849ad4161aca service neutron] Port 0687fda0-081d-4f2c-9808-a25bfd233f00 on network 180ecf52-45fa-454a-94aa-a6ef538b8cd2 not bound, no agent of type Open vSwitch agent registered on host n-h2-764292-31 {{(pid=95152) bind_port /opt/stack/neutron/neutron/plugins/ml2/drivers/mech_agent.py:97}}
Aug 11 09:08:51.280510 n-d-764292-31 neutron-server[95152]: DEBUG neutron.plugins.ml2.drivers.mech_agent [req-c6f245e4-bf8c-467a-9d2b-38215055682c req-4568e4d9-d794-4992-99b3-849ad4161aca service neutron] Attempting to bind port 0687fda0-081d-4f2c-9808-a25bfd233f00 on network 180ecf52-45fa-454a-94aa-a6ef538b8cd2 {{(pid=95152) bind_port /opt/stack/neutron/neutron/plugins/ml2/drivers/mech_agent.py:85}}
Aug 11 09:08:51.289464 n-d-764292-31 neutron-server[95152]: DEBUG neutron.plugins.ml2.drivers.mech_agent [req-c6f245e4-bf8c-467a-9d2b-38215055682c req-4568e4d9-d794-4992-99b3-849ad4161aca service neutron] Checking agent: {'id': '047b885e-b347-4124-9df9-dd1b46c76213', 'agent_type': 'HyperV agent', 'binary': 'neutron-hyperv-agent', 'topic': 'N/A', 'host': 'n-h2-764292-31', 'admin_state_up': True, 'created_at': datetime.datetime(2021, 8, 11, 9, 5, 59), 'started_at': datetime.datetime(2021, 8, 11, 9, 5, 59), 'heartbeat_timestamp': datetime.datetime(2021, 8, 11, 9, 8, 29), 'description': None, 'resources_synced': None, 'availability_zone': None, 'alive': True, 'configurations': {'vswitch_mappings': {'physnet1$': 'br-data'}}, 'resource_versions': {}} {{(pid=95152) bind_port /opt/stack/neutron/neutron/plugins/ml2/drivers/mech_agent.py:104}}
Aug 11 09:08:51.289809 n-d-764292-31 neutron-server[95152]: DEBUG neutron.plugins.ml2.drivers.mech_agent [req-c6f245e4-bf8c-467a-9d2b-38215055682c req-4568e4d9-d794-4992-99b3-849ad4161aca service neutron] Checking segment: {'id': 'd558872d-1d84-453d-809a-7ff1f9eb3b97', 'network_type': 'vlan', 'physical_network': 'physnet1', 'segmentation_id': 1052, 'network_id': '180ecf52-45fa-454a-94aa-a6ef538b8cd2'} for mappings: {'physnet1$': 'br-data'} with network types: ['local', 'flat', 'vlan'] {{(pid=95152) check_segment_for_agent /opt/stack/neutron/neutron/plugins/ml2/drivers/mech_agent.py:352}}
Aug 11 09:08:51.290400 n-d-764292-31 neutron-server[95152]: DEBUG neutron.plugins.ml2.drivers.mech_agent [req-c6f245e4-bf8c-467a-9d2b-38215055682c req-4568e4d9-d794-4992-99b3-849ad4161aca service neutron] Bound using segment: {'id': 'd558872d-1d84-453d-809a-7ff1f9eb3b97', 'network_type': 'vlan', 'physical_network': 'physnet1', 'segmentation_id': 1052, 'network_id': '180ecf52-45fa-454a-94aa-a6ef538b8cd2'} {{(pid=95152) bind_port /opt/stack/neutron/neutron/plugins/ml2/drivers/mech_agent.py:114}}
Aug 11 09:08:51.291449 n-d-764292-31 neutron-server[95152]: DEBUG neutron.plugins.ml2.managers [req-c6f245e4-bf8c-467a-9d2b-38215055682c req-4568e4d9-d794-4992-99b3-849ad4161aca service neutron] Bound port: 0687fda0-081d-4f2c-9808-a25bfd233f00, host: n-h2-764292-31, vif_type: hyperv, vif_details: {"connectivity": "legacy", "port_filter": false}, binding_levels: [{'bound_driver': 'hyperv', 'bound_segment': {'id': 'd558872d-1d84-453d-809a-7ff1f9eb3b97', 'network_type': 'vlan', 'physical_network': 'physnet1', 'segmentation_id': 1052, 'network_id': '180ecf52-45fa-454a-94aa-a6ef538b8cd2'}}] {{(pid=95152) _bind_port_level /opt/stack/neutron/neutron/plugins/ml2/managers.py:928}}
Aug 11 09:08:51.291449 n-d-764292-31 neutron-server[95152]: DEBUG neutron_lib.callbacks.manager [req-c6f245e4-bf8c-467a-9d2b-38215055682c req-4568e4d9-d794-4992-99b3-849ad4161aca service neutron] Notify callbacks ['neutron.plugins.ml2.plugin.SecurityGroupDbMixin._ensure_default_security_group_handler-3549991'] for port, before_update {{(pid=95152) _notify_loop /usr/local/lib/python3.8/dist-packages/neutron_lib/callbacks/manager.py:192}}
Aug 11 09:08:51.300928 n-d-764292-31 neutron-server[95152]: DEBUG neutron_lib.callbacks.manager [req-98f5e142-830e-4da9-9583-8ccffd1c451e req-dec10604-07b9-461a-817d-aa26c677a405 tempest-SecurityGroupsTestAdminJSON-490615523 tempest-SecurityGroupsTestAdminJSON-490615523-project-admin] Notify callbacks [] for security_group, precommit_create {{(pid=95152) _notify_loop /usr/local/lib/python3.8/dist-packages/neutron_lib/callbacks/manager.py:192}}
Aug 11 09:08:51.373982 n-d-764292-31 neutron-server[95152]: DEBUG neutron.plugins.ml2.db [req-c6f245e4-bf8c-467a-9d2b-38215055682c req-4568e4d9-d794-4992-99b3-849ad4161aca service neutron] For port 0687fda0-081d-4f2c-9808-a25bfd233f00, host n-h2-764292-31, cleared binding levels {{(pid=95152) clear_binding_levels /opt/stack/neutron/neutron/plugins/ml2/db.py:87}}
Aug 11 09:08:51.396821 n-d-764292-31 neutron-server[95152]: DEBUG neutron.plugins.ml2.db [req-c6f245e4-bf8c-467a-9d2b-38215055682c req-4568e4d9-d794-4992-99b3-849ad4161aca service neutron] For port 0687fda0-081d-4f2c-9808-a25bfd233f00, host n-h2-764292-31, set binding levels [PortBindingLevel(driver='hyperv',host='n-h2-764292-31',level=0,port_id=0687fda0-081d-4f2c-9808-a25bfd233f00,segment=NetworkSegment(d558872d-1d84-453d-809a-7ff1f9eb3b97),segment_id=d558872d-1d84-453d-809a-7ff1f9eb3b97)] {{(pid=95152) set_binding_levels /opt/stack/neutron/neutron/plugins/ml2/db.py:59}}
Aug 11 09:08:51.396821 n-d-764292-31 neutron-server[95152]: DEBUG neutron_lib.callbacks.manager [req-98f5e142-830e-4da9-9583-8ccffd1c451e req-dec10604-07b9-461a-817d-aa26c677a405 tempest-SecurityGroupsTestAdminJSON-490615523 tempest-SecurityGroupsTestAdminJSON-490615523-project-admin] Notify callbacks ['neutron.plugins.ml2.ovo_rpc._ObjectChangeHandler.handle_event-522171'] for security_group, after_create {{(pid=95152) _notify_loop /usr/local/lib/python3.8/dist-packages/neutron_lib/callbacks/manager.py:192}}
Aug 11 09:08:51.423929 n-d-764292-31 neutron-server[95152]: DEBUG neutron.api.rpc.handlers.resources_rpc [None req-dec10604-07b9-461a-817d-aa26c677a405 tempest-SecurityGroupsTestAdminJSON-490615523 tempest-SecurityGroupsTestAdminJSON-490615523-project-admin] Pushing event updated for resources: {'SecurityGroup': ['ID=81114422-b6f0-4549-a6f3-a688c56b60e9,revision_number=1']} {{(pid=95152) push /opt/stack/neutron/neutron/api/rpc/handlers/resources_rpc.py:237}}
Aug 11 09:08:51.534662 n-d-764292-31 neutron-server[95153]: INFO neutron.wsgi [req-9dc6a9e1-a031-4e6b-b1ff-eee124e72a08 req-72a01595-641b-4a6d-9149-4db4043da83d tempest-ServersWithSpecificFlavorTestJSON-95095361 tempest-ServersWithSpecificFlavorTestJSON-95095361-project] 10.222.0.10 "POST /v2.0/ports HTTP/1.1" status: 201 len: 933 time: 1.1823008
Aug 11 09:08:51.548483 n-d-764292-31 neutron-server[95152]: DEBUG neutron_lib.callbacks.manager [req-c6f245e4-bf8c-467a-9d2b-38215055682c req-4568e4d9-d794-4992-99b3-849ad4161aca service neutron] Notify callbacks ['neutron.plugins.ml2.plugin.SecurityGroupServerNotifierRpcMixin._notify_sg_on_port_change-3549321', 'neutron.plugins.ml2.ovo_rpc._ObjectChangeHandler.handle_event-89567', 'neutron.api.rpc.agentnotifiers.dhcp_rpc_agent_api.DhcpAgentNotifyAPI._native_event_send_dhcp_notification-3733305', 'neutron.db.l3_db.L3RpcNotifierMixin._notify_gateway_port_ip_changed-8778537736605', 'neutron.db.l3_dvrscheduler_db._notify_l3_agent_port_update-8778537249796', 'neutron.db.l3_hascheduler_db._notify_l3_agent_ha_port_update-8778537249814'] for port, after_update {{(pid=95152) _notify_loop /usr/local/lib/python3.8/dist-packages/neutron_lib/callbacks/manager.py:192}}
Aug 11 09:08:51.549235 n-d-764292-31 neutron-server[95153]: DEBUG neutron.api.v2.base [req-9dc6a9e1-a031-4e6b-b1ff-eee124e72a08 req-a199ed90-fe6e-45b6-bc87-7d430f18ab96 service neutron] Request body: {'port': {'device_id': 'f557a7a9-c230-4dcb-b6fa-c8b6f794dac2', 'device_owner': 'compute:nova', 'binding:host_id': 'n-h2-764292-31'}} {{(pid=95153) prepare_request_body /opt/stack/neutron/neutron/api/v2/base.py:729}}
Aug 11 09:08:51.552032 n-d-764292-31 neutron-server[95152]: DEBUG neutron_lib.callbacks.manager [req-98f5e142-830e-4da9-9583-8ccffd1c451e req-dec10604-07b9-461a-817d-aa26c677a405 tempest-SecurityGroupsTestAdminJSON-490615523 tempest-SecurityGroupsTestAdminJSON-490615523-project-admin] Notify callbacks [] for security_group, before_response {{(pid=95152) _notify_loop /usr/local/lib/python3.8/dist-packages/neutron_lib/callbacks/manager.py:192}}
Aug 11 09:08:51.553238 n-d-764292-31 neutron-server[95152]: INFO neutron.wsgi [req-98f5e142-830e-4da9-9583-8ccffd1c451e req-dec10604-07b9-461a-817d-aa26c677a405 tempest-SecurityGroupsTestAdminJSON-490615523 tempest-SecurityGroupsTestAdminJSON-490615523-project-admin] 10.222.0.66 "POST /v2.0/security-groups HTTP/1.1" status: 201 len: 1782 time: 0.6671333
Aug 11 09:08:51.582965 n-d-764292-31 neutron-server[95154]: DEBUG neutron.db.provisioning_blocks [None req-7de0e977-413c-4632-a5df-d790065707e9 None None] Provisioning for port d8e70f59-cf9b-4e60-9f6a-3a3d69c9b864 completed by entity DHCP. {{(pid=95154) provisioning_complete /opt/stack/neutron/neutron/db/provisioning_blocks.py:133}}
Aug 11 09:08:51.598150 n-d-764292-31 neutron-server[95152]: DEBUG neutron.pecan_wsgi.hooks.policy_enforcement [req-c6f245e4-bf8c-467a-9d2b-38215055682c req-4568e4d9-d794-4992-99b3-849ad4161aca service neutron] Attributes excluded by policy engine: ['standard_attr_id'] {{(pid=95152) _exclude_attributes_by_policy /opt/stack/neutron/neutron/pecan_wsgi/hooks/policy_enforcement.py:255}}
Aug 11 09:08:51.598836 n-d-764292-31 neutron-server[95152]: DEBUG neutron_lib.callbacks.manager [req-c6f245e4-bf8c-467a-9d2b-38215055682c req-4568e4d9-d794-4992-99b3-849ad4161aca service neutron] Notify callbacks ['neutron.notifiers.nova.Notifier._send_nova_notification-90165', 'neutron.api.rpc.agentnotifiers.dhcp_rpc_agent_api.DhcpAgentNotifyAPI._send_dhcp_notification-3733287'] for port, before_response {{(pid=95152) _notify_loop /usr/local/lib/python3.8/dist-packages/neutron_lib/callbacks/manager.py:192}}
Aug 11 09:08:51.600210 n-d-764292-31 neutron-server[95152]: INFO neutron.wsgi [req-c6f245e4-bf8c-467a-9d2b-38215055682c req-4568e4d9-d794-4992-99b3-849ad4161aca service neutron] 10.222.0.10 "PUT /v2.0/ports/0687fda0-081d-4f2c-9808-a25bfd233f00 HTTP/1.1" status: 200 len: 1097 time: 1.2675517
Aug 11 09:08:51.600705 n-d-764292-31 neutron-server[95152]: DEBUG neutron.notifiers.nova [-] Sending events: [{'name': 'network-changed', 'server_uuid': '368394cf-ad6e-4771-b42c-4c18e11504a9', 'tag': '0687fda0-081d-4f2c-9808-a25bfd233f00'}] {{(pid=95152) send_events /opt/stack/neutron/neutron/notifiers/nova.py:262}}
Aug 11 09:08:51.611774 n-d-764292-31 neutron-server[95154]: DEBUG neutron.db.provisioning_blocks [None req-7de0e977-413c-4632-a5df-d790065707e9 None None] Provisioning complete for port d8e70f59-cf9b-4e60-9f6a-3a3d69c9b864 triggered by entity DHCP. {{(pid=95154) provisioning_complete /opt/stack/neutron/neutron/db/provisioning_blocks.py:139}}
Aug 11 09:08:51.612224 n-d-764292-31 neutron-server[95154]: DEBUG neutron_lib.callbacks.manager [None req-7de0e977-413c-4632-a5df-d790065707e9 None None] Notify callbacks ['neutron.plugins.ml2.plugin.Ml2Plugin._port_provisioned-3491439'] for port, provisioning_complete {{(pid=95154) _notify_loop /usr/local/lib/python3.8/dist-packages/neutron_lib/callbacks/manager.py:192}}
Aug 11 09:08:51.638474 n-d-764292-31 neutron-server[95153]: DEBUG neutron_lib.callbacks.manager [req-9dc6a9e1-a031-4e6b-b1ff-eee124e72a08 req-a199ed90-fe6e-45b6-bc87-7d430f18ab96 service neutron] Notify callbacks ['neutron.plugins.ml2.plugin.SecurityGroupDbMixin._ensure_default_security_group_handler-3549991'] for port, before_update {{(pid=95153) _notify_loop /usr/local/lib/python3.8/dist-packages/neutron_lib/callbacks/manager.py:192}}
Aug 11 09:08:51.740590 n-d-764292-31 neutron-server[95154]: DEBUG neutron.plugins.ml2.plugin [None req-7de0e977-413c-4632-a5df-d790065707e9 None None] Port d8e70f59-cf9b-4e60-9f6a-3a3d69c9b864 cannot update to ACTIVE because it is not bound. {{(pid=95154) _port_provisioned /opt/stack/neutron/neutron/plugins/ml2/plugin.py:337}}
Aug 11 09:08:51.812636 n-d-764292-31 neutron-server[95152]: DEBUG novaclient.v2.client [-] REQ: curl -g -i --cacert "/opt/stack/data/ca-bundle.pem" -X POST http://10.222.0.66/compute/v2.1/os-server-external-events -H "Accept: application/json" -H "Content-Type: application/json" -H "User-Agent: python-novaclient" -H "X-Auth-Token: {SHA256}828e49a1c7e89d51cfccc5c729c58e565f42b8e5717eaed0c561d8194810180b" -H "X-OpenStack-Nova-API-Version: 2.1" -H "X-OpenStack-Request-ID: req-631d38b5-0b64-4ba7-892e-637c3b30b13f" -d '{"events": [{"name": "network-changed", "server_uuid": "368394cf-ad6e-4771-b42c-4c18e11504a9", "tag": "0687fda0-081d-4f2c-9808-a25bfd233f00"}]}' {{(pid=95152) _http_log_request /usr/local/lib/python3.8/dist-packages/keystoneauth1/session.py:519}}
Aug 11 09:08:51.854480 n-d-764292-31 neutron-server[95152]: DEBUG neutron.api.rpc.handlers.resources_rpc [None req-4568e4d9-d794-4992-99b3-849ad4161aca service neutron] Pushing event updated for resources: {'Port': ['ID=0687fda0-081d-4f2c-9808-a25bfd233f00,revision_number=3']} {{(pid=95152) push /opt/stack/neutron/neutron/api/rpc/handlers/resources_rpc.py:237}}
Aug 11 09:08:51.891445 n-d-764292-31 neutron-server[95152]: DEBUG neutron.pecan_wsgi.hooks.policy_enforcement [req-55a3e63f-eb8e-4f87-80fb-34012f31174c req-a9e4b13c-a494-47a1-974e-a128f5e34254 tempest-ServersWithSpecificFlavorTestJSON-95095361 tempest-ServersWithSpecificFlavorTestJSON-95095361-project] Attributes excluded by policy engine: ['standard_attr_id', 'binding:profile', 'binding:host_id', 'binding:vif_type', 'binding:vif_details'] {{(pid=95152) _exclude_attributes_by_policy /opt/stack/neutron/neutron/pecan_wsgi/hooks/policy_enforcement.py:255}}
Aug 11 09:08:51.893006 n-d-764292-31 neutron-server[95152]: INFO neutron.wsgi [req-55a3e63f-eb8e-4f87-80fb-34012f31174c req-a9e4b13c-a494-47a1-974e-a128f5e34254 tempest-ServersWithSpecificFlavorTestJSON-95095361 tempest-ServersWithSpecificFlavorTestJSON-95095361-project] 10.222.0.66 "GET /v2.0/ports?device_id=f557a7a9-c230-4dcb-b6fa-c8b6f794dac2 HTTP/1.1" status: 200 len: 931 time: 0.1634471
Aug 11 09:08:51.897664 n-d-764292-31 neutron-server[95152]: DEBUG neutron.pecan_wsgi.hooks.policy_enforcement [req-c6f245e4-bf8c-467a-9d2b-38215055682c req-1e5b513a-063f-475c-8809-10c4545176e5 service neutron] Attributes excluded by policy engine: ['standard_attr_id'] {{(pid=95152) _exclude_attributes_by_policy /opt/stack/neutron/neutron/pecan_wsgi/hooks/policy_enforcement.py:255}}
Aug 11 09:08:51.899137 n-d-764292-31 neutron-server[95152]: INFO neutron.wsgi [req-c6f245e4-bf8c-467a-9d2b-38215055682c req-1e5b513a-063f-475c-8809-10c4545176e5 service neutron] 10.222.0.10 "GET /v2.0/ports?tenant_id=dbaef82d4e574269ac51071f2619ca7b&device_id=368394cf-ad6e-4771-b42c-4c18e11504a9 HTTP/1.1" status: 200 len: 1100 time: 0.1642196
Aug 11 09:08:51.967924 n-d-764292-31 neutron-server[95152]: INFO neutron.wsgi [req-4b34080e-250c-4b55-98dc-553912209bab req-70be70b3-03fc-4442-a59a-690f66fcd58c tempest-MigrationsAdminTest-1663878999 tempest-MigrationsAdminTest-1663878999-project] 10.222.0.66 "GET /v2.0/ports?device_id=8fbaa932-c457-4e90-911a-feaf6bfdef28 HTTP/1.1" status: 200 len: 210 time: 0.0729628
Aug 11 09:08:52.012419 n-d-764292-31 neutron-server[95152]: INFO neutron.wsgi [req-c6f245e4-bf8c-467a-9d2b-38215055682c req-ccc9bf8a-7429-42a7-a8ed-ce0ce5646299 service neutron] 10.222.0.10 "GET /v2.0/floatingips?fixed_ip_address=192.168.233.162&port_id=0687fda0-081d-4f2c-9808-a25bfd233f00 HTTP/1.1" status: 200 len: 217 time: 0.1023068
Aug 11 09:08:52.017689 n-d-764292-31 neutron-server[95153]: DEBUG neutron.notifiers.nova [req-9dc6a9e1-a031-4e6b-b1ff-eee124e72a08 req-a199ed90-fe6e-45b6-bc87-7d430f18ab96 service neutron] Ignoring state change previous_port_status: DOWN current_port_status: DOWN port_id d8e70f59-cf9b-4e60-9f6a-3a3d69c9b864 {{(pid=95153) record_port_status_changed /opt/stack/neutron/neutron/notifiers/nova.py:224}}
Aug 11 09:08:52.025876 n-d-764292-31 neutron-server[95153]: DEBUG neutron_lib.callbacks.manager [req-9dc6a9e1-a031-4e6b-b1ff-eee124e72a08 req-a199ed90-fe6e-45b6-bc87-7d430f18ab96 service neutron] Notify callbacks [] for port, precommit_update {{(pid=95153) _notify_loop /usr/local/lib/python3.8/dist-packages/neutron_lib/callbacks/manager.py:192}}
Aug 11 09:08:52.039393 n-d-764292-31 neutron-server[95153]: DEBUG neutron.db.provisioning_blocks [req-9dc6a9e1-a031-4e6b-b1ff-eee124e72a08 req-a199ed90-fe6e-45b6-bc87-7d430f18ab96 service neutron] Transition to ACTIVE for port object d8e70f59-cf9b-4e60-9f6a-3a3d69c9b864 will not be triggered until provisioned by entity L2. {{(pid=95153) add_provisioning_component /opt/stack/neutron/neutron/db/provisioning_blocks.py:73}}
Aug 11 09:08:52.125492 n-d-764292-31 neutron-server[95153]: DEBUG neutron_lib.callbacks.manager [req-9dc6a9e1-a031-4e6b-b1ff-eee124e72a08 req-a199ed90-fe6e-45b6-bc87-7d430f18ab96 service neutron] Notify callbacks ['neutron.plugins.ml2.plugin.SecurityGroupServerNotifierRpcMixin._notify_sg_on_port_change-3549321', 'neutron.plugins.ml2.ovo_rpc._ObjectChangeHandler.handle_event-89567', 'neutron.api.rpc.agentnotifiers.dhcp_rpc_agent_api.DhcpAgentNotifyAPI._native_event_send_dhcp_notification-3733305', 'neutron.db.l3_db.L3RpcNotifierMixin._notify_gateway_port_ip_changed-8778537736605', 'neutron.db.l3_dvrscheduler_db._notify_l3_agent_port_update-8778537249796', 'neutron.db.l3_hascheduler_db._notify_l3_agent_ha_port_update-8778537249814'] for port, after_update {{(pid=95153) _notify_loop /usr/local/lib/python3.8/dist-packages/neutron_lib/callbacks/manager.py:192}}
Aug 11 09:08:52.181793 n-d-764292-31 neutron-server[95153]: DEBUG neutron.api.rpc.handlers.resources_rpc [None req-a199ed90-fe6e-45b6-bc87-7d430f18ab96 service neutron] Pushing event updated for resources: {'Port': ['ID=d8e70f59-cf9b-4e60-9f6a-3a3d69c9b864,revision_number=2']} {{(pid=95153) push /opt/stack/neutron/neutron/api/rpc/handlers/resources_rpc.py:237}}
Aug 11 09:08:52.223803 n-d-764292-31 neutron-server[95153]: DEBUG neutron.plugins.ml2.managers [req-9dc6a9e1-a031-4e6b-b1ff-eee124e72a08 req-a199ed90-fe6e-45b6-bc87-7d430f18ab96 service neutron] Attempting to bind port d8e70f59-cf9b-4e60-9f6a-3a3d69c9b864 on host n-h2-764292-31 for vnic_type normal with profile {{(pid=95153) bind_port /opt/stack/neutron/neutron/plugins/ml2/managers.py:790}}
Aug 11 09:08:52.224189 n-d-764292-31 neutron-server[95153]: DEBUG neutron.plugins.ml2.managers [req-9dc6a9e1-a031-4e6b-b1ff-eee124e72a08 req-a199ed90-fe6e-45b6-bc87-7d430f18ab96 service neutron] Attempting to bind port d8e70f59-cf9b-4e60-9f6a-3a3d69c9b864 by drivers openvswitch,hyperv on host n-h2-764292-31 at level 0 using segments [{'id': 'b6910169-0897-40fa-aca2-8de07a1bac43', 'network_type': 'vlan', 'physical_network': 'physnet1', 'segmentation_id': 1063, 'network_id': 'ca28ef55-31fb-47c7-ac5f-2e6d66bcfb18'}] {{(pid=95153) _bind_port_level /opt/stack/neutron/neutron/plugins/ml2/managers.py:815}}
Aug 11 09:08:52.224587 n-d-764292-31 neutron-server[95153]: DEBUG neutron.plugins.ml2.drivers.mech_agent [req-9dc6a9e1-a031-4e6b-b1ff-eee124e72a08 req-a199ed90-fe6e-45b6-bc87-7d430f18ab96 service neutron] Attempting to bind port d8e70f59-cf9b-4e60-9f6a-3a3d69c9b864 on network ca28ef55-31fb-47c7-ac5f-2e6d66bcfb18 {{(pid=95153) bind_port /opt/stack/neutron/neutron/plugins/ml2/drivers/mech_agent.py:85}}
Aug 11 09:08:52.229646 n-d-764292-31 neutron-server[95153]: DEBUG neutron.plugins.ml2.drivers.mech_agent [req-9dc6a9e1-a031-4e6b-b1ff-eee124e72a08 req-a199ed90-fe6e-45b6-bc87-7d430f18ab96 service neutron] Port d8e70f59-cf9b-4e60-9f6a-3a3d69c9b864 on network ca28ef55-31fb-47c7-ac5f-2e6d66bcfb18 not bound, no agent of type Open vSwitch agent registered on host n-h2-764292-31 {{(pid=95153) bind_port /opt/stack/neutron/neutron/plugins/ml2/drivers/mech_agent.py:97}}
Aug 11 09:08:52.229960 n-d-764292-31 neutron-server[95153]: DEBUG neutron.plugins.ml2.drivers.mech_agent [req-9dc6a9e1-a031-4e6b-b1ff-eee124e72a08 req-a199ed90-fe6e-45b6-bc87-7d430f18ab96 service neutron] Attempting to bind port d8e70f59-cf9b-4e60-9f6a-3a3d69c9b864 on network ca28ef55-31fb-47c7-ac5f-2e6d66bcfb18 {{(pid=95153) bind_port /opt/stack/neutron/neutron/plugins/ml2/drivers/mech_agent.py:85}}
Aug 11 09:08:52.236717 n-d-764292-31 neutron-server[95153]: DEBUG neutron.plugins.ml2.drivers.mech_agent [req-9dc6a9e1-a031-4e6b-b1ff-eee124e72a08 req-a199ed90-fe6e-45b6-bc87-7d430f18ab96 service neutron] Checking agent: {'id': '047b885e-b347-4124-9df9-dd1b46c76213', 'agent_type': 'HyperV agent', 'binary': 'neutron-hyperv-agent', 'topic': 'N/A', 'host': 'n-h2-764292-31', 'admin_state_up': True, 'created_at': datetime.datetime(2021, 8, 11, 9, 5, 59), 'started_at': datetime.datetime(2021, 8, 11, 9, 5, 59), 'heartbeat_timestamp': datetime.datetime(2021, 8, 11, 9, 8, 29), 'description': None, 'resources_synced': None, 'availability_zone': None, 'alive': True, 'configurations': {'vswitch_mappings': {'physnet1$': 'br-data'}}, 'resource_versions': {}} {{(pid=95153) bind_port /opt/stack/neutron/neutron/plugins/ml2/drivers/mech_agent.py:104}}
Aug 11 09:08:52.237050 n-d-764292-31 neutron-server[95153]: DEBUG neutron.plugins.ml2.drivers.mech_agent [req-9dc6a9e1-a031-4e6b-b1ff-eee124e72a08 req-a199ed90-fe6e-45b6-bc87-7d430f18ab96 service neutron] Checking segment: {'id': 'b6910169-0897-40fa-aca2-8de07a1bac43', 'network_type': 'vlan', 'physical_network': 'physnet1', 'segmentation_id': 1063, 'network_id': 'ca28ef55-31fb-47c7-ac5f-2e6d66bcfb18'} for mappings: {'physnet1$': 'br-data'} with network types: ['local', 'flat', 'vlan'] {{(pid=95153) check_segment_for_agent /opt/stack/neutron/neutron/plugins/ml2/drivers/mech_agent.py:352}}
Aug 11 09:08:52.237426 n-d-764292-31 neutron-server[95153]: DEBUG neutron.plugins.ml2.drivers.mech_agent [req-9dc6a9e1-a031-4e6b-b1ff-eee124e72a08 req-a199ed90-fe6e-45b6-bc87-7d430f18ab96 service neutron] Bound using segment: {'id': 'b6910169-0897-40fa-aca2-8de07a1bac43', 'network_type': 'vlan', 'physical_network': 'physnet1', 'segmentation_id': 1063, 'network_id': 'ca28ef55-31fb-47c7-ac5f-2e6d66bcfb18'} {{(pid=95153) bind_port /opt/stack/neutron/neutron/plugins/ml2/drivers/mech_agent.py:114}}
Aug 11 09:08:52.238420 n-d-764292-31 neutron-server[95153]: DEBUG neutron.plugins.ml2.managers [req-9dc6a9e1-a031-4e6b-b1ff-eee124e72a08 req-a199ed90-fe6e-45b6-bc87-7d430f18ab96 service neutron] Bound port: d8e70f59-cf9b-4e60-9f6a-3a3d69c9b864, host: n-h2-764292-31, vif_type: hyperv, vif_details: {"connectivity": "legacy", "port_filter": false}, binding_levels: [{'bound_driver': 'hyperv', 'bound_segment': {'id': 'b6910169-0897-40fa-aca2-8de07a1bac43', 'network_type': 'vlan', 'physical_network': 'physnet1', 'segmentation_id': 1063, 'network_id': 'ca28ef55-31fb-47c7-ac5f-2e6d66bcfb18'}}] {{(pid=95153) _bind_port_level /opt/stack/neutron/neutron/plugins/ml2/managers.py:928}}
Aug 11 09:08:52.238420 n-d-764292-31 neutron-server[95153]: DEBUG neutron_lib.callbacks.manager [req-9dc6a9e1-a031-4e6b-b1ff-eee124e72a08 req-a199ed90-fe6e-45b6-bc87-7d430f18ab96 service neutron] Notify callbacks ['neutron.plugins.ml2.plugin.SecurityGroupDbMixin._ensure_default_security_group_handler-3549991'] for port, before_update {{(pid=95153) _notify_loop /usr/local/lib/python3.8/dist-packages/neutron_lib/callbacks/manager.py:192}}
Aug 11 09:08:52.250269 n-d-764292-31 neutron-server[95152]: INFO neutron.wsgi [req-55a3e63f-eb8e-4f87-80fb-34012f31174c req-5f49145f-ae72-446c-9d31-4fda4d89044e tempest-ServersWithSpecificFlavorTestJSON-95095361 tempest-ServersWithSpecificFlavorTestJSON-95095361-project] 10.222.0.66 "GET /v2.0/security-groups?id=9f21b76c-1f5b-4e86-ab35-8aa83e63e48f&fields=id&fields=name HTTP/1.1" status: 200 len: 312 time: 0.3430099
Aug 11 09:08:52.285287 n-d-764292-31 neutron-server[95152]: DEBUG neutron.pecan_wsgi.hooks.policy_enforcement [req-c6f245e4-bf8c-467a-9d2b-38215055682c req-1aa9f60f-657b-468c-8346-6b8e5ad8926a service neutron] Attributes excluded by policy engine: ['standard_attr_id', 'shared'] {{(pid=95152) _exclude_attributes_by_policy /opt/stack/neutron/neutron/pecan_wsgi/hooks/policy_enforcement.py:255}}
Aug 11 09:08:52.286760 n-d-764292-31 neutron-server[95152]: INFO neutron.wsgi [req-c6f245e4-bf8c-467a-9d2b-38215055682c req-1aa9f60f-657b-468c-8346-6b8e5ad8926a service neutron] 10.222.0.10 "GET /v2.0/subnets?id=1ddd9030-3728-49da-a4e7-c3efc6013ea1 HTTP/1.1" status: 200 len: 843 time: 0.2655716
Aug 11 09:08:52.313615 n-d-764292-31 neutron-server[95153]: DEBUG neutron.plugins.ml2.db [req-9dc6a9e1-a031-4e6b-b1ff-eee124e72a08 req-a199ed90-fe6e-45b6-bc87-7d430f18ab96 service neutron] For port d8e70f59-cf9b-4e60-9f6a-3a3d69c9b864, host n-h2-764292-31, cleared binding levels {{(pid=95153) clear_binding_levels /opt/stack/neutron/neutron/plugins/ml2/db.py:87}}
Aug 11 09:08:52.317767 n-d-764292-31 neutron-server[95153]: DEBUG neutron.plugins.ml2.db [req-9dc6a9e1-a031-4e6b-b1ff-eee124e72a08 req-a199ed90-fe6e-45b6-bc87-7d430f18ab96 service neutron] For port d8e70f59-cf9b-4e60-9f6a-3a3d69c9b864, host n-h2-764292-31, set binding levels [PortBindingLevel(driver='hyperv',host='n-h2-764292-31',level=0,port_id=d8e70f59-cf9b-4e60-9f6a-3a3d69c9b864,segment=NetworkSegment(b6910169-0897-40fa-aca2-8de07a1bac43),segment_id=b6910169-0897-40fa-aca2-8de07a1bac43)] {{(pid=95153) set_binding_levels /opt/stack/neutron/neutron/plugins/ml2/db.py:59}}
Aug 11 09:08:52.406195 n-d-764292-31 neutron-server[95153]: DEBUG neutron_lib.callbacks.manager [req-9dc6a9e1-a031-4e6b-b1ff-eee124e72a08 req-a199ed90-fe6e-45b6-bc87-7d430f18ab96 service neutron] Notify callbacks ['neutron.plugins.ml2.plugin.SecurityGroupServerNotifierRpcMixin._notify_sg_on_port_change-3549321', 'neutron.plugins.ml2.ovo_rpc._ObjectChangeHandler.handle_event-89567', 'neutron.api.rpc.agentnotifiers.dhcp_rpc_agent_api.DhcpAgentNotifyAPI._native_event_send_dhcp_notification-3733305', 'neutron.db.l3_db.L3RpcNotifierMixin._notify_gateway_port_ip_changed-8778537736605', 'neutron.db.l3_dvrscheduler_db._notify_l3_agent_port_update-8778537249796', 'neutron.db.l3_hascheduler_db._notify_l3_agent_ha_port_update-8778537249814'] for port, after_update {{(pid=95153) _notify_loop /usr/local/lib/python3.8/dist-packages/neutron_lib/callbacks/manager.py:192}}
Aug 11 09:08:52.419189 n-d-764292-31 neutron-server[95152]: INFO neutron.wsgi [req-131fb4fa-a140-46e2-ba29-4b7d6f69fcc6 req-3f96a1a3-6222-40d5-9cc6-14b2ce8ea25b tempest-LiveMigrationTest-606271090 tempest-LiveMigrationTest-606271090-project] 10.222.0.66 "GET /v2.0/ports?device_id=7cc573bb-3b27-41f4-b478-6883eb3cbd3e HTTP/1.1" status: 200 len: 210 time: 0.0526907
Aug 11 09:08:52.424261 n-d-764292-31 neutron-server[95153]: DEBUG neutron.pecan_wsgi.hooks.policy_enforcement [req-9dc6a9e1-a031-4e6b-b1ff-eee124e72a08 req-a199ed90-fe6e-45b6-bc87-7d430f18ab96 service neutron] Attributes excluded by policy engine: ['standard_attr_id'] {{(pid=95153) _exclude_attributes_by_policy /opt/stack/neutron/neutron/pecan_wsgi/hooks/policy_enforcement.py:255}}
Aug 11 09:08:52.425622 n-d-764292-31 neutron-server[95153]: DEBUG neutron_lib.callbacks.manager [req-9dc6a9e1-a031-4e6b-b1ff-eee124e72a08 req-a199ed90-fe6e-45b6-bc87-7d430f18ab96 service neutron] Notify callbacks ['neutron.notifiers.nova.Notifier._send_nova_notification-90165', 'neutron.api.rpc.agentnotifiers.dhcp_rpc_agent_api.DhcpAgentNotifyAPI._send_dhcp_notification-3733287'] for port, before_response {{(pid=95153) _notify_loop /usr/local/lib/python3.8/dist-packages/neutron_lib/callbacks/manager.py:192}}
Aug 11 09:08:52.427985 n-d-764292-31 neutron-server[95153]: INFO neutron.wsgi [req-9dc6a9e1-a031-4e6b-b1ff-eee124e72a08 req-a199ed90-fe6e-45b6-bc87-7d430f18ab96 service neutron] 10.222.0.10 "PUT /v2.0/ports/d8e70f59-cf9b-4e60-9f6a-3a3d69c9b864 HTTP/1.1" status: 200 len: 1092 time: 0.8836677
Aug 11 09:08:52.428928 n-d-764292-31 neutron-server[95152]: DEBUG neutron.pecan_wsgi.hooks.policy_enforcement [req-c6f245e4-bf8c-467a-9d2b-38215055682c req-a97b0666-c25a-4e4f-a9f9-ed14a77f5baa service neutron] Attributes excluded by policy engine: ['standard_attr_id'] {{(pid=95152) _exclude_attributes_by_policy /opt/stack/neutron/neutron/pecan_wsgi/hooks/policy_enforcement.py:255}}
Aug 11 09:08:52.430861 n-d-764292-31 neutron-server[95153]: DEBUG neutron.notifiers.nova [-] Sending events: [{'name': 'network-changed', 'server_uuid': 'f557a7a9-c230-4dcb-b6fa-c8b6f794dac2', 'tag': 'd8e70f59-cf9b-4e60-9f6a-3a3d69c9b864'}] {{(pid=95153) send_events /opt/stack/neutron/neutron/notifiers/nova.py:262}}
Aug 11 09:08:52.431064 n-d-764292-31 neutron-server[95152]: INFO neutron.wsgi [req-c6f245e4-bf8c-467a-9d2b-38215055682c req-a97b0666-c25a-4e4f-a9f9-ed14a77f5baa service neutron] 10.222.0.10 "GET /v2.0/ports?network_id=180ecf52-45fa-454a-94aa-a6ef538b8cd2&device_owner=network%3Adhcp HTTP/1.1" status: 200 len: 1167 time: 0.1354356
Aug 11 09:08:52.437475 n-d-764292-31 neutron-server[95153]: DEBUG novaclient.v2.client [-] REQ: curl -g -i --cacert "/opt/stack/data/ca-bundle.pem" -X POST http://10.222.0.66/compute/v2.1/os-server-external-events -H "Accept: application/json" -H "Content-Type: application/json" -H "User-Agent: python-novaclient" -H "X-Auth-Token: {SHA256}70018173097115e1c38d9e3e74b01f57ccf362279f03d5e4c5a50a4d655c3907" -H "X-OpenStack-Nova-API-Version: 2.1" -H "X-OpenStack-Request-ID: req-581d72eb-1220-4ecf-af22-b77317c8c5e6" -d '{"events": [{"name": "network-changed", "server_uuid": "f557a7a9-c230-4dcb-b6fa-c8b6f794dac2", "tag": "d8e70f59-cf9b-4e60-9f6a-3a3d69c9b864"}]}' {{(pid=95153) _http_log_request /usr/local/lib/python3.8/dist-packages/keystoneauth1/session.py:519}}
Aug 11 09:08:52.539879 n-d-764292-31 neutron-server[95153]: DEBUG neutron.api.rpc.handlers.resources_rpc [None req-a199ed90-fe6e-45b6-bc87-7d430f18ab96 service neutron] Pushing event updated for resources: {'Port': ['ID=d8e70f59-cf9b-4e60-9f6a-3a3d69c9b864,revision_number=3']} {{(pid=95153) push /opt/stack/neutron/neutron/api/rpc/handlers/resources_rpc.py:237}}
Aug 11 09:08:52.604728 n-d-764292-31 neutron-server[95152]: INFO neutron.wsgi [req-c6f245e4-bf8c-467a-9d2b-38215055682c req-708196b3-8c99-429d-b138-9410490f5fd9 service neutron] 10.222.0.10 "GET /v2.0/networks/180ecf52-45fa-454a-94aa-a6ef538b8cd2?fields=segments HTTP/1.1" status: 200 len: 212 time: 0.1595190
Aug 11 09:08:52.616035 n-d-764292-31 neutron-server[95152]: DEBUG novaclient.v2.client [-] RESP: [200] Connection: close Content-Length: 179 Content-Type: application/json Date: Wed, 11 Aug 2021 09:08:51 GMT OpenStack-API-Version: compute 2.1 Server: Apache/2.4.41 (Ubuntu) Vary: OpenStack-API-Version,X-OpenStack-Nova-API-Version X-OpenStack-Nova-API-Version: 2.1 x-compute-request-id: req-b1341e5a-efb6-4ed0-8739-1ec8bed2f464 x-openstack-request-id: req-b1341e5a-efb6-4ed0-8739-1ec8bed2f464 {{(pid=95152) _http_log_response /usr/local/lib/python3.8/dist-packages/keystoneauth1/session.py:550}}
Aug 11 09:08:52.616327 n-d-764292-31 neutron-server[95152]: DEBUG novaclient.v2.client [-] RESP BODY: {"events": [{"name": "network-changed", "server_uuid": "368394cf-ad6e-4771-b42c-4c18e11504a9", "tag": "0687fda0-081d-4f2c-9808-a25bfd233f00", "status": "completed", "code": 200}]} {{(pid=95152) _http_log_response /usr/local/lib/python3.8/dist-packages/keystoneauth1/session.py:582}}
Aug 11 09:08:52.616577 n-d-764292-31 neutron-server[95152]: DEBUG novaclient.v2.client [-] POST call to compute for http://10.222.0.66/compute/v2.1/os-server-external-events used request id req-b1341e5a-efb6-4ed0-8739-1ec8bed2f464 {{(pid=95152) request /usr/local/lib/python3.8/dist-packages/keystoneauth1/session.py:954}}
Aug 11 09:08:52.617035 n-d-764292-31 neutron-server[95152]: INFO neutron.notifiers.nova [-] Nova event response: {'name': 'network-changed', 'server_uuid': '368394cf-ad6e-4771-b42c-4c18e11504a9', 'tag': '0687fda0-081d-4f2c-9808-a25bfd233f00', 'status': 'completed', 'code': 200}
Aug 11 09:08:52.652801 n-d-764292-31 neutron-server[95153]: DEBUG neutron.pecan_wsgi.hooks.policy_enforcement [req-9dc6a9e1-a031-4e6b-b1ff-eee124e72a08 req-b2d5e470-c930-4e91-9563-439090102f57 service neutron] Attributes excluded by policy engine: ['standard_attr_id'] {{(pid=95153) _exclude_attributes_by_policy /opt/stack/neutron/neutron/pecan_wsgi/hooks/policy_enforcement.py:255}}
Aug 11 09:08:52.654829 n-d-764292-31 neutron-server[95153]: INFO neutron.wsgi [req-9dc6a9e1-a031-4e6b-b1ff-eee124e72a08 req-b2d5e470-c930-4e91-9563-439090102f57 service neutron] 10.222.0.10 "GET /v2.0/ports?tenant_id=d07f1c9531494879944988ce2af0f77b&device_id=f557a7a9-c230-4dcb-b6fa-c8b6f794dac2 HTTP/1.1" status: 200 len: 1095 time: 0.0501652
Aug 11 09:08:52.711969 n-d-764292-31 neutron-server[95152]: INFO neutron.wsgi [req-79bc0cd2-0257-46d3-9672-9e514ea08930 req-fa1571b4-8bcd-42b6-bdad-ecf4e2bc9143 tempest-SecurityGroupsTestAdminJSON-490615523 tempest-SecurityGroupsTestAdminJSON-490615523-project-admin] 10.222.0.66 "GET /v2.0/security-groups HTTP/1.1" status: 200 len: 42315 time: 0.7022040
Aug 11 09:08:52.750878 n-d-764292-31 neutron-server[95153]: INFO neutron.wsgi [req-9dc6a9e1-a031-4e6b-b1ff-eee124e72a08 req-1b9be13a-baf6-4bf8-ab5f-852c6d913302 service neutron] 10.222.0.10 "GET /v2.0/floatingips?fixed_ip_address=172.20.0.3&port_id=d8e70f59-cf9b-4e60-9f6a-3a3d69c9b864 HTTP/1.1" status: 200 len: 217 time: 0.0849333
Aug 11 09:08:52.814707 n-d-764292-31 neutron-server[95152]: INFO neutron.wsgi [req-c6f245e4-bf8c-467a-9d2b-38215055682c req-f928e0d4-b137-460d-9e48-d0a218c696f5 service neutron] 10.222.0.10 "GET /v2.0/networks/180ecf52-45fa-454a-94aa-a6ef538b8cd2?fields=provider%3Aphysical_network&fields=provider%3Anetwork_type HTTP/1.1" status: 200 len: 281 time: 0.1892793
Aug 11 09:08:52.829976 n-d-764292-31 neutron-server[95152]: DEBUG neutron.pecan_wsgi.hooks.policy_enforcement [req-ef7f1019-d220-4d2b-b899-b8cb3ae193f3 req-0b2ac591-73fb-496c-a0db-4872fb4718d7 tempest-LiveMigrationNegativeTest-1038181426 tempest-LiveMigrationNegativeTest-1038181426-project] Attributes excluded by policy engine: ['standard_attr_id', 'binding:profile', 'binding:host_id', 'binding:vif_type', 'binding:vif_details'] {{(pid=95152) _exclude_attributes_by_policy /opt/stack/neutron/neutron/pecan_wsgi/hooks/policy_enforcement.py:255}}
