Aug 11 03:18:41.890941 n-d-764292-30 devstack@placement-api.service[102675]: DEBUG placement.objects.research_context [req-12bd4ecc-54ca-4730-b158-fa940f170624 req-ce41da24-c9d6-41e0-9417-a735a75a4ea9 service placement] found 2 providers after filtering by previous result {{(pid=102675) get_provider_ids_matching /opt/stack/placement/placement/objects/research_context.py:580}}
Aug 11 03:18:41.913405 n-d-764292-30 devstack@placement-api.service[102675]: DEBUG placement.objects.allocation_candidate [req-12bd4ecc-54ca-4730-b158-fa940f170624 req-ce41da24-c9d6-41e0-9417-a735a75a4ea9 service placement] RequestGroup(use_same_provider=False, resources={DISK_GB:1, MEMORY_MB:1024, VCPU:1}, traits=[], aggregates=[]) (suffix '') returned 2 matches {{(pid=102675) _get_by_requests /opt/stack/placement/placement/objects/allocation_candidate.py:145}}
Aug 11 03:18:41.913900 n-d-764292-30 devstack@placement-api.service[102675]: DEBUG placement.objects.allocation_candidate [req-12bd4ecc-54ca-4730-b158-fa940f170624 req-ce41da24-c9d6-41e0-9417-a735a75a4ea9 service placement] Merging candidates yields 2 allocation requests and 2 provider summaries {{(pid=102675) _merge_candidates /opt/stack/placement/placement/objects/allocation_candidate.py:783}}
Aug 11 03:18:41.916133 n-d-764292-30 devstack@placement-api.service[102675]: INFO placement.requestlog [req-12bd4ecc-54ca-4730-b158-fa940f170624 req-ce41da24-c9d6-41e0-9417-a735a75a4ea9 service placement] 10.222.0.41 "GET /placement/allocation_candidates?limit=1000&resources=DISK_GB%3A1%2CMEMORY_MB%3A1024%2CVCPU%3A1&root_required=%21COMPUTE_STATUS_DISABLED" status: 200 len: 1309 microversion: 1.35
Aug 11 03:18:41.918464 n-d-764292-30 devstack@placement-api.service[102675]: [pid: 102675|app: 0|req: 434/871] 10.222.0.41 () {60 vars in 1507 bytes} [Wed Aug 11 03:18:41 2021] GET /placement/allocation_candidates?limit=1000&resources=DISK_GB%3A1%2CMEMORY_MB%3A1024%2CVCPU%3A1&root_required=%21COMPUTE_STATUS_DISABLED => generated 1309 bytes in 167 msecs (HTTP/1.1 200) 8 headers in 297 bytes (1 switches on core 0)
Aug 11 03:18:42.005540 n-d-764292-30 devstack@placement-api.service[102676]: DEBUG placement.requestlog [req-12bd4ecc-54ca-4730-b158-fa940f170624 req-2936fc3f-6888-449e-9c8b-83ebd5de1c7f None None] Starting request: 10.222.0.41 "GET /placement/allocations/b16d05d2-4906-48a5-94a7-9a78f7144572" {{(pid=102676) __call__ /opt/stack/placement/placement/requestlog.py:55}}
Aug 11 03:18:42.019117 n-d-764292-30 devstack@placement-api.service[102676]: INFO placement.requestlog [req-12bd4ecc-54ca-4730-b158-fa940f170624 req-2936fc3f-6888-449e-9c8b-83ebd5de1c7f service placement] 10.222.0.41 "GET /placement/allocations/b16d05d2-4906-48a5-94a7-9a78f7144572" status: 200 len: 19 microversion: 1.28
Aug 11 03:18:42.023974 n-d-764292-30 devstack@placement-api.service[102676]: [pid: 102676|app: 0|req: 438/872] 10.222.0.41 () {60 vars in 1381 bytes} [Wed Aug 11 03:18:42 2021] GET /placement/allocations/b16d05d2-4906-48a5-94a7-9a78f7144572 => generated 19 bytes in 19 msecs (HTTP/1.1 200) 8 headers in 295 bytes (1 switches on core 0)
Aug 11 03:18:42.027033 n-d-764292-30 devstack@placement-api.service[102675]: DEBUG placement.requestlog [req-12bd4ecc-54ca-4730-b158-fa940f170624 req-3bb14fcd-8fb5-4689-9d7d-49481ebee8a0 None None] Starting request: 10.222.0.41 "PUT /placement/allocations/b16d05d2-4906-48a5-94a7-9a78f7144572" {{(pid=102675) __call__ /opt/stack/placement/placement/requestlog.py:55}}
Aug 11 03:18:42.458872 n-d-764292-30 devstack@placement-api.service[102675]: DEBUG placement.handlers.allocation [req-12bd4ecc-54ca-4730-b158-fa940f170624 req-3bb14fcd-8fb5-4689-9d7d-49481ebee8a0 service placement] Successfully wrote allocations [, , ] {{(pid=102675) _create_allocations /opt/stack/placement/placement/handlers/allocation.py:435}}
Aug 11 03:18:42.459780 n-d-764292-30 devstack@placement-api.service[102675]: INFO placement.requestlog [req-12bd4ecc-54ca-4730-b158-fa940f170624 req-3bb14fcd-8fb5-4689-9d7d-49481ebee8a0 service placement] 10.222.0.41 "PUT /placement/allocations/b16d05d2-4906-48a5-94a7-9a78f7144572" status: 204 len: 0 microversion: 1.35
Aug 11 03:18:42.462656 n-d-764292-30 devstack@placement-api.service[102675]: [pid: 102675|app: 0|req: 435/873] 10.222.0.41 () {64 vars in 1434 bytes} [Wed Aug 11 03:18:42 2021] PUT /placement/allocations/b16d05d2-4906-48a5-94a7-9a78f7144572 => generated 0 bytes in 434 msecs (HTTP/1.1 204) 5 headers in 199 bytes (2 switches on core 0)
Aug 11 03:18:43.219148 n-d-764292-30 devstack@placement-api.service[102676]: DEBUG placement.requestlog [req-5fcb1905-2ba3-4857-8502-6d11f40abbce req-5157f424-5571-41ad-816d-df8af7b35cf7 None None] Starting request: 10.222.0.22 "GET /placement/allocations/87bccd5e-1550-45c8-b06c-06fc8aa04820" {{(pid=102676) __call__ /opt/stack/placement/placement/requestlog.py:55}}
Aug 11 03:18:43.241039 n-d-764292-30 devstack@placement-api.service[102676]: INFO placement.requestlog [req-5fcb1905-2ba3-4857-8502-6d11f40abbce req-5157f424-5571-41ad-816d-df8af7b35cf7 service placement] 10.222.0.22 "GET /placement/allocations/87bccd5e-1550-45c8-b06c-06fc8aa04820" status: 200 len: 260 microversion: 1.28
Aug 11 03:18:43.242567 n-d-764292-30 devstack@placement-api.service[102676]: [pid: 102676|app: 0|req: 439/874] 10.222.0.22 () {60 vars in 1378 bytes} [Wed Aug 11 03:18:43 2021] GET /placement/allocations/87bccd5e-1550-45c8-b06c-06fc8aa04820 => generated 260 bytes in 23 msecs (HTTP/1.1 200) 8 headers in 296 bytes (1 switches on core 0)
Aug 11 03:18:43.253195 n-d-764292-30 devstack@placement-api.service[102675]: DEBUG placement.requestlog [req-5fcb1905-2ba3-4857-8502-6d11f40abbce req-de395f4d-c063-4701-986b-98348f989361 None None] Starting request: 10.222.0.22 "PUT /placement/allocations/87bccd5e-1550-45c8-b06c-06fc8aa04820" {{(pid=102675) __call__ /opt/stack/placement/placement/requestlog.py:55}}
Aug 11 03:18:43.442116 n-d-764292-30 devstack@placement-api.service[102675]: DEBUG placement.handlers.allocation [req-5fcb1905-2ba3-4857-8502-6d11f40abbce req-de395f4d-c063-4701-986b-98348f989361 service placement] Successfully wrote allocations [, , ] {{(pid=102675) _create_allocations /opt/stack/placement/placement/handlers/allocation.py:435}}
Aug 11 03:18:43.443016 n-d-764292-30 devstack@placement-api.service[102675]: INFO placement.requestlog [req-5fcb1905-2ba3-4857-8502-6d11f40abbce req-de395f4d-c063-4701-986b-98348f989361 service placement] 10.222.0.22 "PUT /placement/allocations/87bccd5e-1550-45c8-b06c-06fc8aa04820" status: 204 len: 0 microversion: 1.28
Aug 11 03:18:43.444215 n-d-764292-30 devstack@placement-api.service[102675]: [pid: 102675|app: 0|req: 436/875] 10.222.0.22 () {64 vars in 1431 bytes} [Wed Aug 11 03:18:43 2021] PUT /placement/allocations/87bccd5e-1550-45c8-b06c-06fc8aa04820 => generated 0 bytes in 191 msecs (HTTP/1.1 204) 5 headers in 199 bytes (1 switches on core 0)
Aug 11 03:18:43.653325 n-d-764292-30 devstack@placement-api.service[102676]: DEBUG placement.requestlog [req-12bd4ecc-54ca-4730-b158-fa940f170624 req-f21eb20c-97d3-40ee-a5b2-cc24d9b0ef27 None None] Starting request: 10.222.0.22 "GET /placement/allocations/b16d05d2-4906-48a5-94a7-9a78f7144572" {{(pid=102676) __call__ /opt/stack/placement/placement/requestlog.py:55}}
Aug 11 03:18:43.687076 n-d-764292-30 devstack@placement-api.service[102676]: INFO placement.requestlog [req-12bd4ecc-54ca-4730-b158-fa940f170624 req-f21eb20c-97d3-40ee-a5b2-cc24d9b0ef27 service placement] 10.222.0.22 "GET /placement/allocations/b16d05d2-4906-48a5-94a7-9a78f7144572" status: 200 len: 260 microversion: 1.28
Aug 11 03:18:43.687076 n-d-764292-30 devstack@placement-api.service[102676]: [pid: 102676|app: 0|req: 440/876] 10.222.0.22 () {60 vars in 1378 bytes} [Wed Aug 11 03:18:43 2021] GET /placement/allocations/b16d05d2-4906-48a5-94a7-9a78f7144572 => generated 260 bytes in 32 msecs (HTTP/1.1 200) 8 headers in 296 bytes (1 switches on core 0)
Aug 11 03:18:52.215065 n-d-764292-30 devstack@placement-api.service[102675]: DEBUG placement.requestlog [req-062d2961-a559-4409-84fc-51418e67e88c req-da69316d-67ec-4f87-a1d8-b5e59bdd3ac9 None None] Starting request: 10.222.0.22 "GET /placement/allocations/b16d05d2-4906-48a5-94a7-9a78f7144572" {{(pid=102675) __call__ /opt/stack/placement/placement/requestlog.py:55}}
Aug 11 03:18:52.234352 n-d-764292-30 devstack@placement-api.service[102675]: INFO placement.requestlog [req-062d2961-a559-4409-84fc-51418e67e88c req-da69316d-67ec-4f87-a1d8-b5e59bdd3ac9 service placement] 10.222.0.22 "GET /placement/allocations/b16d05d2-4906-48a5-94a7-9a78f7144572" status: 200 len: 260 microversion: 1.28
Aug 11 03:18:52.235112 n-d-764292-30 devstack@placement-api.service[102675]: [pid: 102675|app: 0|req: 437/877] 10.222.0.22 () {60 vars in 1378 bytes} [Wed Aug 11 03:18:52 2021] GET /placement/allocations/b16d05d2-4906-48a5-94a7-9a78f7144572 => generated 260 bytes in 21 msecs (HTTP/1.1 200) 8 headers in 296 bytes (1 switches on core 0)
Aug 11 03:18:54.036339 n-d-764292-30 devstack@placement-api.service[102676]: DEBUG placement.requestlog [req-6e30486c-d57e-4291-ad2f-49d18ead7e55 req-ff415b84-fd07-40b3-97a7-b16c2ac7a493 None None] Starting request: 10.222.0.41 "GET /placement/allocation_candidates?limit=1000&resources=DISK_GB%3A1%2CMEMORY_MB%3A1024%2CVCPU%3A1&root_required=%21COMPUTE_STATUS_DISABLED" {{(pid=102676) __call__ /opt/stack/placement/placement/requestlog.py:55}}
Aug 11 03:18:54.069976 n-d-764292-30 devstack@placement-api.service[102676]: DEBUG placement.objects.research_context [req-6e30486c-d57e-4291-ad2f-49d18ead7e55 req-ff415b84-fd07-40b3-97a7-b16c2ac7a493 service placement] getting providers with 1 DISK_GB {{(pid=102676) __init__ /opt/stack/placement/placement/objects/research_context.py:126}}
Aug 11 03:18:54.077120 n-d-764292-30 devstack@placement-api.service[102676]: DEBUG placement.objects.research_context [req-6e30486c-d57e-4291-ad2f-49d18ead7e55 req-ff415b84-fd07-40b3-97a7-b16c2ac7a493 service placement] getting providers with 1024 MEMORY_MB {{(pid=102676) __init__ /opt/stack/placement/placement/objects/research_context.py:126}}
Aug 11 03:18:54.083013 n-d-764292-30 devstack@placement-api.service[102676]: DEBUG placement.objects.research_context [req-6e30486c-d57e-4291-ad2f-49d18ead7e55 req-ff415b84-fd07-40b3-97a7-b16c2ac7a493 service placement] getting providers with 1 VCPU {{(pid=102676) __init__ /opt/stack/placement/placement/objects/research_context.py:126}}
Aug 11 03:18:54.088818 n-d-764292-30 devstack@placement-api.service[102676]: DEBUG placement.objects.research_context [req-6e30486c-d57e-4291-ad2f-49d18ead7e55 req-ff415b84-fd07-40b3-97a7-b16c2ac7a493 service placement] found 2 providers with available 1 DISK_GB {{(pid=102676) get_provider_ids_matching /opt/stack/placement/placement/objects/research_context.py:549}}
Aug 11 03:18:54.089422 n-d-764292-30 devstack@placement-api.service[102676]: DEBUG placement.objects.research_context [req-6e30486c-d57e-4291-ad2f-49d18ead7e55 req-ff415b84-fd07-40b3-97a7-b16c2ac7a493 service placement] found 2 providers with available 1024 MEMORY_MB {{(pid=102676) get_provider_ids_matching /opt/stack/placement/placement/objects/research_context.py:549}}
Aug 11 03:18:54.089708 n-d-764292-30 devstack@placement-api.service[102676]: DEBUG placement.objects.research_context [req-6e30486c-d57e-4291-ad2f-49d18ead7e55 req-ff415b84-fd07-40b3-97a7-b16c2ac7a493 service placement] found 2 providers after filtering by previous result {{(pid=102676) get_provider_ids_matching /opt/stack/placement/placement/objects/research_context.py:580}}
Aug 11 03:18:54.089968 n-d-764292-30 devstack@placement-api.service[102676]: DEBUG placement.objects.research_context [req-6e30486c-d57e-4291-ad2f-49d18ead7e55 req-ff415b84-fd07-40b3-97a7-b16c2ac7a493 service placement] found 2 providers with available 1 VCPU {{(pid=102676) get_provider_ids_matching /opt/stack/placement/placement/objects/research_context.py:549}}
Aug 11 03:18:54.090233 n-d-764292-30 devstack@placement-api.service[102676]: DEBUG placement.objects.research_context [req-6e30486c-d57e-4291-ad2f-49d18ead7e55 req-ff415b84-fd07-40b3-97a7-b16c2ac7a493 service placement] found 2 providers after filtering by previous result {{(pid=102676) get_provider_ids_matching /opt/stack/placement/placement/objects/research_context.py:580}}
Aug 11 03:18:54.102273 n-d-764292-30 devstack@placement-api.service[102676]: DEBUG placement.objects.allocation_candidate [req-6e30486c-d57e-4291-ad2f-49d18ead7e55 req-ff415b84-fd07-40b3-97a7-b16c2ac7a493 service placement] RequestGroup(use_same_provider=False, resources={DISK_GB:1, MEMORY_MB:1024, VCPU:1}, traits=[], aggregates=[]) (suffix '') returned 2 matches {{(pid=102676) _get_by_requests /opt/stack/placement/placement/objects/allocation_candidate.py:145}}
Aug 11 03:18:54.102954 n-d-764292-30 devstack@placement-api.service[102676]: DEBUG placement.objects.allocation_candidate [req-6e30486c-d57e-4291-ad2f-49d18ead7e55 req-ff415b84-fd07-40b3-97a7-b16c2ac7a493 service placement] Merging candidates yields 2 allocation requests and 2 provider summaries {{(pid=102676) _merge_candidates /opt/stack/placement/placement/objects/allocation_candidate.py:783}}
Aug 11 03:18:54.104919 n-d-764292-30 devstack@placement-api.service[102676]: INFO placement.requestlog [req-6e30486c-d57e-4291-ad2f-49d18ead7e55 req-ff415b84-fd07-40b3-97a7-b16c2ac7a493 service placement] 10.222.0.41 "GET /placement/allocation_candidates?limit=1000&resources=DISK_GB%3A1%2CMEMORY_MB%3A1024%2CVCPU%3A1&root_required=%21COMPUTE_STATUS_DISABLED" status: 200 len: 1309 microversion: 1.35
Aug 11 03:18:54.105641 n-d-764292-30 devstack@placement-api.service[102676]: [pid: 102676|app: 0|req: 441/878] 10.222.0.41 () {60 vars in 1507 bytes} [Wed Aug 11 03:18:54 2021] GET /placement/allocation_candidates?limit=1000&resources=DISK_GB%3A1%2CMEMORY_MB%3A1024%2CVCPU%3A1&root_required=%21COMPUTE_STATUS_DISABLED => generated 1309 bytes in 69 msecs (HTTP/1.1 200) 8 headers in 297 bytes (2 switches on core 0)
Aug 11 03:18:54.164525 n-d-764292-30 devstack@placement-api.service[102675]: DEBUG placement.requestlog [req-6e30486c-d57e-4291-ad2f-49d18ead7e55 req-e0028b0a-ffac-470f-92e6-ab7c2ff2c814 None None] Starting request: 10.222.0.41 "GET /placement/allocations/25553e3e-f82d-48a4-96f3-86d747927b3a" {{(pid=102675) __call__ /opt/stack/placement/placement/requestlog.py:55}}
Aug 11 03:18:54.176251 n-d-764292-30 devstack@placement-api.service[102675]: INFO placement.requestlog [req-6e30486c-d57e-4291-ad2f-49d18ead7e55 req-e0028b0a-ffac-470f-92e6-ab7c2ff2c814 service placement] 10.222.0.41 "GET /placement/allocations/25553e3e-f82d-48a4-96f3-86d747927b3a" status: 200 len: 19 microversion: 1.28
Aug 11 03:18:54.181744 n-d-764292-30 devstack@placement-api.service[102675]: [pid: 102675|app: 0|req: 438/879] 10.222.0.41 () {60 vars in 1381 bytes} [Wed Aug 11 03:18:54 2021] GET /placement/allocations/25553e3e-f82d-48a4-96f3-86d747927b3a => generated 19 bytes in 17 msecs (HTTP/1.1 200) 8 headers in 295 bytes (1 switches on core 0)
Aug 11 03:18:54.182530 n-d-764292-30 devstack@placement-api.service[102676]: DEBUG placement.requestlog [req-6e30486c-d57e-4291-ad2f-49d18ead7e55 req-1ea2c7d0-1cf4-4092-81c4-48b36a38e38a None None] Starting request: 10.222.0.41 "PUT /placement/allocations/25553e3e-f82d-48a4-96f3-86d747927b3a" {{(pid=102676) __call__ /opt/stack/placement/placement/requestlog.py:55}}
Aug 11 03:18:54.441311 n-d-764292-30 devstack@placement-api.service[102676]: DEBUG placement.handlers.allocation [req-6e30486c-d57e-4291-ad2f-49d18ead7e55 req-1ea2c7d0-1cf4-4092-81c4-48b36a38e38a service placement] Successfully wrote allocations [, , ] {{(pid=102676) _create_allocations /opt/stack/placement/placement/handlers/allocation.py:435}}
Aug 11 03:18:54.441814 n-d-764292-30 devstack@placement-api.service[102676]: INFO placement.requestlog [req-6e30486c-d57e-4291-ad2f-49d18ead7e55 req-1ea2c7d0-1cf4-4092-81c4-48b36a38e38a service placement] 10.222.0.41 "PUT /placement/allocations/25553e3e-f82d-48a4-96f3-86d747927b3a" status: 204 len: 0 microversion: 1.35
Aug 11 03:18:54.442575 n-d-764292-30 devstack@placement-api.service[102676]: [pid: 102676|app: 0|req: 442/880] 10.222.0.41 () {64 vars in 1434 bytes} [Wed Aug 11 03:18:54 2021] PUT /placement/allocations/25553e3e-f82d-48a4-96f3-86d747927b3a => generated 0 bytes in 260 msecs (HTTP/1.1 204) 5 headers in 199 bytes (2 switches on core 0)
Aug 11 03:18:55.463803 n-d-764292-30 devstack@placement-api.service[102675]: DEBUG placement.requestlog [req-85dc332f-14b5-41e7-bba5-65a14947a9ed req-3d045c72-520f-4197-975f-624e7305e8db None None] Starting request: 10.222.0.24 "GET /placement/allocations/d035fdc4-7181-4b3c-85ab-eb5fdf398672" {{(pid=102675) __call__ /opt/stack/placement/placement/requestlog.py:55}}
Aug 11 03:18:55.493090 n-d-764292-30 devstack@placement-api.service[102675]: INFO placement.requestlog [req-85dc332f-14b5-41e7-bba5-65a14947a9ed req-3d045c72-520f-4197-975f-624e7305e8db service placement] 10.222.0.24 "GET /placement/allocations/d035fdc4-7181-4b3c-85ab-eb5fdf398672" status: 200 len: 260 microversion: 1.28
Aug 11 03:18:55.493607 n-d-764292-30 devstack@placement-api.service[102675]: [pid: 102675|app: 0|req: 439/881] 10.222.0.24 () {60 vars in 1378 bytes} [Wed Aug 11 03:18:55 2021] GET /placement/allocations/d035fdc4-7181-4b3c-85ab-eb5fdf398672 => generated 260 bytes in 30 msecs (HTTP/1.1 200) 8 headers in 296 bytes (1 switches on core 0)
Aug 11 03:18:55.501393 n-d-764292-30 devstack@placement-api.service[102676]: DEBUG placement.requestlog [req-85dc332f-14b5-41e7-bba5-65a14947a9ed req-f6a2c558-1102-4807-90f1-87881235a2a7 None None] Starting request: 10.222.0.24 "PUT /placement/allocations/d035fdc4-7181-4b3c-85ab-eb5fdf398672" {{(pid=102676) __call__ /opt/stack/placement/placement/requestlog.py:55}}
Aug 11 03:18:55.688914 n-d-764292-30 devstack@placement-api.service[102675]: DEBUG placement.requestlog [req-6e30486c-d57e-4291-ad2f-49d18ead7e55 req-4a3face1-818c-47ba-a2b7-1af9105c7b5f None None] Starting request: 10.222.0.22 "GET /placement/allocations/25553e3e-f82d-48a4-96f3-86d747927b3a" {{(pid=102675) __call__ /opt/stack/placement/placement/requestlog.py:55}}
Aug 11 03:18:55.704536 n-d-764292-30 devstack@placement-api.service[102675]: INFO placement.requestlog [req-6e30486c-d57e-4291-ad2f-49d18ead7e55 req-4a3face1-818c-47ba-a2b7-1af9105c7b5f service placement] 10.222.0.22 "GET /placement/allocations/25553e3e-f82d-48a4-96f3-86d747927b3a" status: 200 len: 260 microversion: 1.28
Aug 11 03:18:55.704963 n-d-764292-30 devstack@placement-api.service[102675]: [pid: 102675|app: 0|req: 440/882] 10.222.0.22 () {60 vars in 1378 bytes} [Wed Aug 11 03:18:55 2021] GET /placement/allocations/25553e3e-f82d-48a4-96f3-86d747927b3a => generated 260 bytes in 17 msecs (HTTP/1.1 200) 8 headers in 296 bytes (2 switches on core 0)
Aug 11 03:18:55.737977 n-d-764292-30 devstack@placement-api.service[102676]: DEBUG placement.handlers.allocation [req-85dc332f-14b5-41e7-bba5-65a14947a9ed req-f6a2c558-1102-4807-90f1-87881235a2a7 service placement] Successfully wrote allocations [, , ] {{(pid=102676) _create_allocations /opt/stack/placement/placement/handlers/allocation.py:435}}
Aug 11 03:18:55.738563 n-d-764292-30 devstack@placement-api.service[102676]: INFO placement.requestlog [req-85dc332f-14b5-41e7-bba5-65a14947a9ed req-f6a2c558-1102-4807-90f1-87881235a2a7 service placement] 10.222.0.24 "PUT /placement/allocations/d035fdc4-7181-4b3c-85ab-eb5fdf398672" status: 204 len: 0 microversion: 1.28
Aug 11 03:18:55.738909 n-d-764292-30 devstack@placement-api.service[102676]: [pid: 102676|app: 0|req: 443/883] 10.222.0.24 () {64 vars in 1431 bytes} [Wed Aug 11 03:18:55 2021] PUT /placement/allocations/d035fdc4-7181-4b3c-85ab-eb5fdf398672 => generated 0 bytes in 238 msecs (HTTP/1.1 204) 5 headers in 199 bytes (2 switches on core 0)
Aug 11 03:19:02.394709 n-d-764292-30 devstack@placement-api.service[102675]: DEBUG placement.requestlog [req-e9b77ef3-bbe5-44a2-a9b7-ceb7972acbaa req-527d9734-5a71-4d1a-8be6-3b09bcdd6bab None None] Starting request: 10.222.0.24 "GET /placement/allocations/41f82774-e08b-4049-ab43-7399d65705e3" {{(pid=102675) __call__ /opt/stack/placement/placement/requestlog.py:55}}
Aug 11 03:19:02.419833 n-d-764292-30 devstack@placement-api.service[102675]: INFO placement.requestlog [req-e9b77ef3-bbe5-44a2-a9b7-ceb7972acbaa req-527d9734-5a71-4d1a-8be6-3b09bcdd6bab service placement] 10.222.0.24 "GET /placement/allocations/41f82774-e08b-4049-ab43-7399d65705e3" status: 200 len: 260 microversion: 1.28
Aug 11 03:19:02.421645 n-d-764292-30 devstack@placement-api.service[102675]: [pid: 102675|app: 0|req: 441/884] 10.222.0.24 () {60 vars in 1378 bytes} [Wed Aug 11 03:19:02 2021] GET /placement/allocations/41f82774-e08b-4049-ab43-7399d65705e3 => generated 260 bytes in 28 msecs (HTTP/1.1 200) 8 headers in 296 bytes (1 switches on core 0)
Aug 11 03:19:02.431847 n-d-764292-30 devstack@placement-api.service[102676]: DEBUG placement.requestlog [req-e9b77ef3-bbe5-44a2-a9b7-ceb7972acbaa req-c5374df6-4a35-46ed-8216-d70657077fab None None] Starting request: 10.222.0.24 "PUT /placement/allocations/41f82774-e08b-4049-ab43-7399d65705e3" {{(pid=102676) __call__ /opt/stack/placement/placement/requestlog.py:55}}
Aug 11 03:19:02.569571 n-d-764292-30 devstack@placement-api.service[102676]: DEBUG placement.handlers.allocation [req-e9b77ef3-bbe5-44a2-a9b7-ceb7972acbaa req-c5374df6-4a35-46ed-8216-d70657077fab service placement] Successfully wrote allocations [, , ] {{(pid=102676) _create_allocations /opt/stack/placement/placement/handlers/allocation.py:435}}
Aug 11 03:19:02.569571 n-d-764292-30 devstack@placement-api.service[102676]: INFO placement.requestlog [req-e9b77ef3-bbe5-44a2-a9b7-ceb7972acbaa req-c5374df6-4a35-46ed-8216-d70657077fab service placement] 10.222.0.24 "PUT /placement/allocations/41f82774-e08b-4049-ab43-7399d65705e3" status: 204 len: 0 microversion: 1.28
Aug 11 03:19:02.569571 n-d-764292-30 devstack@placement-api.service[102676]: [pid: 102676|app: 0|req: 444/885] 10.222.0.24 () {64 vars in 1431 bytes} [Wed Aug 11 03:19:02 2021] PUT /placement/allocations/41f82774-e08b-4049-ab43-7399d65705e3 => generated 0 bytes in 136 msecs (HTTP/1.1 204) 5 headers in 199 bytes (2 switches on core 0)
Aug 11 03:19:02.872462 n-d-764292-30 devstack@placement-api.service[102675]: DEBUG placement.requestlog [req-4626b953-c29c-42b5-b15d-2d911378fcff req-189fcd21-f1c2-4432-817c-50f513d4b02c None None] Starting request: 10.222.0.22 "GET /placement/allocations/3d1c410a-fc4c-4c4b-9a80-8e1a6b19ffc8" {{(pid=102675) __call__ /opt/stack/placement/placement/requestlog.py:55}}
Aug 11 03:19:02.892498 n-d-764292-30 devstack@placement-api.service[102675]: INFO placement.requestlog [req-4626b953-c29c-42b5-b15d-2d911378fcff req-189fcd21-f1c2-4432-817c-50f513d4b02c service placement] 10.222.0.22 "GET /placement/allocations/3d1c410a-fc4c-4c4b-9a80-8e1a6b19ffc8" status: 200 len: 260 microversion: 1.28
Aug 11 03:19:02.892740 n-d-764292-30 devstack@placement-api.service[102675]: [pid: 102675|app: 0|req: 442/886] 10.222.0.22 () {60 vars in 1378 bytes} [Wed Aug 11 03:19:02 2021] GET /placement/allocations/3d1c410a-fc4c-4c4b-9a80-8e1a6b19ffc8 => generated 260 bytes in 20 msecs (HTTP/1.1 200) 8 headers in 296 bytes (1 switches on core 0)
Aug 11 03:19:02.903494 n-d-764292-30 devstack@placement-api.service[102676]: DEBUG placement.requestlog [req-4626b953-c29c-42b5-b15d-2d911378fcff req-21fe0e13-d69b-44f7-9be7-2317c71e0325 None None] Starting request: 10.222.0.22 "PUT /placement/allocations/3d1c410a-fc4c-4c4b-9a80-8e1a6b19ffc8" {{(pid=102676) __call__ /opt/stack/placement/placement/requestlog.py:55}}
Aug 11 03:19:03.080936 n-d-764292-30 devstack@placement-api.service[102676]: DEBUG placement.handlers.allocation [req-4626b953-c29c-42b5-b15d-2d911378fcff req-21fe0e13-d69b-44f7-9be7-2317c71e0325 service placement] Successfully wrote allocations [, , ] {{(pid=102676) _create_allocations /opt/stack/placement/placement/handlers/allocation.py:435}}
Aug 11 03:19:03.081743 n-d-764292-30 devstack@placement-api.service[102676]: INFO placement.requestlog [req-4626b953-c29c-42b5-b15d-2d911378fcff req-21fe0e13-d69b-44f7-9be7-2317c71e0325 service placement] 10.222.0.22 "PUT /placement/allocations/3d1c410a-fc4c-4c4b-9a80-8e1a6b19ffc8" status: 204 len: 0 microversion: 1.28
Aug 11 03:19:03.082397 n-d-764292-30 devstack@placement-api.service[102676]: [pid: 102676|app: 0|req: 445/887] 10.222.0.22 () {64 vars in 1431 bytes} [Wed Aug 11 03:19:02 2021] PUT /placement/allocations/3d1c410a-fc4c-4c4b-9a80-8e1a6b19ffc8 => generated 0 bytes in 179 msecs (HTTP/1.1 204) 5 headers in 199 bytes (1 switches on core 0)
Aug 11 03:19:09.883849 n-d-764292-30 devstack@placement-api.service[102675]: DEBUG placement.requestlog [req-16a27df8-dfbf-490b-9081-2f5a9abe90c3 req-f781cd30-3c7e-4865-b01b-f096d749734b None None] Starting request: 10.222.0.41 "GET /placement/allocation_candidates?limit=1000&resources=DISK_GB%3A1%2CMEMORY_MB%3A1024%2CVCPU%3A1&root_required=%21COMPUTE_STATUS_DISABLED" {{(pid=102675) __call__ /opt/stack/placement/placement/requestlog.py:55}}
Aug 11 03:19:09.934470 n-d-764292-30 devstack@placement-api.service[102675]: DEBUG placement.objects.research_context [req-16a27df8-dfbf-490b-9081-2f5a9abe90c3 req-f781cd30-3c7e-4865-b01b-f096d749734b service placement] getting providers with 1 DISK_GB {{(pid=102675) __init__ /opt/stack/placement/placement/objects/research_context.py:126}}
Aug 11 03:19:09.943629 n-d-764292-30 devstack@placement-api.service[102675]: DEBUG placement.objects.research_context [req-16a27df8-dfbf-490b-9081-2f5a9abe90c3 req-f781cd30-3c7e-4865-b01b-f096d749734b service placement] getting providers with 1024 MEMORY_MB {{(pid=102675) __init__ /opt/stack/placement/placement/objects/research_context.py:126}}
Aug 11 03:19:09.959839 n-d-764292-30 devstack@placement-api.service[102675]: DEBUG placement.objects.research_context [req-16a27df8-dfbf-490b-9081-2f5a9abe90c3 req-f781cd30-3c7e-4865-b01b-f096d749734b service placement] getting providers with 1 VCPU {{(pid=102675) __init__ /opt/stack/placement/placement/objects/research_context.py:126}}
Aug 11 03:19:09.974697 n-d-764292-30 devstack@placement-api.service[102675]: DEBUG placement.objects.research_context [req-16a27df8-dfbf-490b-9081-2f5a9abe90c3 req-f781cd30-3c7e-4865-b01b-f096d749734b service placement] found 2 providers with available 1 DISK_GB {{(pid=102675) get_provider_ids_matching /opt/stack/placement/placement/objects/research_context.py:549}}
Aug 11 03:19:09.974978 n-d-764292-30 devstack@placement-api.service[102675]: DEBUG placement.objects.research_context [req-16a27df8-dfbf-490b-9081-2f5a9abe90c3 req-f781cd30-3c7e-4865-b01b-f096d749734b service placement] found 2 providers with available 1024 MEMORY_MB {{(pid=102675) get_provider_ids_matching /opt/stack/placement/placement/objects/research_context.py:549}}
Aug 11 03:19:09.975402 n-d-764292-30 devstack@placement-api.service[102675]: DEBUG placement.objects.research_context [req-16a27df8-dfbf-490b-9081-2f5a9abe90c3 req-f781cd30-3c7e-4865-b01b-f096d749734b service placement] found 2 providers after filtering by previous result {{(pid=102675) get_provider_ids_matching /opt/stack/placement/placement/objects/research_context.py:580}}
Aug 11 03:19:09.975668 n-d-764292-30 devstack@placement-api.service[102675]: DEBUG placement.objects.research_context [req-16a27df8-dfbf-490b-9081-2f5a9abe90c3 req-f781cd30-3c7e-4865-b01b-f096d749734b service placement] found 2 providers with available 1 VCPU {{(pid=102675) get_provider_ids_matching /opt/stack/placement/placement/objects/research_context.py:549}}
Aug 11 03:19:09.976264 n-d-764292-30 devstack@placement-api.service[102675]: DEBUG placement.objects.research_context [req-16a27df8-dfbf-490b-9081-2f5a9abe90c3 req-f781cd30-3c7e-4865-b01b-f096d749734b service placement] found 2 providers after filtering by previous result {{(pid=102675) get_provider_ids_matching /opt/stack/placement/placement/objects/research_context.py:580}}
Aug 11 03:19:09.993031 n-d-764292-30 devstack@placement-api.service[102675]: DEBUG placement.objects.allocation_candidate [req-16a27df8-dfbf-490b-9081-2f5a9abe90c3 req-f781cd30-3c7e-4865-b01b-f096d749734b service placement] RequestGroup(use_same_provider=False, resources={DISK_GB:1, MEMORY_MB:1024, VCPU:1}, traits=[], aggregates=[]) (suffix '') returned 2 matches {{(pid=102675) _get_by_requests /opt/stack/placement/placement/objects/allocation_candidate.py:145}}
Aug 11 03:19:09.993383 n-d-764292-30 devstack@placement-api.service[102675]: DEBUG placement.objects.allocation_candidate [req-16a27df8-dfbf-490b-9081-2f5a9abe90c3 req-f781cd30-3c7e-4865-b01b-f096d749734b service placement] Merging candidates yields 2 allocation requests and 2 provider summaries {{(pid=102675) _merge_candidates /opt/stack/placement/placement/objects/allocation_candidate.py:783}}
Aug 11 03:19:09.995214 n-d-764292-30 devstack@placement-api.service[102675]: INFO placement.requestlog [req-16a27df8-dfbf-490b-9081-2f5a9abe90c3 req-f781cd30-3c7e-4865-b01b-f096d749734b service placement] 10.222.0.41 "GET /placement/allocation_candidates?limit=1000&resources=DISK_GB%3A1%2CMEMORY_MB%3A1024%2CVCPU%3A1&root_required=%21COMPUTE_STATUS_DISABLED" status: 200 len: 1309 microversion: 1.35
Aug 11 03:19:10.007204 n-d-764292-30 devstack@placement-api.service[102675]: [pid: 102675|app: 0|req: 443/888] 10.222.0.41 () {60 vars in 1507 bytes} [Wed Aug 11 03:19:09 2021] GET /placement/allocation_candidates?limit=1000&resources=DISK_GB%3A1%2CMEMORY_MB%3A1024%2CVCPU%3A1&root_required=%21COMPUTE_STATUS_DISABLED => generated 1309 bytes in 122 msecs (HTTP/1.1 200) 8 headers in 297 bytes (1 switches on core 0)
Aug 11 03:19:10.060611 n-d-764292-30 devstack@placement-api.service[102676]: DEBUG placement.requestlog [req-16a27df8-dfbf-490b-9081-2f5a9abe90c3 req-75242174-cdf8-4ba9-bacd-a124a7e8e055 None None] Starting request: 10.222.0.41 "GET /placement/allocations/435533e4-d1bc-4065-b05a-8e2183d3e056" {{(pid=102676) __call__ /opt/stack/placement/placement/requestlog.py:55}}
Aug 11 03:19:10.075328 n-d-764292-30 devstack@placement-api.service[102676]: INFO placement.requestlog [req-16a27df8-dfbf-490b-9081-2f5a9abe90c3 req-75242174-cdf8-4ba9-bacd-a124a7e8e055 service placement] 10.222.0.41 "GET /placement/allocations/435533e4-d1bc-4065-b05a-8e2183d3e056" status: 200 len: 19 microversion: 1.28
Aug 11 03:19:10.078996 n-d-764292-30 devstack@placement-api.service[102676]: [pid: 102676|app: 0|req: 446/889] 10.222.0.41 () {60 vars in 1381 bytes} [Wed Aug 11 03:19:10 2021] GET /placement/allocations/435533e4-d1bc-4065-b05a-8e2183d3e056 => generated 19 bytes in 15 msecs (HTTP/1.1 200) 8 headers in 295 bytes (1 switches on core 0)
Aug 11 03:19:10.082519 n-d-764292-30 devstack@placement-api.service[102675]: DEBUG placement.requestlog [req-16a27df8-dfbf-490b-9081-2f5a9abe90c3 req-9cb72fe9-a077-4787-801e-402b4707aedb None None] Starting request: 10.222.0.41 "PUT /placement/allocations/435533e4-d1bc-4065-b05a-8e2183d3e056" {{(pid=102675) __call__ /opt/stack/placement/placement/requestlog.py:55}}
Aug 11 03:19:10.509183 n-d-764292-30 devstack@placement-api.service[102675]: DEBUG placement.handlers.allocation [req-16a27df8-dfbf-490b-9081-2f5a9abe90c3 req-9cb72fe9-a077-4787-801e-402b4707aedb service placement] Successfully wrote allocations [, , ] {{(pid=102675) _create_allocations /opt/stack/placement/placement/handlers/allocation.py:435}}
Aug 11 03:19:10.509781 n-d-764292-30 devstack@placement-api.service[102675]: INFO placement.requestlog [req-16a27df8-dfbf-490b-9081-2f5a9abe90c3 req-9cb72fe9-a077-4787-801e-402b4707aedb service placement] 10.222.0.41 "PUT /placement/allocations/435533e4-d1bc-4065-b05a-8e2183d3e056" status: 204 len: 0 microversion: 1.35
Aug 11 03:19:10.510186 n-d-764292-30 devstack@placement-api.service[102675]: [pid: 102675|app: 0|req: 444/890] 10.222.0.41 () {64 vars in 1434 bytes} [Wed Aug 11 03:19:10 2021] PUT /placement/allocations/435533e4-d1bc-4065-b05a-8e2183d3e056 => generated 0 bytes in 428 msecs (HTTP/1.1 204) 5 headers in 199 bytes (1 switches on core 0)
Aug 11 03:19:10.522576 n-d-764292-30 devstack@placement-api.service[102676]: DEBUG placement.requestlog [req-16a27df8-dfbf-490b-9081-2f5a9abe90c3 req-a845abcf-444e-4685-84f9-5554fee4bfa5 None None] Starting request: 10.222.0.41 "GET /placement/allocations/c74b09d2-74b0-49e2-8ef0-bbc9eabf5af0" {{(pid=102676) __call__ /opt/stack/placement/placement/requestlog.py:55}}
Aug 11 03:19:10.537078 n-d-764292-30 devstack@placement-api.service[102676]: INFO placement.requestlog [req-16a27df8-dfbf-490b-9081-2f5a9abe90c3 req-a845abcf-444e-4685-84f9-5554fee4bfa5 service placement] 10.222.0.41 "GET /placement/allocations/c74b09d2-74b0-49e2-8ef0-bbc9eabf5af0" status: 200 len: 19 microversion: 1.28
Aug 11 03:19:10.545665 n-d-764292-30 devstack@placement-api.service[102675]: DEBUG placement.requestlog [req-16a27df8-dfbf-490b-9081-2f5a9abe90c3 req-d53a5f54-79bb-46a0-8ba3-5603919abae2 None None] Starting request: 10.222.0.41 "PUT /placement/allocations/c74b09d2-74b0-49e2-8ef0-bbc9eabf5af0" {{(pid=102675) __call__ /opt/stack/placement/placement/requestlog.py:55}}
Aug 11 03:19:10.545759 n-d-764292-30 devstack@placement-api.service[102676]: [pid: 102676|app: 0|req: 447/891] 10.222.0.41 () {60 vars in 1381 bytes} [Wed Aug 11 03:19:10 2021] GET /placement/allocations/c74b09d2-74b0-49e2-8ef0-bbc9eabf5af0 => generated 19 bytes in 21 msecs (HTTP/1.1 200) 8 headers in 295 bytes (1 switches on core 0)
Aug 11 03:19:10.777854 n-d-764292-30 devstack@placement-api.service[102675]: DEBUG placement.handlers.allocation [req-16a27df8-dfbf-490b-9081-2f5a9abe90c3 req-d53a5f54-79bb-46a0-8ba3-5603919abae2 service placement] Successfully wrote allocations [, , ] {{(pid=102675) _create_allocations /opt/stack/placement/placement/handlers/allocation.py:435}}
Aug 11 03:19:10.778380 n-d-764292-30 devstack@placement-api.service[102675]: INFO placement.requestlog [req-16a27df8-dfbf-490b-9081-2f5a9abe90c3 req-d53a5f54-79bb-46a0-8ba3-5603919abae2 service placement] 10.222.0.41 "PUT /placement/allocations/c74b09d2-74b0-49e2-8ef0-bbc9eabf5af0" status: 204 len: 0 microversion: 1.35
Aug 11 03:19:10.778739 n-d-764292-30 devstack@placement-api.service[102675]: [pid: 102675|app: 0|req: 445/892] 10.222.0.41 () {64 vars in 1434 bytes} [Wed Aug 11 03:19:10 2021] PUT /placement/allocations/c74b09d2-74b0-49e2-8ef0-bbc9eabf5af0 => generated 0 bytes in 235 msecs (HTTP/1.1 204) 5 headers in 199 bytes (2 switches on core 0)
Aug 11 03:19:11.958243 n-d-764292-30 devstack@placement-api.service[102676]: DEBUG placement.requestlog [req-16a27df8-dfbf-490b-9081-2f5a9abe90c3 req-6a8c7838-4020-488f-b3fe-4231885cf76b None None] Starting request: 10.222.0.24 "GET /placement/allocations/435533e4-d1bc-4065-b05a-8e2183d3e056" {{(pid=102676) __call__ /opt/stack/placement/placement/requestlog.py:55}}
Aug 11 03:19:11.994686 n-d-764292-30 devstack@placement-api.service[102676]: INFO placement.requestlog [req-16a27df8-dfbf-490b-9081-2f5a9abe90c3 req-6a8c7838-4020-488f-b3fe-4231885cf76b service placement] 10.222.0.24 "GET /placement/allocations/435533e4-d1bc-4065-b05a-8e2183d3e056" status: 200 len: 260 microversion: 1.28
Aug 11 03:19:11.995239 n-d-764292-30 devstack@placement-api.service[102676]: [pid: 102676|app: 0|req: 448/893] 10.222.0.24 () {60 vars in 1378 bytes} [Wed Aug 11 03:19:11 2021] GET /placement/allocations/435533e4-d1bc-4065-b05a-8e2183d3e056 => generated 260 bytes in 37 msecs (HTTP/1.1 200) 8 headers in 296 bytes (1 switches on core 0)
Aug 11 03:19:12.427020 n-d-764292-30 devstack@placement-api.service[102675]: DEBUG placement.requestlog [req-16a27df8-dfbf-490b-9081-2f5a9abe90c3 req-0e7548dd-8505-46b4-822b-2433adf81a6d None None] Starting request: 10.222.0.24 "GET /placement/allocations/c74b09d2-74b0-49e2-8ef0-bbc9eabf5af0" {{(pid=102675) __call__ /opt/stack/placement/placement/requestlog.py:55}}
Aug 11 03:19:12.451829 n-d-764292-30 devstack@placement-api.service[102675]: INFO placement.requestlog [req-16a27df8-dfbf-490b-9081-2f5a9abe90c3 req-0e7548dd-8505-46b4-822b-2433adf81a6d service placement] 10.222.0.24 "GET /placement/allocations/c74b09d2-74b0-49e2-8ef0-bbc9eabf5af0" status: 200 len: 260 microversion: 1.28
Aug 11 03:19:12.451829 n-d-764292-30 devstack@placement-api.service[102675]: [pid: 102675|app: 0|req: 446/894] 10.222.0.24 () {60 vars in 1378 bytes} [Wed Aug 11 03:19:12 2021] GET /placement/allocations/c74b09d2-74b0-49e2-8ef0-bbc9eabf5af0 => generated 260 bytes in 24 msecs (HTTP/1.1 200) 8 headers in 296 bytes (1 switches on core 0)
Aug 11 03:19:27.796853 n-d-764292-30 devstack@placement-api.service[102676]: DEBUG placement.requestlog [req-51a231c2-6bad-4092-b8e9-f7d3617e583e req-5f2f2fa6-6aae-44d2-8f2e-1a09d60efddf None None] Starting request: 10.222.0.22 "GET /placement/allocations/b16d05d2-4906-48a5-94a7-9a78f7144572" {{(pid=102676) __call__ /opt/stack/placement/placement/requestlog.py:55}}
Aug 11 03:19:27.839184 n-d-764292-30 devstack@placement-api.service[102676]: INFO placement.requestlog [req-51a231c2-6bad-4092-b8e9-f7d3617e583e req-5f2f2fa6-6aae-44d2-8f2e-1a09d60efddf service placement] 10.222.0.22 "GET /placement/allocations/b16d05d2-4906-48a5-94a7-9a78f7144572" status: 200 len: 260 microversion: 1.28
Aug 11 03:19:27.839565 n-d-764292-30 devstack@placement-api.service[102676]: [pid: 102676|app: 0|req: 449/895] 10.222.0.22 () {60 vars in 1378 bytes} [Wed Aug 11 03:19:27 2021] GET /placement/allocations/b16d05d2-4906-48a5-94a7-9a78f7144572 => generated 260 bytes in 43 msecs (HTTP/1.1 200) 8 headers in 296 bytes (1 switches on core 0)
Aug 11 03:19:27.849544 n-d-764292-30 devstack@placement-api.service[102675]: DEBUG placement.requestlog [req-51a231c2-6bad-4092-b8e9-f7d3617e583e req-27e2bf4a-e37b-4ee3-b011-0a9c2d33f32d None None] Starting request: 10.222.0.22 "PUT /placement/allocations/b16d05d2-4906-48a5-94a7-9a78f7144572" {{(pid=102675) __call__ /opt/stack/placement/placement/requestlog.py:55}}
Aug 11 03:19:27.940189 n-d-764292-30 devstack@placement-api.service[102676]: DEBUG placement.requestlog [req-dd257046-ce7c-476c-93d7-141529f05d59 req-1e8e88bb-4106-4bb4-8d3b-fd7d66ada688 None None] Starting request: 10.222.0.24 "GET /placement/allocations/0223be4b-128c-49b3-ac13-d778de5fcb68" {{(pid=102676) __call__ /opt/stack/placement/placement/requestlog.py:55}}
Aug 11 03:19:27.967101 n-d-764292-30 devstack@placement-api.service[102676]: INFO placement.requestlog [req-dd257046-ce7c-476c-93d7-141529f05d59 req-1e8e88bb-4106-4bb4-8d3b-fd7d66ada688 service placement] 10.222.0.24 "GET /placement/allocations/0223be4b-128c-49b3-ac13-d778de5fcb68" status: 200 len: 260 microversion: 1.28
Aug 11 03:19:27.968874 n-d-764292-30 devstack@placement-api.service[102676]: [pid: 102676|app: 0|req: 450/896] 10.222.0.24 () {60 vars in 1378 bytes} [Wed Aug 11 03:19:27 2021] GET /placement/allocations/0223be4b-128c-49b3-ac13-d778de5fcb68 => generated 260 bytes in 29 msecs (HTTP/1.1 200) 8 headers in 296 bytes (2 switches on core 0)
Aug 11 03:19:28.004080 n-d-764292-30 devstack@placement-api.service[102676]: DEBUG placement.requestlog [req-dd257046-ce7c-476c-93d7-141529f05d59 req-2d6eb4c4-7c36-4c14-ab66-ccab92eadc5a None None] Starting request: 10.222.0.24 "PUT /placement/allocations/0223be4b-128c-49b3-ac13-d778de5fcb68" {{(pid=102676) __call__ /opt/stack/placement/placement/requestlog.py:55}}
Aug 11 03:19:28.011757 n-d-764292-30 devstack@placement-api.service[102675]: DEBUG placement.handlers.allocation [req-51a231c2-6bad-4092-b8e9-f7d3617e583e req-27e2bf4a-e37b-4ee3-b011-0a9c2d33f32d service placement] Successfully wrote allocations [, , ] {{(pid=102675) _create_allocations /opt/stack/placement/placement/handlers/allocation.py:435}}
Aug 11 03:19:28.012258 n-d-764292-30 devstack@placement-api.service[102675]: INFO placement.requestlog [req-51a231c2-6bad-4092-b8e9-f7d3617e583e req-27e2bf4a-e37b-4ee3-b011-0a9c2d33f32d service placement] 10.222.0.22 "PUT /placement/allocations/b16d05d2-4906-48a5-94a7-9a78f7144572" status: 204 len: 0 microversion: 1.28
Aug 11 03:19:28.012652 n-d-764292-30 devstack@placement-api.service[102675]: [pid: 102675|app: 0|req: 447/897] 10.222.0.22 () {64 vars in 1431 bytes} [Wed Aug 11 03:19:27 2021] PUT /placement/allocations/b16d05d2-4906-48a5-94a7-9a78f7144572 => generated 0 bytes in 163 msecs (HTTP/1.1 204) 5 headers in 199 bytes (1 switches on core 0)
Aug 11 03:19:28.171703 n-d-764292-30 devstack@placement-api.service[102676]: DEBUG placement.handlers.allocation [req-dd257046-ce7c-476c-93d7-141529f05d59 req-2d6eb4c4-7c36-4c14-ab66-ccab92eadc5a service placement] Successfully wrote allocations [, , ] {{(pid=102676) _create_allocations /opt/stack/placement/placement/handlers/allocation.py:435}}
Aug 11 03:19:28.177068 n-d-764292-30 devstack@placement-api.service[102676]: INFO placement.requestlog [req-dd257046-ce7c-476c-93d7-141529f05d59 req-2d6eb4c4-7c36-4c14-ab66-ccab92eadc5a service placement] 10.222.0.24 "PUT /placement/allocations/0223be4b-128c-49b3-ac13-d778de5fcb68" status: 204 len: 0 microversion: 1.28
Aug 11 03:19:28.177068 n-d-764292-30 devstack@placement-api.service[102676]: [pid: 102676|app: 0|req: 451/898] 10.222.0.24 () {64 vars in 1431 bytes} [Wed Aug 11 03:19:28 2021] PUT /placement/allocations/0223be4b-128c-49b3-ac13-d778de5fcb68 => generated 0 bytes in 169 msecs (HTTP/1.1 204) 5 headers in 199 bytes (1 switches on core 0)
Aug 11 03:19:30.024173 n-d-764292-30 devstack@placement-api.service[102675]: DEBUG placement.requestlog [req-78752e19-926a-49b4-8e8f-70139fd25578 req-4368d511-3b3b-4124-aee3-74dcc249b539 None None] Starting request: 10.222.0.24 "GET /placement/resource_providers/59863101-b03a-4dce-863f-3d172be7c6ac/allocations" {{(pid=102675) __call__ /opt/stack/placement/placement/requestlog.py:55}}
Aug 11 03:19:30.071476 n-d-764292-30 devstack@placement-api.service[102675]: INFO placement.requestlog [req-78752e19-926a-49b4-8e8f-70139fd25578 req-4368d511-3b3b-4124-aee3-74dcc249b539 service placement] 10.222.0.24 "GET /placement/resource_providers/59863101-b03a-4dce-863f-3d172be7c6ac/allocations" status: 200 len: 343 microversion: 1.0
Aug 11 03:19:30.072068 n-d-764292-30 devstack@placement-api.service[102675]: [pid: 102675|app: 0|req: 448/899] 10.222.0.24 () {58 vars in 1391 bytes} [Wed Aug 11 03:19:30 2021] GET /placement/resource_providers/59863101-b03a-4dce-863f-3d172be7c6ac/allocations => generated 343 bytes in 48 msecs (HTTP/1.1 200) 6 headers in 224 bytes (1 switches on core 0)
Aug 11 03:19:32.900846 n-d-764292-30 devstack@placement-api.service[102676]: DEBUG placement.requestlog [req-a323b43b-6e8f-47a5-8779-37ab14a83e5b req-0e20007b-4cb6-44d1-88cb-be79d3bccba2 None None] Starting request: 10.222.0.22 "GET /placement/resource_providers/12b03b7e-4941-4363-a448-a7f07edf6a26/allocations" {{(pid=102676) __call__ /opt/stack/placement/placement/requestlog.py:55}}
Aug 11 03:19:32.951752 n-d-764292-30 devstack@placement-api.service[102676]: INFO placement.requestlog [req-a323b43b-6e8f-47a5-8779-37ab14a83e5b req-0e20007b-4cb6-44d1-88cb-be79d3bccba2 service placement] 10.222.0.22 "GET /placement/resource_providers/12b03b7e-4941-4363-a448-a7f07edf6a26/allocations" status: 200 len: 256 microversion: 1.0
Aug 11 03:19:32.952832 n-d-764292-30 devstack@placement-api.service[102676]: [pid: 102676|app: 0|req: 452/900] 10.222.0.22 () {58 vars in 1391 bytes} [Wed Aug 11 03:19:32 2021] GET /placement/resource_providers/12b03b7e-4941-4363-a448-a7f07edf6a26/allocations => generated 256 bytes in 52 msecs (HTTP/1.1 200) 6 headers in 224 bytes (1 switches on core 0)
Aug 11 03:19:35.571418 n-d-764292-30 devstack@placement-api.service[102675]: DEBUG placement.requestlog [req-8b95cf0c-e277-4631-9da4-7180cf00322a req-10f3c33d-1148-4b9e-a7f3-5e6151f9f6b7 None None] Starting request: 10.222.0.41 "GET /placement/allocation_candidates?limit=1000&resources=DISK_GB%3A1%2CMEMORY_MB%3A1024%2CVCPU%3A1&root_required=%21COMPUTE_STATUS_DISABLED" {{(pid=102675) __call__ /opt/stack/placement/placement/requestlog.py:55}}
Aug 11 03:19:35.661139 n-d-764292-30 devstack@placement-api.service[102675]: DEBUG placement.objects.research_context [req-8b95cf0c-e277-4631-9da4-7180cf00322a req-10f3c33d-1148-4b9e-a7f3-5e6151f9f6b7 service placement] getting providers with 1 DISK_GB {{(pid=102675) __init__ /opt/stack/placement/placement/objects/research_context.py:126}}
Aug 11 03:19:35.686652 n-d-764292-30 devstack@placement-api.service[102675]: DEBUG placement.objects.research_context [req-8b95cf0c-e277-4631-9da4-7180cf00322a req-10f3c33d-1148-4b9e-a7f3-5e6151f9f6b7 service placement] getting providers with 1024 MEMORY_MB {{(pid=102675) __init__ /opt/stack/placement/placement/objects/research_context.py:126}}
Aug 11 03:19:35.694262 n-d-764292-30 devstack@placement-api.service[102675]: DEBUG placement.objects.research_context [req-8b95cf0c-e277-4631-9da4-7180cf00322a req-10f3c33d-1148-4b9e-a7f3-5e6151f9f6b7 service placement] getting providers with 1 VCPU {{(pid=102675) __init__ /opt/stack/placement/placement/objects/research_context.py:126}}
Aug 11 03:19:35.701083 n-d-764292-30 devstack@placement-api.service[102675]: DEBUG placement.objects.research_context [req-8b95cf0c-e277-4631-9da4-7180cf00322a req-10f3c33d-1148-4b9e-a7f3-5e6151f9f6b7 service placement] found 2 providers with available 1 DISK_GB {{(pid=102675) get_provider_ids_matching /opt/stack/placement/placement/objects/research_context.py:549}}
Aug 11 03:19:35.701585 n-d-764292-30 devstack@placement-api.service[102675]: DEBUG placement.objects.research_context [req-8b95cf0c-e277-4631-9da4-7180cf00322a req-10f3c33d-1148-4b9e-a7f3-5e6151f9f6b7 service placement] found 2 providers with available 1024 MEMORY_MB {{(pid=102675) get_provider_ids_matching /opt/stack/placement/placement/objects/research_context.py:549}}
Aug 11 03:19:35.702057 n-d-764292-30 devstack@placement-api.service[102675]: DEBUG placement.objects.research_context [req-8b95cf0c-e277-4631-9da4-7180cf00322a req-10f3c33d-1148-4b9e-a7f3-5e6151f9f6b7 service placement] found 2 providers after filtering by previous result {{(pid=102675) get_provider_ids_matching /opt/stack/placement/placement/objects/research_context.py:580}}
Aug 11 03:19:35.702576 n-d-764292-30 devstack@placement-api.service[102675]: DEBUG placement.objects.research_context [req-8b95cf0c-e277-4631-9da4-7180cf00322a req-10f3c33d-1148-4b9e-a7f3-5e6151f9f6b7 service placement] found 2 providers with available 1 VCPU {{(pid=102675) get_provider_ids_matching /opt/stack/placement/placement/objects/research_context.py:549}}
Aug 11 03:19:35.703240 n-d-764292-30 devstack@placement-api.service[102675]: DEBUG placement.objects.research_context [req-8b95cf0c-e277-4631-9da4-7180cf00322a req-10f3c33d-1148-4b9e-a7f3-5e6151f9f6b7 service placement] found 2 providers after filtering by previous result {{(pid=102675) get_provider_ids_matching /opt/stack/placement/placement/objects/research_context.py:580}}
Aug 11 03:19:35.730381 n-d-764292-30 devstack@placement-api.service[102675]: DEBUG placement.objects.allocation_candidate [req-8b95cf0c-e277-4631-9da4-7180cf00322a req-10f3c33d-1148-4b9e-a7f3-5e6151f9f6b7 service placement] RequestGroup(use_same_provider=False, resources={DISK_GB:1, MEMORY_MB:1024, VCPU:1}, traits=[], aggregates=[]) (suffix '') returned 2 matches {{(pid=102675) _get_by_requests /opt/stack/placement/placement/objects/allocation_candidate.py:145}}
Aug 11 03:19:35.730869 n-d-764292-30 devstack@placement-api.service[102675]: DEBUG placement.objects.allocation_candidate [req-8b95cf0c-e277-4631-9da4-7180cf00322a req-10f3c33d-1148-4b9e-a7f3-5e6151f9f6b7 service placement] Merging candidates yields 2 allocation requests and 2 provider summaries {{(pid=102675) _merge_candidates /opt/stack/placement/placement/objects/allocation_candidate.py:783}}
Aug 11 03:19:35.734329 n-d-764292-30 devstack@placement-api.service[102675]: INFO placement.requestlog [req-8b95cf0c-e277-4631-9da4-7180cf00322a req-10f3c33d-1148-4b9e-a7f3-5e6151f9f6b7 service placement] 10.222.0.41 "GET /placement/allocation_candidates?limit=1000&resources=DISK_GB%3A1%2CMEMORY_MB%3A1024%2CVCPU%3A1&root_required=%21COMPUTE_STATUS_DISABLED" status: 200 len: 1309 microversion: 1.35
Aug 11 03:19:35.734864 n-d-764292-30 devstack@placement-api.service[102675]: [pid: 102675|app: 0|req: 449/901] 10.222.0.41 () {60 vars in 1507 bytes} [Wed Aug 11 03:19:35 2021] GET /placement/allocation_candidates?limit=1000&resources=DISK_GB%3A1%2CMEMORY_MB%3A1024%2CVCPU%3A1&root_required=%21COMPUTE_STATUS_DISABLED => generated 1309 bytes in 164 msecs (HTTP/1.1 200) 8 headers in 297 bytes (1 switches on core 0)
Aug 11 03:19:35.810147 n-d-764292-30 devstack@placement-api.service[102676]: DEBUG placement.requestlog [req-8b95cf0c-e277-4631-9da4-7180cf00322a req-6328f9f8-99fd-41fa-aad7-75ae2418296e None None] Starting request: 10.222.0.41 "GET /placement/allocations/a7254dd5-f008-4a5d-8be1-090c1b45f2cc" {{(pid=102676) __call__ /opt/stack/placement/placement/requestlog.py:55}}
Aug 11 03:19:35.823087 n-d-764292-30 devstack@placement-api.service[102676]: INFO placement.requestlog [req-8b95cf0c-e277-4631-9da4-7180cf00322a req-6328f9f8-99fd-41fa-aad7-75ae2418296e service placement] 10.222.0.41 "GET /placement/allocations/a7254dd5-f008-4a5d-8be1-090c1b45f2cc" status: 200 len: 19 microversion: 1.28
Aug 11 03:19:35.827703 n-d-764292-30 devstack@placement-api.service[102676]: [pid: 102676|app: 0|req: 453/902] 10.222.0.41 () {60 vars in 1381 bytes} [Wed Aug 11 03:19:35 2021] GET /placement/allocations/a7254dd5-f008-4a5d-8be1-090c1b45f2cc => generated 19 bytes in 18 msecs (HTTP/1.1 200) 8 headers in 295 bytes (1 switches on core 0)
Aug 11 03:19:35.830477 n-d-764292-30 devstack@placement-api.service[102675]: DEBUG placement.requestlog [req-8b95cf0c-e277-4631-9da4-7180cf00322a req-e15f4f71-685c-473d-8841-dff2a9604448 None None] Starting request: 10.222.0.41 "PUT /placement/allocations/a7254dd5-f008-4a5d-8be1-090c1b45f2cc" {{(pid=102675) __call__ /opt/stack/placement/placement/requestlog.py:55}}
