Aug 11 02:58:37.609538 n-d-764292-30 devstack@n-api.service[117607]: /usr/local/lib/python3.8/dist-packages/oslo_policy/policy.py:1064: UserWarning: Policy os_compute_api:os-server-external-events:create failed scope check. The token used to make the request was project scoped but the policy requires ['system'] scope. This behavior may change in the future where using the intended scope is required
Aug 11 02:58:37.609538 n-d-764292-30 devstack@n-api.service[117607]: warnings.warn(msg)
Aug 11 02:58:37.660693 n-d-764292-30 devstack@n-api.service[117607]: DEBUG oslo_concurrency.lockutils [req-789289a6-ee6e-49f4-bbb3-6d4701b746b2 req-a1d4aa6a-b792-4166-93d8-a0845d3351c3 service nova] Lock "368ad343-eafd-4dba-b3ae-a6087d36227c" acquired by "nova.context.set_target_cell..get_or_set_cached_cell_and_set_connections" :: waited 0.000s {{(pid=117607) inner /usr/local/lib/python3.8/dist-packages/oslo_concurrency/lockutils.py:355}}
Aug 11 02:58:37.663195 n-d-764292-30 devstack@n-api.service[117607]: DEBUG oslo_concurrency.lockutils [req-789289a6-ee6e-49f4-bbb3-6d4701b746b2 req-a1d4aa6a-b792-4166-93d8-a0845d3351c3 service nova] Lock "368ad343-eafd-4dba-b3ae-a6087d36227c" released by "nova.context.set_target_cell..get_or_set_cached_cell_and_set_connections" :: held 0.001s {{(pid=117607) inner /usr/local/lib/python3.8/dist-packages/oslo_concurrency/lockutils.py:367}}
Aug 11 02:58:37.713644 n-d-764292-30 devstack@n-api.service[117607]: INFO nova.api.openstack.compute.server_external_events [req-789289a6-ee6e-49f4-bbb3-6d4701b746b2 req-a1d4aa6a-b792-4166-93d8-a0845d3351c3 service nova] Creating event network-changed:02284331-8e56-410b-b6ff-1c5fc4cdd035 for instance f87d1371-def1-4861-9df4-82ab8ce80df1 on n-h2-764292-30
Aug 11 02:58:37.715976 n-d-764292-30 devstack@n-api.service[117607]: DEBUG oslo_concurrency.lockutils [req-789289a6-ee6e-49f4-bbb3-6d4701b746b2 req-a1d4aa6a-b792-4166-93d8-a0845d3351c3 service nova] Acquired lock "compute-rpcapi-router" {{(pid=117607) lock /usr/local/lib/python3.8/dist-packages/oslo_concurrency/lockutils.py:266}}
Aug 11 02:58:37.726451 n-d-764292-30 devstack@n-api.service[117607]: DEBUG oslo_concurrency.lockutils [None req-277c5796-c1ae-4054-b934-88502f7ad2c3 None None] Lock "00000000-0000-0000-0000-000000000000" acquired by "nova.context.set_target_cell..get_or_set_cached_cell_and_set_connections" :: waited 0.000s {{(pid=117607) inner /usr/local/lib/python3.8/dist-packages/oslo_concurrency/lockutils.py:355}}
Aug 11 02:58:37.727839 n-d-764292-30 devstack@n-api.service[117607]: DEBUG oslo_concurrency.lockutils [None req-277c5796-c1ae-4054-b934-88502f7ad2c3 None None] Lock "00000000-0000-0000-0000-000000000000" released by "nova.context.set_target_cell..get_or_set_cached_cell_and_set_connections" :: held 0.010s {{(pid=117607) inner /usr/local/lib/python3.8/dist-packages/oslo_concurrency/lockutils.py:367}}
Aug 11 02:58:37.731320 n-d-764292-30 devstack@n-api.service[117607]: DEBUG oslo_concurrency.lockutils [None req-277c5796-c1ae-4054-b934-88502f7ad2c3 None None] Lock "368ad343-eafd-4dba-b3ae-a6087d36227c" acquired by "nova.context.set_target_cell..get_or_set_cached_cell_and_set_connections" :: waited 0.000s {{(pid=117607) inner /usr/local/lib/python3.8/dist-packages/oslo_concurrency/lockutils.py:355}}
Aug 11 02:58:37.732916 n-d-764292-30 devstack@n-api.service[117607]: DEBUG oslo_concurrency.lockutils [None req-277c5796-c1ae-4054-b934-88502f7ad2c3 None None] Lock "368ad343-eafd-4dba-b3ae-a6087d36227c" released by "nova.context.set_target_cell..get_or_set_cached_cell_and_set_connections" :: held 0.002s {{(pid=117607) inner /usr/local/lib/python3.8/dist-packages/oslo_concurrency/lockutils.py:367}}
Aug 11 02:58:37.803216 n-d-764292-30 devstack@n-api.service[117607]: INFO nova.compute.rpcapi [None req-277c5796-c1ae-4054-b934-88502f7ad2c3 None None] Automatically selected compute RPC version 6.0 from minimum service version 56
Aug 11 02:58:37.803216 n-d-764292-30 devstack@n-api.service[117607]: DEBUG oslo_concurrency.lockutils [None req-277c5796-c1ae-4054-b934-88502f7ad2c3 None None] Releasing lock "compute-rpcapi-router" {{(pid=117607) lock /usr/local/lib/python3.8/dist-packages/oslo_concurrency/lockutils.py:282}}
Aug 11 02:58:37.837328 n-d-764292-30 devstack@n-api.service[117607]: INFO nova.api.openstack.requestlog [None req-277c5796-c1ae-4054-b934-88502f7ad2c3 None None] 10.222.0.41 "POST /compute/v2.1/os-server-external-events" status: 200 len: 179 microversion: 2.1 time: 0.659437
Aug 11 02:58:37.838340 n-d-764292-30 devstack@n-api.service[117607]: [pid: 117607|app: 0|req: 31/63] 10.222.0.41 () {64 vars in 1318 bytes} [Wed Aug 11 02:58:37 2021] POST /compute/v2.1/os-server-external-events => generated 179 bytes in 662 msecs (HTTP/1.1 200) 9 headers in 357 bytes (2 switches on core 0)
Aug 11 02:58:37.993835 n-d-764292-30 devstack@n-api.service[117607]: DEBUG nova.api.openstack.wsgi [None req-3fbf3d81-d54c-4808-8ed1-6b22e1590538 tempest-ServerDiagnosticsNegativeTest-873051359 tempest-ServerDiagnosticsNegativeTest-873051359-project] Calling method '>' {{(pid=117607) _process_stack /opt/stack/nova/nova/api/openstack/wsgi.py:513}}
Aug 11 02:58:37.994807 n-d-764292-30 devstack@n-api.service[117607]: DEBUG nova.compute.api [None req-3fbf3d81-d54c-4808-8ed1-6b22e1590538 tempest-ServerDiagnosticsNegativeTest-873051359 tempest-ServerDiagnosticsNegativeTest-873051359-project] [instance: 86d5ca20-ae08-45a0-9277-d55b95372e95] Fetching instance by UUID {{(pid=117607) get /opt/stack/nova/nova/compute/api.py:2791}}
Aug 11 02:58:38.011347 n-d-764292-30 devstack@n-api.service[117607]: DEBUG oslo_concurrency.lockutils [None req-3fbf3d81-d54c-4808-8ed1-6b22e1590538 tempest-ServerDiagnosticsNegativeTest-873051359 tempest-ServerDiagnosticsNegativeTest-873051359-project] Lock "368ad343-eafd-4dba-b3ae-a6087d36227c" acquired by "nova.context.set_target_cell..get_or_set_cached_cell_and_set_connections" :: waited 0.000s {{(pid=117607) inner /usr/local/lib/python3.8/dist-packages/oslo_concurrency/lockutils.py:355}}
Aug 11 02:58:38.011788 n-d-764292-30 devstack@n-api.service[117607]: DEBUG oslo_concurrency.lockutils [None req-3fbf3d81-d54c-4808-8ed1-6b22e1590538 tempest-ServerDiagnosticsNegativeTest-873051359 tempest-ServerDiagnosticsNegativeTest-873051359-project] Lock "368ad343-eafd-4dba-b3ae-a6087d36227c" released by "nova.context.set_target_cell..get_or_set_cached_cell_and_set_connections" :: held 0.001s {{(pid=117607) inner /usr/local/lib/python3.8/dist-packages/oslo_concurrency/lockutils.py:367}}
Aug 11 02:58:38.014386 n-d-764292-30 devstack@n-api.service[117607]: DEBUG oslo_concurrency.lockutils [None req-3fbf3d81-d54c-4808-8ed1-6b22e1590538 tempest-ServerDiagnosticsNegativeTest-873051359 tempest-ServerDiagnosticsNegativeTest-873051359-project] Lock "368ad343-eafd-4dba-b3ae-a6087d36227c" acquired by "nova.context.set_target_cell..get_or_set_cached_cell_and_set_connections" :: waited 0.000s {{(pid=117607) inner /usr/local/lib/python3.8/dist-packages/oslo_concurrency/lockutils.py:355}}
Aug 11 02:58:38.015629 n-d-764292-30 devstack@n-api.service[117607]: DEBUG oslo_concurrency.lockutils [None req-3fbf3d81-d54c-4808-8ed1-6b22e1590538 tempest-ServerDiagnosticsNegativeTest-873051359 tempest-ServerDiagnosticsNegativeTest-873051359-project] Lock "368ad343-eafd-4dba-b3ae-a6087d36227c" released by "nova.context.set_target_cell..get_or_set_cached_cell_and_set_connections" :: held 0.002s {{(pid=117607) inner /usr/local/lib/python3.8/dist-packages/oslo_concurrency/lockutils.py:367}}
Aug 11 02:58:38.031287 n-d-764292-30 devstack@n-api.service[117608]: DEBUG nova.api.openstack.wsgi [None req-4d36d47f-769b-44c0-91d5-320aaeaa1aa5 tempest-FlavorsAccessNegativeTestJSON-720263140 tempest-FlavorsAccessNegativeTestJSON-720263140-project-admin] Action: 'create', calling method: >, body: {"flavor": {"ram": 512, "vcpus": 1, "disk": 10, "name": "tempest-FlavorsAccessNegativeTestJSON-flavor-1265585681", "id": 305776713, "os-flavor-access:is_public": "False"}} {{(pid=117608) _process_stack /opt/stack/nova/nova/api/openstack/wsgi.py:511}}
Aug 11 02:58:38.032916 n-d-764292-30 devstack@n-api.service[117608]: /usr/local/lib/python3.8/dist-packages/oslo_policy/policy.py:1064: UserWarning: Policy os_compute_api:os-flavor-manage:create failed scope check. The token used to make the request was project scoped but the policy requires ['system'] scope. This behavior may change in the future where using the intended scope is required
Aug 11 02:58:38.032916 n-d-764292-30 devstack@n-api.service[117608]: warnings.warn(msg)
Aug 11 02:58:38.127551 n-d-764292-30 devstack@n-api.service[117608]: INFO nova.api.openstack.requestlog [None req-4d36d47f-769b-44c0-91d5-320aaeaa1aa5 tempest-FlavorsAccessNegativeTestJSON-720263140 tempest-FlavorsAccessNegativeTestJSON-720263140-project-admin] 10.222.0.41 "POST /compute/v2.1/flavors" status: 200 len: 436 microversion: 2.1 time: 0.485792
Aug 11 02:58:38.144359 n-d-764292-30 devstack@n-api.service[117608]: [pid: 117608|app: 0|req: 33/64] 10.222.0.41 () {60 vars in 1147 bytes} [Wed Aug 11 02:58:37 2021] POST /compute/v2.1/flavors => generated 436 bytes in 503 msecs (HTTP/1.1 200) 9 headers in 357 bytes (1 switches on core 0)
Aug 11 02:58:38.152391 n-d-764292-30 devstack@n-api.service[117608]: DEBUG nova.api.openstack.wsgi [None req-60406fe5-ae02-42ad-8ff6-fed44d165f2a tempest-AggregatesAdminTestJSON-1755197712 tempest-AggregatesAdminTestJSON-1755197712-project] Calling method '>' {{(pid=117608) _process_stack /opt/stack/nova/nova/api/openstack/wsgi.py:513}}
Aug 11 02:58:38.153376 n-d-764292-30 devstack@n-api.service[117608]: DEBUG nova.compute.api [None req-60406fe5-ae02-42ad-8ff6-fed44d165f2a tempest-AggregatesAdminTestJSON-1755197712 tempest-AggregatesAdminTestJSON-1755197712-project] [instance: f87d1371-def1-4861-9df4-82ab8ce80df1] Fetching instance by UUID {{(pid=117608) get /opt/stack/nova/nova/compute/api.py:2791}}
Aug 11 02:58:38.174128 n-d-764292-30 devstack@n-api.service[117608]: DEBUG oslo_concurrency.lockutils [None req-60406fe5-ae02-42ad-8ff6-fed44d165f2a tempest-AggregatesAdminTestJSON-1755197712 tempest-AggregatesAdminTestJSON-1755197712-project] Lock "368ad343-eafd-4dba-b3ae-a6087d36227c" acquired by "nova.context.set_target_cell..get_or_set_cached_cell_and_set_connections" :: waited 0.000s {{(pid=117608) inner /usr/local/lib/python3.8/dist-packages/oslo_concurrency/lockutils.py:355}}
Aug 11 02:58:38.175266 n-d-764292-30 devstack@n-api.service[117608]: DEBUG oslo_concurrency.lockutils [None req-60406fe5-ae02-42ad-8ff6-fed44d165f2a tempest-AggregatesAdminTestJSON-1755197712 tempest-AggregatesAdminTestJSON-1755197712-project] Lock "368ad343-eafd-4dba-b3ae-a6087d36227c" released by "nova.context.set_target_cell..get_or_set_cached_cell_and_set_connections" :: held 0.004s {{(pid=117608) inner /usr/local/lib/python3.8/dist-packages/oslo_concurrency/lockutils.py:367}}
Aug 11 02:58:38.177594 n-d-764292-30 devstack@n-api.service[117608]: DEBUG oslo_concurrency.lockutils [None req-60406fe5-ae02-42ad-8ff6-fed44d165f2a tempest-AggregatesAdminTestJSON-1755197712 tempest-AggregatesAdminTestJSON-1755197712-project] Lock "368ad343-eafd-4dba-b3ae-a6087d36227c" acquired by "nova.context.set_target_cell..get_or_set_cached_cell_and_set_connections" :: waited 0.000s {{(pid=117608) inner /usr/local/lib/python3.8/dist-packages/oslo_concurrency/lockutils.py:355}}
Aug 11 02:58:38.178142 n-d-764292-30 devstack@n-api.service[117608]: DEBUG oslo_concurrency.lockutils [None req-60406fe5-ae02-42ad-8ff6-fed44d165f2a tempest-AggregatesAdminTestJSON-1755197712 tempest-AggregatesAdminTestJSON-1755197712-project] Lock "368ad343-eafd-4dba-b3ae-a6087d36227c" released by "nova.context.set_target_cell..get_or_set_cached_cell_and_set_connections" :: held 0.002s {{(pid=117608) inner /usr/local/lib/python3.8/dist-packages/oslo_concurrency/lockutils.py:367}}
Aug 11 02:58:38.197737 n-d-764292-30 devstack@n-api.service[117607]: DEBUG nova.policy [None req-3fbf3d81-d54c-4808-8ed1-6b22e1590538 tempest-ServerDiagnosticsNegativeTest-873051359 tempest-ServerDiagnosticsNegativeTest-873051359-project] Policy check for os_compute_api:os-extended-server-attributes failed with credentials {'is_admin': False, 'user_id': '6deec91054f040d8990208c4485a8bc9', 'user_domain_id': 'default', 'system_scope': None, 'domain_id': None, 'project_id': '63d50ec611594e218e8f6d75f4093f93', 'project_domain_id': 'default', 'roles': ['member', 'reader'], 'is_admin_project': True, 'service_user_id': None, 'service_user_domain_id': None, 'service_project_id': None, 'service_project_domain_id': None, 'service_roles': []} {{(pid=117607) authorize /opt/stack/nova/nova/policy.py:199}}
Aug 11 02:58:38.199081 n-d-764292-30 devstack@n-api.service[117607]: INFO nova.api.openstack.requestlog [None req-3fbf3d81-d54c-4808-8ed1-6b22e1590538 tempest-ServerDiagnosticsNegativeTest-873051359 tempest-ServerDiagnosticsNegativeTest-873051359-project] 10.222.0.41 "GET /compute/v2.1/servers/86d5ca20-ae08-45a0-9277-d55b95372e95" status: 200 len: 1219 microversion: 2.1 time: 0.210257
Aug 11 02:58:38.210700 n-d-764292-30 devstack@n-api.service[117607]: [pid: 117607|app: 0|req: 32/65] 10.222.0.41 () {58 vars in 1236 bytes} [Wed Aug 11 02:58:37 2021] GET /compute/v2.1/servers/86d5ca20-ae08-45a0-9277-d55b95372e95 => generated 1219 bytes in 220 msecs (HTTP/1.1 200) 9 headers in 358 bytes (2 switches on core 0)
Aug 11 02:58:38.224621 n-d-764292-30 devstack@n-api.service[117607]: DEBUG nova.api.openstack.wsgi [None req-8c32bce3-54f6-4fdb-8476-867dda02f945 tempest-FlavorsAccessNegativeTestJSON-720263140 tempest-FlavorsAccessNegativeTestJSON-720263140-project-admin] Action: 'action', calling method: >, body: {"addTenantAccess": {"tenant": "3322b40e7d3f49548ed9ae6314b9d87e"}} {{(pid=117607) _process_stack /opt/stack/nova/nova/api/openstack/wsgi.py:511}}
Aug 11 02:58:38.228051 n-d-764292-30 devstack@n-api.service[117607]: /usr/local/lib/python3.8/dist-packages/oslo_policy/policy.py:1064: UserWarning: Policy os_compute_api:os-flavor-access:add_tenant_access failed scope check. The token used to make the request was project scoped but the policy requires ['system'] scope. This behavior may change in the future where using the intended scope is required
Aug 11 02:58:38.228051 n-d-764292-30 devstack@n-api.service[117607]: warnings.warn(msg)
Aug 11 02:58:38.451487 n-d-764292-30 devstack@n-api.service[117608]: DEBUG nova.policy [None req-60406fe5-ae02-42ad-8ff6-fed44d165f2a tempest-AggregatesAdminTestJSON-1755197712 tempest-AggregatesAdminTestJSON-1755197712-project] Policy check for os_compute_api:os-extended-server-attributes failed with credentials {'is_admin': False, 'user_id': '021affdac9f64e64817bfd3f5aecba97', 'user_domain_id': 'default', 'system_scope': None, 'domain_id': None, 'project_id': '7d2c156cd90f4f058fedafb7d3be6df4', 'project_domain_id': 'default', 'roles': ['member', 'reader'], 'is_admin_project': True, 'service_user_id': None, 'service_user_domain_id': None, 'service_project_id': None, 'service_project_domain_id': None, 'service_roles': []} {{(pid=117608) authorize /opt/stack/nova/nova/policy.py:199}}
Aug 11 02:58:38.462462 n-d-764292-30 devstack@n-api.service[117608]: INFO nova.api.openstack.requestlog [None req-60406fe5-ae02-42ad-8ff6-fed44d165f2a tempest-AggregatesAdminTestJSON-1755197712 tempest-AggregatesAdminTestJSON-1755197712-project] 10.222.0.41 "GET /compute/v2.1/servers/f87d1371-def1-4861-9df4-82ab8ce80df1" status: 200 len: 1337 microversion: 2.1 time: 0.316123
Aug 11 02:58:38.463871 n-d-764292-30 devstack@n-api.service[117608]: [pid: 117608|app: 0|req: 34/66] 10.222.0.41 () {58 vars in 1236 bytes} [Wed Aug 11 02:58:38 2021] GET /compute/v2.1/servers/f87d1371-def1-4861-9df4-82ab8ce80df1 => generated 1337 bytes in 318 msecs (HTTP/1.1 200) 9 headers in 358 bytes (1 switches on core 0)
Aug 11 02:58:38.922054 n-d-764292-30 devstack@n-api.service[117607]: INFO nova.api.openstack.requestlog [None req-8c32bce3-54f6-4fdb-8476-867dda02f945 tempest-FlavorsAccessNegativeTestJSON-720263140 tempest-FlavorsAccessNegativeTestJSON-720263140-project-admin] 10.222.0.41 "POST /compute/v2.1/flavors/305776713/action" status: 200 len: 96 microversion: 2.1 time: 0.712029
Aug 11 02:58:38.927528 n-d-764292-30 devstack@n-api.service[117607]: [pid: 117607|app: 0|req: 33/67] 10.222.0.41 () {60 vars in 1197 bytes} [Wed Aug 11 02:58:38 2021] POST /compute/v2.1/flavors/305776713/action => generated 96 bytes in 714 msecs (HTTP/1.1 200) 9 headers in 356 bytes (1 switches on core 0)
Aug 11 02:58:38.932924 n-d-764292-30 devstack@n-api.service[117608]: DEBUG nova.api.openstack.wsgi [None req-10ef680d-dec9-485d-8a99-db9f91079b14 tempest-FlavorsAccessNegativeTestJSON-720263140 tempest-FlavorsAccessNegativeTestJSON-720263140-project-admin] Action: 'action', calling method: >, body: {"addTenantAccess": {"tenant": "3322b40e7d3f49548ed9ae6314b9d87e"}} {{(pid=117608) _process_stack /opt/stack/nova/nova/api/openstack/wsgi.py:511}}
Aug 11 02:58:38.934388 n-d-764292-30 devstack@n-api.service[117608]: /usr/local/lib/python3.8/dist-packages/oslo_policy/policy.py:1064: UserWarning: Policy os_compute_api:os-flavor-access:add_tenant_access failed scope check. The token used to make the request was project scoped but the policy requires ['system'] scope. This behavior may change in the future where using the intended scope is required
Aug 11 02:58:38.934388 n-d-764292-30 devstack@n-api.service[117608]: warnings.warn(msg)
Aug 11 02:58:39.220051 n-d-764292-30 devstack@n-api.service[117607]: DEBUG nova.api.openstack.wsgi [None req-9e67427b-2311-4af8-840c-a692db867201 tempest-ServerDiagnosticsNegativeTest-873051359 tempest-ServerDiagnosticsNegativeTest-873051359-project] Calling method '>' {{(pid=117607) _process_stack /opt/stack/nova/nova/api/openstack/wsgi.py:513}}
Aug 11 02:58:39.220922 n-d-764292-30 devstack@n-api.service[117607]: DEBUG nova.compute.api [None req-9e67427b-2311-4af8-840c-a692db867201 tempest-ServerDiagnosticsNegativeTest-873051359 tempest-ServerDiagnosticsNegativeTest-873051359-project] [instance: 86d5ca20-ae08-45a0-9277-d55b95372e95] Fetching instance by UUID {{(pid=117607) get /opt/stack/nova/nova/compute/api.py:2791}}
Aug 11 02:58:39.228085 n-d-764292-30 devstack@n-api.service[117607]: DEBUG oslo_concurrency.lockutils [None req-9e67427b-2311-4af8-840c-a692db867201 tempest-ServerDiagnosticsNegativeTest-873051359 tempest-ServerDiagnosticsNegativeTest-873051359-project] Lock "368ad343-eafd-4dba-b3ae-a6087d36227c" acquired by "nova.context.set_target_cell..get_or_set_cached_cell_and_set_connections" :: waited 0.000s {{(pid=117607) inner /usr/local/lib/python3.8/dist-packages/oslo_concurrency/lockutils.py:355}}
Aug 11 02:58:39.228896 n-d-764292-30 devstack@n-api.service[117607]: DEBUG oslo_concurrency.lockutils [None req-9e67427b-2311-4af8-840c-a692db867201 tempest-ServerDiagnosticsNegativeTest-873051359 tempest-ServerDiagnosticsNegativeTest-873051359-project] Lock "368ad343-eafd-4dba-b3ae-a6087d36227c" released by "nova.context.set_target_cell..get_or_set_cached_cell_and_set_connections" :: held 0.001s {{(pid=117607) inner /usr/local/lib/python3.8/dist-packages/oslo_concurrency/lockutils.py:367}}
Aug 11 02:58:39.230035 n-d-764292-30 devstack@n-api.service[117607]: DEBUG oslo_concurrency.lockutils [None req-9e67427b-2311-4af8-840c-a692db867201 tempest-ServerDiagnosticsNegativeTest-873051359 tempest-ServerDiagnosticsNegativeTest-873051359-project] Lock "368ad343-eafd-4dba-b3ae-a6087d36227c" acquired by "nova.context.set_target_cell..get_or_set_cached_cell_and_set_connections" :: waited 0.000s {{(pid=117607) inner /usr/local/lib/python3.8/dist-packages/oslo_concurrency/lockutils.py:355}}
Aug 11 02:58:39.230742 n-d-764292-30 devstack@n-api.service[117607]: DEBUG oslo_concurrency.lockutils [None req-9e67427b-2311-4af8-840c-a692db867201 tempest-ServerDiagnosticsNegativeTest-873051359 tempest-ServerDiagnosticsNegativeTest-873051359-project] Lock "368ad343-eafd-4dba-b3ae-a6087d36227c" released by "nova.context.set_target_cell..get_or_set_cached_cell_and_set_connections" :: held 0.001s {{(pid=117607) inner /usr/local/lib/python3.8/dist-packages/oslo_concurrency/lockutils.py:367}}
Aug 11 02:58:39.393875 n-d-764292-30 devstack@n-api.service[117607]: DEBUG nova.policy [None req-9e67427b-2311-4af8-840c-a692db867201 tempest-ServerDiagnosticsNegativeTest-873051359 tempest-ServerDiagnosticsNegativeTest-873051359-project] Policy check for os_compute_api:os-extended-server-attributes failed with credentials {'is_admin': False, 'user_id': '6deec91054f040d8990208c4485a8bc9', 'user_domain_id': 'default', 'system_scope': None, 'domain_id': None, 'project_id': '63d50ec611594e218e8f6d75f4093f93', 'project_domain_id': 'default', 'roles': ['member', 'reader'], 'is_admin_project': True, 'service_user_id': None, 'service_user_domain_id': None, 'service_project_id': None, 'service_project_domain_id': None, 'service_roles': []} {{(pid=117607) authorize /opt/stack/nova/nova/policy.py:199}}
Aug 11 02:58:39.436104 n-d-764292-30 devstack@n-api.service[117607]: INFO nova.api.openstack.requestlog [None req-9e67427b-2311-4af8-840c-a692db867201 tempest-ServerDiagnosticsNegativeTest-873051359 tempest-ServerDiagnosticsNegativeTest-873051359-project] 10.222.0.41 "GET /compute/v2.1/servers/86d5ca20-ae08-45a0-9277-d55b95372e95" status: 200 len: 1283 microversion: 2.1 time: 0.215959
Aug 11 02:58:39.436751 n-d-764292-30 devstack@n-api.service[117607]: [pid: 117607|app: 0|req: 34/68] 10.222.0.41 () {58 vars in 1236 bytes} [Wed Aug 11 02:58:39 2021] GET /compute/v2.1/servers/86d5ca20-ae08-45a0-9277-d55b95372e95 => generated 1283 bytes in 222 msecs (HTTP/1.1 200) 9 headers in 358 bytes (1 switches on core 0)
Aug 11 02:58:39.484080 n-d-764292-30 devstack@n-api.service[117607]: DEBUG nova.api.openstack.wsgi [None req-c7e3fce5-9782-472d-9c59-2b504c137ac4 tempest-AggregatesAdminTestJSON-1755197712 tempest-AggregatesAdminTestJSON-1755197712-project] Calling method '>' {{(pid=117607) _process_stack /opt/stack/nova/nova/api/openstack/wsgi.py:513}}
Aug 11 02:58:39.484719 n-d-764292-30 devstack@n-api.service[117607]: DEBUG nova.compute.api [None req-c7e3fce5-9782-472d-9c59-2b504c137ac4 tempest-AggregatesAdminTestJSON-1755197712 tempest-AggregatesAdminTestJSON-1755197712-project] [instance: f87d1371-def1-4861-9df4-82ab8ce80df1] Fetching instance by UUID {{(pid=117607) get /opt/stack/nova/nova/compute/api.py:2791}}
Aug 11 02:58:39.504428 n-d-764292-30 devstack@n-api.service[117607]: DEBUG oslo_concurrency.lockutils [None req-c7e3fce5-9782-472d-9c59-2b504c137ac4 tempest-AggregatesAdminTestJSON-1755197712 tempest-AggregatesAdminTestJSON-1755197712-project] Lock "368ad343-eafd-4dba-b3ae-a6087d36227c" acquired by "nova.context.set_target_cell..get_or_set_cached_cell_and_set_connections" :: waited 0.000s {{(pid=117607) inner /usr/local/lib/python3.8/dist-packages/oslo_concurrency/lockutils.py:355}}
Aug 11 02:58:39.504906 n-d-764292-30 devstack@n-api.service[117607]: DEBUG oslo_concurrency.lockutils [None req-c7e3fce5-9782-472d-9c59-2b504c137ac4 tempest-AggregatesAdminTestJSON-1755197712 tempest-AggregatesAdminTestJSON-1755197712-project] Lock "368ad343-eafd-4dba-b3ae-a6087d36227c" released by "nova.context.set_target_cell..get_or_set_cached_cell_and_set_connections" :: held 0.001s {{(pid=117607) inner /usr/local/lib/python3.8/dist-packages/oslo_concurrency/lockutils.py:367}}
Aug 11 02:58:39.505685 n-d-764292-30 devstack@n-api.service[117607]: DEBUG oslo_concurrency.lockutils [None req-c7e3fce5-9782-472d-9c59-2b504c137ac4 tempest-AggregatesAdminTestJSON-1755197712 tempest-AggregatesAdminTestJSON-1755197712-project] Lock "368ad343-eafd-4dba-b3ae-a6087d36227c" acquired by "nova.context.set_target_cell..get_or_set_cached_cell_and_set_connections" :: waited 0.000s {{(pid=117607) inner /usr/local/lib/python3.8/dist-packages/oslo_concurrency/lockutils.py:355}}
Aug 11 02:58:39.506125 n-d-764292-30 devstack@n-api.service[117607]: DEBUG oslo_concurrency.lockutils [None req-c7e3fce5-9782-472d-9c59-2b504c137ac4 tempest-AggregatesAdminTestJSON-1755197712 tempest-AggregatesAdminTestJSON-1755197712-project] Lock "368ad343-eafd-4dba-b3ae-a6087d36227c" released by "nova.context.set_target_cell..get_or_set_cached_cell_and_set_connections" :: held 0.000s {{(pid=117607) inner /usr/local/lib/python3.8/dist-packages/oslo_concurrency/lockutils.py:367}}
Aug 11 02:58:39.762323 n-d-764292-30 devstack@n-api.service[117608]: INFO nova.api.openstack.wsgi [None req-10ef680d-dec9-485d-8a99-db9f91079b14 tempest-FlavorsAccessNegativeTestJSON-720263140 tempest-FlavorsAccessNegativeTestJSON-720263140-project-admin] HTTP exception thrown: Flavor access already exists for flavor 19 and project 3322b40e7d3f49548ed9ae6314b9d87e combination.
Aug 11 02:58:39.763630 n-d-764292-30 devstack@n-api.service[117608]: DEBUG nova.api.openstack.wsgi [None req-10ef680d-dec9-485d-8a99-db9f91079b14 tempest-FlavorsAccessNegativeTestJSON-720263140 tempest-FlavorsAccessNegativeTestJSON-720263140-project-admin] Returning 409 to user: Flavor access already exists for flavor 19 and project 3322b40e7d3f49548ed9ae6314b9d87e combination. {{(pid=117608) __call__ /opt/stack/nova/nova/api/openstack/wsgi.py:927}}
Aug 11 02:58:39.764724 n-d-764292-30 devstack@n-api.service[117608]: INFO nova.api.openstack.requestlog [None req-10ef680d-dec9-485d-8a99-db9f91079b14 tempest-FlavorsAccessNegativeTestJSON-720263140 tempest-FlavorsAccessNegativeTestJSON-720263140-project-admin] 10.222.0.41 "POST /compute/v2.1/flavors/305776713/action" status: 409 len: 152 microversion: 2.1 time: 0.835903
Aug 11 02:58:39.765852 n-d-764292-30 devstack@n-api.service[117608]: [pid: 117608|app: 0|req: 35/69] 10.222.0.41 () {60 vars in 1197 bytes} [Wed Aug 11 02:58:38 2021] POST /compute/v2.1/flavors/305776713/action => generated 152 bytes in 837 msecs (HTTP/1.1 409) 9 headers in 378 bytes (1 switches on core 0)
Aug 11 02:58:39.775469 n-d-764292-30 devstack@n-api.service[117608]: DEBUG nova.api.openstack.wsgi [None req-c3316e78-a9d7-4c95-bf5e-6713a504a97a tempest-FlavorsAccessNegativeTestJSON-720263140 tempest-FlavorsAccessNegativeTestJSON-720263140-project-admin] Action: 'action', calling method: >, body: {"removeTenantAccess": {"tenant": "3322b40e7d3f49548ed9ae6314b9d87e"}} {{(pid=117608) _process_stack /opt/stack/nova/nova/api/openstack/wsgi.py:511}}
Aug 11 02:58:39.777582 n-d-764292-30 devstack@n-api.service[117608]: /usr/local/lib/python3.8/dist-packages/oslo_policy/policy.py:1064: UserWarning: Policy os_compute_api:os-flavor-access:remove_tenant_access failed scope check. The token used to make the request was project scoped but the policy requires ['system'] scope. This behavior may change in the future where using the intended scope is required
Aug 11 02:58:39.777582 n-d-764292-30 devstack@n-api.service[117608]: warnings.warn(msg)
Aug 11 02:58:40.002409 n-d-764292-30 devstack@n-api.service[117607]: DEBUG nova.policy [None req-c7e3fce5-9782-472d-9c59-2b504c137ac4 tempest-AggregatesAdminTestJSON-1755197712 tempest-AggregatesAdminTestJSON-1755197712-project] Policy check for os_compute_api:os-extended-server-attributes failed with credentials {'is_admin': False, 'user_id': '021affdac9f64e64817bfd3f5aecba97', 'user_domain_id': 'default', 'system_scope': None, 'domain_id': None, 'project_id': '7d2c156cd90f4f058fedafb7d3be6df4', 'project_domain_id': 'default', 'roles': ['member', 'reader'], 'is_admin_project': True, 'service_user_id': None, 'service_user_domain_id': None, 'service_project_id': None, 'service_project_domain_id': None, 'service_roles': []} {{(pid=117607) authorize /opt/stack/nova/nova/policy.py:199}}
Aug 11 02:58:40.012235 n-d-764292-30 devstack@n-api.service[117607]: INFO nova.api.openstack.requestlog [None req-c7e3fce5-9782-472d-9c59-2b504c137ac4 tempest-AggregatesAdminTestJSON-1755197712 tempest-AggregatesAdminTestJSON-1755197712-project] 10.222.0.41 "GET /compute/v2.1/servers/f87d1371-def1-4861-9df4-82ab8ce80df1" status: 200 len: 1337 microversion: 2.1 time: 0.534582
Aug 11 02:58:40.013308 n-d-764292-30 devstack@n-api.service[117607]: [pid: 117607|app: 0|req: 35/70] 10.222.0.41 () {58 vars in 1236 bytes} [Wed Aug 11 02:58:39 2021] GET /compute/v2.1/servers/f87d1371-def1-4861-9df4-82ab8ce80df1 => generated 1337 bytes in 537 msecs (HTTP/1.1 200) 9 headers in 358 bytes (1 switches on core 0)
Aug 11 02:58:40.242857 n-d-764292-30 devstack@n-api.service[117608]: INFO nova.api.openstack.requestlog [None req-c3316e78-a9d7-4c95-bf5e-6713a504a97a tempest-FlavorsAccessNegativeTestJSON-720263140 tempest-FlavorsAccessNegativeTestJSON-720263140-project-admin] 10.222.0.41 "POST /compute/v2.1/flavors/305776713/action" status: 200 len: 21 microversion: 2.1 time: 0.471227
Aug 11 02:58:40.252958 n-d-764292-30 devstack@n-api.service[117608]: [pid: 117608|app: 0|req: 36/71] 10.222.0.41 () {60 vars in 1197 bytes} [Wed Aug 11 02:58:39 2021] POST /compute/v2.1/flavors/305776713/action => generated 21 bytes in 476 msecs (HTTP/1.1 200) 9 headers in 356 bytes (2 switches on core 0)
Aug 11 02:58:40.262247 n-d-764292-30 devstack@n-api.service[117607]: DEBUG nova.api.openstack.wsgi [None req-d65dcfec-84ab-45af-851e-7f3f750b5d16 tempest-FlavorsAccessNegativeTestJSON-720263140 tempest-FlavorsAccessNegativeTestJSON-720263140-project-admin] Calling method '>' {{(pid=117607) _process_stack /opt/stack/nova/nova/api/openstack/wsgi.py:513}}
Aug 11 02:58:40.263365 n-d-764292-30 devstack@n-api.service[117607]: /usr/local/lib/python3.8/dist-packages/oslo_policy/policy.py:1064: UserWarning: Policy os_compute_api:os-flavor-manage:delete failed scope check. The token used to make the request was project scoped but the policy requires ['system'] scope. This behavior may change in the future where using the intended scope is required
Aug 11 02:58:40.263365 n-d-764292-30 devstack@n-api.service[117607]: warnings.warn(msg)
Aug 11 02:58:40.379292 n-d-764292-30 devstack@n-api.service[117607]: INFO nova.api.openstack.requestlog [None req-d65dcfec-84ab-45af-851e-7f3f750b5d16 tempest-FlavorsAccessNegativeTestJSON-720263140 tempest-FlavorsAccessNegativeTestJSON-720263140-project-admin] 10.222.0.41 "DELETE /compute/v2.1/flavors/305776713" status: 202 len: 0 microversion: 2.1 time: 0.120992
Aug 11 02:58:40.380418 n-d-764292-30 devstack@n-api.service[117607]: [pid: 117607|app: 0|req: 36/72] 10.222.0.41 () {58 vars in 1158 bytes} [Wed Aug 11 02:58:40 2021] DELETE /compute/v2.1/flavors/305776713 => generated 0 bytes in 123 msecs (HTTP/1.1 202) 9 headers in 361 bytes (1 switches on core 0)
Aug 11 02:58:40.389051 n-d-764292-30 devstack@n-api.service[117608]: DEBUG nova.api.openstack.wsgi [None req-dedc6677-c110-474b-b40c-dd4ed0edbd24 tempest-FlavorsAccessNegativeTestJSON-720263140 tempest-FlavorsAccessNegativeTestJSON-720263140-project-admin] Calling method '>' {{(pid=117608) _process_stack /opt/stack/nova/nova/api/openstack/wsgi.py:513}}
Aug 11 02:58:40.412814 n-d-764292-30 devstack@n-api.service[117608]: INFO nova.api.openstack.requestlog [None req-dedc6677-c110-474b-b40c-dd4ed0edbd24 tempest-FlavorsAccessNegativeTestJSON-720263140 tempest-FlavorsAccessNegativeTestJSON-720263140-project-admin] 10.222.0.41 "GET /compute/v2.1/flavors/detail" status: 200 len: 4991 microversion: 2.1 time: 0.027678
Aug 11 02:58:40.413835 n-d-764292-30 devstack@n-api.service[117608]: [pid: 117608|app: 0|req: 37/73] 10.222.0.41 () {58 vars in 1146 bytes} [Wed Aug 11 02:58:40 2021] GET /compute/v2.1/flavors/detail => generated 4991 bytes in 29 msecs (HTTP/1.1 200) 9 headers in 358 bytes (1 switches on core 0)
Aug 11 02:58:40.429902 n-d-764292-30 devstack@n-api.service[117607]: DEBUG nova.api.openstack.wsgi [None req-a7d073b5-9a43-4732-81b0-6b58b4c5e995 tempest-FlavorsAccessNegativeTestJSON-720263140 tempest-FlavorsAccessNegativeTestJSON-720263140-project-admin] Action: 'create', calling method: >, body: {"flavor": {"ram": 512, "vcpus": 1, "disk": 10, "name": "tempest-FlavorsAccessNegativeTestJSON-flavor-221197472", "id": 948021979, "os-flavor-access:is_public": "True"}} {{(pid=117607) _process_stack /opt/stack/nova/nova/api/openstack/wsgi.py:511}}
Aug 11 02:58:40.459560 n-d-764292-30 devstack@n-api.service[117607]: /usr/local/lib/python3.8/dist-packages/oslo_policy/policy.py:1064: UserWarning: Policy os_compute_api:os-flavor-manage:create failed scope check. The token used to make the request was project scoped but the policy requires ['system'] scope. This behavior may change in the future where using the intended scope is required
Aug 11 02:58:40.459560 n-d-764292-30 devstack@n-api.service[117607]: warnings.warn(msg)
Aug 11 02:58:40.484307 n-d-764292-30 devstack@n-api.service[117608]: DEBUG nova.api.openstack.wsgi [None req-4f97be0b-e68c-4ceb-9a24-911423f54a24 tempest-ServerDiagnosticsNegativeTest-873051359 tempest-ServerDiagnosticsNegativeTest-873051359-project] Calling method '>' {{(pid=117608) _process_stack /opt/stack/nova/nova/api/openstack/wsgi.py:513}}
Aug 11 02:58:40.485009 n-d-764292-30 devstack@n-api.service[117608]: DEBUG nova.compute.api [None req-4f97be0b-e68c-4ceb-9a24-911423f54a24 tempest-ServerDiagnosticsNegativeTest-873051359 tempest-ServerDiagnosticsNegativeTest-873051359-project] [instance: 86d5ca20-ae08-45a0-9277-d55b95372e95] Fetching instance by UUID {{(pid=117608) get /opt/stack/nova/nova/compute/api.py:2791}}
Aug 11 02:58:40.507082 n-d-764292-30 devstack@n-api.service[117608]: DEBUG oslo_concurrency.lockutils [None req-4f97be0b-e68c-4ceb-9a24-911423f54a24 tempest-ServerDiagnosticsNegativeTest-873051359 tempest-ServerDiagnosticsNegativeTest-873051359-project] Lock "368ad343-eafd-4dba-b3ae-a6087d36227c" acquired by "nova.context.set_target_cell..get_or_set_cached_cell_and_set_connections" :: waited 0.000s {{(pid=117608) inner /usr/local/lib/python3.8/dist-packages/oslo_concurrency/lockutils.py:355}}
Aug 11 02:58:40.508955 n-d-764292-30 devstack@n-api.service[117608]: DEBUG oslo_concurrency.lockutils [None req-4f97be0b-e68c-4ceb-9a24-911423f54a24 tempest-ServerDiagnosticsNegativeTest-873051359 tempest-ServerDiagnosticsNegativeTest-873051359-project] Lock "368ad343-eafd-4dba-b3ae-a6087d36227c" released by "nova.context.set_target_cell..get_or_set_cached_cell_and_set_connections" :: held 0.001s {{(pid=117608) inner /usr/local/lib/python3.8/dist-packages/oslo_concurrency/lockutils.py:367}}
Aug 11 02:58:40.508955 n-d-764292-30 devstack@n-api.service[117608]: DEBUG oslo_concurrency.lockutils [None req-4f97be0b-e68c-4ceb-9a24-911423f54a24 tempest-ServerDiagnosticsNegativeTest-873051359 tempest-ServerDiagnosticsNegativeTest-873051359-project] Lock "368ad343-eafd-4dba-b3ae-a6087d36227c" acquired by "nova.context.set_target_cell..get_or_set_cached_cell_and_set_connections" :: waited 0.000s {{(pid=117608) inner /usr/local/lib/python3.8/dist-packages/oslo_concurrency/lockutils.py:355}}
Aug 11 02:58:40.511110 n-d-764292-30 devstack@n-api.service[117608]: DEBUG oslo_concurrency.lockutils [None req-4f97be0b-e68c-4ceb-9a24-911423f54a24 tempest-ServerDiagnosticsNegativeTest-873051359 tempest-ServerDiagnosticsNegativeTest-873051359-project] Lock "368ad343-eafd-4dba-b3ae-a6087d36227c" released by "nova.context.set_target_cell..get_or_set_cached_cell_and_set_connections" :: held 0.003s {{(pid=117608) inner /usr/local/lib/python3.8/dist-packages/oslo_concurrency/lockutils.py:367}}
Aug 11 02:58:40.586322 n-d-764292-30 devstack@n-api.service[117607]: INFO nova.api.openstack.requestlog [None req-a7d073b5-9a43-4732-81b0-6b58b4c5e995 tempest-FlavorsAccessNegativeTestJSON-720263140 tempest-FlavorsAccessNegativeTestJSON-720263140-project-admin] 10.222.0.41 "POST /compute/v2.1/flavors" status: 200 len: 434 microversion: 2.1 time: 0.159993
Aug 11 02:58:40.592539 n-d-764292-30 devstack@n-api.service[117607]: [pid: 117607|app: 0|req: 37/74] 10.222.0.41 () {60 vars in 1147 bytes} [Wed Aug 11 02:58:40 2021] POST /compute/v2.1/flavors => generated 434 bytes in 161 msecs (HTTP/1.1 200) 9 headers in 357 bytes (1 switches on core 0)
Aug 11 02:58:40.603547 n-d-764292-30 devstack@n-api.service[117607]: DEBUG nova.api.openstack.wsgi [None req-1008b668-2bbe-428f-8f3e-d87d11e804c8 tempest-FlavorsAccessNegativeTestJSON-720263140 tempest-FlavorsAccessNegativeTestJSON-720263140-project-admin] Calling method '>' {{(pid=117607) _process_stack /opt/stack/nova/nova/api/openstack/wsgi.py:513}}
Aug 11 02:58:40.606237 n-d-764292-30 devstack@n-api.service[117607]: /usr/local/lib/python3.8/dist-packages/oslo_policy/policy.py:1064: UserWarning: Policy os_compute_api:os-flavor-access failed scope check. The token used to make the request was project scoped but the policy requires ['system'] scope. This behavior may change in the future where using the intended scope is required
Aug 11 02:58:40.606237 n-d-764292-30 devstack@n-api.service[117607]: warnings.warn(msg)
Aug 11 02:58:40.631935 n-d-764292-30 devstack@n-api.service[117607]: INFO nova.api.openstack.wsgi [None req-1008b668-2bbe-428f-8f3e-d87d11e804c8 tempest-FlavorsAccessNegativeTestJSON-720263140 tempest-FlavorsAccessNegativeTestJSON-720263140-project-admin] HTTP exception thrown: Access list not available for public flavors.
Aug 11 02:58:40.636256 n-d-764292-30 devstack@n-api.service[117607]: DEBUG nova.api.openstack.wsgi [None req-1008b668-2bbe-428f-8f3e-d87d11e804c8 tempest-FlavorsAccessNegativeTestJSON-720263140 tempest-FlavorsAccessNegativeTestJSON-720263140-project-admin] Returning 404 to user: Access list not available for public flavors. {{(pid=117607) __call__ /opt/stack/nova/nova/api/openstack/wsgi.py:927}}
Aug 11 02:58:40.637932 n-d-764292-30 devstack@n-api.service[117607]: INFO nova.api.openstack.requestlog [None req-1008b668-2bbe-428f-8f3e-d87d11e804c8 tempest-FlavorsAccessNegativeTestJSON-720263140 tempest-FlavorsAccessNegativeTestJSON-720263140-project-admin] 10.222.0.41 "GET /compute/v2.1/flavors/948021979/os-flavor-access" status: 404 len: 91 microversion: 2.1 time: 0.044123
Aug 11 02:58:40.642930 n-d-764292-30 devstack@n-api.service[117607]: [pid: 117607|app: 0|req: 38/75] 10.222.0.41 () {58 vars in 1206 bytes} [Wed Aug 11 02:58:40 2021] GET /compute/v2.1/flavors/948021979/os-flavor-access => generated 91 bytes in 49 msecs (HTTP/1.1 404) 9 headers in 378 bytes (1 switches on core 0)
Aug 11 02:58:40.653717 n-d-764292-30 devstack@n-api.service[117607]: DEBUG nova.api.openstack.wsgi [None req-ff89a094-eab6-49ae-afea-30b288006f8a tempest-FlavorsAccessNegativeTestJSON-720263140 tempest-FlavorsAccessNegativeTestJSON-720263140-project-admin] Calling method '>' {{(pid=117607) _process_stack /opt/stack/nova/nova/api/openstack/wsgi.py:513}}
Aug 11 02:58:40.798633 n-d-764292-30 devstack@n-api.service[117608]: DEBUG nova.policy [None req-4f97be0b-e68c-4ceb-9a24-911423f54a24 tempest-ServerDiagnosticsNegativeTest-873051359 tempest-ServerDiagnosticsNegativeTest-873051359-project] Policy check for os_compute_api:os-extended-server-attributes failed with credentials {'is_admin': False, 'user_id': '6deec91054f040d8990208c4485a8bc9', 'user_domain_id': 'default', 'system_scope': None, 'domain_id': None, 'project_id': '63d50ec611594e218e8f6d75f4093f93', 'project_domain_id': 'default', 'roles': ['member', 'reader'], 'is_admin_project': True, 'service_user_id': None, 'service_user_domain_id': None, 'service_project_id': None, 'service_project_domain_id': None, 'service_roles': []} {{(pid=117608) authorize /opt/stack/nova/nova/policy.py:199}}
Aug 11 02:58:40.822216 n-d-764292-30 devstack@n-api.service[117608]: INFO nova.api.openstack.requestlog [None req-4f97be0b-e68c-4ceb-9a24-911423f54a24 tempest-ServerDiagnosticsNegativeTest-873051359 tempest-ServerDiagnosticsNegativeTest-873051359-project] 10.222.0.41 "GET /compute/v2.1/servers/86d5ca20-ae08-45a0-9277-d55b95372e95" status: 200 len: 1281 microversion: 2.1 time: 0.350500
Aug 11 02:58:40.846575 n-d-764292-30 devstack@n-api.service[117608]: [pid: 117608|app: 0|req: 38/76] 10.222.0.41 () {58 vars in 1236 bytes} [Wed Aug 11 02:58:40 2021] GET /compute/v2.1/servers/86d5ca20-ae08-45a0-9277-d55b95372e95 => generated 1281 bytes in 383 msecs (HTTP/1.1 200) 9 headers in 358 bytes (1 switches on core 0)
Aug 11 02:58:40.862866 n-d-764292-30 devstack@n-api.service[117607]: INFO nova.api.openstack.requestlog [None req-ff89a094-eab6-49ae-afea-30b288006f8a tempest-FlavorsAccessNegativeTestJSON-720263140 tempest-FlavorsAccessNegativeTestJSON-720263140-project-admin] 10.222.0.41 "DELETE /compute/v2.1/flavors/948021979" status: 202 len: 0 microversion: 2.1 time: 0.213571
Aug 11 02:58:40.863710 n-d-764292-30 devstack@n-api.service[117607]: [pid: 117607|app: 0|req: 39/77] 10.222.0.41 () {58 vars in 1158 bytes} [Wed Aug 11 02:58:40 2021] DELETE /compute/v2.1/flavors/948021979 => generated 0 bytes in 216 msecs (HTTP/1.1 202) 9 headers in 361 bytes (2 switches on core 0)
Aug 11 02:58:40.886182 n-d-764292-30 devstack@n-api.service[117608]: DEBUG nova.api.openstack.wsgi [None req-b637a234-bbe7-4fb0-be3c-febd40f5d42c tempest-FlavorsAccessNegativeTestJSON-720263140 tempest-FlavorsAccessNegativeTestJSON-720263140-project-admin] Calling method '>' {{(pid=117608) _process_stack /opt/stack/nova/nova/api/openstack/wsgi.py:513}}
Aug 11 02:58:40.929321 n-d-764292-30 devstack@n-api.service[117608]: INFO nova.api.openstack.requestlog [None req-b637a234-bbe7-4fb0-be3c-febd40f5d42c tempest-FlavorsAccessNegativeTestJSON-720263140 tempest-FlavorsAccessNegativeTestJSON-720263140-project-admin] 10.222.0.41 "GET /compute/v2.1/flavors/detail" status: 200 len: 4991 microversion: 2.1 time: 0.056221
Aug 11 02:58:40.952002 n-d-764292-30 devstack@n-api.service[117607]: DEBUG nova.api.openstack.wsgi [None req-8cca1a25-fcde-42a5-a9f9-ef0eda3abb09 tempest-FlavorsAccessNegativeTestJSON-720263140 tempest-FlavorsAccessNegativeTestJSON-720263140-project-admin] Action: 'create', calling method: >, body: {"flavor": {"ram": 512, "vcpus": 1, "disk": 10, "name": "tempest-FlavorsAccessNegativeTestJSON-flavor-361687037", "id": 1280413846, "os-flavor-access:is_public": "False"}} {{(pid=117607) _process_stack /opt/stack/nova/nova/api/openstack/wsgi.py:511}}
Aug 11 02:58:40.963962 n-d-764292-30 devstack@n-api.service[117608]: [pid: 117608|app: 0|req: 39/78] 10.222.0.41 () {58 vars in 1146 bytes} [Wed Aug 11 02:58:40 2021] GET /compute/v2.1/flavors/detail => generated 4991 bytes in 85 msecs (HTTP/1.1 200) 9 headers in 358 bytes (1 switches on core 0)
Aug 11 02:58:41.032016 n-d-764292-30 devstack@n-api.service[117608]: DEBUG nova.api.openstack.wsgi [None req-34a3e003-ca8f-4447-8cd4-7274f4cd2de2 tempest-AggregatesAdminTestJSON-1755197712 tempest-AggregatesAdminTestJSON-1755197712-project] Calling method '>' {{(pid=117608) _process_stack /opt/stack/nova/nova/api/openstack/wsgi.py:513}}
Aug 11 02:58:41.033358 n-d-764292-30 devstack@n-api.service[117608]: DEBUG nova.compute.api [None req-34a3e003-ca8f-4447-8cd4-7274f4cd2de2 tempest-AggregatesAdminTestJSON-1755197712 tempest-AggregatesAdminTestJSON-1755197712-project] [instance: f87d1371-def1-4861-9df4-82ab8ce80df1] Fetching instance by UUID {{(pid=117608) get /opt/stack/nova/nova/compute/api.py:2791}}
Aug 11 02:58:41.049145 n-d-764292-30 devstack@n-api.service[117608]: DEBUG oslo_concurrency.lockutils [None req-34a3e003-ca8f-4447-8cd4-7274f4cd2de2 tempest-AggregatesAdminTestJSON-1755197712 tempest-AggregatesAdminTestJSON-1755197712-project] Lock "368ad343-eafd-4dba-b3ae-a6087d36227c" acquired by "nova.context.set_target_cell..get_or_set_cached_cell_and_set_connections" :: waited 0.000s {{(pid=117608) inner /usr/local/lib/python3.8/dist-packages/oslo_concurrency/lockutils.py:355}}
Aug 11 02:58:41.051026 n-d-764292-30 devstack@n-api.service[117608]: DEBUG oslo_concurrency.lockutils [None req-34a3e003-ca8f-4447-8cd4-7274f4cd2de2 tempest-AggregatesAdminTestJSON-1755197712 tempest-AggregatesAdminTestJSON-1755197712-project] Lock "368ad343-eafd-4dba-b3ae-a6087d36227c" released by "nova.context.set_target_cell..get_or_set_cached_cell_and_set_connections" :: held 0.004s {{(pid=117608) inner /usr/local/lib/python3.8/dist-packages/oslo_concurrency/lockutils.py:367}}
Aug 11 02:58:41.058606 n-d-764292-30 devstack@n-api.service[117608]: DEBUG oslo_concurrency.lockutils [None req-34a3e003-ca8f-4447-8cd4-7274f4cd2de2 tempest-AggregatesAdminTestJSON-1755197712 tempest-AggregatesAdminTestJSON-1755197712-project] Lock "368ad343-eafd-4dba-b3ae-a6087d36227c" acquired by "nova.context.set_target_cell..get_or_set_cached_cell_and_set_connections" :: waited 0.003s {{(pid=117608) inner /usr/local/lib/python3.8/dist-packages/oslo_concurrency/lockutils.py:355}}
Aug 11 02:58:41.059460 n-d-764292-30 devstack@n-api.service[117608]: DEBUG oslo_concurrency.lockutils [None req-34a3e003-ca8f-4447-8cd4-7274f4cd2de2 tempest-AggregatesAdminTestJSON-1755197712 tempest-AggregatesAdminTestJSON-1755197712-project] Lock "368ad343-eafd-4dba-b3ae-a6087d36227c" released by "nova.context.set_target_cell..get_or_set_cached_cell_and_set_connections" :: held 0.004s {{(pid=117608) inner /usr/local/lib/python3.8/dist-packages/oslo_concurrency/lockutils.py:367}}
Aug 11 02:58:41.083337 n-d-764292-30 devstack@n-api.service[117607]: INFO nova.api.openstack.requestlog [None req-8cca1a25-fcde-42a5-a9f9-ef0eda3abb09 tempest-FlavorsAccessNegativeTestJSON-720263140 tempest-FlavorsAccessNegativeTestJSON-720263140-project-admin] 10.222.0.41 "POST /compute/v2.1/flavors" status: 200 len: 438 microversion: 2.1 time: 0.135792
Aug 11 02:58:41.091304 n-d-764292-30 devstack@n-api.service[117607]: [pid: 117607|app: 0|req: 40/79] 10.222.0.41 () {60 vars in 1147 bytes} [Wed Aug 11 02:58:40 2021] POST /compute/v2.1/flavors => generated 438 bytes in 140 msecs (HTTP/1.1 200) 9 headers in 357 bytes (1 switches on core 0)
Aug 11 02:58:41.471898 n-d-764292-30 devstack@n-api.service[117608]: DEBUG nova.policy [None req-34a3e003-ca8f-4447-8cd4-7274f4cd2de2 tempest-AggregatesAdminTestJSON-1755197712 tempest-AggregatesAdminTestJSON-1755197712-project] Policy check for os_compute_api:os-extended-server-attributes failed with credentials {'is_admin': False, 'user_id': '021affdac9f64e64817bfd3f5aecba97', 'user_domain_id': 'default', 'system_scope': None, 'domain_id': None, 'project_id': '7d2c156cd90f4f058fedafb7d3be6df4', 'project_domain_id': 'default', 'roles': ['member', 'reader'], 'is_admin_project': True, 'service_user_id': None, 'service_user_domain_id': None, 'service_project_id': None, 'service_project_domain_id': None, 'service_roles': []} {{(pid=117608) authorize /opt/stack/nova/nova/policy.py:199}}
Aug 11 02:58:41.480723 n-d-764292-30 devstack@n-api.service[117608]: INFO nova.api.openstack.requestlog [None req-34a3e003-ca8f-4447-8cd4-7274f4cd2de2 tempest-AggregatesAdminTestJSON-1755197712 tempest-AggregatesAdminTestJSON-1755197712-project] 10.222.0.41 "GET /compute/v2.1/servers/f87d1371-def1-4861-9df4-82ab8ce80df1" status: 200 len: 1337 microversion: 2.1 time: 0.455341
Aug 11 02:58:41.485400 n-d-764292-30 devstack@n-api.service[117608]: [pid: 117608|app: 0|req: 40/80] 10.222.0.41 () {58 vars in 1236 bytes} [Wed Aug 11 02:58:41 2021] GET /compute/v2.1/servers/f87d1371-def1-4861-9df4-82ab8ce80df1 => generated 1337 bytes in 461 msecs (HTTP/1.1 200) 9 headers in 358 bytes (1 switches on core 0)
Aug 11 02:58:41.863907 n-d-764292-30 devstack@n-api.service[117608]: DEBUG nova.api.openstack.wsgi [None req-c429e03f-831d-48ac-b9c1-36ba90e12254 tempest-ServerDiagnosticsNegativeTest-873051359 tempest-ServerDiagnosticsNegativeTest-873051359-project] Calling method '>' {{(pid=117608) _process_stack /opt/stack/nova/nova/api/openstack/wsgi.py:513}}
Aug 11 02:58:41.864567 n-d-764292-30 devstack@n-api.service[117608]: DEBUG nova.compute.api [None req-c429e03f-831d-48ac-b9c1-36ba90e12254 tempest-ServerDiagnosticsNegativeTest-873051359 tempest-ServerDiagnosticsNegativeTest-873051359-project] [instance: 86d5ca20-ae08-45a0-9277-d55b95372e95] Fetching instance by UUID {{(pid=117608) get /opt/stack/nova/nova/compute/api.py:2791}}
Aug 11 02:58:41.886985 n-d-764292-30 devstack@n-api.service[117608]: DEBUG oslo_concurrency.lockutils [None req-c429e03f-831d-48ac-b9c1-36ba90e12254 tempest-ServerDiagnosticsNegativeTest-873051359 tempest-ServerDiagnosticsNegativeTest-873051359-project] Lock "368ad343-eafd-4dba-b3ae-a6087d36227c" acquired by "nova.context.set_target_cell..get_or_set_cached_cell_and_set_connections" :: waited 0.000s {{(pid=117608) inner /usr/local/lib/python3.8/dist-packages/oslo_concurrency/lockutils.py:355}}
Aug 11 02:58:41.887648 n-d-764292-30 devstack@n-api.service[117608]: DEBUG oslo_concurrency.lockutils [None req-c429e03f-831d-48ac-b9c1-36ba90e12254 tempest-ServerDiagnosticsNegativeTest-873051359 tempest-ServerDiagnosticsNegativeTest-873051359-project] Lock "368ad343-eafd-4dba-b3ae-a6087d36227c" released by "nova.context.set_target_cell..get_or_set_cached_cell_and_set_connections" :: held 0.001s {{(pid=117608) inner /usr/local/lib/python3.8/dist-packages/oslo_concurrency/lockutils.py:367}}
Aug 11 02:58:41.888374 n-d-764292-30 devstack@n-api.service[117608]: DEBUG oslo_concurrency.lockutils [None req-c429e03f-831d-48ac-b9c1-36ba90e12254 tempest-ServerDiagnosticsNegativeTest-873051359 tempest-ServerDiagnosticsNegativeTest-873051359-project] Lock "368ad343-eafd-4dba-b3ae-a6087d36227c" acquired by "nova.context.set_target_cell..get_or_set_cached_cell_and_set_connections" :: waited 0.000s {{(pid=117608) inner /usr/local/lib/python3.8/dist-packages/oslo_concurrency/lockutils.py:355}}
Aug 11 02:58:41.888830 n-d-764292-30 devstack@n-api.service[117608]: DEBUG oslo_concurrency.lockutils [None req-c429e03f-831d-48ac-b9c1-36ba90e12254 tempest-ServerDiagnosticsNegativeTest-873051359 tempest-ServerDiagnosticsNegativeTest-873051359-project] Lock "368ad343-eafd-4dba-b3ae-a6087d36227c" released by "nova.context.set_target_cell..get_or_set_cached_cell_and_set_connections" :: held 0.001s {{(pid=117608) inner /usr/local/lib/python3.8/dist-packages/oslo_concurrency/lockutils.py:367}}
