May 24 05:04:24.795813 n-d-764292-24 devstack@placement-api.service[93483]: DEBUG placement.objects.allocation_candidate [req-f0c56ead-bd9e-4401-b321-74923ba84d8e req-faf07d62-f40f-4c2b-a501-eb841fa980ee service placement] RequestGroup(use_same_provider=False, resources={DISK_GB:1, MEMORY_MB:1024, VCPU:1}, traits=[], aggregates=[]) (suffix '') returned 2 matches {{(pid=93483) _get_by_requests /opt/stack/placement/placement/objects/allocation_candidate.py:145}}
May 24 05:04:24.796530 n-d-764292-24 devstack@placement-api.service[93483]: DEBUG placement.objects.allocation_candidate [req-f0c56ead-bd9e-4401-b321-74923ba84d8e req-faf07d62-f40f-4c2b-a501-eb841fa980ee service placement] Merging candidates yields 2 allocation requests and 2 provider summaries {{(pid=93483) _merge_candidates /opt/stack/placement/placement/objects/allocation_candidate.py:783}}
May 24 05:04:24.799625 n-d-764292-24 devstack@placement-api.service[93483]: INFO placement.requestlog [req-f0c56ead-bd9e-4401-b321-74923ba84d8e req-faf07d62-f40f-4c2b-a501-eb841fa980ee service placement] 10.222.0.16 "GET /placement/allocation_candidates?limit=1000&resources=DISK_GB%3A1%2CMEMORY_MB%3A1024%2CVCPU%3A1&root_required=%21COMPUTE_STATUS_DISABLED" status: 200 len: 1309 microversion: 1.35
May 24 05:04:24.800059 n-d-764292-24 devstack@placement-api.service[93483]: [pid: 93483|app: 0|req: 505/1007] 10.222.0.16 () {60 vars in 1506 bytes} [Mon May 24 05:04:24 2021] GET /placement/allocation_candidates?limit=1000&resources=DISK_GB%3A1%2CMEMORY_MB%3A1024%2CVCPU%3A1&root_required=%21COMPUTE_STATUS_DISABLED => generated 1309 bytes in 128 msecs (HTTP/1.1 200) 8 headers in 297 bytes (2 switches on core 0)
May 24 05:04:24.881232 n-d-764292-24 devstack@placement-api.service[93482]: DEBUG placement.requestlog [req-f0c56ead-bd9e-4401-b321-74923ba84d8e req-59fa51b2-e2f6-41a9-b080-1fd4a4d1d688 None None] Starting request: 10.222.0.16 "GET /placement/allocations/cc51ab22-a5b6-4a05-a8a4-5cae62bb4f64" {{(pid=93482) __call__ /opt/stack/placement/placement/requestlog.py:55}}
May 24 05:04:24.901494 n-d-764292-24 devstack@placement-api.service[93482]: INFO placement.requestlog [req-f0c56ead-bd9e-4401-b321-74923ba84d8e req-59fa51b2-e2f6-41a9-b080-1fd4a4d1d688 service placement] 10.222.0.16 "GET /placement/allocations/cc51ab22-a5b6-4a05-a8a4-5cae62bb4f64" status: 200 len: 19 microversion: 1.28
May 24 05:04:24.902324 n-d-764292-24 devstack@placement-api.service[93482]: [pid: 93482|app: 0|req: 503/1008] 10.222.0.16 () {60 vars in 1380 bytes} [Mon May 24 05:04:24 2021] GET /placement/allocations/cc51ab22-a5b6-4a05-a8a4-5cae62bb4f64 => generated 19 bytes in 21 msecs (HTTP/1.1 200) 8 headers in 295 bytes (1 switches on core 0)
May 24 05:04:24.911758 n-d-764292-24 devstack@placement-api.service[93483]: DEBUG placement.requestlog [req-f0c56ead-bd9e-4401-b321-74923ba84d8e req-a3ac00da-ee68-4110-a1b8-b9a647a285a6 None None] Starting request: 10.222.0.16 "PUT /placement/allocations/cc51ab22-a5b6-4a05-a8a4-5cae62bb4f64" {{(pid=93483) __call__ /opt/stack/placement/placement/requestlog.py:55}}
May 24 05:04:25.278001 n-d-764292-24 devstack@placement-api.service[93483]: DEBUG placement.handlers.allocation [req-f0c56ead-bd9e-4401-b321-74923ba84d8e req-a3ac00da-ee68-4110-a1b8-b9a647a285a6 service placement] Successfully wrote allocations [, , ] {{(pid=93483) _create_allocations /opt/stack/placement/placement/handlers/allocation.py:435}}
May 24 05:04:25.278966 n-d-764292-24 devstack@placement-api.service[93483]: INFO placement.requestlog [req-f0c56ead-bd9e-4401-b321-74923ba84d8e req-a3ac00da-ee68-4110-a1b8-b9a647a285a6 service placement] 10.222.0.16 "PUT /placement/allocations/cc51ab22-a5b6-4a05-a8a4-5cae62bb4f64" status: 204 len: 0 microversion: 1.35
May 24 05:04:25.284016 n-d-764292-24 devstack@placement-api.service[93483]: [pid: 93483|app: 0|req: 506/1009] 10.222.0.16 () {64 vars in 1433 bytes} [Mon May 24 05:04:24 2021] PUT /placement/allocations/cc51ab22-a5b6-4a05-a8a4-5cae62bb4f64 => generated 0 bytes in 371 msecs (HTTP/1.1 204) 5 headers in 199 bytes (1 switches on core 0)
May 24 05:04:26.622808 n-d-764292-24 devstack@placement-api.service[93482]: DEBUG placement.requestlog [req-f0c56ead-bd9e-4401-b321-74923ba84d8e req-4a640046-e3cb-4092-bdc7-9d9525337ccd None None] Starting request: 10.222.0.57 "GET /placement/allocations/cc51ab22-a5b6-4a05-a8a4-5cae62bb4f64" {{(pid=93482) __call__ /opt/stack/placement/placement/requestlog.py:55}}
May 24 05:04:26.653483 n-d-764292-24 devstack@placement-api.service[93482]: INFO placement.requestlog [req-f0c56ead-bd9e-4401-b321-74923ba84d8e req-4a640046-e3cb-4092-bdc7-9d9525337ccd service placement] 10.222.0.57 "GET /placement/allocations/cc51ab22-a5b6-4a05-a8a4-5cae62bb4f64" status: 200 len: 260 microversion: 1.28
May 24 05:04:26.653722 n-d-764292-24 devstack@placement-api.service[93482]: [pid: 93482|app: 0|req: 504/1010] 10.222.0.57 () {60 vars in 1378 bytes} [Mon May 24 05:04:26 2021] GET /placement/allocations/cc51ab22-a5b6-4a05-a8a4-5cae62bb4f64 => generated 260 bytes in 31 msecs (HTTP/1.1 200) 8 headers in 296 bytes (1 switches on core 0)
May 24 05:04:29.276647 n-d-764292-24 devstack@placement-api.service[93483]: DEBUG placement.requestlog [req-fe662dad-c305-41e3-8049-66b929df6ff8 req-96e9e398-3ecc-4622-b153-015e15f027e9 None None] Starting request: 10.222.0.55 "GET /placement/allocations/b5141ac5-52c5-48d3-9456-611c265d7ec9" {{(pid=93483) __call__ /opt/stack/placement/placement/requestlog.py:55}}
May 24 05:04:29.299678 n-d-764292-24 devstack@placement-api.service[93483]: INFO placement.requestlog [req-fe662dad-c305-41e3-8049-66b929df6ff8 req-96e9e398-3ecc-4622-b153-015e15f027e9 service placement] 10.222.0.55 "GET /placement/allocations/b5141ac5-52c5-48d3-9456-611c265d7ec9" status: 200 len: 260 microversion: 1.28
May 24 05:04:29.299997 n-d-764292-24 devstack@placement-api.service[93483]: [pid: 93483|app: 0|req: 507/1011] 10.222.0.55 () {60 vars in 1378 bytes} [Mon May 24 05:04:29 2021] GET /placement/allocations/b5141ac5-52c5-48d3-9456-611c265d7ec9 => generated 260 bytes in 24 msecs (HTTP/1.1 200) 8 headers in 296 bytes (1 switches on core 0)
May 24 05:04:29.313885 n-d-764292-24 devstack@placement-api.service[93482]: DEBUG placement.requestlog [req-fe662dad-c305-41e3-8049-66b929df6ff8 req-c1dcd6fa-31aa-4ea5-ae83-b8d0f12138df None None] Starting request: 10.222.0.55 "PUT /placement/allocations/b5141ac5-52c5-48d3-9456-611c265d7ec9" {{(pid=93482) __call__ /opt/stack/placement/placement/requestlog.py:55}}
May 24 05:04:29.586926 n-d-764292-24 devstack@placement-api.service[93482]: DEBUG placement.handlers.allocation [req-fe662dad-c305-41e3-8049-66b929df6ff8 req-c1dcd6fa-31aa-4ea5-ae83-b8d0f12138df service placement] Successfully wrote allocations [, , ] {{(pid=93482) _create_allocations /opt/stack/placement/placement/handlers/allocation.py:435}}
May 24 05:04:29.591207 n-d-764292-24 devstack@placement-api.service[93482]: INFO placement.requestlog [req-fe662dad-c305-41e3-8049-66b929df6ff8 req-c1dcd6fa-31aa-4ea5-ae83-b8d0f12138df service placement] 10.222.0.55 "PUT /placement/allocations/b5141ac5-52c5-48d3-9456-611c265d7ec9" status: 204 len: 0 microversion: 1.28
May 24 05:04:29.591846 n-d-764292-24 devstack@placement-api.service[93482]: [pid: 93482|app: 0|req: 505/1012] 10.222.0.55 () {64 vars in 1431 bytes} [Mon May 24 05:04:29 2021] PUT /placement/allocations/b5141ac5-52c5-48d3-9456-611c265d7ec9 => generated 0 bytes in 279 msecs (HTTP/1.1 204) 5 headers in 199 bytes (1 switches on core 0)
May 24 05:04:30.206580 n-d-764292-24 devstack@placement-api.service[93483]: DEBUG placement.requestlog [req-05e4017e-45e3-4ff5-bc97-c747be71bfae req-59aaa752-7e6f-43ae-ace8-e516ff7bdf4e None None] Starting request: 10.222.0.57 "GET /placement/allocations/725b76ee-8e9c-4673-b7bb-332ee5420a06" {{(pid=93483) __call__ /opt/stack/placement/placement/requestlog.py:55}}
May 24 05:04:30.233862 n-d-764292-24 devstack@placement-api.service[93483]: INFO placement.requestlog [req-05e4017e-45e3-4ff5-bc97-c747be71bfae req-59aaa752-7e6f-43ae-ace8-e516ff7bdf4e service placement] 10.222.0.57 "GET /placement/allocations/725b76ee-8e9c-4673-b7bb-332ee5420a06" status: 200 len: 260 microversion: 1.28
May 24 05:04:30.234452 n-d-764292-24 devstack@placement-api.service[93483]: [pid: 93483|app: 0|req: 508/1013] 10.222.0.57 () {60 vars in 1378 bytes} [Mon May 24 05:04:30 2021] GET /placement/allocations/725b76ee-8e9c-4673-b7bb-332ee5420a06 => generated 260 bytes in 28 msecs (HTTP/1.1 200) 8 headers in 296 bytes (1 switches on core 0)
May 24 05:04:30.244439 n-d-764292-24 devstack@placement-api.service[93482]: DEBUG placement.requestlog [req-05e4017e-45e3-4ff5-bc97-c747be71bfae req-3296cbb6-595f-413f-bd29-4c1fbd1c022f None None] Starting request: 10.222.0.57 "PUT /placement/allocations/725b76ee-8e9c-4673-b7bb-332ee5420a06" {{(pid=93482) __call__ /opt/stack/placement/placement/requestlog.py:55}}
May 24 05:04:30.359096 n-d-764292-24 devstack@placement-api.service[93482]: DEBUG placement.handlers.allocation [req-05e4017e-45e3-4ff5-bc97-c747be71bfae req-3296cbb6-595f-413f-bd29-4c1fbd1c022f service placement] Successfully wrote allocations [, , ] {{(pid=93482) _create_allocations /opt/stack/placement/placement/handlers/allocation.py:435}}
May 24 05:04:30.361586 n-d-764292-24 devstack@placement-api.service[93482]: INFO placement.requestlog [req-05e4017e-45e3-4ff5-bc97-c747be71bfae req-3296cbb6-595f-413f-bd29-4c1fbd1c022f service placement] 10.222.0.57 "PUT /placement/allocations/725b76ee-8e9c-4673-b7bb-332ee5420a06" status: 204 len: 0 microversion: 1.28
May 24 05:04:30.362411 n-d-764292-24 devstack@placement-api.service[93482]: [pid: 93482|app: 0|req: 506/1014] 10.222.0.57 () {64 vars in 1431 bytes} [Mon May 24 05:04:30 2021] PUT /placement/allocations/725b76ee-8e9c-4673-b7bb-332ee5420a06 => generated 0 bytes in 118 msecs (HTTP/1.1 204) 5 headers in 199 bytes (1 switches on core 0)
May 24 05:05:02.784223 n-d-764292-24 devstack@placement-api.service[93483]: DEBUG placement.requestlog [req-b486aee5-c25d-4ce1-a6c6-75f2ac950077 req-d60ab819-489b-47d2-995e-7eeb82a8afe3 None None] Starting request: 10.222.0.57 "GET /placement/allocations/cc51ab22-a5b6-4a05-a8a4-5cae62bb4f64" {{(pid=93483) __call__ /opt/stack/placement/placement/requestlog.py:55}}
May 24 05:05:02.814187 n-d-764292-24 devstack@placement-api.service[93483]: INFO placement.requestlog [req-b486aee5-c25d-4ce1-a6c6-75f2ac950077 req-d60ab819-489b-47d2-995e-7eeb82a8afe3 service placement] 10.222.0.57 "GET /placement/allocations/cc51ab22-a5b6-4a05-a8a4-5cae62bb4f64" status: 200 len: 260 microversion: 1.28
May 24 05:05:02.815208 n-d-764292-24 devstack@placement-api.service[93483]: [pid: 93483|app: 0|req: 509/1015] 10.222.0.57 () {60 vars in 1378 bytes} [Mon May 24 05:05:02 2021] GET /placement/allocations/cc51ab22-a5b6-4a05-a8a4-5cae62bb4f64 => generated 260 bytes in 31 msecs (HTTP/1.1 200) 8 headers in 296 bytes (1 switches on core 0)
May 24 05:05:02.831272 n-d-764292-24 devstack@placement-api.service[93482]: DEBUG placement.requestlog [req-b486aee5-c25d-4ce1-a6c6-75f2ac950077 req-c504901e-c077-4946-b39a-06fc8f46a929 None None] Starting request: 10.222.0.57 "PUT /placement/allocations/cc51ab22-a5b6-4a05-a8a4-5cae62bb4f64" {{(pid=93482) __call__ /opt/stack/placement/placement/requestlog.py:55}}
May 24 05:05:03.054306 n-d-764292-24 devstack@placement-api.service[93482]: DEBUG placement.handlers.allocation [req-b486aee5-c25d-4ce1-a6c6-75f2ac950077 req-c504901e-c077-4946-b39a-06fc8f46a929 service placement] Successfully wrote allocations [, , ] {{(pid=93482) _create_allocations /opt/stack/placement/placement/handlers/allocation.py:435}}
May 24 05:05:03.055003 n-d-764292-24 devstack@placement-api.service[93482]: INFO placement.requestlog [req-b486aee5-c25d-4ce1-a6c6-75f2ac950077 req-c504901e-c077-4946-b39a-06fc8f46a929 service placement] 10.222.0.57 "PUT /placement/allocations/cc51ab22-a5b6-4a05-a8a4-5cae62bb4f64" status: 204 len: 0 microversion: 1.28
May 24 05:05:03.055666 n-d-764292-24 devstack@placement-api.service[93482]: [pid: 93482|app: 0|req: 507/1016] 10.222.0.57 () {64 vars in 1431 bytes} [Mon May 24 05:05:02 2021] PUT /placement/allocations/cc51ab22-a5b6-4a05-a8a4-5cae62bb4f64 => generated 0 bytes in 225 msecs (HTTP/1.1 204) 5 headers in 199 bytes (2 switches on core 0)
May 24 05:05:06.764028 n-d-764292-24 devstack@placement-api.service[93483]: DEBUG placement.requestlog [req-0ae5292a-c0e8-4a12-a597-db59b363ce28 req-a5443f29-5ec9-48e8-8f3e-4b7dc222fbd1 None None] Starting request: 10.222.0.16 "GET /placement/allocation_candidates?limit=1000&resources=DISK_GB%3A1%2CMEMORY_MB%3A1024%2CVCPU%3A1&root_required=%21COMPUTE_STATUS_DISABLED" {{(pid=93483) __call__ /opt/stack/placement/placement/requestlog.py:55}}
May 24 05:05:06.836655 n-d-764292-24 devstack@placement-api.service[93483]: DEBUG placement.objects.research_context [req-0ae5292a-c0e8-4a12-a597-db59b363ce28 req-a5443f29-5ec9-48e8-8f3e-4b7dc222fbd1 service placement] getting providers with 1 DISK_GB {{(pid=93483) __init__ /opt/stack/placement/placement/objects/research_context.py:126}}
May 24 05:05:06.861055 n-d-764292-24 devstack@placement-api.service[93483]: DEBUG placement.objects.research_context [req-0ae5292a-c0e8-4a12-a597-db59b363ce28 req-a5443f29-5ec9-48e8-8f3e-4b7dc222fbd1 service placement] getting providers with 1024 MEMORY_MB {{(pid=93483) __init__ /opt/stack/placement/placement/objects/research_context.py:126}}
May 24 05:05:06.872691 n-d-764292-24 devstack@placement-api.service[93483]: DEBUG placement.objects.research_context [req-0ae5292a-c0e8-4a12-a597-db59b363ce28 req-a5443f29-5ec9-48e8-8f3e-4b7dc222fbd1 service placement] getting providers with 1 VCPU {{(pid=93483) __init__ /opt/stack/placement/placement/objects/research_context.py:126}}
May 24 05:05:06.891022 n-d-764292-24 devstack@placement-api.service[93483]: DEBUG placement.objects.research_context [req-0ae5292a-c0e8-4a12-a597-db59b363ce28 req-a5443f29-5ec9-48e8-8f3e-4b7dc222fbd1 service placement] found 2 providers with available 1 DISK_GB {{(pid=93483) get_provider_ids_matching /opt/stack/placement/placement/objects/research_context.py:549}}
May 24 05:05:06.891636 n-d-764292-24 devstack@placement-api.service[93483]: DEBUG placement.objects.research_context [req-0ae5292a-c0e8-4a12-a597-db59b363ce28 req-a5443f29-5ec9-48e8-8f3e-4b7dc222fbd1 service placement] found 2 providers with available 1024 MEMORY_MB {{(pid=93483) get_provider_ids_matching /opt/stack/placement/placement/objects/research_context.py:549}}
May 24 05:05:06.892123 n-d-764292-24 devstack@placement-api.service[93483]: DEBUG placement.objects.research_context [req-0ae5292a-c0e8-4a12-a597-db59b363ce28 req-a5443f29-5ec9-48e8-8f3e-4b7dc222fbd1 service placement] found 2 providers after filtering by previous result {{(pid=93483) get_provider_ids_matching /opt/stack/placement/placement/objects/research_context.py:580}}
May 24 05:05:06.892706 n-d-764292-24 devstack@placement-api.service[93483]: DEBUG placement.objects.research_context [req-0ae5292a-c0e8-4a12-a597-db59b363ce28 req-a5443f29-5ec9-48e8-8f3e-4b7dc222fbd1 service placement] found 2 providers with available 1 VCPU {{(pid=93483) get_provider_ids_matching /opt/stack/placement/placement/objects/research_context.py:549}}
May 24 05:05:06.893169 n-d-764292-24 devstack@placement-api.service[93483]: DEBUG placement.objects.research_context [req-0ae5292a-c0e8-4a12-a597-db59b363ce28 req-a5443f29-5ec9-48e8-8f3e-4b7dc222fbd1 service placement] found 2 providers after filtering by previous result {{(pid=93483) get_provider_ids_matching /opt/stack/placement/placement/objects/research_context.py:580}}
May 24 05:05:06.933152 n-d-764292-24 devstack@placement-api.service[93483]: DEBUG placement.objects.allocation_candidate [req-0ae5292a-c0e8-4a12-a597-db59b363ce28 req-a5443f29-5ec9-48e8-8f3e-4b7dc222fbd1 service placement] RequestGroup(use_same_provider=False, resources={DISK_GB:1, MEMORY_MB:1024, VCPU:1}, traits=[], aggregates=[]) (suffix '') returned 2 matches {{(pid=93483) _get_by_requests /opt/stack/placement/placement/objects/allocation_candidate.py:145}}
May 24 05:05:06.933877 n-d-764292-24 devstack@placement-api.service[93483]: DEBUG placement.objects.allocation_candidate [req-0ae5292a-c0e8-4a12-a597-db59b363ce28 req-a5443f29-5ec9-48e8-8f3e-4b7dc222fbd1 service placement] Merging candidates yields 2 allocation requests and 2 provider summaries {{(pid=93483) _merge_candidates /opt/stack/placement/placement/objects/allocation_candidate.py:783}}
May 24 05:05:06.935771 n-d-764292-24 devstack@placement-api.service[93483]: INFO placement.requestlog [req-0ae5292a-c0e8-4a12-a597-db59b363ce28 req-a5443f29-5ec9-48e8-8f3e-4b7dc222fbd1 service placement] 10.222.0.16 "GET /placement/allocation_candidates?limit=1000&resources=DISK_GB%3A1%2CMEMORY_MB%3A1024%2CVCPU%3A1&root_required=%21COMPUTE_STATUS_DISABLED" status: 200 len: 1309 microversion: 1.35
May 24 05:05:06.936243 n-d-764292-24 devstack@placement-api.service[93483]: [pid: 93483|app: 0|req: 510/1017] 10.222.0.16 () {60 vars in 1506 bytes} [Mon May 24 05:05:06 2021] GET /placement/allocation_candidates?limit=1000&resources=DISK_GB%3A1%2CMEMORY_MB%3A1024%2CVCPU%3A1&root_required=%21COMPUTE_STATUS_DISABLED => generated 1309 bytes in 172 msecs (HTTP/1.1 200) 8 headers in 297 bytes (1 switches on core 0)
May 24 05:05:07.137387 n-d-764292-24 devstack@placement-api.service[93482]: DEBUG placement.requestlog [req-0ae5292a-c0e8-4a12-a597-db59b363ce28 req-7023a185-2758-41f2-b966-7eea1a292784 None None] Starting request: 10.222.0.16 "GET /placement/allocations/df4d1979-c911-480e-bb8c-e21974618cf6" {{(pid=93482) __call__ /opt/stack/placement/placement/requestlog.py:55}}
May 24 05:05:07.163795 n-d-764292-24 devstack@placement-api.service[93482]: INFO placement.requestlog [req-0ae5292a-c0e8-4a12-a597-db59b363ce28 req-7023a185-2758-41f2-b966-7eea1a292784 service placement] 10.222.0.16 "GET /placement/allocations/df4d1979-c911-480e-bb8c-e21974618cf6" status: 200 len: 19 microversion: 1.28
May 24 05:05:07.167246 n-d-764292-24 devstack@placement-api.service[93482]: [pid: 93482|app: 0|req: 508/1018] 10.222.0.16 () {60 vars in 1380 bytes} [Mon May 24 05:05:07 2021] GET /placement/allocations/df4d1979-c911-480e-bb8c-e21974618cf6 => generated 19 bytes in 30 msecs (HTTP/1.1 200) 8 headers in 295 bytes (1 switches on core 0)
May 24 05:05:07.175584 n-d-764292-24 devstack@placement-api.service[93483]: DEBUG placement.requestlog [req-0ae5292a-c0e8-4a12-a597-db59b363ce28 req-eb0f948f-eb8a-405f-94e2-dc75c59d5103 None None] Starting request: 10.222.0.16 "PUT /placement/allocations/df4d1979-c911-480e-bb8c-e21974618cf6" {{(pid=93483) __call__ /opt/stack/placement/placement/requestlog.py:55}}
May 24 05:05:07.677370 n-d-764292-24 devstack@placement-api.service[93483]: DEBUG placement.handlers.allocation [req-0ae5292a-c0e8-4a12-a597-db59b363ce28 req-eb0f948f-eb8a-405f-94e2-dc75c59d5103 service placement] Successfully wrote allocations [, , ] {{(pid=93483) _create_allocations /opt/stack/placement/placement/handlers/allocation.py:435}}
May 24 05:05:07.678313 n-d-764292-24 devstack@placement-api.service[93483]: INFO placement.requestlog [req-0ae5292a-c0e8-4a12-a597-db59b363ce28 req-eb0f948f-eb8a-405f-94e2-dc75c59d5103 service placement] 10.222.0.16 "PUT /placement/allocations/df4d1979-c911-480e-bb8c-e21974618cf6" status: 204 len: 0 microversion: 1.35
May 24 05:05:07.678680 n-d-764292-24 devstack@placement-api.service[93483]: [pid: 93483|app: 0|req: 511/1019] 10.222.0.16 () {64 vars in 1433 bytes} [Mon May 24 05:05:07 2021] PUT /placement/allocations/df4d1979-c911-480e-bb8c-e21974618cf6 => generated 0 bytes in 506 msecs (HTTP/1.1 204) 5 headers in 199 bytes (1 switches on core 0)
May 24 05:05:09.054816 n-d-764292-24 devstack@placement-api.service[93482]: DEBUG placement.requestlog [req-0ae5292a-c0e8-4a12-a597-db59b363ce28 req-82c6eec3-ef95-4c28-9a33-b8b09e7c4dde None None] Starting request: 10.222.0.57 "GET /placement/allocations/df4d1979-c911-480e-bb8c-e21974618cf6" {{(pid=93482) __call__ /opt/stack/placement/placement/requestlog.py:55}}
May 24 05:05:09.091514 n-d-764292-24 devstack@placement-api.service[93482]: INFO placement.requestlog [req-0ae5292a-c0e8-4a12-a597-db59b363ce28 req-82c6eec3-ef95-4c28-9a33-b8b09e7c4dde service placement] 10.222.0.57 "GET /placement/allocations/df4d1979-c911-480e-bb8c-e21974618cf6" status: 200 len: 260 microversion: 1.28
May 24 05:05:09.096479 n-d-764292-24 devstack@placement-api.service[93482]: [pid: 93482|app: 0|req: 509/1020] 10.222.0.57 () {60 vars in 1378 bytes} [Mon May 24 05:05:09 2021] GET /placement/allocations/df4d1979-c911-480e-bb8c-e21974618cf6 => generated 260 bytes in 42 msecs (HTTP/1.1 200) 8 headers in 296 bytes (1 switches on core 0)
May 24 05:05:10.715517 n-d-764292-24 devstack@placement-api.service[93483]: DEBUG placement.requestlog [req-e45f0d77-7cc7-45dd-8db8-0353e1917354 req-6eebc1bd-8949-4aea-beda-44586b238f70 None None] Starting request: 10.222.0.16 "GET /placement/allocation_candidates?limit=1000&resources=DISK_GB%3A1%2CMEMORY_MB%3A1024%2CVCPU%3A1&root_required=%21COMPUTE_STATUS_DISABLED" {{(pid=93483) __call__ /opt/stack/placement/placement/requestlog.py:55}}
May 24 05:05:10.795304 n-d-764292-24 devstack@placement-api.service[93483]: DEBUG placement.objects.research_context [req-e45f0d77-7cc7-45dd-8db8-0353e1917354 req-6eebc1bd-8949-4aea-beda-44586b238f70 service placement] getting providers with 1 DISK_GB {{(pid=93483) __init__ /opt/stack/placement/placement/objects/research_context.py:126}}
May 24 05:05:10.821676 n-d-764292-24 devstack@placement-api.service[93483]: DEBUG placement.objects.research_context [req-e45f0d77-7cc7-45dd-8db8-0353e1917354 req-6eebc1bd-8949-4aea-beda-44586b238f70 service placement] getting providers with 1024 MEMORY_MB {{(pid=93483) __init__ /opt/stack/placement/placement/objects/research_context.py:126}}
May 24 05:05:10.842958 n-d-764292-24 devstack@placement-api.service[93483]: DEBUG placement.objects.research_context [req-e45f0d77-7cc7-45dd-8db8-0353e1917354 req-6eebc1bd-8949-4aea-beda-44586b238f70 service placement] getting providers with 1 VCPU {{(pid=93483) __init__ /opt/stack/placement/placement/objects/research_context.py:126}}
May 24 05:05:10.876727 n-d-764292-24 devstack@placement-api.service[93483]: DEBUG placement.objects.research_context [req-e45f0d77-7cc7-45dd-8db8-0353e1917354 req-6eebc1bd-8949-4aea-beda-44586b238f70 service placement] found 2 providers with available 1 DISK_GB {{(pid=93483) get_provider_ids_matching /opt/stack/placement/placement/objects/research_context.py:549}}
May 24 05:05:10.876727 n-d-764292-24 devstack@placement-api.service[93483]: DEBUG placement.objects.research_context [req-e45f0d77-7cc7-45dd-8db8-0353e1917354 req-6eebc1bd-8949-4aea-beda-44586b238f70 service placement] found 2 providers with available 1024 MEMORY_MB {{(pid=93483) get_provider_ids_matching /opt/stack/placement/placement/objects/research_context.py:549}}
May 24 05:05:10.876727 n-d-764292-24 devstack@placement-api.service[93483]: DEBUG placement.objects.research_context [req-e45f0d77-7cc7-45dd-8db8-0353e1917354 req-6eebc1bd-8949-4aea-beda-44586b238f70 service placement] found 2 providers after filtering by previous result {{(pid=93483) get_provider_ids_matching /opt/stack/placement/placement/objects/research_context.py:580}}
May 24 05:05:10.876727 n-d-764292-24 devstack@placement-api.service[93483]: DEBUG placement.objects.research_context [req-e45f0d77-7cc7-45dd-8db8-0353e1917354 req-6eebc1bd-8949-4aea-beda-44586b238f70 service placement] found 2 providers with available 1 VCPU {{(pid=93483) get_provider_ids_matching /opt/stack/placement/placement/objects/research_context.py:549}}
May 24 05:05:10.879291 n-d-764292-24 devstack@placement-api.service[93483]: DEBUG placement.objects.research_context [req-e45f0d77-7cc7-45dd-8db8-0353e1917354 req-6eebc1bd-8949-4aea-beda-44586b238f70 service placement] found 2 providers after filtering by previous result {{(pid=93483) get_provider_ids_matching /opt/stack/placement/placement/objects/research_context.py:580}}
May 24 05:05:10.922217 n-d-764292-24 devstack@placement-api.service[93483]: DEBUG placement.objects.allocation_candidate [req-e45f0d77-7cc7-45dd-8db8-0353e1917354 req-6eebc1bd-8949-4aea-beda-44586b238f70 service placement] RequestGroup(use_same_provider=False, resources={DISK_GB:1, MEMORY_MB:1024, VCPU:1}, traits=[], aggregates=[]) (suffix '') returned 2 matches {{(pid=93483) _get_by_requests /opt/stack/placement/placement/objects/allocation_candidate.py:145}}
May 24 05:05:10.922690 n-d-764292-24 devstack@placement-api.service[93483]: DEBUG placement.objects.allocation_candidate [req-e45f0d77-7cc7-45dd-8db8-0353e1917354 req-6eebc1bd-8949-4aea-beda-44586b238f70 service placement] Merging candidates yields 2 allocation requests and 2 provider summaries {{(pid=93483) _merge_candidates /opt/stack/placement/placement/objects/allocation_candidate.py:783}}
May 24 05:05:10.926036 n-d-764292-24 devstack@placement-api.service[93483]: INFO placement.requestlog [req-e45f0d77-7cc7-45dd-8db8-0353e1917354 req-6eebc1bd-8949-4aea-beda-44586b238f70 service placement] 10.222.0.16 "GET /placement/allocation_candidates?limit=1000&resources=DISK_GB%3A1%2CMEMORY_MB%3A1024%2CVCPU%3A1&root_required=%21COMPUTE_STATUS_DISABLED" status: 200 len: 1309 microversion: 1.35
May 24 05:05:10.930795 n-d-764292-24 devstack@placement-api.service[93483]: [pid: 93483|app: 0|req: 512/1021] 10.222.0.16 () {60 vars in 1506 bytes} [Mon May 24 05:05:10 2021] GET /placement/allocation_candidates?limit=1000&resources=DISK_GB%3A1%2CMEMORY_MB%3A1024%2CVCPU%3A1&root_required=%21COMPUTE_STATUS_DISABLED => generated 1309 bytes in 215 msecs (HTTP/1.1 200) 8 headers in 297 bytes (1 switches on core 0)
May 24 05:05:11.082617 n-d-764292-24 devstack@placement-api.service[93482]: DEBUG placement.requestlog [req-e45f0d77-7cc7-45dd-8db8-0353e1917354 req-2a36fa8f-a406-47cf-b433-64b5e5eb5367 None None] Starting request: 10.222.0.16 "GET /placement/allocations/f562f8da-6a55-40e3-a7e9-d013ee5a0658" {{(pid=93482) __call__ /opt/stack/placement/placement/requestlog.py:55}}
May 24 05:05:11.107971 n-d-764292-24 devstack@placement-api.service[93482]: INFO placement.requestlog [req-e45f0d77-7cc7-45dd-8db8-0353e1917354 req-2a36fa8f-a406-47cf-b433-64b5e5eb5367 service placement] 10.222.0.16 "GET /placement/allocations/f562f8da-6a55-40e3-a7e9-d013ee5a0658" status: 200 len: 19 microversion: 1.28
May 24 05:05:11.108221 n-d-764292-24 devstack@placement-api.service[93482]: [pid: 93482|app: 0|req: 510/1022] 10.222.0.16 () {60 vars in 1380 bytes} [Mon May 24 05:05:11 2021] GET /placement/allocations/f562f8da-6a55-40e3-a7e9-d013ee5a0658 => generated 19 bytes in 26 msecs (HTTP/1.1 200) 8 headers in 295 bytes (1 switches on core 0)
May 24 05:05:11.113971 n-d-764292-24 devstack@placement-api.service[93483]: DEBUG placement.requestlog [req-e45f0d77-7cc7-45dd-8db8-0353e1917354 req-286220e2-67c3-4c03-a2a3-e697bbd904ab None None] Starting request: 10.222.0.16 "PUT /placement/allocations/f562f8da-6a55-40e3-a7e9-d013ee5a0658" {{(pid=93483) __call__ /opt/stack/placement/placement/requestlog.py:55}}
May 24 05:05:11.316399 n-d-764292-24 devstack@placement-api.service[93483]: DEBUG placement.handlers.allocation [req-e45f0d77-7cc7-45dd-8db8-0353e1917354 req-286220e2-67c3-4c03-a2a3-e697bbd904ab service placement] Successfully wrote allocations [, , ] {{(pid=93483) _create_allocations /opt/stack/placement/placement/handlers/allocation.py:435}}
May 24 05:05:11.317024 n-d-764292-24 devstack@placement-api.service[93483]: INFO placement.requestlog [req-e45f0d77-7cc7-45dd-8db8-0353e1917354 req-286220e2-67c3-4c03-a2a3-e697bbd904ab service placement] 10.222.0.16 "PUT /placement/allocations/f562f8da-6a55-40e3-a7e9-d013ee5a0658" status: 204 len: 0 microversion: 1.35
May 24 05:05:11.317788 n-d-764292-24 devstack@placement-api.service[93483]: [pid: 93483|app: 0|req: 513/1023] 10.222.0.16 () {64 vars in 1433 bytes} [Mon May 24 05:05:11 2021] PUT /placement/allocations/f562f8da-6a55-40e3-a7e9-d013ee5a0658 => generated 0 bytes in 204 msecs (HTTP/1.1 204) 5 headers in 199 bytes (1 switches on core 0)
May 24 05:05:12.146434 n-d-764292-24 devstack@placement-api.service[93482]: DEBUG placement.requestlog [req-71ceb974-6548-4b5c-a742-1dce4543968f req-cabe515d-46d6-491b-a741-e4d1d60b300a None None] Starting request: 10.222.0.57 "GET /placement/resource_providers/973c3934-a5c3-4550-8d96-46d53e8d03c7/allocations" {{(pid=93482) __call__ /opt/stack/placement/placement/requestlog.py:55}}
May 24 05:05:12.188603 n-d-764292-24 devstack@placement-api.service[93482]: INFO placement.requestlog [req-71ceb974-6548-4b5c-a742-1dce4543968f req-cabe515d-46d6-491b-a741-e4d1d60b300a service placement] 10.222.0.57 "GET /placement/resource_providers/973c3934-a5c3-4550-8d96-46d53e8d03c7/allocations" status: 200 len: 256 microversion: 1.0
May 24 05:05:12.189374 n-d-764292-24 devstack@placement-api.service[93482]: [pid: 93482|app: 0|req: 511/1024] 10.222.0.57 () {58 vars in 1391 bytes} [Mon May 24 05:05:12 2021] GET /placement/resource_providers/973c3934-a5c3-4550-8d96-46d53e8d03c7/allocations => generated 256 bytes in 43 msecs (HTTP/1.1 200) 6 headers in 224 bytes (2 switches on core 0)
May 24 05:05:12.578454 n-d-764292-24 devstack@placement-api.service[93483]: DEBUG placement.requestlog [req-e45f0d77-7cc7-45dd-8db8-0353e1917354 req-2e07c307-bdec-4588-a400-3e5e2e3a9296 None None] Starting request: 10.222.0.55 "GET /placement/allocations/f562f8da-6a55-40e3-a7e9-d013ee5a0658" {{(pid=93483) __call__ /opt/stack/placement/placement/requestlog.py:55}}
May 24 05:05:12.622934 n-d-764292-24 devstack@placement-api.service[93483]: INFO placement.requestlog [req-e45f0d77-7cc7-45dd-8db8-0353e1917354 req-2e07c307-bdec-4588-a400-3e5e2e3a9296 service placement] 10.222.0.55 "GET /placement/allocations/f562f8da-6a55-40e3-a7e9-d013ee5a0658" status: 200 len: 260 microversion: 1.28
May 24 05:05:12.623499 n-d-764292-24 devstack@placement-api.service[93483]: [pid: 93483|app: 0|req: 514/1025] 10.222.0.55 () {60 vars in 1378 bytes} [Mon May 24 05:05:12 2021] GET /placement/allocations/f562f8da-6a55-40e3-a7e9-d013ee5a0658 => generated 260 bytes in 46 msecs (HTTP/1.1 200) 8 headers in 296 bytes (2 switches on core 0)
May 24 05:05:13.885043 n-d-764292-24 devstack@placement-api.service[93482]: DEBUG placement.requestlog [req-9627e178-561b-4650-b01b-f39ef6f8174c req-70e1bac2-62f2-409f-900a-dd856ade47af None None] Starting request: 10.222.0.55 "GET /placement/allocations/51789e2e-6aa6-442a-bc17-221d81e6d111" {{(pid=93482) __call__ /opt/stack/placement/placement/requestlog.py:55}}
May 24 05:05:13.932342 n-d-764292-24 devstack@placement-api.service[93482]: INFO placement.requestlog [req-9627e178-561b-4650-b01b-f39ef6f8174c req-70e1bac2-62f2-409f-900a-dd856ade47af service placement] 10.222.0.55 "GET /placement/allocations/51789e2e-6aa6-442a-bc17-221d81e6d111" status: 200 len: 260 microversion: 1.28
May 24 05:05:13.937861 n-d-764292-24 devstack@placement-api.service[93482]: [pid: 93482|app: 0|req: 512/1026] 10.222.0.55 () {60 vars in 1378 bytes} [Mon May 24 05:05:13 2021] GET /placement/allocations/51789e2e-6aa6-442a-bc17-221d81e6d111 => generated 260 bytes in 50 msecs (HTTP/1.1 200) 8 headers in 296 bytes (1 switches on core 0)
May 24 05:05:13.942840 n-d-764292-24 devstack@placement-api.service[93483]: DEBUG placement.requestlog [req-9627e178-561b-4650-b01b-f39ef6f8174c req-9e230467-419f-4216-b19e-90641bf2bd15 None None] Starting request: 10.222.0.55 "PUT /placement/allocations/51789e2e-6aa6-442a-bc17-221d81e6d111" {{(pid=93483) __call__ /opt/stack/placement/placement/requestlog.py:55}}
May 24 05:05:14.133999 n-d-764292-24 devstack@placement-api.service[93483]: DEBUG placement.handlers.allocation [req-9627e178-561b-4650-b01b-f39ef6f8174c req-9e230467-419f-4216-b19e-90641bf2bd15 service placement] Successfully wrote allocations [, , ] {{(pid=93483) _create_allocations /opt/stack/placement/placement/handlers/allocation.py:435}}
May 24 05:05:14.138457 n-d-764292-24 devstack@placement-api.service[93483]: INFO placement.requestlog [req-9627e178-561b-4650-b01b-f39ef6f8174c req-9e230467-419f-4216-b19e-90641bf2bd15 service placement] 10.222.0.55 "PUT /placement/allocations/51789e2e-6aa6-442a-bc17-221d81e6d111" status: 204 len: 0 microversion: 1.28
May 24 05:05:14.138457 n-d-764292-24 devstack@placement-api.service[93483]: [pid: 93483|app: 0|req: 515/1027] 10.222.0.55 () {64 vars in 1431 bytes} [Mon May 24 05:05:13 2021] PUT /placement/allocations/51789e2e-6aa6-442a-bc17-221d81e6d111 => generated 0 bytes in 192 msecs (HTTP/1.1 204) 5 headers in 199 bytes (1 switches on core 0)
May 24 05:05:14.389157 n-d-764292-24 devstack@placement-api.service[93482]: DEBUG placement.requestlog [req-add32356-ed57-4e62-a0bc-6f85290d8058 req-256a822b-0af4-462c-bff9-1e94c12075a6 None None] Starting request: 10.222.0.16 "GET /placement/allocation_candidates?limit=1000&resources=DISK_GB%3A1%2CMEMORY_MB%3A1024%2CVCPU%3A1&root_required=%21COMPUTE_STATUS_DISABLED" {{(pid=93482) __call__ /opt/stack/placement/placement/requestlog.py:55}}
May 24 05:05:14.483073 n-d-764292-24 devstack@placement-api.service[93482]: DEBUG placement.objects.research_context [req-add32356-ed57-4e62-a0bc-6f85290d8058 req-256a822b-0af4-462c-bff9-1e94c12075a6 service placement] getting providers with 1 DISK_GB {{(pid=93482) __init__ /opt/stack/placement/placement/objects/research_context.py:126}}
May 24 05:05:14.499595 n-d-764292-24 devstack@placement-api.service[93482]: DEBUG placement.objects.research_context [req-add32356-ed57-4e62-a0bc-6f85290d8058 req-256a822b-0af4-462c-bff9-1e94c12075a6 service placement] getting providers with 1024 MEMORY_MB {{(pid=93482) __init__ /opt/stack/placement/placement/objects/research_context.py:126}}
May 24 05:05:14.515930 n-d-764292-24 devstack@placement-api.service[93482]: DEBUG placement.objects.research_context [req-add32356-ed57-4e62-a0bc-6f85290d8058 req-256a822b-0af4-462c-bff9-1e94c12075a6 service placement] getting providers with 1 VCPU {{(pid=93482) __init__ /opt/stack/placement/placement/objects/research_context.py:126}}
May 24 05:05:14.529749 n-d-764292-24 devstack@placement-api.service[93482]: DEBUG placement.objects.research_context [req-add32356-ed57-4e62-a0bc-6f85290d8058 req-256a822b-0af4-462c-bff9-1e94c12075a6 service placement] found 2 providers with available 1 DISK_GB {{(pid=93482) get_provider_ids_matching /opt/stack/placement/placement/objects/research_context.py:549}}
May 24 05:05:14.530119 n-d-764292-24 devstack@placement-api.service[93482]: DEBUG placement.objects.research_context [req-add32356-ed57-4e62-a0bc-6f85290d8058 req-256a822b-0af4-462c-bff9-1e94c12075a6 service placement] found 2 providers with available 1024 MEMORY_MB {{(pid=93482) get_provider_ids_matching /opt/stack/placement/placement/objects/research_context.py:549}}
May 24 05:05:14.531890 n-d-764292-24 devstack@placement-api.service[93482]: DEBUG placement.objects.research_context [req-add32356-ed57-4e62-a0bc-6f85290d8058 req-256a822b-0af4-462c-bff9-1e94c12075a6 service placement] found 2 providers after filtering by previous result {{(pid=93482) get_provider_ids_matching /opt/stack/placement/placement/objects/research_context.py:580}}
May 24 05:05:14.537902 n-d-764292-24 devstack@placement-api.service[93482]: DEBUG placement.objects.research_context [req-add32356-ed57-4e62-a0bc-6f85290d8058 req-256a822b-0af4-462c-bff9-1e94c12075a6 service placement] found 2 providers with available 1 VCPU {{(pid=93482) get_provider_ids_matching /opt/stack/placement/placement/objects/research_context.py:549}}
May 24 05:05:14.538324 n-d-764292-24 devstack@placement-api.service[93482]: DEBUG placement.objects.research_context [req-add32356-ed57-4e62-a0bc-6f85290d8058 req-256a822b-0af4-462c-bff9-1e94c12075a6 service placement] found 2 providers after filtering by previous result {{(pid=93482) get_provider_ids_matching /opt/stack/placement/placement/objects/research_context.py:580}}
May 24 05:05:14.565962 n-d-764292-24 devstack@placement-api.service[93482]: DEBUG placement.objects.allocation_candidate [req-add32356-ed57-4e62-a0bc-6f85290d8058 req-256a822b-0af4-462c-bff9-1e94c12075a6 service placement] RequestGroup(use_same_provider=False, resources={DISK_GB:1, MEMORY_MB:1024, VCPU:1}, traits=[], aggregates=[]) (suffix '') returned 2 matches {{(pid=93482) _get_by_requests /opt/stack/placement/placement/objects/allocation_candidate.py:145}}
May 24 05:05:14.566482 n-d-764292-24 devstack@placement-api.service[93482]: DEBUG placement.objects.allocation_candidate [req-add32356-ed57-4e62-a0bc-6f85290d8058 req-256a822b-0af4-462c-bff9-1e94c12075a6 service placement] Merging candidates yields 2 allocation requests and 2 provider summaries {{(pid=93482) _merge_candidates /opt/stack/placement/placement/objects/allocation_candidate.py:783}}
May 24 05:05:14.570462 n-d-764292-24 devstack@placement-api.service[93482]: INFO placement.requestlog [req-add32356-ed57-4e62-a0bc-6f85290d8058 req-256a822b-0af4-462c-bff9-1e94c12075a6 service placement] 10.222.0.16 "GET /placement/allocation_candidates?limit=1000&resources=DISK_GB%3A1%2CMEMORY_MB%3A1024%2CVCPU%3A1&root_required=%21COMPUTE_STATUS_DISABLED" status: 200 len: 1309 microversion: 1.35
May 24 05:05:14.584840 n-d-764292-24 devstack@placement-api.service[93482]: [pid: 93482|app: 0|req: 513/1028] 10.222.0.16 () {60 vars in 1506 bytes} [Mon May 24 05:05:14 2021] GET /placement/allocation_candidates?limit=1000&resources=DISK_GB%3A1%2CMEMORY_MB%3A1024%2CVCPU%3A1&root_required=%21COMPUTE_STATUS_DISABLED => generated 1309 bytes in 194 msecs (HTTP/1.1 200) 8 headers in 297 bytes (1 switches on core 0)
May 24 05:05:14.705476 n-d-764292-24 devstack@placement-api.service[93483]: DEBUG placement.requestlog [req-add32356-ed57-4e62-a0bc-6f85290d8058 req-3a1807e7-56ae-49ca-9079-6345a6282bd9 None None] Starting request: 10.222.0.16 "GET /placement/allocations/d47d729a-ba8b-4074-8643-1aebcf7ee06c" {{(pid=93483) __call__ /opt/stack/placement/placement/requestlog.py:55}}
May 24 05:05:14.727279 n-d-764292-24 devstack@placement-api.service[93483]: INFO placement.requestlog [req-add32356-ed57-4e62-a0bc-6f85290d8058 req-3a1807e7-56ae-49ca-9079-6345a6282bd9 service placement] 10.222.0.16 "GET /placement/allocations/d47d729a-ba8b-4074-8643-1aebcf7ee06c" status: 200 len: 19 microversion: 1.28
May 24 05:05:14.728115 n-d-764292-24 devstack@placement-api.service[93483]: [pid: 93483|app: 0|req: 516/1029] 10.222.0.16 () {60 vars in 1380 bytes} [Mon May 24 05:05:14 2021] GET /placement/allocations/d47d729a-ba8b-4074-8643-1aebcf7ee06c => generated 19 bytes in 25 msecs (HTTP/1.1 200) 8 headers in 295 bytes (1 switches on core 0)
May 24 05:05:14.733772 n-d-764292-24 devstack@placement-api.service[93482]: DEBUG placement.requestlog [req-add32356-ed57-4e62-a0bc-6f85290d8058 req-88f5809c-6936-4fa9-94dd-75ac7c37923c None None] Starting request: 10.222.0.16 "PUT /placement/allocations/d47d729a-ba8b-4074-8643-1aebcf7ee06c" {{(pid=93482) __call__ /opt/stack/placement/placement/requestlog.py:55}}
May 24 05:05:15.339535 n-d-764292-24 devstack@placement-api.service[93482]: DEBUG placement.handlers.allocation [req-add32356-ed57-4e62-a0bc-6f85290d8058 req-88f5809c-6936-4fa9-94dd-75ac7c37923c service placement] Successfully wrote allocations [, , ] {{(pid=93482) _create_allocations /opt/stack/placement/placement/handlers/allocation.py:435}}
May 24 05:05:15.340106 n-d-764292-24 devstack@placement-api.service[93482]: INFO placement.requestlog [req-add32356-ed57-4e62-a0bc-6f85290d8058 req-88f5809c-6936-4fa9-94dd-75ac7c37923c service placement] 10.222.0.16 "PUT /placement/allocations/d47d729a-ba8b-4074-8643-1aebcf7ee06c" status: 204 len: 0 microversion: 1.35
May 24 05:05:15.340736 n-d-764292-24 devstack@placement-api.service[93482]: [pid: 93482|app: 0|req: 514/1030] 10.222.0.16 () {64 vars in 1433 bytes} [Mon May 24 05:05:14 2021] PUT /placement/allocations/d47d729a-ba8b-4074-8643-1aebcf7ee06c => generated 0 bytes in 607 msecs (HTTP/1.1 204) 5 headers in 199 bytes (2 switches on core 0)
May 24 05:05:16.701149 n-d-764292-24 devstack@placement-api.service[93483]: DEBUG placement.requestlog [req-add32356-ed57-4e62-a0bc-6f85290d8058 req-efc74277-60e2-428e-8519-b3e18f1828d0 None None] Starting request: 10.222.0.57 "GET /placement/allocations/d47d729a-ba8b-4074-8643-1aebcf7ee06c" {{(pid=93483) __call__ /opt/stack/placement/placement/requestlog.py:55}}
May 24 05:05:16.728497 n-d-764292-24 devstack@placement-api.service[93483]: INFO placement.requestlog [req-add32356-ed57-4e62-a0bc-6f85290d8058 req-efc74277-60e2-428e-8519-b3e18f1828d0 service placement] 10.222.0.57 "GET /placement/allocations/d47d729a-ba8b-4074-8643-1aebcf7ee06c" status: 200 len: 260 microversion: 1.28
May 24 05:05:16.729009 n-d-764292-24 devstack@placement-api.service[93483]: [pid: 93483|app: 0|req: 517/1031] 10.222.0.57 () {60 vars in 1378 bytes} [Mon May 24 05:05:16 2021] GET /placement/allocations/d47d729a-ba8b-4074-8643-1aebcf7ee06c => generated 260 bytes in 28 msecs (HTTP/1.1 200) 8 headers in 296 bytes (1 switches on core 0)
May 24 05:05:18.298744 n-d-764292-24 devstack@placement-api.service[93482]: DEBUG placement.requestlog [req-e6091db0-020b-4e81-a0ea-7444c23dd86f req-735ce863-83fb-44cd-a2c3-c19538821880 None None] Starting request: 10.222.0.16 "GET /placement/allocation_candidates?limit=1000&resources=DISK_GB%3A1%2CMEMORY_MB%3A1024%2CVCPU%3A1&root_required=%21COMPUTE_STATUS_DISABLED" {{(pid=93482) __call__ /opt/stack/placement/placement/requestlog.py:55}}
May 24 05:05:18.344366 n-d-764292-24 devstack@placement-api.service[93482]: DEBUG placement.objects.research_context [req-e6091db0-020b-4e81-a0ea-7444c23dd86f req-735ce863-83fb-44cd-a2c3-c19538821880 service placement] getting providers with 1 DISK_GB {{(pid=93482) __init__ /opt/stack/placement/placement/objects/research_context.py:126}}
May 24 05:05:18.359822 n-d-764292-24 devstack@placement-api.service[93482]: DEBUG placement.objects.research_context [req-e6091db0-020b-4e81-a0ea-7444c23dd86f req-735ce863-83fb-44cd-a2c3-c19538821880 service placement] getting providers with 1024 MEMORY_MB {{(pid=93482) __init__ /opt/stack/placement/placement/objects/research_context.py:126}}
May 24 05:05:18.366382 n-d-764292-24 devstack@placement-api.service[93482]: DEBUG placement.objects.research_context [req-e6091db0-020b-4e81-a0ea-7444c23dd86f req-735ce863-83fb-44cd-a2c3-c19538821880 service placement] getting providers with 1 VCPU {{(pid=93482) __init__ /opt/stack/placement/placement/objects/research_context.py:126}}
May 24 05:05:18.373227 n-d-764292-24 devstack@placement-api.service[93482]: DEBUG placement.objects.research_context [req-e6091db0-020b-4e81-a0ea-7444c23dd86f req-735ce863-83fb-44cd-a2c3-c19538821880 service placement] found 2 providers with available 1 DISK_GB {{(pid=93482) get_provider_ids_matching /opt/stack/placement/placement/objects/research_context.py:549}}
May 24 05:05:18.373560 n-d-764292-24 devstack@placement-api.service[93482]: DEBUG placement.objects.research_context [req-e6091db0-020b-4e81-a0ea-7444c23dd86f req-735ce863-83fb-44cd-a2c3-c19538821880 service placement] found 2 providers with available 1024 MEMORY_MB {{(pid=93482) get_provider_ids_matching /opt/stack/placement/placement/objects/research_context.py:549}}
May 24 05:05:18.373846 n-d-764292-24 devstack@placement-api.service[93482]: DEBUG placement.objects.research_context [req-e6091db0-020b-4e81-a0ea-7444c23dd86f req-735ce863-83fb-44cd-a2c3-c19538821880 service placement] found 2 providers after filtering by previous result {{(pid=93482) get_provider_ids_matching /opt/stack/placement/placement/objects/research_context.py:580}}
May 24 05:05:18.374656 n-d-764292-24 devstack@placement-api.service[93482]: DEBUG placement.objects.research_context [req-e6091db0-020b-4e81-a0ea-7444c23dd86f req-735ce863-83fb-44cd-a2c3-c19538821880 service placement] found 2 providers with available 1 VCPU {{(pid=93482) get_provider_ids_matching /opt/stack/placement/placement/objects/research_context.py:549}}
May 24 05:05:18.374935 n-d-764292-24 devstack@placement-api.service[93482]: DEBUG placement.objects.research_context [req-e6091db0-020b-4e81-a0ea-7444c23dd86f req-735ce863-83fb-44cd-a2c3-c19538821880 service placement] found 2 providers after filtering by previous result {{(pid=93482) get_provider_ids_matching /opt/stack/placement/placement/objects/research_context.py:580}}
May 24 05:05:18.387666 n-d-764292-24 devstack@placement-api.service[93482]: DEBUG placement.objects.allocation_candidate [req-e6091db0-020b-4e81-a0ea-7444c23dd86f req-735ce863-83fb-44cd-a2c3-c19538821880 service placement] RequestGroup(use_same_provider=False, resources={DISK_GB:1, MEMORY_MB:1024, VCPU:1}, traits=[], aggregates=[]) (suffix '') returned 2 matches {{(pid=93482) _get_by_requests /opt/stack/placement/placement/objects/allocation_candidate.py:145}}
May 24 05:05:18.388046 n-d-764292-24 devstack@placement-api.service[93482]: DEBUG placement.objects.allocation_candidate [req-e6091db0-020b-4e81-a0ea-7444c23dd86f req-735ce863-83fb-44cd-a2c3-c19538821880 service placement] Merging candidates yields 2 allocation requests and 2 provider summaries {{(pid=93482) _merge_candidates /opt/stack/placement/placement/objects/allocation_candidate.py:783}}
May 24 05:05:18.390365 n-d-764292-24 devstack@placement-api.service[93482]: INFO placement.requestlog [req-e6091db0-020b-4e81-a0ea-7444c23dd86f req-735ce863-83fb-44cd-a2c3-c19538821880 service placement] 10.222.0.16 "GET /placement/allocation_candidates?limit=1000&resources=DISK_GB%3A1%2CMEMORY_MB%3A1024%2CVCPU%3A1&root_required=%21COMPUTE_STATUS_DISABLED" status: 200 len: 1309 microversion: 1.35
May 24 05:05:18.391121 n-d-764292-24 devstack@placement-api.service[93482]: [pid: 93482|app: 0|req: 515/1032] 10.222.0.16 () {60 vars in 1506 bytes} [Mon May 24 05:05:18 2021] GET /placement/allocation_candidates?limit=1000&resources=DISK_GB%3A1%2CMEMORY_MB%3A1024%2CVCPU%3A1&root_required=%21COMPUTE_STATUS_DISABLED => generated 1309 bytes in 93 msecs (HTTP/1.1 200) 8 headers in 297 bytes (1 switches on core 0)
May 24 05:05:18.458773 n-d-764292-24 devstack@placement-api.service[93483]: DEBUG placement.requestlog [req-e6091db0-020b-4e81-a0ea-7444c23dd86f req-8cf25abc-39e8-4609-8e0f-e9bd19f3f0fc None None] Starting request: 10.222.0.16 "GET /placement/allocations/a68a3846-9b1c-45d8-9390-5e853e9d1dba" {{(pid=93483) __call__ /opt/stack/placement/placement/requestlog.py:55}}
May 24 05:05:18.474494 n-d-764292-24 devstack@placement-api.service[93483]: INFO placement.requestlog [req-e6091db0-020b-4e81-a0ea-7444c23dd86f req-8cf25abc-39e8-4609-8e0f-e9bd19f3f0fc service placement] 10.222.0.16 "GET /placement/allocations/a68a3846-9b1c-45d8-9390-5e853e9d1dba" status: 200 len: 19 microversion: 1.28
May 24 05:05:18.475186 n-d-764292-24 devstack@placement-api.service[93483]: [pid: 93483|app: 0|req: 518/1033] 10.222.0.16 () {60 vars in 1380 bytes} [Mon May 24 05:05:18 2021] GET /placement/allocations/a68a3846-9b1c-45d8-9390-5e853e9d1dba => generated 19 bytes in 17 msecs (HTTP/1.1 200) 8 headers in 295 bytes (1 switches on core 0)
May 24 05:05:18.482008 n-d-764292-24 devstack@placement-api.service[93482]: DEBUG placement.requestlog [req-e6091db0-020b-4e81-a0ea-7444c23dd86f req-bfa11944-668d-4b71-bb12-c6b7cfb5b86d None None] Starting request: 10.222.0.16 "PUT /placement/allocations/a68a3846-9b1c-45d8-9390-5e853e9d1dba" {{(pid=93482) __call__ /opt/stack/placement/placement/requestlog.py:55}}
May 24 05:05:18.829251 n-d-764292-24 devstack@placement-api.service[93483]: DEBUG placement.requestlog [req-f3da5238-38ac-4c7d-a4b7-ff031642cbd0 req-705b6979-4ed1-4777-a8f3-5f7977ccd027 None None] Starting request: 10.222.0.55 "GET /placement/resource_providers/88a7bfa7-892a-4c0d-8dc6-a97edc6ccec3/allocations" {{(pid=93483) __call__ /opt/stack/placement/placement/requestlog.py:55}}
May 24 05:05:18.853448 n-d-764292-24 devstack@placement-api.service[93483]: INFO placement.requestlog [req-f3da5238-38ac-4c7d-a4b7-ff031642cbd0 req-705b6979-4ed1-4777-a8f3-5f7977ccd027 service placement] 10.222.0.55 "GET /placement/resource_providers/88a7bfa7-892a-4c0d-8dc6-a97edc6ccec3/allocations" status: 200 len: 256 microversion: 1.0
May 24 05:05:18.853921 n-d-764292-24 devstack@placement-api.service[93483]: [pid: 93483|app: 0|req: 519/1034] 10.222.0.55 () {58 vars in 1391 bytes} [Mon May 24 05:05:18 2021] GET /placement/resource_providers/88a7bfa7-892a-4c0d-8dc6-a97edc6ccec3/allocations => generated 256 bytes in 25 msecs (HTTP/1.1 200) 6 headers in 224 bytes (2 switches on core 0)
May 24 05:05:18.939552 n-d-764292-24 devstack@placement-api.service[93482]: DEBUG placement.handlers.allocation [req-e6091db0-020b-4e81-a0ea-7444c23dd86f req-bfa11944-668d-4b71-bb12-c6b7cfb5b86d service placement] Successfully wrote allocations [, , ] {{(pid=93482) _create_allocations /opt/stack/placement/placement/handlers/allocation.py:435}}
May 24 05:05:18.943852 n-d-764292-24 devstack@placement-api.service[93482]: INFO placement.requestlog [req-e6091db0-020b-4e81-a0ea-7444c23dd86f req-bfa11944-668d-4b71-bb12-c6b7cfb5b86d service placement] 10.222.0.16 "PUT /placement/allocations/a68a3846-9b1c-45d8-9390-5e853e9d1dba" status: 204 len: 0 microversion: 1.35
May 24 05:05:18.943852 n-d-764292-24 devstack@placement-api.service[93482]: [pid: 93482|app: 0|req: 516/1035] 10.222.0.16 () {64 vars in 1433 bytes} [Mon May 24 05:05:18 2021] PUT /placement/allocations/a68a3846-9b1c-45d8-9390-5e853e9d1dba => generated 0 bytes in 459 msecs (HTTP/1.1 204) 5 headers in 199 bytes (2 switches on core 0)
May 24 05:05:20.218290 n-d-764292-24 devstack@placement-api.service[93483]: DEBUG placement.requestlog [req-e6091db0-020b-4e81-a0ea-7444c23dd86f req-b77138cc-845b-4a63-a811-581e013ba3ee None None] Starting request: 10.222.0.55 "GET /placement/allocations/a68a3846-9b1c-45d8-9390-5e853e9d1dba" {{(pid=93483) __call__ /opt/stack/placement/placement/requestlog.py:55}}
