Aug 16 07:31:45.779234 n-d-763928-7 devstack@placement-api.service[95851]: DEBUG placement.requestlog [req-a20b0532-0192-4e9e-b8cd-c5ff8cbe9111 req-5d8df743-c115-4b5a-9dbb-de4a049c0e27 None None] Starting request: 10.222.0.49 "PUT /placement/allocations/69851881-82fc-4584-9624-9f97947aa59b" {{(pid=95851) __call__ /opt/stack/placement/placement/requestlog.py:55}}
Aug 16 07:31:45.848532 n-d-763928-7 devstack@placement-api.service[95852]: DEBUG placement.requestlog [req-c0b4092c-ec73-419f-9754-28a0def708bd req-9c014db3-9082-4c51-af0d-96dfbb04584e None None] Starting request: 10.222.0.25 "GET /placement/allocations/199ada6e-3fd2-4d1c-b991-509704aae9c0" {{(pid=95852) __call__ /opt/stack/placement/placement/requestlog.py:55}}
Aug 16 07:31:45.884829 n-d-763928-7 devstack@placement-api.service[95852]: INFO placement.requestlog [req-c0b4092c-ec73-419f-9754-28a0def708bd req-9c014db3-9082-4c51-af0d-96dfbb04584e service placement] 10.222.0.25 "GET /placement/allocations/199ada6e-3fd2-4d1c-b991-509704aae9c0" status: 200 len: 259 microversion: 1.28
Aug 16 07:31:45.886280 n-d-763928-7 devstack@placement-api.service[95852]: [pid: 95852|app: 0|req: 142/293] 10.222.0.25 () {60 vars in 1378 bytes} [Mon Aug 16 07:31:45 2021] GET /placement/allocations/199ada6e-3fd2-4d1c-b991-509704aae9c0 => generated 259 bytes in 38 msecs (HTTP/1.1 200) 8 headers in 296 bytes (2 switches on core 0)
Aug 16 07:31:45.911376 n-d-763928-7 devstack@placement-api.service[95852]: DEBUG placement.requestlog [req-c0b4092c-ec73-419f-9754-28a0def708bd req-26cdb52e-d571-479e-a7e5-2bd734507ce5 None None] Starting request: 10.222.0.25 "PUT /placement/allocations/199ada6e-3fd2-4d1c-b991-509704aae9c0" {{(pid=95852) __call__ /opt/stack/placement/placement/requestlog.py:55}}
Aug 16 07:31:45.947036 n-d-763928-7 devstack@placement-api.service[95851]: DEBUG placement.handlers.allocation [req-a20b0532-0192-4e9e-b8cd-c5ff8cbe9111 req-5d8df743-c115-4b5a-9dbb-de4a049c0e27 service placement] Successfully wrote allocations [, , ] {{(pid=95851) _create_allocations /opt/stack/placement/placement/handlers/allocation.py:435}}
Aug 16 07:31:45.947590 n-d-763928-7 devstack@placement-api.service[95851]: INFO placement.requestlog [req-a20b0532-0192-4e9e-b8cd-c5ff8cbe9111 req-5d8df743-c115-4b5a-9dbb-de4a049c0e27 service placement] 10.222.0.49 "PUT /placement/allocations/69851881-82fc-4584-9624-9f97947aa59b" status: 204 len: 0 microversion: 1.28
Aug 16 07:31:45.947845 n-d-763928-7 devstack@placement-api.service[95851]: [pid: 95851|app: 0|req: 152/294] 10.222.0.49 () {64 vars in 1431 bytes} [Mon Aug 16 07:31:45 2021] PUT /placement/allocations/69851881-82fc-4584-9624-9f97947aa59b => generated 0 bytes in 169 msecs (HTTP/1.1 204) 5 headers in 199 bytes (1 switches on core 0)
Aug 16 07:31:46.038155 n-d-763928-7 devstack@placement-api.service[95852]: DEBUG placement.handlers.allocation [req-c0b4092c-ec73-419f-9754-28a0def708bd req-26cdb52e-d571-479e-a7e5-2bd734507ce5 service placement] Successfully wrote allocations [, , ] {{(pid=95852) _create_allocations /opt/stack/placement/placement/handlers/allocation.py:435}}
Aug 16 07:31:46.038155 n-d-763928-7 devstack@placement-api.service[95852]: INFO placement.requestlog [req-c0b4092c-ec73-419f-9754-28a0def708bd req-26cdb52e-d571-479e-a7e5-2bd734507ce5 service placement] 10.222.0.25 "PUT /placement/allocations/199ada6e-3fd2-4d1c-b991-509704aae9c0" status: 204 len: 0 microversion: 1.28
Aug 16 07:31:46.038155 n-d-763928-7 devstack@placement-api.service[95852]: [pid: 95852|app: 0|req: 143/295] 10.222.0.25 () {64 vars in 1431 bytes} [Mon Aug 16 07:31:45 2021] PUT /placement/allocations/199ada6e-3fd2-4d1c-b991-509704aae9c0 => generated 0 bytes in 129 msecs (HTTP/1.1 204) 5 headers in 199 bytes (1 switches on core 0)
Aug 16 07:31:55.757792 n-d-763928-7 devstack@placement-api.service[95851]: DEBUG placement.requestlog [req-6bef3e29-42a4-43a9-a322-80b4b1afe7f6 req-6dbf1c58-dcb1-4757-9f23-b0ad73fed84c None None] Starting request: 10.222.0.49 "GET /placement/allocations/da038e8b-7005-48c7-9e6b-64ba034c360c" {{(pid=95851) __call__ /opt/stack/placement/placement/requestlog.py:55}}
Aug 16 07:31:55.779028 n-d-763928-7 devstack@placement-api.service[95851]: INFO placement.requestlog [req-6bef3e29-42a4-43a9-a322-80b4b1afe7f6 req-6dbf1c58-dcb1-4757-9f23-b0ad73fed84c service placement] 10.222.0.49 "GET /placement/allocations/da038e8b-7005-48c7-9e6b-64ba034c360c" status: 200 len: 259 microversion: 1.28
Aug 16 07:31:55.779449 n-d-763928-7 devstack@placement-api.service[95851]: [pid: 95851|app: 0|req: 153/296] 10.222.0.49 () {60 vars in 1378 bytes} [Mon Aug 16 07:31:55 2021] GET /placement/allocations/da038e8b-7005-48c7-9e6b-64ba034c360c => generated 259 bytes in 22 msecs (HTTP/1.1 200) 8 headers in 296 bytes (1 switches on core 0)
Aug 16 07:31:55.787144 n-d-763928-7 devstack@placement-api.service[95852]: DEBUG placement.requestlog [req-6bef3e29-42a4-43a9-a322-80b4b1afe7f6 req-7e47e396-24b4-4794-9f6a-8444e621b866 None None] Starting request: 10.222.0.49 "PUT /placement/allocations/da038e8b-7005-48c7-9e6b-64ba034c360c" {{(pid=95852) __call__ /opt/stack/placement/placement/requestlog.py:55}}
Aug 16 07:31:55.963075 n-d-763928-7 devstack@placement-api.service[95852]: DEBUG placement.handlers.allocation [req-6bef3e29-42a4-43a9-a322-80b4b1afe7f6 req-7e47e396-24b4-4794-9f6a-8444e621b866 service placement] Successfully wrote allocations [, , ] {{(pid=95852) _create_allocations /opt/stack/placement/placement/handlers/allocation.py:435}}
Aug 16 07:31:55.963881 n-d-763928-7 devstack@placement-api.service[95852]: INFO placement.requestlog [req-6bef3e29-42a4-43a9-a322-80b4b1afe7f6 req-7e47e396-24b4-4794-9f6a-8444e621b866 service placement] 10.222.0.49 "PUT /placement/allocations/da038e8b-7005-48c7-9e6b-64ba034c360c" status: 204 len: 0 microversion: 1.28
Aug 16 07:31:55.964531 n-d-763928-7 devstack@placement-api.service[95852]: [pid: 95852|app: 0|req: 144/297] 10.222.0.49 () {64 vars in 1431 bytes} [Mon Aug 16 07:31:55 2021] PUT /placement/allocations/da038e8b-7005-48c7-9e6b-64ba034c360c => generated 0 bytes in 177 msecs (HTTP/1.1 204) 5 headers in 199 bytes (1 switches on core 0)
Aug 16 07:31:56.204288 n-d-763928-7 devstack@placement-api.service[95851]: DEBUG placement.requestlog [req-af9d2cc8-a3ed-4f10-9921-d4efc9542347 req-b1fc4d22-26b2-4296-9631-47d36f8b0f4d None None] Starting request: 10.222.0.25 "GET /placement/resource_providers/cd612a93-d9e1-4e90-885b-705990364011/allocations" {{(pid=95851) __call__ /opt/stack/placement/placement/requestlog.py:55}}
Aug 16 07:31:56.269253 n-d-763928-7 devstack@placement-api.service[95851]: INFO placement.requestlog [req-af9d2cc8-a3ed-4f10-9921-d4efc9542347 req-b1fc4d22-26b2-4296-9631-47d36f8b0f4d service placement] 10.222.0.25 "GET /placement/resource_providers/cd612a93-d9e1-4e90-885b-705990364011/allocations" status: 200 len: 1163 microversion: 1.0
Aug 16 07:31:56.269595 n-d-763928-7 devstack@placement-api.service[95851]: [pid: 95851|app: 0|req: 154/298] 10.222.0.25 () {58 vars in 1391 bytes} [Mon Aug 16 07:31:56 2021] GET /placement/resource_providers/cd612a93-d9e1-4e90-885b-705990364011/allocations => generated 1163 bytes in 66 msecs (HTTP/1.1 200) 6 headers in 225 bytes (1 switches on core 0)
Aug 16 07:31:58.093298 n-d-763928-7 devstack@placement-api.service[95852]: DEBUG placement.requestlog [req-9402c81a-3e6e-4bc3-ab18-c84e9198b4bb req-87315b81-efeb-4dc8-8ae2-4d1173117b61 None None] Starting request: 10.222.0.25 "GET /placement/allocations/9d84f7dd-7ff1-4d4f-aa0c-d22f3d16111c" {{(pid=95852) __call__ /opt/stack/placement/placement/requestlog.py:55}}
Aug 16 07:31:58.114203 n-d-763928-7 devstack@placement-api.service[95852]: INFO placement.requestlog [req-9402c81a-3e6e-4bc3-ab18-c84e9198b4bb req-87315b81-efeb-4dc8-8ae2-4d1173117b61 service placement] 10.222.0.25 "GET /placement/allocations/9d84f7dd-7ff1-4d4f-aa0c-d22f3d16111c" status: 200 len: 259 microversion: 1.28
Aug 16 07:31:58.115201 n-d-763928-7 devstack@placement-api.service[95852]: [pid: 95852|app: 0|req: 145/299] 10.222.0.25 () {60 vars in 1378 bytes} [Mon Aug 16 07:31:58 2021] GET /placement/allocations/9d84f7dd-7ff1-4d4f-aa0c-d22f3d16111c => generated 259 bytes in 22 msecs (HTTP/1.1 200) 8 headers in 296 bytes (2 switches on core 0)
Aug 16 07:31:58.128527 n-d-763928-7 devstack@placement-api.service[95851]: DEBUG placement.requestlog [req-9402c81a-3e6e-4bc3-ab18-c84e9198b4bb req-2322047c-7a86-47a5-9010-2305617ece3e None None] Starting request: 10.222.0.25 "GET /placement/allocations/9d84f7dd-7ff1-4d4f-aa0c-d22f3d16111c" {{(pid=95851) __call__ /opt/stack/placement/placement/requestlog.py:55}}
Aug 16 07:31:58.144793 n-d-763928-7 devstack@placement-api.service[95851]: INFO placement.requestlog [req-9402c81a-3e6e-4bc3-ab18-c84e9198b4bb req-2322047c-7a86-47a5-9010-2305617ece3e service placement] 10.222.0.25 "GET /placement/allocations/9d84f7dd-7ff1-4d4f-aa0c-d22f3d16111c" status: 200 len: 259 microversion: 1.28
Aug 16 07:31:58.145436 n-d-763928-7 devstack@placement-api.service[95851]: [pid: 95851|app: 0|req: 155/300] 10.222.0.25 () {60 vars in 1378 bytes} [Mon Aug 16 07:31:58 2021] GET /placement/allocations/9d84f7dd-7ff1-4d4f-aa0c-d22f3d16111c => generated 259 bytes in 17 msecs (HTTP/1.1 200) 8 headers in 296 bytes (1 switches on core 0)
Aug 16 07:31:58.168378 n-d-763928-7 devstack@placement-api.service[95852]: DEBUG placement.requestlog [req-9402c81a-3e6e-4bc3-ab18-c84e9198b4bb req-9b284343-8ba3-40e4-b3f2-36aca5e6475d None None] Starting request: 10.222.0.25 "GET /placement/allocations/261f8cd7-64b8-4620-95cf-133ddba6f84a" {{(pid=95852) __call__ /opt/stack/placement/placement/requestlog.py:55}}
Aug 16 07:31:58.208448 n-d-763928-7 devstack@placement-api.service[95852]: INFO placement.requestlog [req-9402c81a-3e6e-4bc3-ab18-c84e9198b4bb req-9b284343-8ba3-40e4-b3f2-36aca5e6475d service placement] 10.222.0.25 "GET /placement/allocations/261f8cd7-64b8-4620-95cf-133ddba6f84a" status: 200 len: 259 microversion: 1.28
Aug 16 07:31:58.209380 n-d-763928-7 devstack@placement-api.service[95852]: [pid: 95852|app: 0|req: 146/301] 10.222.0.25 () {60 vars in 1378 bytes} [Mon Aug 16 07:31:58 2021] GET /placement/allocations/261f8cd7-64b8-4620-95cf-133ddba6f84a => generated 259 bytes in 41 msecs (HTTP/1.1 200) 8 headers in 296 bytes (2 switches on core 0)
Aug 16 07:31:58.221469 n-d-763928-7 devstack@placement-api.service[95851]: DEBUG placement.requestlog [req-9402c81a-3e6e-4bc3-ab18-c84e9198b4bb req-e5521c0c-adc5-4ff7-942e-db068d021eb3 None None] Starting request: 10.222.0.25 "POST /placement/allocations" {{(pid=95851) __call__ /opt/stack/placement/placement/requestlog.py:55}}
Aug 16 07:31:58.460308 n-d-763928-7 devstack@placement-api.service[95851]: DEBUG placement.handlers.allocation [req-9402c81a-3e6e-4bc3-ab18-c84e9198b4bb req-e5521c0c-adc5-4ff7-942e-db068d021eb3 service placement] Successfully wrote allocations [, , , , , ] {{(pid=95851) _create_allocations /opt/stack/placement/placement/handlers/allocation.py:524}}
Aug 16 07:31:58.464861 n-d-763928-7 devstack@placement-api.service[95851]: INFO placement.requestlog [req-9402c81a-3e6e-4bc3-ab18-c84e9198b4bb req-e5521c0c-adc5-4ff7-942e-db068d021eb3 service placement] 10.222.0.25 "POST /placement/allocations" status: 204 len: 0 microversion: 1.28
Aug 16 07:31:58.464861 n-d-763928-7 devstack@placement-api.service[95851]: [pid: 95851|app: 0|req: 156/302] 10.222.0.25 () {64 vars in 1321 bytes} [Mon Aug 16 07:31:58 2021] POST /placement/allocations => generated 0 bytes in 241 msecs (HTTP/1.1 204) 5 headers in 199 bytes (2 switches on core 0)
Aug 16 07:31:59.894246 n-d-763928-7 devstack@placement-api.service[95852]: DEBUG placement.requestlog [req-604270cf-c3fd-456b-b051-6cc75f44e1d8 req-35ce39d5-3c2e-4df7-890e-f84d2aa6cbec None None] Starting request: 10.222.0.49 "GET /placement/resource_providers/d39797b5-8ee1-4fc0-b750-d51c17602b31/allocations" {{(pid=95852) __call__ /opt/stack/placement/placement/requestlog.py:55}}
Aug 16 07:32:00.072497 n-d-763928-7 devstack@placement-api.service[95852]: INFO placement.requestlog [req-604270cf-c3fd-456b-b051-6cc75f44e1d8 req-35ce39d5-3c2e-4df7-890e-f84d2aa6cbec service placement] 10.222.0.49 "GET /placement/resource_providers/d39797b5-8ee1-4fc0-b750-d51c17602b31/allocations" status: 200 len: 355 microversion: 1.0
Aug 16 07:32:00.074873 n-d-763928-7 devstack@placement-api.service[95852]: [pid: 95852|app: 0|req: 147/303] 10.222.0.49 () {58 vars in 1391 bytes} [Mon Aug 16 07:31:59 2021] GET /placement/resource_providers/d39797b5-8ee1-4fc0-b750-d51c17602b31/allocations => generated 355 bytes in 181 msecs (HTTP/1.1 200) 6 headers in 224 bytes (1 switches on core 0)
Aug 16 07:32:05.599778 n-d-763928-7 devstack@placement-api.service[95851]: DEBUG placement.requestlog [req-a9da7987-9d57-4c75-9712-1fb418f946b2 req-7ec1d7bf-a44f-4454-ab72-7d96d1e2e218 None None] Starting request: 10.222.0.45 "GET /placement/allocation_candidates?limit=1000&resources=DISK_GB%3A1%2CMEMORY_MB%3A1024%2CVCPU%3A1&root_required=%21COMPUTE_STATUS_DISABLED" {{(pid=95851) __call__ /opt/stack/placement/placement/requestlog.py:55}}
Aug 16 07:32:05.638015 n-d-763928-7 devstack@placement-api.service[95851]: DEBUG placement.objects.research_context [req-a9da7987-9d57-4c75-9712-1fb418f946b2 req-7ec1d7bf-a44f-4454-ab72-7d96d1e2e218 service placement] getting providers with 1 DISK_GB {{(pid=95851) __init__ /opt/stack/placement/placement/objects/research_context.py:126}}
Aug 16 07:32:05.657861 n-d-763928-7 devstack@placement-api.service[95851]: DEBUG placement.objects.research_context [req-a9da7987-9d57-4c75-9712-1fb418f946b2 req-7ec1d7bf-a44f-4454-ab72-7d96d1e2e218 service placement] getting providers with 1024 MEMORY_MB {{(pid=95851) __init__ /opt/stack/placement/placement/objects/research_context.py:126}}
Aug 16 07:32:05.665023 n-d-763928-7 devstack@placement-api.service[95851]: DEBUG placement.objects.research_context [req-a9da7987-9d57-4c75-9712-1fb418f946b2 req-7ec1d7bf-a44f-4454-ab72-7d96d1e2e218 service placement] getting providers with 1 VCPU {{(pid=95851) __init__ /opt/stack/placement/placement/objects/research_context.py:126}}
Aug 16 07:32:05.671877 n-d-763928-7 devstack@placement-api.service[95851]: DEBUG placement.objects.research_context [req-a9da7987-9d57-4c75-9712-1fb418f946b2 req-7ec1d7bf-a44f-4454-ab72-7d96d1e2e218 service placement] found 2 providers with available 1 DISK_GB {{(pid=95851) get_provider_ids_matching /opt/stack/placement/placement/objects/research_context.py:549}}
Aug 16 07:32:05.671877 n-d-763928-7 devstack@placement-api.service[95851]: DEBUG placement.objects.research_context [req-a9da7987-9d57-4c75-9712-1fb418f946b2 req-7ec1d7bf-a44f-4454-ab72-7d96d1e2e218 service placement] found 2 providers with available 1024 MEMORY_MB {{(pid=95851) get_provider_ids_matching /opt/stack/placement/placement/objects/research_context.py:549}}
Aug 16 07:32:05.672120 n-d-763928-7 devstack@placement-api.service[95851]: DEBUG placement.objects.research_context [req-a9da7987-9d57-4c75-9712-1fb418f946b2 req-7ec1d7bf-a44f-4454-ab72-7d96d1e2e218 service placement] found 2 providers after filtering by previous result {{(pid=95851) get_provider_ids_matching /opt/stack/placement/placement/objects/research_context.py:580}}
Aug 16 07:32:05.672567 n-d-763928-7 devstack@placement-api.service[95851]: DEBUG placement.objects.research_context [req-a9da7987-9d57-4c75-9712-1fb418f946b2 req-7ec1d7bf-a44f-4454-ab72-7d96d1e2e218 service placement] found 2 providers with available 1 VCPU {{(pid=95851) get_provider_ids_matching /opt/stack/placement/placement/objects/research_context.py:549}}
Aug 16 07:32:05.673706 n-d-763928-7 devstack@placement-api.service[95851]: DEBUG placement.objects.research_context [req-a9da7987-9d57-4c75-9712-1fb418f946b2 req-7ec1d7bf-a44f-4454-ab72-7d96d1e2e218 service placement] found 2 providers after filtering by previous result {{(pid=95851) get_provider_ids_matching /opt/stack/placement/placement/objects/research_context.py:580}}
Aug 16 07:32:05.689723 n-d-763928-7 devstack@placement-api.service[95851]: DEBUG placement.objects.allocation_candidate [req-a9da7987-9d57-4c75-9712-1fb418f946b2 req-7ec1d7bf-a44f-4454-ab72-7d96d1e2e218 service placement] RequestGroup(use_same_provider=False, resources={DISK_GB:1, MEMORY_MB:1024, VCPU:1}, traits=[], aggregates=[]) (suffix '') returned 2 matches {{(pid=95851) _get_by_requests /opt/stack/placement/placement/objects/allocation_candidate.py:145}}
Aug 16 07:32:05.691551 n-d-763928-7 devstack@placement-api.service[95851]: DEBUG placement.objects.allocation_candidate [req-a9da7987-9d57-4c75-9712-1fb418f946b2 req-7ec1d7bf-a44f-4454-ab72-7d96d1e2e218 service placement] Merging candidates yields 2 allocation requests and 2 provider summaries {{(pid=95851) _merge_candidates /opt/stack/placement/placement/objects/allocation_candidate.py:783}}
Aug 16 07:32:05.694114 n-d-763928-7 devstack@placement-api.service[95851]: INFO placement.requestlog [req-a9da7987-9d57-4c75-9712-1fb418f946b2 req-7ec1d7bf-a44f-4454-ab72-7d96d1e2e218 service placement] 10.222.0.45 "GET /placement/allocation_candidates?limit=1000&resources=DISK_GB%3A1%2CMEMORY_MB%3A1024%2CVCPU%3A1&root_required=%21COMPUTE_STATUS_DISABLED" status: 200 len: 1312 microversion: 1.35
Aug 16 07:32:05.701367 n-d-763928-7 devstack@placement-api.service[95851]: [pid: 95851|app: 0|req: 157/304] 10.222.0.45 () {60 vars in 1507 bytes} [Mon Aug 16 07:32:05 2021] GET /placement/allocation_candidates?limit=1000&resources=DISK_GB%3A1%2CMEMORY_MB%3A1024%2CVCPU%3A1&root_required=%21COMPUTE_STATUS_DISABLED => generated 1312 bytes in 95 msecs (HTTP/1.1 200) 8 headers in 297 bytes (1 switches on core 0)
Aug 16 07:32:05.771519 n-d-763928-7 devstack@placement-api.service[95852]: DEBUG placement.requestlog [req-a9da7987-9d57-4c75-9712-1fb418f946b2 req-ab33111a-4c30-46da-b51f-2e2dc5875072 None None] Starting request: 10.222.0.45 "GET /placement/allocations/9a080b30-9d8b-4b54-941d-df0d1db719b0" {{(pid=95852) __call__ /opt/stack/placement/placement/requestlog.py:55}}
Aug 16 07:32:05.787188 n-d-763928-7 devstack@placement-api.service[95852]: INFO placement.requestlog [req-a9da7987-9d57-4c75-9712-1fb418f946b2 req-ab33111a-4c30-46da-b51f-2e2dc5875072 service placement] 10.222.0.45 "GET /placement/allocations/9a080b30-9d8b-4b54-941d-df0d1db719b0" status: 200 len: 19 microversion: 1.28
Aug 16 07:32:05.788272 n-d-763928-7 devstack@placement-api.service[95852]: [pid: 95852|app: 0|req: 148/305] 10.222.0.45 () {60 vars in 1381 bytes} [Mon Aug 16 07:32:05 2021] GET /placement/allocations/9a080b30-9d8b-4b54-941d-df0d1db719b0 => generated 19 bytes in 17 msecs (HTTP/1.1 200) 8 headers in 295 bytes (1 switches on core 0)
Aug 16 07:32:05.801896 n-d-763928-7 devstack@placement-api.service[95851]: DEBUG placement.requestlog [req-a9da7987-9d57-4c75-9712-1fb418f946b2 req-2ffe4bf8-0850-47d0-9074-7318fb64bc79 None None] Starting request: 10.222.0.45 "PUT /placement/allocations/9a080b30-9d8b-4b54-941d-df0d1db719b0" {{(pid=95851) __call__ /opt/stack/placement/placement/requestlog.py:55}}
Aug 16 07:32:05.823881 n-d-763928-7 devstack@placement-api.service[95852]: DEBUG placement.requestlog [req-09944337-ac23-4c90-8a25-86c9b431a059 req-af149c18-5e79-46ee-9d6c-f9ebc6c715a2 None None] Starting request: 10.222.0.49 "GET /placement/allocations/2be74096-1750-41f7-9612-7877b27b015c" {{(pid=95852) __call__ /opt/stack/placement/placement/requestlog.py:55}}
Aug 16 07:32:05.851707 n-d-763928-7 devstack@placement-api.service[95852]: INFO placement.requestlog [req-09944337-ac23-4c90-8a25-86c9b431a059 req-af149c18-5e79-46ee-9d6c-f9ebc6c715a2 service placement] 10.222.0.49 "GET /placement/allocations/2be74096-1750-41f7-9612-7877b27b015c" status: 200 len: 258 microversion: 1.28
Aug 16 07:32:05.855853 n-d-763928-7 devstack@placement-api.service[95852]: [pid: 95852|app: 0|req: 149/306] 10.222.0.49 () {60 vars in 1378 bytes} [Mon Aug 16 07:32:05 2021] GET /placement/allocations/2be74096-1750-41f7-9612-7877b27b015c => generated 258 bytes in 31 msecs (HTTP/1.1 200) 8 headers in 296 bytes (1 switches on core 0)
Aug 16 07:32:06.289034 n-d-763928-7 devstack@placement-api.service[95851]: DEBUG placement.handlers.allocation [req-a9da7987-9d57-4c75-9712-1fb418f946b2 req-2ffe4bf8-0850-47d0-9074-7318fb64bc79 service placement] Successfully wrote allocations [, , ] {{(pid=95851) _create_allocations /opt/stack/placement/placement/handlers/allocation.py:435}}
Aug 16 07:32:06.290010 n-d-763928-7 devstack@placement-api.service[95851]: INFO placement.requestlog [req-a9da7987-9d57-4c75-9712-1fb418f946b2 req-2ffe4bf8-0850-47d0-9074-7318fb64bc79 service placement] 10.222.0.45 "PUT /placement/allocations/9a080b30-9d8b-4b54-941d-df0d1db719b0" status: 204 len: 0 microversion: 1.35
Aug 16 07:32:06.291754 n-d-763928-7 devstack@placement-api.service[95851]: [pid: 95851|app: 0|req: 158/307] 10.222.0.45 () {64 vars in 1434 bytes} [Mon Aug 16 07:32:05 2021] PUT /placement/allocations/9a080b30-9d8b-4b54-941d-df0d1db719b0 => generated 0 bytes in 490 msecs (HTTP/1.1 204) 5 headers in 199 bytes (1 switches on core 0)
Aug 16 07:32:07.627349 n-d-763928-7 devstack@placement-api.service[95852]: DEBUG placement.requestlog [req-7283c3f9-241c-4e41-991e-506db4867923 req-00742966-ef2d-4949-b022-19e1859c3506 None None] Starting request: 10.222.0.49 "GET /placement/resource_providers/d39797b5-8ee1-4fc0-b750-d51c17602b31/allocations" {{(pid=95852) __call__ /opt/stack/placement/placement/requestlog.py:55}}
Aug 16 07:32:07.689955 n-d-763928-7 devstack@placement-api.service[95852]: INFO placement.requestlog [req-7283c3f9-241c-4e41-991e-506db4867923 req-00742966-ef2d-4949-b022-19e1859c3506 service placement] 10.222.0.49 "GET /placement/resource_providers/d39797b5-8ee1-4fc0-b750-d51c17602b31/allocations" status: 200 len: 355 microversion: 1.0
Aug 16 07:32:07.690597 n-d-763928-7 devstack@placement-api.service[95852]: [pid: 95852|app: 0|req: 150/308] 10.222.0.49 () {58 vars in 1391 bytes} [Mon Aug 16 07:32:07 2021] GET /placement/resource_providers/d39797b5-8ee1-4fc0-b750-d51c17602b31/allocations => generated 355 bytes in 66 msecs (HTTP/1.1 200) 6 headers in 224 bytes (1 switches on core 0)
Aug 16 07:32:07.931847 n-d-763928-7 devstack@placement-api.service[95851]: DEBUG placement.requestlog [req-a9da7987-9d57-4c75-9712-1fb418f946b2 req-3079a056-1d83-45c0-b13d-e99367b822fc None None] Starting request: 10.222.0.25 "GET /placement/allocations/9a080b30-9d8b-4b54-941d-df0d1db719b0" {{(pid=95851) __call__ /opt/stack/placement/placement/requestlog.py:55}}
Aug 16 07:32:07.961788 n-d-763928-7 devstack@placement-api.service[95851]: INFO placement.requestlog [req-a9da7987-9d57-4c75-9712-1fb418f946b2 req-3079a056-1d83-45c0-b13d-e99367b822fc service placement] 10.222.0.25 "GET /placement/allocations/9a080b30-9d8b-4b54-941d-df0d1db719b0" status: 200 len: 259 microversion: 1.28
Aug 16 07:32:07.962450 n-d-763928-7 devstack@placement-api.service[95851]: [pid: 95851|app: 0|req: 159/309] 10.222.0.25 () {60 vars in 1378 bytes} [Mon Aug 16 07:32:07 2021] GET /placement/allocations/9a080b30-9d8b-4b54-941d-df0d1db719b0 => generated 259 bytes in 31 msecs (HTTP/1.1 200) 8 headers in 296 bytes (2 switches on core 0)
Aug 16 07:32:08.333234 n-d-763928-7 devstack@placement-api.service[95852]: DEBUG placement.requestlog [req-7283c3f9-241c-4e41-991e-506db4867923 req-5781debe-86e5-4fea-90e0-a21c84e94a1d None None] Starting request: 10.222.0.49 "GET /placement/allocations/b2e63e62-a145-439a-b339-7e7159f4c304" {{(pid=95852) __call__ /opt/stack/placement/placement/requestlog.py:55}}
Aug 16 07:32:08.378295 n-d-763928-7 devstack@placement-api.service[95852]: INFO placement.requestlog [req-7283c3f9-241c-4e41-991e-506db4867923 req-5781debe-86e5-4fea-90e0-a21c84e94a1d service placement] 10.222.0.49 "GET /placement/allocations/b2e63e62-a145-439a-b339-7e7159f4c304" status: 200 len: 259 microversion: 1.28
Aug 16 07:32:08.380096 n-d-763928-7 devstack@placement-api.service[95852]: [pid: 95852|app: 0|req: 151/310] 10.222.0.49 () {60 vars in 1378 bytes} [Mon Aug 16 07:32:08 2021] GET /placement/allocations/b2e63e62-a145-439a-b339-7e7159f4c304 => generated 259 bytes in 48 msecs (HTTP/1.1 200) 8 headers in 296 bytes (1 switches on core 0)
Aug 16 07:32:08.391375 n-d-763928-7 devstack@placement-api.service[95851]: DEBUG placement.requestlog [req-7283c3f9-241c-4e41-991e-506db4867923 req-304efb73-df66-4897-aa65-446a481b9629 None None] Starting request: 10.222.0.49 "PUT /placement/allocations/b2e63e62-a145-439a-b339-7e7159f4c304" {{(pid=95851) __call__ /opt/stack/placement/placement/requestlog.py:55}}
Aug 16 07:32:08.642192 n-d-763928-7 devstack@placement-api.service[95851]: DEBUG placement.handlers.allocation [req-7283c3f9-241c-4e41-991e-506db4867923 req-304efb73-df66-4897-aa65-446a481b9629 service placement] Successfully wrote allocations [, , ] {{(pid=95851) _create_allocations /opt/stack/placement/placement/handlers/allocation.py:435}}
Aug 16 07:32:08.642844 n-d-763928-7 devstack@placement-api.service[95851]: INFO placement.requestlog [req-7283c3f9-241c-4e41-991e-506db4867923 req-304efb73-df66-4897-aa65-446a481b9629 service placement] 10.222.0.49 "PUT /placement/allocations/b2e63e62-a145-439a-b339-7e7159f4c304" status: 204 len: 0 microversion: 1.28
Aug 16 07:32:08.643884 n-d-763928-7 devstack@placement-api.service[95851]: [pid: 95851|app: 0|req: 160/311] 10.222.0.49 () {64 vars in 1431 bytes} [Mon Aug 16 07:32:08 2021] PUT /placement/allocations/b2e63e62-a145-439a-b339-7e7159f4c304 => generated 0 bytes in 252 msecs (HTTP/1.1 204) 5 headers in 199 bytes (1 switches on core 0)
Aug 16 07:32:15.645782 n-d-763928-7 devstack@placement-api.service[95852]: DEBUG placement.requestlog [req-1dc99354-1146-4af8-9d4a-b215b83b0cd3 req-4dca3ff4-a18c-444f-b050-2683a49c67e7 None None] Starting request: 10.222.0.49 "GET /placement/allocations/6d1a78f8-17f0-4b21-abd2-4edbcf5c5cdc" {{(pid=95852) __call__ /opt/stack/placement/placement/requestlog.py:55}}
Aug 16 07:32:15.671492 n-d-763928-7 devstack@placement-api.service[95852]: INFO placement.requestlog [req-1dc99354-1146-4af8-9d4a-b215b83b0cd3 req-4dca3ff4-a18c-444f-b050-2683a49c67e7 service placement] 10.222.0.49 "GET /placement/allocations/6d1a78f8-17f0-4b21-abd2-4edbcf5c5cdc" status: 200 len: 259 microversion: 1.28
Aug 16 07:32:15.671492 n-d-763928-7 devstack@placement-api.service[95852]: [pid: 95852|app: 0|req: 152/312] 10.222.0.49 () {60 vars in 1378 bytes} [Mon Aug 16 07:32:15 2021] GET /placement/allocations/6d1a78f8-17f0-4b21-abd2-4edbcf5c5cdc => generated 259 bytes in 20 msecs (HTTP/1.1 200) 8 headers in 296 bytes (1 switches on core 0)
Aug 16 07:32:15.675190 n-d-763928-7 devstack@placement-api.service[95851]: DEBUG placement.requestlog [req-1dc99354-1146-4af8-9d4a-b215b83b0cd3 req-b61f0f3c-cf9e-465f-9d01-07b95858f214 None None] Starting request: 10.222.0.49 "GET /placement/allocations/6d1a78f8-17f0-4b21-abd2-4edbcf5c5cdc" {{(pid=95851) __call__ /opt/stack/placement/placement/requestlog.py:55}}
Aug 16 07:32:15.695928 n-d-763928-7 devstack@placement-api.service[95851]: INFO placement.requestlog [req-1dc99354-1146-4af8-9d4a-b215b83b0cd3 req-b61f0f3c-cf9e-465f-9d01-07b95858f214 service placement] 10.222.0.49 "GET /placement/allocations/6d1a78f8-17f0-4b21-abd2-4edbcf5c5cdc" status: 200 len: 259 microversion: 1.28
Aug 16 07:32:15.695928 n-d-763928-7 devstack@placement-api.service[95851]: [pid: 95851|app: 0|req: 161/313] 10.222.0.49 () {60 vars in 1378 bytes} [Mon Aug 16 07:32:15 2021] GET /placement/allocations/6d1a78f8-17f0-4b21-abd2-4edbcf5c5cdc => generated 259 bytes in 20 msecs (HTTP/1.1 200) 8 headers in 296 bytes (1 switches on core 0)
Aug 16 07:32:15.703456 n-d-763928-7 devstack@placement-api.service[95852]: DEBUG placement.requestlog [req-1dc99354-1146-4af8-9d4a-b215b83b0cd3 req-1cb86879-a34c-4d97-a721-dd8d35ae7b5a None None] Starting request: 10.222.0.49 "GET /placement/allocations/2be74096-1750-41f7-9612-7877b27b015c" {{(pid=95852) __call__ /opt/stack/placement/placement/requestlog.py:55}}
Aug 16 07:32:15.724679 n-d-763928-7 devstack@placement-api.service[95852]: INFO placement.requestlog [req-1dc99354-1146-4af8-9d4a-b215b83b0cd3 req-1cb86879-a34c-4d97-a721-dd8d35ae7b5a service placement] 10.222.0.49 "GET /placement/allocations/2be74096-1750-41f7-9612-7877b27b015c" status: 200 len: 258 microversion: 1.28
Aug 16 07:32:15.730476 n-d-763928-7 devstack@placement-api.service[95852]: [pid: 95852|app: 0|req: 153/314] 10.222.0.49 () {60 vars in 1378 bytes} [Mon Aug 16 07:32:15 2021] GET /placement/allocations/2be74096-1750-41f7-9612-7877b27b015c => generated 258 bytes in 23 msecs (HTTP/1.1 200) 8 headers in 296 bytes (1 switches on core 0)
Aug 16 07:32:15.734177 n-d-763928-7 devstack@placement-api.service[95851]: DEBUG placement.requestlog [req-1dc99354-1146-4af8-9d4a-b215b83b0cd3 req-50be7362-c009-4552-b63e-ce1bb27c1c0f None None] Starting request: 10.222.0.49 "POST /placement/allocations" {{(pid=95851) __call__ /opt/stack/placement/placement/requestlog.py:55}}
Aug 16 07:32:15.955067 n-d-763928-7 devstack@placement-api.service[95851]: DEBUG placement.handlers.allocation [req-1dc99354-1146-4af8-9d4a-b215b83b0cd3 req-50be7362-c009-4552-b63e-ce1bb27c1c0f service placement] Successfully wrote allocations [, , , , , ] {{(pid=95851) _create_allocations /opt/stack/placement/placement/handlers/allocation.py:524}}
Aug 16 07:32:15.955643 n-d-763928-7 devstack@placement-api.service[95851]: INFO placement.requestlog [req-1dc99354-1146-4af8-9d4a-b215b83b0cd3 req-50be7362-c009-4552-b63e-ce1bb27c1c0f service placement] 10.222.0.49 "POST /placement/allocations" status: 204 len: 0 microversion: 1.28
Aug 16 07:32:15.956319 n-d-763928-7 devstack@placement-api.service[95851]: [pid: 95851|app: 0|req: 162/315] 10.222.0.49 () {64 vars in 1321 bytes} [Mon Aug 16 07:32:15 2021] POST /placement/allocations => generated 0 bytes in 223 msecs (HTTP/1.1 204) 5 headers in 199 bytes (2 switches on core 0)
Aug 16 07:32:19.808287 n-d-763928-7 devstack@placement-api.service[95852]: DEBUG placement.requestlog [req-e7bfc756-5a40-45af-9a02-76e2a7153b40 req-3931bbe2-3437-482a-b8f7-19e456b73286 None None] Starting request: 10.222.0.45 "GET /placement/allocation_candidates?limit=1000&resources=DISK_GB%3A1%2CMEMORY_MB%3A1024%2CVCPU%3A1&root_required=%21COMPUTE_STATUS_DISABLED" {{(pid=95852) __call__ /opt/stack/placement/placement/requestlog.py:55}}
Aug 16 07:32:19.860580 n-d-763928-7 devstack@placement-api.service[95852]: DEBUG placement.objects.research_context [req-e7bfc756-5a40-45af-9a02-76e2a7153b40 req-3931bbe2-3437-482a-b8f7-19e456b73286 service placement] getting providers with 1 DISK_GB {{(pid=95852) __init__ /opt/stack/placement/placement/objects/research_context.py:126}}
Aug 16 07:32:19.881563 n-d-763928-7 devstack@placement-api.service[95852]: DEBUG placement.objects.research_context [req-e7bfc756-5a40-45af-9a02-76e2a7153b40 req-3931bbe2-3437-482a-b8f7-19e456b73286 service placement] getting providers with 1024 MEMORY_MB {{(pid=95852) __init__ /opt/stack/placement/placement/objects/research_context.py:126}}
Aug 16 07:32:19.891998 n-d-763928-7 devstack@placement-api.service[95852]: DEBUG placement.objects.research_context [req-e7bfc756-5a40-45af-9a02-76e2a7153b40 req-3931bbe2-3437-482a-b8f7-19e456b73286 service placement] getting providers with 1 VCPU {{(pid=95852) __init__ /opt/stack/placement/placement/objects/research_context.py:126}}
Aug 16 07:32:19.901440 n-d-763928-7 devstack@placement-api.service[95852]: DEBUG placement.objects.research_context [req-e7bfc756-5a40-45af-9a02-76e2a7153b40 req-3931bbe2-3437-482a-b8f7-19e456b73286 service placement] found 2 providers with available 1 DISK_GB {{(pid=95852) get_provider_ids_matching /opt/stack/placement/placement/objects/research_context.py:549}}
Aug 16 07:32:19.901935 n-d-763928-7 devstack@placement-api.service[95852]: DEBUG placement.objects.research_context [req-e7bfc756-5a40-45af-9a02-76e2a7153b40 req-3931bbe2-3437-482a-b8f7-19e456b73286 service placement] found 2 providers with available 1024 MEMORY_MB {{(pid=95852) get_provider_ids_matching /opt/stack/placement/placement/objects/research_context.py:549}}
Aug 16 07:32:19.902219 n-d-763928-7 devstack@placement-api.service[95852]: DEBUG placement.objects.research_context [req-e7bfc756-5a40-45af-9a02-76e2a7153b40 req-3931bbe2-3437-482a-b8f7-19e456b73286 service placement] found 2 providers after filtering by previous result {{(pid=95852) get_provider_ids_matching /opt/stack/placement/placement/objects/research_context.py:580}}
Aug 16 07:32:19.902473 n-d-763928-7 devstack@placement-api.service[95852]: DEBUG placement.objects.research_context [req-e7bfc756-5a40-45af-9a02-76e2a7153b40 req-3931bbe2-3437-482a-b8f7-19e456b73286 service placement] found 2 providers with available 1 VCPU {{(pid=95852) get_provider_ids_matching /opt/stack/placement/placement/objects/research_context.py:549}}
Aug 16 07:32:19.902736 n-d-763928-7 devstack@placement-api.service[95852]: DEBUG placement.objects.research_context [req-e7bfc756-5a40-45af-9a02-76e2a7153b40 req-3931bbe2-3437-482a-b8f7-19e456b73286 service placement] found 2 providers after filtering by previous result {{(pid=95852) get_provider_ids_matching /opt/stack/placement/placement/objects/research_context.py:580}}
Aug 16 07:32:19.919358 n-d-763928-7 devstack@placement-api.service[95852]: DEBUG placement.objects.allocation_candidate [req-e7bfc756-5a40-45af-9a02-76e2a7153b40 req-3931bbe2-3437-482a-b8f7-19e456b73286 service placement] RequestGroup(use_same_provider=False, resources={DISK_GB:1, MEMORY_MB:1024, VCPU:1}, traits=[], aggregates=[]) (suffix '') returned 2 matches {{(pid=95852) _get_by_requests /opt/stack/placement/placement/objects/allocation_candidate.py:145}}
Aug 16 07:32:19.920124 n-d-763928-7 devstack@placement-api.service[95852]: DEBUG placement.objects.allocation_candidate [req-e7bfc756-5a40-45af-9a02-76e2a7153b40 req-3931bbe2-3437-482a-b8f7-19e456b73286 service placement] Merging candidates yields 2 allocation requests and 2 provider summaries {{(pid=95852) _merge_candidates /opt/stack/placement/placement/objects/allocation_candidate.py:783}}
Aug 16 07:32:19.926560 n-d-763928-7 devstack@placement-api.service[95852]: INFO placement.requestlog [req-e7bfc756-5a40-45af-9a02-76e2a7153b40 req-3931bbe2-3437-482a-b8f7-19e456b73286 service placement] 10.222.0.45 "GET /placement/allocation_candidates?limit=1000&resources=DISK_GB%3A1%2CMEMORY_MB%3A1024%2CVCPU%3A1&root_required=%21COMPUTE_STATUS_DISABLED" status: 200 len: 1312 microversion: 1.35
Aug 16 07:32:19.926980 n-d-763928-7 devstack@placement-api.service[95852]: [pid: 95852|app: 0|req: 154/316] 10.222.0.45 () {60 vars in 1507 bytes} [Mon Aug 16 07:32:19 2021] GET /placement/allocation_candidates?limit=1000&resources=DISK_GB%3A1%2CMEMORY_MB%3A1024%2CVCPU%3A1&root_required=%21COMPUTE_STATUS_DISABLED => generated 1312 bytes in 119 msecs (HTTP/1.1 200) 8 headers in 297 bytes (1 switches on core 0)
Aug 16 07:32:20.038434 n-d-763928-7 devstack@placement-api.service[95851]: DEBUG placement.requestlog [req-e7bfc756-5a40-45af-9a02-76e2a7153b40 req-6730b34b-0604-4c5c-a5fb-dba9a3fd0501 None None] Starting request: 10.222.0.45 "GET /placement/allocations/8bb14b5e-9d5f-4c11-9063-48e9de1ca95c" {{(pid=95851) __call__ /opt/stack/placement/placement/requestlog.py:55}}
Aug 16 07:32:20.056822 n-d-763928-7 devstack@placement-api.service[95851]: INFO placement.requestlog [req-e7bfc756-5a40-45af-9a02-76e2a7153b40 req-6730b34b-0604-4c5c-a5fb-dba9a3fd0501 service placement] 10.222.0.45 "GET /placement/allocations/8bb14b5e-9d5f-4c11-9063-48e9de1ca95c" status: 200 len: 19 microversion: 1.28
Aug 16 07:32:20.057562 n-d-763928-7 devstack@placement-api.service[95851]: [pid: 95851|app: 0|req: 163/317] 10.222.0.45 () {60 vars in 1381 bytes} [Mon Aug 16 07:32:20 2021] GET /placement/allocations/8bb14b5e-9d5f-4c11-9063-48e9de1ca95c => generated 19 bytes in 19 msecs (HTTP/1.1 200) 8 headers in 295 bytes (1 switches on core 0)
Aug 16 07:32:20.063660 n-d-763928-7 devstack@placement-api.service[95852]: DEBUG placement.requestlog [req-e7bfc756-5a40-45af-9a02-76e2a7153b40 req-812e9e9c-f884-44f4-89ee-8ab6eb2cd4e4 None None] Starting request: 10.222.0.45 "PUT /placement/allocations/8bb14b5e-9d5f-4c11-9063-48e9de1ca95c" {{(pid=95852) __call__ /opt/stack/placement/placement/requestlog.py:55}}
Aug 16 07:32:20.541605 n-d-763928-7 devstack@placement-api.service[95852]: DEBUG placement.handlers.allocation [req-e7bfc756-5a40-45af-9a02-76e2a7153b40 req-812e9e9c-f884-44f4-89ee-8ab6eb2cd4e4 service placement] Successfully wrote allocations [, , ] {{(pid=95852) _create_allocations /opt/stack/placement/placement/handlers/allocation.py:435}}
Aug 16 07:32:20.542503 n-d-763928-7 devstack@placement-api.service[95852]: INFO placement.requestlog [req-e7bfc756-5a40-45af-9a02-76e2a7153b40 req-812e9e9c-f884-44f4-89ee-8ab6eb2cd4e4 service placement] 10.222.0.45 "PUT /placement/allocations/8bb14b5e-9d5f-4c11-9063-48e9de1ca95c" status: 204 len: 0 microversion: 1.35
Aug 16 07:32:20.543317 n-d-763928-7 devstack@placement-api.service[95852]: [pid: 95852|app: 0|req: 155/318] 10.222.0.45 () {64 vars in 1434 bytes} [Mon Aug 16 07:32:20 2021] PUT /placement/allocations/8bb14b5e-9d5f-4c11-9063-48e9de1ca95c => generated 0 bytes in 480 msecs (HTTP/1.1 204) 5 headers in 199 bytes (2 switches on core 0)
Aug 16 07:32:22.285159 n-d-763928-7 devstack@placement-api.service[95851]: DEBUG placement.requestlog [req-e7bfc756-5a40-45af-9a02-76e2a7153b40 req-998198e8-0c46-43d8-b102-c7c4bd704eab None None] Starting request: 10.222.0.49 "GET /placement/allocations/8bb14b5e-9d5f-4c11-9063-48e9de1ca95c" {{(pid=95851) __call__ /opt/stack/placement/placement/requestlog.py:55}}
Aug 16 07:32:22.310925 n-d-763928-7 devstack@placement-api.service[95851]: INFO placement.requestlog [req-e7bfc756-5a40-45af-9a02-76e2a7153b40 req-998198e8-0c46-43d8-b102-c7c4bd704eab service placement] 10.222.0.49 "GET /placement/allocations/8bb14b5e-9d5f-4c11-9063-48e9de1ca95c" status: 200 len: 259 microversion: 1.28
Aug 16 07:32:22.319379 n-d-763928-7 devstack@placement-api.service[95851]: [pid: 95851|app: 0|req: 164/319] 10.222.0.49 () {60 vars in 1378 bytes} [Mon Aug 16 07:32:22 2021] GET /placement/allocations/8bb14b5e-9d5f-4c11-9063-48e9de1ca95c => generated 259 bytes in 27 msecs (HTTP/1.1 200) 8 headers in 296 bytes (1 switches on core 0)
Aug 16 07:32:34.786173 n-d-763928-7 devstack@placement-api.service[95852]: DEBUG placement.requestlog [req-eee28901-e52f-4667-b676-41a255a18f42 req-ae3906a4-6202-4394-9f16-489ef2f5cd34 None None] Starting request: 10.222.0.45 "GET /placement/allocation_candidates?limit=1000&resources=DISK_GB%3A1%2CMEMORY_MB%3A1024%2CVCPU%3A1&root_required=%21COMPUTE_STATUS_DISABLED" {{(pid=95852) __call__ /opt/stack/placement/placement/requestlog.py:55}}
Aug 16 07:32:34.822518 n-d-763928-7 devstack@placement-api.service[95852]: DEBUG placement.objects.research_context [req-eee28901-e52f-4667-b676-41a255a18f42 req-ae3906a4-6202-4394-9f16-489ef2f5cd34 service placement] getting providers with 1 DISK_GB {{(pid=95852) __init__ /opt/stack/placement/placement/objects/research_context.py:126}}
Aug 16 07:32:34.829558 n-d-763928-7 devstack@placement-api.service[95852]: DEBUG placement.objects.research_context [req-eee28901-e52f-4667-b676-41a255a18f42 req-ae3906a4-6202-4394-9f16-489ef2f5cd34 service placement] getting providers with 1024 MEMORY_MB {{(pid=95852) __init__ /opt/stack/placement/placement/objects/research_context.py:126}}
Aug 16 07:32:34.840462 n-d-763928-7 devstack@placement-api.service[95852]: DEBUG placement.objects.research_context [req-eee28901-e52f-4667-b676-41a255a18f42 req-ae3906a4-6202-4394-9f16-489ef2f5cd34 service placement] getting providers with 1 VCPU {{(pid=95852) __init__ /opt/stack/placement/placement/objects/research_context.py:126}}
Aug 16 07:32:34.847455 n-d-763928-7 devstack@placement-api.service[95852]: DEBUG placement.objects.research_context [req-eee28901-e52f-4667-b676-41a255a18f42 req-ae3906a4-6202-4394-9f16-489ef2f5cd34 service placement] found 2 providers with available 1 DISK_GB {{(pid=95852) get_provider_ids_matching /opt/stack/placement/placement/objects/research_context.py:549}}
Aug 16 07:32:34.847731 n-d-763928-7 devstack@placement-api.service[95852]: DEBUG placement.objects.research_context [req-eee28901-e52f-4667-b676-41a255a18f42 req-ae3906a4-6202-4394-9f16-489ef2f5cd34 service placement] found 2 providers with available 1024 MEMORY_MB {{(pid=95852) get_provider_ids_matching /opt/stack/placement/placement/objects/research_context.py:549}}
Aug 16 07:32:34.848240 n-d-763928-7 devstack@placement-api.service[95852]: DEBUG placement.objects.research_context [req-eee28901-e52f-4667-b676-41a255a18f42 req-ae3906a4-6202-4394-9f16-489ef2f5cd34 service placement] found 2 providers after filtering by previous result {{(pid=95852) get_provider_ids_matching /opt/stack/placement/placement/objects/research_context.py:580}}
Aug 16 07:32:34.848503 n-d-763928-7 devstack@placement-api.service[95852]: DEBUG placement.objects.research_context [req-eee28901-e52f-4667-b676-41a255a18f42 req-ae3906a4-6202-4394-9f16-489ef2f5cd34 service placement] found 2 providers with available 1 VCPU {{(pid=95852) get_provider_ids_matching /opt/stack/placement/placement/objects/research_context.py:549}}
Aug 16 07:32:34.849029 n-d-763928-7 devstack@placement-api.service[95852]: DEBUG placement.objects.research_context [req-eee28901-e52f-4667-b676-41a255a18f42 req-ae3906a4-6202-4394-9f16-489ef2f5cd34 service placement] found 2 providers after filtering by previous result {{(pid=95852) get_provider_ids_matching /opt/stack/placement/placement/objects/research_context.py:580}}
Aug 16 07:32:34.862016 n-d-763928-7 devstack@placement-api.service[95852]: DEBUG placement.objects.allocation_candidate [req-eee28901-e52f-4667-b676-41a255a18f42 req-ae3906a4-6202-4394-9f16-489ef2f5cd34 service placement] RequestGroup(use_same_provider=False, resources={DISK_GB:1, MEMORY_MB:1024, VCPU:1}, traits=[], aggregates=[]) (suffix '') returned 2 matches {{(pid=95852) _get_by_requests /opt/stack/placement/placement/objects/allocation_candidate.py:145}}
Aug 16 07:32:34.862393 n-d-763928-7 devstack@placement-api.service[95852]: DEBUG placement.objects.allocation_candidate [req-eee28901-e52f-4667-b676-41a255a18f42 req-ae3906a4-6202-4394-9f16-489ef2f5cd34 service placement] Merging candidates yields 2 allocation requests and 2 provider summaries {{(pid=95852) _merge_candidates /opt/stack/placement/placement/objects/allocation_candidate.py:783}}
Aug 16 07:32:34.863968 n-d-763928-7 devstack@placement-api.service[95852]: INFO placement.requestlog [req-eee28901-e52f-4667-b676-41a255a18f42 req-ae3906a4-6202-4394-9f16-489ef2f5cd34 service placement] 10.222.0.45 "GET /placement/allocation_candidates?limit=1000&resources=DISK_GB%3A1%2CMEMORY_MB%3A1024%2CVCPU%3A1&root_required=%21COMPUTE_STATUS_DISABLED" status: 200 len: 1312 microversion: 1.35
Aug 16 07:32:34.864247 n-d-763928-7 devstack@placement-api.service[95852]: [pid: 95852|app: 0|req: 156/320] 10.222.0.45 () {60 vars in 1507 bytes} [Mon Aug 16 07:32:34 2021] GET /placement/allocation_candidates?limit=1000&resources=DISK_GB%3A1%2CMEMORY_MB%3A1024%2CVCPU%3A1&root_required=%21COMPUTE_STATUS_DISABLED => generated 1312 bytes in 78 msecs (HTTP/1.1 200) 8 headers in 297 bytes (2 switches on core 0)
Aug 16 07:32:34.910896 n-d-763928-7 devstack@placement-api.service[95851]: DEBUG placement.requestlog [req-eee28901-e52f-4667-b676-41a255a18f42 req-9bb15210-8b66-473a-9b69-9da2c6e33374 None None] Starting request: 10.222.0.45 "GET /placement/allocations/a64e34c3-3903-4893-a156-a92d0f87b453" {{(pid=95851) __call__ /opt/stack/placement/placement/requestlog.py:55}}
Aug 16 07:32:34.924620 n-d-763928-7 devstack@placement-api.service[95851]: INFO placement.requestlog [req-eee28901-e52f-4667-b676-41a255a18f42 req-9bb15210-8b66-473a-9b69-9da2c6e33374 service placement] 10.222.0.45 "GET /placement/allocations/a64e34c3-3903-4893-a156-a92d0f87b453" status: 200 len: 19 microversion: 1.28
Aug 16 07:32:34.924838 n-d-763928-7 devstack@placement-api.service[95851]: [pid: 95851|app: 0|req: 165/321] 10.222.0.45 () {60 vars in 1381 bytes} [Mon Aug 16 07:32:34 2021] GET /placement/allocations/a64e34c3-3903-4893-a156-a92d0f87b453 => generated 19 bytes in 14 msecs (HTTP/1.1 200) 8 headers in 295 bytes (1 switches on core 0)
Aug 16 07:32:34.931074 n-d-763928-7 devstack@placement-api.service[95852]: DEBUG placement.requestlog [req-eee28901-e52f-4667-b676-41a255a18f42 req-2d6aed28-62c0-4ca7-88d2-5d3f0c079f2f None None] Starting request: 10.222.0.45 "PUT /placement/allocations/a64e34c3-3903-4893-a156-a92d0f87b453" {{(pid=95852) __call__ /opt/stack/placement/placement/requestlog.py:55}}
Aug 16 07:32:35.161229 n-d-763928-7 devstack@placement-api.service[95852]: DEBUG placement.handlers.allocation [req-eee28901-e52f-4667-b676-41a255a18f42 req-2d6aed28-62c0-4ca7-88d2-5d3f0c079f2f service placement] Successfully wrote allocations [, , ] {{(pid=95852) _create_allocations /opt/stack/placement/placement/handlers/allocation.py:435}}
Aug 16 07:32:35.161837 n-d-763928-7 devstack@placement-api.service[95852]: INFO placement.requestlog [req-eee28901-e52f-4667-b676-41a255a18f42 req-2d6aed28-62c0-4ca7-88d2-5d3f0c079f2f service placement] 10.222.0.45 "PUT /placement/allocations/a64e34c3-3903-4893-a156-a92d0f87b453" status: 204 len: 0 microversion: 1.35
Aug 16 07:32:35.162362 n-d-763928-7 devstack@placement-api.service[95852]: [pid: 95852|app: 0|req: 157/322] 10.222.0.45 () {64 vars in 1434 bytes} [Mon Aug 16 07:32:34 2021] PUT /placement/allocations/a64e34c3-3903-4893-a156-a92d0f87b453 => generated 0 bytes in 231 msecs (HTTP/1.1 204) 5 headers in 199 bytes (1 switches on core 0)
Aug 16 07:32:36.138717 n-d-763928-7 devstack@placement-api.service[95851]: DEBUG placement.requestlog [req-eee28901-e52f-4667-b676-41a255a18f42 req-fe06d0e2-0530-439b-b6e3-33f4be1e9aa4 None None] Starting request: 10.222.0.49 "GET /placement/allocations/a64e34c3-3903-4893-a156-a92d0f87b453" {{(pid=95851) __call__ /opt/stack/placement/placement/requestlog.py:55}}
Aug 16 07:32:36.163000 n-d-763928-7 devstack@placement-api.service[95851]: INFO placement.requestlog [req-eee28901-e52f-4667-b676-41a255a18f42 req-fe06d0e2-0530-439b-b6e3-33f4be1e9aa4 service placement] 10.222.0.49 "GET /placement/allocations/a64e34c3-3903-4893-a156-a92d0f87b453" status: 200 len: 259 microversion: 1.28
Aug 16 07:32:36.163576 n-d-763928-7 devstack@placement-api.service[95851]: [pid: 95851|app: 0|req: 166/323] 10.222.0.49 () {60 vars in 1378 bytes} [Mon Aug 16 07:32:36 2021] GET /placement/allocations/a64e34c3-3903-4893-a156-a92d0f87b453 => generated 259 bytes in 25 msecs (HTTP/1.1 200) 8 headers in 296 bytes (1 switches on core 0)
Aug 16 07:32:40.434193 n-d-763928-7 devstack@placement-api.service[95852]: DEBUG placement.requestlog [req-c3c5678a-b270-4304-baac-8546283cd2cf req-bb455d97-241b-497c-be9b-46d12116d55d None None] Starting request: 10.222.0.25 "GET /placement/allocations/9a080b30-9d8b-4b54-941d-df0d1db719b0" {{(pid=95852) __call__ /opt/stack/placement/placement/requestlog.py:55}}
Aug 16 07:32:40.476665 n-d-763928-7 devstack@placement-api.service[95852]: INFO placement.requestlog [req-c3c5678a-b270-4304-baac-8546283cd2cf req-bb455d97-241b-497c-be9b-46d12116d55d service placement] 10.222.0.25 "GET /placement/allocations/9a080b30-9d8b-4b54-941d-df0d1db719b0" status: 200 len: 259 microversion: 1.28
Aug 16 07:32:40.480418 n-d-763928-7 devstack@placement-api.service[95852]: [pid: 95852|app: 0|req: 158/324] 10.222.0.25 () {60 vars in 1378 bytes} [Mon Aug 16 07:32:40 2021] GET /placement/allocations/9a080b30-9d8b-4b54-941d-df0d1db719b0 => generated 259 bytes in 47 msecs (HTTP/1.1 200) 8 headers in 296 bytes (2 switches on core 0)
Aug 16 07:32:40.489379 n-d-763928-7 devstack@placement-api.service[95851]: DEBUG placement.requestlog [req-c3c5678a-b270-4304-baac-8546283cd2cf req-10cf31d9-16bf-44c6-9d3d-3842c8a6235b None None] Starting request: 10.222.0.25 "PUT /placement/allocations/9a080b30-9d8b-4b54-941d-df0d1db719b0" {{(pid=95851) __call__ /opt/stack/placement/placement/requestlog.py:55}}
Aug 16 07:32:40.692149 n-d-763928-7 devstack@placement-api.service[95851]: DEBUG placement.handlers.allocation [req-c3c5678a-b270-4304-baac-8546283cd2cf req-10cf31d9-16bf-44c6-9d3d-3842c8a6235b service placement] Successfully wrote allocations [, , ] {{(pid=95851) _create_allocations /opt/stack/placement/placement/handlers/allocation.py:435}}
Aug 16 07:32:40.692656 n-d-763928-7 devstack@placement-api.service[95851]: INFO placement.requestlog [req-c3c5678a-b270-4304-baac-8546283cd2cf req-10cf31d9-16bf-44c6-9d3d-3842c8a6235b service placement] 10.222.0.25 "PUT /placement/allocations/9a080b30-9d8b-4b54-941d-df0d1db719b0" status: 204 len: 0 microversion: 1.28
Aug 16 07:32:40.693319 n-d-763928-7 devstack@placement-api.service[95851]: [pid: 95851|app: 0|req: 167/325] 10.222.0.25 () {64 vars in 1431 bytes} [Mon Aug 16 07:32:40 2021] PUT /placement/allocations/9a080b30-9d8b-4b54-941d-df0d1db719b0 => generated 0 bytes in 204 msecs (HTTP/1.1 204) 5 headers in 199 bytes (1 switches on core 0)
Aug 16 07:32:46.362448 n-d-763928-7 devstack@placement-api.service[95852]: DEBUG placement.requestlog [req-1fbbf0c1-c18d-487d-a9e9-9aa7542f260e req-6be130b0-4b4b-4cca-a730-a3ab3bee6d4e None None] Starting request: 10.222.0.49 "GET /placement/allocations/8bb14b5e-9d5f-4c11-9063-48e9de1ca95c" {{(pid=95852) __call__ /opt/stack/placement/placement/requestlog.py:55}}
Aug 16 07:32:46.401252 n-d-763928-7 devstack@placement-api.service[95852]: INFO placement.requestlog [req-1fbbf0c1-c18d-487d-a9e9-9aa7542f260e req-6be130b0-4b4b-4cca-a730-a3ab3bee6d4e service placement] 10.222.0.49 "GET /placement/allocations/8bb14b5e-9d5f-4c11-9063-48e9de1ca95c" status: 200 len: 259 microversion: 1.28
Aug 16 07:32:46.402149 n-d-763928-7 devstack@placement-api.service[95852]: [pid: 95852|app: 0|req: 159/326] 10.222.0.49 () {60 vars in 1378 bytes} [Mon Aug 16 07:32:46 2021] GET /placement/allocations/8bb14b5e-9d5f-4c11-9063-48e9de1ca95c => generated 259 bytes in 40 msecs (HTTP/1.1 200) 8 headers in 296 bytes (1 switches on core 0)
