Aug 15 09:58:44.310257 n-d-763928-6 devstack@placement-api.service[95195]: DEBUG placement.objects.resource_provider [req-9ad62f3a-40df-4cc5-89b0-dfd8b86023b7 req-d2feec07-8611-4bac-87ca-9f60050f603b service placement] _ensure_aggregate() created new aggregate e80c3f6e-6189-4adc-94c0-15d08884e5fd (id=7). {{(pid=95195) _ensure_aggregate /opt/stack/placement/placement/objects/resource_provider.py:326}}
Aug 15 09:58:44.311823 n-d-763928-6 devstack@placement-api.service[95195]: DEBUG placement.objects.resource_provider [req-9ad62f3a-40df-4cc5-89b0-dfd8b86023b7 req-d2feec07-8611-4bac-87ca-9f60050f603b service placement] Setting aggregates for provider 167253a9-d400-4c8d-965a-c954506944b8. Successfully associated aggregate e80c3f6e-6189-4adc-94c0-15d08884e5fd. {{(pid=95195) _set_aggregates /opt/stack/placement/placement/objects/resource_provider.py:388}}
Aug 15 09:58:44.331787 n-d-763928-6 devstack@placement-api.service[95195]: INFO placement.requestlog [req-9ad62f3a-40df-4cc5-89b0-dfd8b86023b7 req-d2feec07-8611-4bac-87ca-9f60050f603b service placement] 10.222.0.10 "PUT /placement/resource_providers/167253a9-d400-4c8d-965a-c954506944b8/aggregates" status: 200 len: 92 microversion: 1.19
Aug 15 09:58:44.332436 n-d-763928-6 devstack@placement-api.service[95195]: [pid: 95195|app: 0|req: 50/102] 10.222.0.10 () {64 vars in 1478 bytes} [Sun Aug 15 09:58:44 2021] PUT /placement/resource_providers/167253a9-d400-4c8d-965a-c954506944b8/aggregates => generated 92 bytes in 64 msecs (HTTP/1.1 200) 8 headers in 295 bytes (1 switches on core 0)
Aug 15 09:58:44.348171 n-d-763928-6 devstack@placement-api.service[95196]: DEBUG placement.objects.allocation [req-f90fa41b-1fc2-44b7-833e-8e11408d91e5 req-b763de0f-e384-4d40-b67e-0aef24e4a906 service placement] Retrying allocations write on resource provider generation conflict {{(pid=95196) replace_all /opt/stack/placement/placement/objects/allocation.py:505}}
Aug 15 09:58:44.438485 n-d-763928-6 devstack@placement-api.service[95196]: DEBUG placement.handlers.allocation [req-f90fa41b-1fc2-44b7-833e-8e11408d91e5 req-b763de0f-e384-4d40-b67e-0aef24e4a906 service placement] Successfully wrote allocations [, , ] {{(pid=95196) _create_allocations /opt/stack/placement/placement/handlers/allocation.py:435}}
Aug 15 09:58:44.439067 n-d-763928-6 devstack@placement-api.service[95196]: INFO placement.requestlog [req-f90fa41b-1fc2-44b7-833e-8e11408d91e5 req-b763de0f-e384-4d40-b67e-0aef24e4a906 service placement] 10.222.0.10 "PUT /placement/allocations/23b67ac2-196f-436e-a6a0-39f79e360b1b" status: 204 len: 0 microversion: 1.28
Aug 15 09:58:44.439315 n-d-763928-6 devstack@placement-api.service[95196]: [pid: 95196|app: 0|req: 53/103] 10.222.0.10 () {64 vars in 1434 bytes} [Sun Aug 15 09:58:44 2021] PUT /placement/allocations/23b67ac2-196f-436e-a6a0-39f79e360b1b => generated 0 bytes in 214 msecs (HTTP/1.1 204) 5 headers in 199 bytes (1 switches on core 0)
Aug 15 09:58:44.690980 n-d-763928-6 devstack@placement-api.service[95195]: DEBUG placement.requestlog [req-f90fa41b-1fc2-44b7-833e-8e11408d91e5 req-2309dc15-27d7-42e0-91dd-f8f16d9f8245 None None] Starting request: 10.222.0.43 "GET /placement/allocations/23b67ac2-196f-436e-a6a0-39f79e360b1b" {{(pid=95195) __call__ /opt/stack/placement/placement/requestlog.py:55}}
Aug 15 09:58:44.726298 n-d-763928-6 devstack@placement-api.service[95195]: INFO placement.requestlog [req-f90fa41b-1fc2-44b7-833e-8e11408d91e5 req-2309dc15-27d7-42e0-91dd-f8f16d9f8245 service placement] 10.222.0.43 "GET /placement/allocations/23b67ac2-196f-436e-a6a0-39f79e360b1b" status: 200 len: 259 microversion: 1.28
Aug 15 09:58:44.726758 n-d-763928-6 devstack@placement-api.service[95195]: [pid: 95195|app: 0|req: 51/104] 10.222.0.43 () {60 vars in 1378 bytes} [Sun Aug 15 09:58:44 2021] GET /placement/allocations/23b67ac2-196f-436e-a6a0-39f79e360b1b => generated 259 bytes in 36 msecs (HTTP/1.1 200) 8 headers in 296 bytes (1 switches on core 0)
Aug 15 09:58:44.734809 n-d-763928-6 devstack@placement-api.service[95196]: DEBUG placement.requestlog [req-842039d4-8746-4514-a37a-b9c2885ea6c5 req-af43229e-90a3-4684-9ff7-cb674ce88efa None None] Starting request: 10.222.0.10 "GET /placement/resource_providers?name=n-h2-763928-6" {{(pid=95196) __call__ /opt/stack/placement/placement/requestlog.py:55}}
Aug 15 09:58:44.747761 n-d-763928-6 devstack@placement-api.service[95196]: INFO placement.requestlog [req-842039d4-8746-4514-a37a-b9c2885ea6c5 req-af43229e-90a3-4684-9ff7-cb674ce88efa service placement] 10.222.0.10 "GET /placement/resource_providers?name=n-h2-763928-6" status: 200 len: 441 microversion: 1.0
Aug 15 09:58:44.752664 n-d-763928-6 devstack@placement-api.service[95196]: [pid: 95196|app: 0|req: 54/105] 10.222.0.10 () {58 vars in 1275 bytes} [Sun Aug 15 09:58:44 2021] GET /placement/resource_providers?name=n-h2-763928-6 => generated 441 bytes in 18 msecs (HTTP/1.1 200) 6 headers in 224 bytes (1 switches on core 0)
Aug 15 09:58:44.758770 n-d-763928-6 devstack@placement-api.service[95195]: DEBUG placement.requestlog [req-842039d4-8746-4514-a37a-b9c2885ea6c5 req-46fc482e-9f87-46b9-9f74-1ae351ab47dd None None] Starting request: 10.222.0.10 "GET /placement/resource_providers/167253a9-d400-4c8d-965a-c954506944b8/aggregates" {{(pid=95195) __call__ /opt/stack/placement/placement/requestlog.py:55}}
Aug 15 09:58:44.773328 n-d-763928-6 devstack@placement-api.service[95196]: DEBUG placement.requestlog [req-c09e13c6-157e-4d24-b301-50e6eff133e5 req-34fc001c-d6df-4be1-b8ee-f7e5894e454a None None] Starting request: 10.222.0.43 "GET /placement/allocations/afb344ab-21ea-4840-85a3-1afc559b043b" {{(pid=95196) __call__ /opt/stack/placement/placement/requestlog.py:55}}
Aug 15 09:58:44.780319 n-d-763928-6 devstack@placement-api.service[95195]: INFO placement.requestlog [req-842039d4-8746-4514-a37a-b9c2885ea6c5 req-46fc482e-9f87-46b9-9f74-1ae351ab47dd service placement] 10.222.0.10 "GET /placement/resource_providers/167253a9-d400-4c8d-965a-c954506944b8/aggregates" status: 200 len: 92 microversion: 1.19
Aug 15 09:58:44.780557 n-d-763928-6 devstack@placement-api.service[95195]: [pid: 95195|app: 0|req: 52/106] 10.222.0.10 () {60 vars in 1426 bytes} [Sun Aug 15 09:58:44 2021] GET /placement/resource_providers/167253a9-d400-4c8d-965a-c954506944b8/aggregates => generated 92 bytes in 22 msecs (HTTP/1.1 200) 8 headers in 295 bytes (2 switches on core 0)
Aug 15 09:58:44.801222 n-d-763928-6 devstack@placement-api.service[95195]: DEBUG placement.requestlog [req-842039d4-8746-4514-a37a-b9c2885ea6c5 req-f0333959-d8bd-406c-855c-3cfea9e51e77 None None] Starting request: 10.222.0.10 "PUT /placement/resource_providers/167253a9-d400-4c8d-965a-c954506944b8/aggregates" {{(pid=95195) __call__ /opt/stack/placement/placement/requestlog.py:55}}
Aug 15 09:58:44.807362 n-d-763928-6 devstack@placement-api.service[95196]: INFO placement.requestlog [req-c09e13c6-157e-4d24-b301-50e6eff133e5 req-34fc001c-d6df-4be1-b8ee-f7e5894e454a service placement] 10.222.0.43 "GET /placement/allocations/afb344ab-21ea-4840-85a3-1afc559b043b" status: 200 len: 259 microversion: 1.28
Aug 15 09:58:44.807870 n-d-763928-6 devstack@placement-api.service[95196]: [pid: 95196|app: 0|req: 55/107] 10.222.0.43 () {60 vars in 1378 bytes} [Sun Aug 15 09:58:44 2021] GET /placement/allocations/afb344ab-21ea-4840-85a3-1afc559b043b => generated 259 bytes in 36 msecs (HTTP/1.1 200) 8 headers in 296 bytes (2 switches on core 0)
Aug 15 09:58:44.821153 n-d-763928-6 devstack@placement-api.service[95195]: DEBUG placement.objects.resource_provider [req-842039d4-8746-4514-a37a-b9c2885ea6c5 req-f0333959-d8bd-406c-855c-3cfea9e51e77 service placement] Setting aggregates for provider 167253a9-d400-4c8d-965a-c954506944b8. Successfully disassociated aggregate e80c3f6e-6189-4adc-94c0-15d08884e5fd. {{(pid=95195) _set_aggregates /opt/stack/placement/placement/objects/resource_provider.py:403}}
Aug 15 09:58:44.821340 n-d-763928-6 devstack@placement-api.service[95196]: DEBUG placement.requestlog [req-c09e13c6-157e-4d24-b301-50e6eff133e5 req-68ec3a39-fd0a-4ea7-bb8f-54fb62905cdb None None] Starting request: 10.222.0.43 "PUT /placement/allocations/afb344ab-21ea-4840-85a3-1afc559b043b" {{(pid=95196) __call__ /opt/stack/placement/placement/requestlog.py:55}}
Aug 15 09:58:44.829478 n-d-763928-6 devstack@placement-api.service[95195]: INFO placement.requestlog [req-842039d4-8746-4514-a37a-b9c2885ea6c5 req-f0333959-d8bd-406c-855c-3cfea9e51e77 service placement] 10.222.0.10 "PUT /placement/resource_providers/167253a9-d400-4c8d-965a-c954506944b8/aggregates" status: 200 len: 54 microversion: 1.19
Aug 15 09:58:44.829982 n-d-763928-6 devstack@placement-api.service[95195]: [pid: 95195|app: 0|req: 53/108] 10.222.0.10 () {64 vars in 1478 bytes} [Sun Aug 15 09:58:44 2021] PUT /placement/resource_providers/167253a9-d400-4c8d-965a-c954506944b8/aggregates => generated 54 bytes in 29 msecs (HTTP/1.1 200) 8 headers in 295 bytes (1 switches on core 0)
Aug 15 09:58:44.940851 n-d-763928-6 devstack@placement-api.service[95196]: DEBUG placement.handlers.allocation [req-c09e13c6-157e-4d24-b301-50e6eff133e5 req-68ec3a39-fd0a-4ea7-bb8f-54fb62905cdb service placement] Successfully wrote allocations [, , ] {{(pid=95196) _create_allocations /opt/stack/placement/placement/handlers/allocation.py:435}}
Aug 15 09:58:44.941355 n-d-763928-6 devstack@placement-api.service[95196]: INFO placement.requestlog [req-c09e13c6-157e-4d24-b301-50e6eff133e5 req-68ec3a39-fd0a-4ea7-bb8f-54fb62905cdb service placement] 10.222.0.43 "PUT /placement/allocations/afb344ab-21ea-4840-85a3-1afc559b043b" status: 204 len: 0 microversion: 1.28
Aug 15 09:58:44.941592 n-d-763928-6 devstack@placement-api.service[95196]: [pid: 95196|app: 0|req: 56/109] 10.222.0.43 () {64 vars in 1431 bytes} [Sun Aug 15 09:58:44 2021] PUT /placement/allocations/afb344ab-21ea-4840-85a3-1afc559b043b => generated 0 bytes in 122 msecs (HTTP/1.1 204) 5 headers in 199 bytes (1 switches on core 0)
Aug 15 09:58:50.260964 n-d-763928-6 devstack@placement-api.service[95195]: DEBUG placement.requestlog [req-c3590d60-40ca-47f7-ac1b-db6a86a837be req-11c4c5a1-4aa9-45a8-aa9a-31883aed65fb None None] Starting request: 10.222.0.10 "GET /placement/allocation_candidates?limit=1000&resources=DISK_GB%3A1%2CMEMORY_MB%3A1024%2CVCPU%3A1&root_required=%21COMPUTE_STATUS_DISABLED" {{(pid=95195) __call__ /opt/stack/placement/placement/requestlog.py:55}}
Aug 15 09:58:50.314692 n-d-763928-6 devstack@placement-api.service[95196]: DEBUG placement.requestlog [req-63f42b75-8ca1-4f0d-bdfa-058586b184ea req-84b5fae8-05ae-40a0-9ca2-15ab2622d485 None None] Starting request: 10.222.0.43 "GET /placement/resource_providers/167253a9-d400-4c8d-965a-c954506944b8/allocations" {{(pid=95196) __call__ /opt/stack/placement/placement/requestlog.py:55}}
Aug 15 09:58:50.326279 n-d-763928-6 devstack@placement-api.service[95195]: DEBUG placement.objects.research_context [req-c3590d60-40ca-47f7-ac1b-db6a86a837be req-11c4c5a1-4aa9-45a8-aa9a-31883aed65fb service placement] getting providers with 1 DISK_GB {{(pid=95195) __init__ /opt/stack/placement/placement/objects/research_context.py:126}}
Aug 15 09:58:50.340127 n-d-763928-6 devstack@placement-api.service[95195]: DEBUG placement.objects.research_context [req-c3590d60-40ca-47f7-ac1b-db6a86a837be req-11c4c5a1-4aa9-45a8-aa9a-31883aed65fb service placement] getting providers with 1024 MEMORY_MB {{(pid=95195) __init__ /opt/stack/placement/placement/objects/research_context.py:126}}
Aug 15 09:58:50.349838 n-d-763928-6 devstack@placement-api.service[95196]: INFO placement.requestlog [req-63f42b75-8ca1-4f0d-bdfa-058586b184ea req-84b5fae8-05ae-40a0-9ca2-15ab2622d485 service placement] 10.222.0.43 "GET /placement/resource_providers/167253a9-d400-4c8d-965a-c954506944b8/allocations" status: 200 len: 356 microversion: 1.0
Aug 15 09:58:50.350174 n-d-763928-6 devstack@placement-api.service[95196]: [pid: 95196|app: 0|req: 57/110] 10.222.0.43 () {58 vars in 1391 bytes} [Sun Aug 15 09:58:50 2021] GET /placement/resource_providers/167253a9-d400-4c8d-965a-c954506944b8/allocations => generated 356 bytes in 36 msecs (HTTP/1.1 200) 6 headers in 224 bytes (2 switches on core 0)
Aug 15 09:58:50.364996 n-d-763928-6 devstack@placement-api.service[95195]: DEBUG placement.objects.research_context [req-c3590d60-40ca-47f7-ac1b-db6a86a837be req-11c4c5a1-4aa9-45a8-aa9a-31883aed65fb service placement] getting providers with 1 VCPU {{(pid=95195) __init__ /opt/stack/placement/placement/objects/research_context.py:126}}
Aug 15 09:58:50.364996 n-d-763928-6 devstack@placement-api.service[95195]: DEBUG placement.objects.research_context [req-c3590d60-40ca-47f7-ac1b-db6a86a837be req-11c4c5a1-4aa9-45a8-aa9a-31883aed65fb service placement] found 2 providers with available 1 DISK_GB {{(pid=95195) get_provider_ids_matching /opt/stack/placement/placement/objects/research_context.py:549}}
Aug 15 09:58:50.364996 n-d-763928-6 devstack@placement-api.service[95195]: DEBUG placement.objects.research_context [req-c3590d60-40ca-47f7-ac1b-db6a86a837be req-11c4c5a1-4aa9-45a8-aa9a-31883aed65fb service placement] found 2 providers with available 1024 MEMORY_MB {{(pid=95195) get_provider_ids_matching /opt/stack/placement/placement/objects/research_context.py:549}}
Aug 15 09:58:50.364996 n-d-763928-6 devstack@placement-api.service[95195]: DEBUG placement.objects.research_context [req-c3590d60-40ca-47f7-ac1b-db6a86a837be req-11c4c5a1-4aa9-45a8-aa9a-31883aed65fb service placement] found 2 providers after filtering by previous result {{(pid=95195) get_provider_ids_matching /opt/stack/placement/placement/objects/research_context.py:580}}
Aug 15 09:58:50.364996 n-d-763928-6 devstack@placement-api.service[95195]: DEBUG placement.objects.research_context [req-c3590d60-40ca-47f7-ac1b-db6a86a837be req-11c4c5a1-4aa9-45a8-aa9a-31883aed65fb service placement] found 2 providers with available 1 VCPU {{(pid=95195) get_provider_ids_matching /opt/stack/placement/placement/objects/research_context.py:549}}
Aug 15 09:58:50.364996 n-d-763928-6 devstack@placement-api.service[95195]: DEBUG placement.objects.research_context [req-c3590d60-40ca-47f7-ac1b-db6a86a837be req-11c4c5a1-4aa9-45a8-aa9a-31883aed65fb service placement] found 2 providers after filtering by previous result {{(pid=95195) get_provider_ids_matching /opt/stack/placement/placement/objects/research_context.py:580}}
Aug 15 09:58:50.388568 n-d-763928-6 devstack@placement-api.service[95195]: DEBUG placement.objects.allocation_candidate [req-c3590d60-40ca-47f7-ac1b-db6a86a837be req-11c4c5a1-4aa9-45a8-aa9a-31883aed65fb service placement] RequestGroup(use_same_provider=False, resources={DISK_GB:1, MEMORY_MB:1024, VCPU:1}, traits=[], aggregates=[]) (suffix '') returned 2 matches {{(pid=95195) _get_by_requests /opt/stack/placement/placement/objects/allocation_candidate.py:145}}
Aug 15 09:58:50.388568 n-d-763928-6 devstack@placement-api.service[95195]: DEBUG placement.objects.allocation_candidate [req-c3590d60-40ca-47f7-ac1b-db6a86a837be req-11c4c5a1-4aa9-45a8-aa9a-31883aed65fb service placement] Merging candidates yields 2 allocation requests and 2 provider summaries {{(pid=95195) _merge_candidates /opt/stack/placement/placement/objects/allocation_candidate.py:783}}
Aug 15 09:58:50.388568 n-d-763928-6 devstack@placement-api.service[95195]: INFO placement.requestlog [req-c3590d60-40ca-47f7-ac1b-db6a86a837be req-11c4c5a1-4aa9-45a8-aa9a-31883aed65fb service placement] 10.222.0.10 "GET /placement/allocation_candidates?limit=1000&resources=DISK_GB%3A1%2CMEMORY_MB%3A1024%2CVCPU%3A1&root_required=%21COMPUTE_STATUS_DISABLED" status: 200 len: 1309 microversion: 1.35
Aug 15 09:58:50.388568 n-d-763928-6 devstack@placement-api.service[95195]: [pid: 95195|app: 0|req: 54/111] 10.222.0.10 () {60 vars in 1507 bytes} [Sun Aug 15 09:58:50 2021] GET /placement/allocation_candidates?limit=1000&resources=DISK_GB%3A1%2CMEMORY_MB%3A1024%2CVCPU%3A1&root_required=%21COMPUTE_STATUS_DISABLED => generated 1309 bytes in 127 msecs (HTTP/1.1 200) 8 headers in 297 bytes (1 switches on core 0)
Aug 15 09:58:50.459825 n-d-763928-6 devstack@placement-api.service[95196]: DEBUG placement.requestlog [req-c3590d60-40ca-47f7-ac1b-db6a86a837be req-5aabd406-e7be-4376-ae9c-cd9f6cc3ae95 None None] Starting request: 10.222.0.10 "GET /placement/allocations/2c0ccb8d-b3aa-4a50-9521-0097c61b027d" {{(pid=95196) __call__ /opt/stack/placement/placement/requestlog.py:55}}
Aug 15 09:58:50.470676 n-d-763928-6 devstack@placement-api.service[95196]: INFO placement.requestlog [req-c3590d60-40ca-47f7-ac1b-db6a86a837be req-5aabd406-e7be-4376-ae9c-cd9f6cc3ae95 service placement] 10.222.0.10 "GET /placement/allocations/2c0ccb8d-b3aa-4a50-9521-0097c61b027d" status: 200 len: 19 microversion: 1.28
Aug 15 09:58:50.470927 n-d-763928-6 devstack@placement-api.service[95196]: [pid: 95196|app: 0|req: 58/112] 10.222.0.10 () {60 vars in 1381 bytes} [Sun Aug 15 09:58:50 2021] GET /placement/allocations/2c0ccb8d-b3aa-4a50-9521-0097c61b027d => generated 19 bytes in 12 msecs (HTTP/1.1 200) 8 headers in 295 bytes (1 switches on core 0)
Aug 15 09:58:50.477037 n-d-763928-6 devstack@placement-api.service[95195]: DEBUG placement.requestlog [req-c3590d60-40ca-47f7-ac1b-db6a86a837be req-1bc58d64-969d-4a22-a40d-7978840b1f73 None None] Starting request: 10.222.0.10 "PUT /placement/allocations/2c0ccb8d-b3aa-4a50-9521-0097c61b027d" {{(pid=95195) __call__ /opt/stack/placement/placement/requestlog.py:55}}
Aug 15 09:58:50.583191 n-d-763928-6 devstack@placement-api.service[95195]: DEBUG placement.handlers.allocation [req-c3590d60-40ca-47f7-ac1b-db6a86a837be req-1bc58d64-969d-4a22-a40d-7978840b1f73 service placement] Successfully wrote allocations [, , ] {{(pid=95195) _create_allocations /opt/stack/placement/placement/handlers/allocation.py:435}}
Aug 15 09:58:50.583775 n-d-763928-6 devstack@placement-api.service[95195]: INFO placement.requestlog [req-c3590d60-40ca-47f7-ac1b-db6a86a837be req-1bc58d64-969d-4a22-a40d-7978840b1f73 service placement] 10.222.0.10 "PUT /placement/allocations/2c0ccb8d-b3aa-4a50-9521-0097c61b027d" status: 204 len: 0 microversion: 1.35
Aug 15 09:58:50.590031 n-d-763928-6 devstack@placement-api.service[95195]: [pid: 95195|app: 0|req: 55/113] 10.222.0.10 () {64 vars in 1434 bytes} [Sun Aug 15 09:58:50 2021] PUT /placement/allocations/2c0ccb8d-b3aa-4a50-9521-0097c61b027d => generated 0 bytes in 107 msecs (HTTP/1.1 204) 5 headers in 199 bytes (2 switches on core 0)
Aug 15 09:58:50.798656 n-d-763928-6 devstack@placement-api.service[95196]: DEBUG placement.requestlog [req-63f42b75-8ca1-4f0d-bdfa-058586b184ea req-87b13741-9cc6-46ec-a892-3cfba1795f63 None None] Starting request: 10.222.0.43 "GET /placement/allocations/6929b27d-21b1-40cc-9573-ae674468fb10" {{(pid=95196) __call__ /opt/stack/placement/placement/requestlog.py:55}}
Aug 15 09:58:50.836870 n-d-763928-6 devstack@placement-api.service[95196]: INFO placement.requestlog [req-63f42b75-8ca1-4f0d-bdfa-058586b184ea req-87b13741-9cc6-46ec-a892-3cfba1795f63 service placement] 10.222.0.43 "GET /placement/allocations/6929b27d-21b1-40cc-9573-ae674468fb10" status: 200 len: 259 microversion: 1.28
Aug 15 09:58:50.837905 n-d-763928-6 devstack@placement-api.service[95196]: [pid: 95196|app: 0|req: 59/114] 10.222.0.43 () {60 vars in 1378 bytes} [Sun Aug 15 09:58:50 2021] GET /placement/allocations/6929b27d-21b1-40cc-9573-ae674468fb10 => generated 259 bytes in 39 msecs (HTTP/1.1 200) 8 headers in 296 bytes (1 switches on core 0)
Aug 15 09:58:50.850369 n-d-763928-6 devstack@placement-api.service[95195]: DEBUG placement.requestlog [req-63f42b75-8ca1-4f0d-bdfa-058586b184ea req-4978ef9f-e305-4806-8086-7cd02210e3fb None None] Starting request: 10.222.0.43 "PUT /placement/allocations/6929b27d-21b1-40cc-9573-ae674468fb10" {{(pid=95195) __call__ /opt/stack/placement/placement/requestlog.py:55}}
Aug 15 09:58:50.915486 n-d-763928-6 devstack@placement-api.service[95195]: DEBUG placement.handlers.allocation [req-63f42b75-8ca1-4f0d-bdfa-058586b184ea req-4978ef9f-e305-4806-8086-7cd02210e3fb service placement] Successfully wrote allocations [, , ] {{(pid=95195) _create_allocations /opt/stack/placement/placement/handlers/allocation.py:435}}
Aug 15 09:58:50.916691 n-d-763928-6 devstack@placement-api.service[95195]: INFO placement.requestlog [req-63f42b75-8ca1-4f0d-bdfa-058586b184ea req-4978ef9f-e305-4806-8086-7cd02210e3fb service placement] 10.222.0.43 "PUT /placement/allocations/6929b27d-21b1-40cc-9573-ae674468fb10" status: 204 len: 0 microversion: 1.28
Aug 15 09:58:50.917363 n-d-763928-6 devstack@placement-api.service[95195]: [pid: 95195|app: 0|req: 56/115] 10.222.0.43 () {64 vars in 1431 bytes} [Sun Aug 15 09:58:50 2021] PUT /placement/allocations/6929b27d-21b1-40cc-9573-ae674468fb10 => generated 0 bytes in 67 msecs (HTTP/1.1 204) 5 headers in 199 bytes (1 switches on core 0)
Aug 15 09:58:51.125878 n-d-763928-6 devstack@placement-api.service[95196]: DEBUG placement.requestlog [req-c3590d60-40ca-47f7-ac1b-db6a86a837be req-9d07cb97-ce95-49cd-9856-fd8c5eb1c3fc None None] Starting request: 10.222.0.39 "GET /placement/allocations/2c0ccb8d-b3aa-4a50-9521-0097c61b027d" {{(pid=95196) __call__ /opt/stack/placement/placement/requestlog.py:55}}
Aug 15 09:58:51.187838 n-d-763928-6 devstack@placement-api.service[95196]: INFO placement.requestlog [req-c3590d60-40ca-47f7-ac1b-db6a86a837be req-9d07cb97-ce95-49cd-9856-fd8c5eb1c3fc service placement] 10.222.0.39 "GET /placement/allocations/2c0ccb8d-b3aa-4a50-9521-0097c61b027d" status: 200 len: 258 microversion: 1.28
Aug 15 09:58:51.188149 n-d-763928-6 devstack@placement-api.service[95196]: [pid: 95196|app: 0|req: 60/116] 10.222.0.39 () {60 vars in 1378 bytes} [Sun Aug 15 09:58:51 2021] GET /placement/allocations/2c0ccb8d-b3aa-4a50-9521-0097c61b027d => generated 258 bytes in 63 msecs (HTTP/1.1 200) 8 headers in 296 bytes (1 switches on core 0)
Aug 15 09:58:52.588191 n-d-763928-6 devstack@placement-api.service[95195]: DEBUG placement.requestlog [req-028fd5ea-60bc-48ca-8c2f-5530c5252a3b req-226d6283-186e-417e-8168-21dd5c9201eb None None] Starting request: 10.222.0.10 "GET /placement/allocation_candidates?limit=1000&resources=DISK_GB%3A1%2CMEMORY_MB%3A1024%2CVCPU%3A1&root_required=%21COMPUTE_STATUS_DISABLED" {{(pid=95195) __call__ /opt/stack/placement/placement/requestlog.py:55}}
Aug 15 09:58:52.624994 n-d-763928-6 devstack@placement-api.service[95195]: DEBUG placement.objects.research_context [req-028fd5ea-60bc-48ca-8c2f-5530c5252a3b req-226d6283-186e-417e-8168-21dd5c9201eb service placement] getting providers with 1 DISK_GB {{(pid=95195) __init__ /opt/stack/placement/placement/objects/research_context.py:126}}
Aug 15 09:58:52.632289 n-d-763928-6 devstack@placement-api.service[95195]: DEBUG placement.objects.research_context [req-028fd5ea-60bc-48ca-8c2f-5530c5252a3b req-226d6283-186e-417e-8168-21dd5c9201eb service placement] getting providers with 1024 MEMORY_MB {{(pid=95195) __init__ /opt/stack/placement/placement/objects/research_context.py:126}}
Aug 15 09:58:52.639141 n-d-763928-6 devstack@placement-api.service[95195]: DEBUG placement.objects.research_context [req-028fd5ea-60bc-48ca-8c2f-5530c5252a3b req-226d6283-186e-417e-8168-21dd5c9201eb service placement] getting providers with 1 VCPU {{(pid=95195) __init__ /opt/stack/placement/placement/objects/research_context.py:126}}
Aug 15 09:58:52.647427 n-d-763928-6 devstack@placement-api.service[95195]: DEBUG placement.objects.research_context [req-028fd5ea-60bc-48ca-8c2f-5530c5252a3b req-226d6283-186e-417e-8168-21dd5c9201eb service placement] found 2 providers with available 1 DISK_GB {{(pid=95195) get_provider_ids_matching /opt/stack/placement/placement/objects/research_context.py:549}}
Aug 15 09:58:52.648080 n-d-763928-6 devstack@placement-api.service[95195]: DEBUG placement.objects.research_context [req-028fd5ea-60bc-48ca-8c2f-5530c5252a3b req-226d6283-186e-417e-8168-21dd5c9201eb service placement] found 2 providers with available 1024 MEMORY_MB {{(pid=95195) get_provider_ids_matching /opt/stack/placement/placement/objects/research_context.py:549}}
Aug 15 09:58:52.648685 n-d-763928-6 devstack@placement-api.service[95195]: DEBUG placement.objects.research_context [req-028fd5ea-60bc-48ca-8c2f-5530c5252a3b req-226d6283-186e-417e-8168-21dd5c9201eb service placement] found 2 providers after filtering by previous result {{(pid=95195) get_provider_ids_matching /opt/stack/placement/placement/objects/research_context.py:580}}
Aug 15 09:58:52.649245 n-d-763928-6 devstack@placement-api.service[95195]: DEBUG placement.objects.research_context [req-028fd5ea-60bc-48ca-8c2f-5530c5252a3b req-226d6283-186e-417e-8168-21dd5c9201eb service placement] found 2 providers with available 1 VCPU {{(pid=95195) get_provider_ids_matching /opt/stack/placement/placement/objects/research_context.py:549}}
Aug 15 09:58:52.649747 n-d-763928-6 devstack@placement-api.service[95195]: DEBUG placement.objects.research_context [req-028fd5ea-60bc-48ca-8c2f-5530c5252a3b req-226d6283-186e-417e-8168-21dd5c9201eb service placement] found 2 providers after filtering by previous result {{(pid=95195) get_provider_ids_matching /opt/stack/placement/placement/objects/research_context.py:580}}
Aug 15 09:58:52.664348 n-d-763928-6 devstack@placement-api.service[95195]: DEBUG placement.objects.allocation_candidate [req-028fd5ea-60bc-48ca-8c2f-5530c5252a3b req-226d6283-186e-417e-8168-21dd5c9201eb service placement] RequestGroup(use_same_provider=False, resources={DISK_GB:1, MEMORY_MB:1024, VCPU:1}, traits=[], aggregates=[]) (suffix '') returned 2 matches {{(pid=95195) _get_by_requests /opt/stack/placement/placement/objects/allocation_candidate.py:145}}
Aug 15 09:58:52.665222 n-d-763928-6 devstack@placement-api.service[95195]: DEBUG placement.objects.allocation_candidate [req-028fd5ea-60bc-48ca-8c2f-5530c5252a3b req-226d6283-186e-417e-8168-21dd5c9201eb service placement] Merging candidates yields 2 allocation requests and 2 provider summaries {{(pid=95195) _merge_candidates /opt/stack/placement/placement/objects/allocation_candidate.py:783}}
Aug 15 09:58:52.668571 n-d-763928-6 devstack@placement-api.service[95195]: INFO placement.requestlog [req-028fd5ea-60bc-48ca-8c2f-5530c5252a3b req-226d6283-186e-417e-8168-21dd5c9201eb service placement] 10.222.0.10 "GET /placement/allocation_candidates?limit=1000&resources=DISK_GB%3A1%2CMEMORY_MB%3A1024%2CVCPU%3A1&root_required=%21COMPUTE_STATUS_DISABLED" status: 200 len: 1309 microversion: 1.35
Aug 15 09:58:52.669911 n-d-763928-6 devstack@placement-api.service[95195]: [pid: 95195|app: 0|req: 57/117] 10.222.0.10 () {60 vars in 1507 bytes} [Sun Aug 15 09:58:52 2021] GET /placement/allocation_candidates?limit=1000&resources=DISK_GB%3A1%2CMEMORY_MB%3A1024%2CVCPU%3A1&root_required=%21COMPUTE_STATUS_DISABLED => generated 1309 bytes in 82 msecs (HTTP/1.1 200) 8 headers in 297 bytes (1 switches on core 0)
Aug 15 09:58:52.760353 n-d-763928-6 devstack@placement-api.service[95196]: DEBUG placement.requestlog [req-028fd5ea-60bc-48ca-8c2f-5530c5252a3b req-36981860-65e7-4cf6-9a4f-73d57dbdf45f None None] Starting request: 10.222.0.10 "GET /placement/allocations/9426e974-4c59-40a2-b371-c512ec61ae37" {{(pid=95196) __call__ /opt/stack/placement/placement/requestlog.py:55}}
Aug 15 09:58:52.773489 n-d-763928-6 devstack@placement-api.service[95196]: INFO placement.requestlog [req-028fd5ea-60bc-48ca-8c2f-5530c5252a3b req-36981860-65e7-4cf6-9a4f-73d57dbdf45f service placement] 10.222.0.10 "GET /placement/allocations/9426e974-4c59-40a2-b371-c512ec61ae37" status: 200 len: 19 microversion: 1.28
Aug 15 09:58:52.773728 n-d-763928-6 devstack@placement-api.service[95196]: [pid: 95196|app: 0|req: 61/118] 10.222.0.10 () {60 vars in 1381 bytes} [Sun Aug 15 09:58:52 2021] GET /placement/allocations/9426e974-4c59-40a2-b371-c512ec61ae37 => generated 19 bytes in 14 msecs (HTTP/1.1 200) 8 headers in 295 bytes (1 switches on core 0)
Aug 15 09:58:52.783495 n-d-763928-6 devstack@placement-api.service[95195]: DEBUG placement.requestlog [req-028fd5ea-60bc-48ca-8c2f-5530c5252a3b req-016e55a5-f22c-4884-9b0a-64ce0735a9e8 None None] Starting request: 10.222.0.10 "PUT /placement/allocations/9426e974-4c59-40a2-b371-c512ec61ae37" {{(pid=95195) __call__ /opt/stack/placement/placement/requestlog.py:55}}
Aug 15 09:58:52.922420 n-d-763928-6 devstack@placement-api.service[95195]: DEBUG placement.handlers.allocation [req-028fd5ea-60bc-48ca-8c2f-5530c5252a3b req-016e55a5-f22c-4884-9b0a-64ce0735a9e8 service placement] Successfully wrote allocations [, , ] {{(pid=95195) _create_allocations /opt/stack/placement/placement/handlers/allocation.py:435}}
Aug 15 09:58:52.923224 n-d-763928-6 devstack@placement-api.service[95195]: INFO placement.requestlog [req-028fd5ea-60bc-48ca-8c2f-5530c5252a3b req-016e55a5-f22c-4884-9b0a-64ce0735a9e8 service placement] 10.222.0.10 "PUT /placement/allocations/9426e974-4c59-40a2-b371-c512ec61ae37" status: 204 len: 0 microversion: 1.35
Aug 15 09:58:52.923562 n-d-763928-6 devstack@placement-api.service[95195]: [pid: 95195|app: 0|req: 58/119] 10.222.0.10 () {64 vars in 1434 bytes} [Sun Aug 15 09:58:52 2021] PUT /placement/allocations/9426e974-4c59-40a2-b371-c512ec61ae37 => generated 0 bytes in 140 msecs (HTTP/1.1 204) 5 headers in 199 bytes (1 switches on core 0)
Aug 15 09:58:53.394060 n-d-763928-6 devstack@placement-api.service[95196]: DEBUG placement.requestlog [req-028fd5ea-60bc-48ca-8c2f-5530c5252a3b req-3966f6ef-3f0a-4cfb-86c2-06739829bd74 None None] Starting request: 10.222.0.43 "GET /placement/allocations/9426e974-4c59-40a2-b371-c512ec61ae37" {{(pid=95196) __call__ /opt/stack/placement/placement/requestlog.py:55}}
Aug 15 09:58:53.419321 n-d-763928-6 devstack@placement-api.service[95196]: INFO placement.requestlog [req-028fd5ea-60bc-48ca-8c2f-5530c5252a3b req-3966f6ef-3f0a-4cfb-86c2-06739829bd74 service placement] 10.222.0.43 "GET /placement/allocations/9426e974-4c59-40a2-b371-c512ec61ae37" status: 200 len: 259 microversion: 1.28
Aug 15 09:58:53.419572 n-d-763928-6 devstack@placement-api.service[95196]: [pid: 95196|app: 0|req: 62/120] 10.222.0.43 () {60 vars in 1378 bytes} [Sun Aug 15 09:58:53 2021] GET /placement/allocations/9426e974-4c59-40a2-b371-c512ec61ae37 => generated 259 bytes in 26 msecs (HTTP/1.1 200) 8 headers in 296 bytes (1 switches on core 0)
Aug 15 09:59:00.390981 n-d-763928-6 devstack@placement-api.service[95195]: DEBUG placement.requestlog [req-f90fa41b-1fc2-44b7-833e-8e11408d91e5 req-1a1bff35-08a1-4286-826d-eacad88f769a None None] Starting request: 10.222.0.39 "GET /placement/resource_providers/110df635-d751-4472-977b-72c42c052513/allocations" {{(pid=95195) __call__ /opt/stack/placement/placement/requestlog.py:55}}
Aug 15 09:59:00.442301 n-d-763928-6 devstack@placement-api.service[95195]: INFO placement.requestlog [req-f90fa41b-1fc2-44b7-833e-8e11408d91e5 req-1a1bff35-08a1-4286-826d-eacad88f769a service placement] 10.222.0.39 "GET /placement/resource_providers/110df635-d751-4472-977b-72c42c052513/allocations" status: 200 len: 355 microversion: 1.0
Aug 15 09:59:00.444936 n-d-763928-6 devstack@placement-api.service[95195]: [pid: 95195|app: 0|req: 59/121] 10.222.0.39 () {58 vars in 1391 bytes} [Sun Aug 15 09:59:00 2021] GET /placement/resource_providers/110df635-d751-4472-977b-72c42c052513/allocations => generated 355 bytes in 53 msecs (HTTP/1.1 200) 6 headers in 224 bytes (1 switches on core 0)
Aug 15 09:59:00.796024 n-d-763928-6 devstack@placement-api.service[95196]: DEBUG placement.requestlog [req-f90fa41b-1fc2-44b7-833e-8e11408d91e5 req-4d7a5b89-21f1-492c-a038-783c76623d70 None None] Starting request: 10.222.0.39 "GET /placement/allocations/c426d784-9cf6-4ec3-ae76-e17b1f97d3f5" {{(pid=95196) __call__ /opt/stack/placement/placement/requestlog.py:55}}
Aug 15 09:59:00.820161 n-d-763928-6 devstack@placement-api.service[95196]: INFO placement.requestlog [req-f90fa41b-1fc2-44b7-833e-8e11408d91e5 req-4d7a5b89-21f1-492c-a038-783c76623d70 service placement] 10.222.0.39 "GET /placement/allocations/c426d784-9cf6-4ec3-ae76-e17b1f97d3f5" status: 200 len: 258 microversion: 1.28
Aug 15 09:59:00.820409 n-d-763928-6 devstack@placement-api.service[95196]: [pid: 95196|app: 0|req: 63/122] 10.222.0.39 () {60 vars in 1378 bytes} [Sun Aug 15 09:59:00 2021] GET /placement/allocations/c426d784-9cf6-4ec3-ae76-e17b1f97d3f5 => generated 258 bytes in 25 msecs (HTTP/1.1 200) 8 headers in 296 bytes (1 switches on core 0)
Aug 15 09:59:00.851788 n-d-763928-6 devstack@placement-api.service[95195]: DEBUG placement.requestlog [req-f90fa41b-1fc2-44b7-833e-8e11408d91e5 req-ae74efbd-24d0-44e2-bdde-41ade91ef0fc None None] Starting request: 10.222.0.39 "PUT /placement/allocations/c426d784-9cf6-4ec3-ae76-e17b1f97d3f5" {{(pid=95195) __call__ /opt/stack/placement/placement/requestlog.py:55}}
Aug 15 09:59:00.969100 n-d-763928-6 devstack@placement-api.service[95195]: DEBUG placement.handlers.allocation [req-f90fa41b-1fc2-44b7-833e-8e11408d91e5 req-ae74efbd-24d0-44e2-bdde-41ade91ef0fc service placement] Successfully wrote allocations [, , ] {{(pid=95195) _create_allocations /opt/stack/placement/placement/handlers/allocation.py:435}}
Aug 15 09:59:00.969713 n-d-763928-6 devstack@placement-api.service[95195]: INFO placement.requestlog [req-f90fa41b-1fc2-44b7-833e-8e11408d91e5 req-ae74efbd-24d0-44e2-bdde-41ade91ef0fc service placement] 10.222.0.39 "PUT /placement/allocations/c426d784-9cf6-4ec3-ae76-e17b1f97d3f5" status: 204 len: 0 microversion: 1.28
Aug 15 09:59:00.970186 n-d-763928-6 devstack@placement-api.service[95195]: [pid: 95195|app: 0|req: 60/123] 10.222.0.39 () {64 vars in 1431 bytes} [Sun Aug 15 09:59:00 2021] PUT /placement/allocations/c426d784-9cf6-4ec3-ae76-e17b1f97d3f5 => generated 0 bytes in 118 msecs (HTTP/1.1 204) 5 headers in 199 bytes (1 switches on core 0)
Aug 15 09:59:02.714953 n-d-763928-6 devstack@placement-api.service[95196]: DEBUG placement.requestlog [req-110f3b1d-6a7a-4626-8644-a71b31ab4995 req-3088f92b-08f5-4aab-8613-4d880390f35f None None] Starting request: 10.222.0.10 "GET /placement/allocation_candidates?limit=1000&resources=DISK_GB%3A1%2CMEMORY_MB%3A1024%2CVCPU%3A1&root_required=%21COMPUTE_STATUS_DISABLED" {{(pid=95196) __call__ /opt/stack/placement/placement/requestlog.py:55}}
Aug 15 09:59:02.762552 n-d-763928-6 devstack@placement-api.service[95196]: DEBUG placement.objects.research_context [req-110f3b1d-6a7a-4626-8644-a71b31ab4995 req-3088f92b-08f5-4aab-8613-4d880390f35f service placement] getting providers with 1 DISK_GB {{(pid=95196) __init__ /opt/stack/placement/placement/objects/research_context.py:126}}
Aug 15 09:59:02.771357 n-d-763928-6 devstack@placement-api.service[95196]: DEBUG placement.objects.research_context [req-110f3b1d-6a7a-4626-8644-a71b31ab4995 req-3088f92b-08f5-4aab-8613-4d880390f35f service placement] getting providers with 1024 MEMORY_MB {{(pid=95196) __init__ /opt/stack/placement/placement/objects/research_context.py:126}}
Aug 15 09:59:02.786498 n-d-763928-6 devstack@placement-api.service[95196]: DEBUG placement.objects.research_context [req-110f3b1d-6a7a-4626-8644-a71b31ab4995 req-3088f92b-08f5-4aab-8613-4d880390f35f service placement] getting providers with 1 VCPU {{(pid=95196) __init__ /opt/stack/placement/placement/objects/research_context.py:126}}
Aug 15 09:59:02.794618 n-d-763928-6 devstack@placement-api.service[95196]: DEBUG placement.objects.research_context [req-110f3b1d-6a7a-4626-8644-a71b31ab4995 req-3088f92b-08f5-4aab-8613-4d880390f35f service placement] found 2 providers with available 1 DISK_GB {{(pid=95196) get_provider_ids_matching /opt/stack/placement/placement/objects/research_context.py:549}}
Aug 15 09:59:02.795117 n-d-763928-6 devstack@placement-api.service[95196]: DEBUG placement.objects.research_context [req-110f3b1d-6a7a-4626-8644-a71b31ab4995 req-3088f92b-08f5-4aab-8613-4d880390f35f service placement] found 2 providers with available 1024 MEMORY_MB {{(pid=95196) get_provider_ids_matching /opt/stack/placement/placement/objects/research_context.py:549}}
Aug 15 09:59:02.796777 n-d-763928-6 devstack@placement-api.service[95196]: DEBUG placement.objects.research_context [req-110f3b1d-6a7a-4626-8644-a71b31ab4995 req-3088f92b-08f5-4aab-8613-4d880390f35f service placement] found 2 providers after filtering by previous result {{(pid=95196) get_provider_ids_matching /opt/stack/placement/placement/objects/research_context.py:580}}
Aug 15 09:59:02.797781 n-d-763928-6 devstack@placement-api.service[95196]: DEBUG placement.objects.research_context [req-110f3b1d-6a7a-4626-8644-a71b31ab4995 req-3088f92b-08f5-4aab-8613-4d880390f35f service placement] found 2 providers with available 1 VCPU {{(pid=95196) get_provider_ids_matching /opt/stack/placement/placement/objects/research_context.py:549}}
Aug 15 09:59:02.798838 n-d-763928-6 devstack@placement-api.service[95196]: DEBUG placement.objects.research_context [req-110f3b1d-6a7a-4626-8644-a71b31ab4995 req-3088f92b-08f5-4aab-8613-4d880390f35f service placement] found 2 providers after filtering by previous result {{(pid=95196) get_provider_ids_matching /opt/stack/placement/placement/objects/research_context.py:580}}
Aug 15 09:59:02.822710 n-d-763928-6 devstack@placement-api.service[95196]: DEBUG placement.objects.allocation_candidate [req-110f3b1d-6a7a-4626-8644-a71b31ab4995 req-3088f92b-08f5-4aab-8613-4d880390f35f service placement] RequestGroup(use_same_provider=False, resources={DISK_GB:1, MEMORY_MB:1024, VCPU:1}, traits=[], aggregates=[]) (suffix '') returned 2 matches {{(pid=95196) _get_by_requests /opt/stack/placement/placement/objects/allocation_candidate.py:145}}
Aug 15 09:59:02.823343 n-d-763928-6 devstack@placement-api.service[95196]: DEBUG placement.objects.allocation_candidate [req-110f3b1d-6a7a-4626-8644-a71b31ab4995 req-3088f92b-08f5-4aab-8613-4d880390f35f service placement] Merging candidates yields 2 allocation requests and 2 provider summaries {{(pid=95196) _merge_candidates /opt/stack/placement/placement/objects/allocation_candidate.py:783}}
Aug 15 09:59:02.825942 n-d-763928-6 devstack@placement-api.service[95196]: INFO placement.requestlog [req-110f3b1d-6a7a-4626-8644-a71b31ab4995 req-3088f92b-08f5-4aab-8613-4d880390f35f service placement] 10.222.0.10 "GET /placement/allocation_candidates?limit=1000&resources=DISK_GB%3A1%2CMEMORY_MB%3A1024%2CVCPU%3A1&root_required=%21COMPUTE_STATUS_DISABLED" status: 200 len: 1309 microversion: 1.35
Aug 15 09:59:02.832161 n-d-763928-6 devstack@placement-api.service[95196]: [pid: 95196|app: 0|req: 64/124] 10.222.0.10 () {60 vars in 1507 bytes} [Sun Aug 15 09:59:02 2021] GET /placement/allocation_candidates?limit=1000&resources=DISK_GB%3A1%2CMEMORY_MB%3A1024%2CVCPU%3A1&root_required=%21COMPUTE_STATUS_DISABLED => generated 1309 bytes in 117 msecs (HTTP/1.1 200) 8 headers in 297 bytes (1 switches on core 0)
Aug 15 09:59:02.967472 n-d-763928-6 devstack@placement-api.service[95195]: DEBUG placement.requestlog [req-110f3b1d-6a7a-4626-8644-a71b31ab4995 req-f911bf3e-4669-4786-8e9f-802d28df8809 None None] Starting request: 10.222.0.10 "GET /placement/allocations/f3639f9d-368a-4b10-9ec6-cd296a0cdab4" {{(pid=95195) __call__ /opt/stack/placement/placement/requestlog.py:55}}
Aug 15 09:59:02.989843 n-d-763928-6 devstack@placement-api.service[95195]: INFO placement.requestlog [req-110f3b1d-6a7a-4626-8644-a71b31ab4995 req-f911bf3e-4669-4786-8e9f-802d28df8809 service placement] 10.222.0.10 "GET /placement/allocations/f3639f9d-368a-4b10-9ec6-cd296a0cdab4" status: 200 len: 19 microversion: 1.28
Aug 15 09:59:02.990075 n-d-763928-6 devstack@placement-api.service[95195]: [pid: 95195|app: 0|req: 61/125] 10.222.0.10 () {60 vars in 1381 bytes} [Sun Aug 15 09:59:02 2021] GET /placement/allocations/f3639f9d-368a-4b10-9ec6-cd296a0cdab4 => generated 19 bytes in 23 msecs (HTTP/1.1 200) 8 headers in 295 bytes (1 switches on core 0)
Aug 15 09:59:02.996364 n-d-763928-6 devstack@placement-api.service[95196]: DEBUG placement.requestlog [req-110f3b1d-6a7a-4626-8644-a71b31ab4995 req-213d838c-542a-4c8a-a654-f890b98be83d None None] Starting request: 10.222.0.10 "PUT /placement/allocations/f3639f9d-368a-4b10-9ec6-cd296a0cdab4" {{(pid=95196) __call__ /opt/stack/placement/placement/requestlog.py:55}}
Aug 15 09:59:03.142105 n-d-763928-6 devstack@placement-api.service[95196]: DEBUG placement.handlers.allocation [req-110f3b1d-6a7a-4626-8644-a71b31ab4995 req-213d838c-542a-4c8a-a654-f890b98be83d service placement] Successfully wrote allocations [, , ] {{(pid=95196) _create_allocations /opt/stack/placement/placement/handlers/allocation.py:435}}
Aug 15 09:59:03.142972 n-d-763928-6 devstack@placement-api.service[95196]: INFO placement.requestlog [req-110f3b1d-6a7a-4626-8644-a71b31ab4995 req-213d838c-542a-4c8a-a654-f890b98be83d service placement] 10.222.0.10 "PUT /placement/allocations/f3639f9d-368a-4b10-9ec6-cd296a0cdab4" status: 204 len: 0 microversion: 1.35
Aug 15 09:59:03.143710 n-d-763928-6 devstack@placement-api.service[95196]: [pid: 95196|app: 0|req: 65/126] 10.222.0.10 () {64 vars in 1434 bytes} [Sun Aug 15 09:59:02 2021] PUT /placement/allocations/f3639f9d-368a-4b10-9ec6-cd296a0cdab4 => generated 0 bytes in 148 msecs (HTTP/1.1 204) 5 headers in 199 bytes (2 switches on core 0)
Aug 15 09:59:03.661906 n-d-763928-6 devstack@placement-api.service[95195]: DEBUG placement.requestlog [req-110f3b1d-6a7a-4626-8644-a71b31ab4995 req-7f140245-d835-4308-bfe0-48dec8e93bf4 None None] Starting request: 10.222.0.39 "GET /placement/allocations/f3639f9d-368a-4b10-9ec6-cd296a0cdab4" {{(pid=95195) __call__ /opt/stack/placement/placement/requestlog.py:55}}
Aug 15 09:59:03.688584 n-d-763928-6 devstack@placement-api.service[95195]: INFO placement.requestlog [req-110f3b1d-6a7a-4626-8644-a71b31ab4995 req-7f140245-d835-4308-bfe0-48dec8e93bf4 service placement] 10.222.0.39 "GET /placement/allocations/f3639f9d-368a-4b10-9ec6-cd296a0cdab4" status: 200 len: 259 microversion: 1.28
Aug 15 09:59:03.689456 n-d-763928-6 devstack@placement-api.service[95195]: [pid: 95195|app: 0|req: 62/127] 10.222.0.39 () {60 vars in 1378 bytes} [Sun Aug 15 09:59:03 2021] GET /placement/allocations/f3639f9d-368a-4b10-9ec6-cd296a0cdab4 => generated 259 bytes in 28 msecs (HTTP/1.1 200) 8 headers in 296 bytes (1 switches on core 0)
Aug 15 09:59:14.912771 n-d-763928-6 devstack@placement-api.service[95196]: DEBUG placement.requestlog [req-da7b1f07-3444-4fa3-9574-4c7785e32c8c req-008f8bef-fc2f-4937-a63f-d25e44aa4937 None None] Starting request: 10.222.0.39 "GET /placement/allocations/2c0ccb8d-b3aa-4a50-9521-0097c61b027d" {{(pid=95196) __call__ /opt/stack/placement/placement/requestlog.py:55}}
Aug 15 09:59:14.940148 n-d-763928-6 devstack@placement-api.service[95196]: INFO placement.requestlog [req-da7b1f07-3444-4fa3-9574-4c7785e32c8c req-008f8bef-fc2f-4937-a63f-d25e44aa4937 service placement] 10.222.0.39 "GET /placement/allocations/2c0ccb8d-b3aa-4a50-9521-0097c61b027d" status: 200 len: 259 microversion: 1.28
Aug 15 09:59:14.941462 n-d-763928-6 devstack@placement-api.service[95196]: [pid: 95196|app: 0|req: 66/128] 10.222.0.39 () {60 vars in 1378 bytes} [Sun Aug 15 09:59:14 2021] GET /placement/allocations/2c0ccb8d-b3aa-4a50-9521-0097c61b027d => generated 259 bytes in 29 msecs (HTTP/1.1 200) 8 headers in 296 bytes (1 switches on core 0)
Aug 15 09:59:14.950771 n-d-763928-6 devstack@placement-api.service[95195]: DEBUG placement.requestlog [req-da7b1f07-3444-4fa3-9574-4c7785e32c8c req-4870f42f-0dbb-4a6f-be26-1e8350445521 None None] Starting request: 10.222.0.39 "PUT /placement/allocations/2c0ccb8d-b3aa-4a50-9521-0097c61b027d" {{(pid=95195) __call__ /opt/stack/placement/placement/requestlog.py:55}}
Aug 15 09:59:15.043959 n-d-763928-6 devstack@placement-api.service[95195]: DEBUG placement.handlers.allocation [req-da7b1f07-3444-4fa3-9574-4c7785e32c8c req-4870f42f-0dbb-4a6f-be26-1e8350445521 service placement] Successfully wrote allocations [, , ] {{(pid=95195) _create_allocations /opt/stack/placement/placement/handlers/allocation.py:435}}
Aug 15 09:59:15.048486 n-d-763928-6 devstack@placement-api.service[95195]: INFO placement.requestlog [req-da7b1f07-3444-4fa3-9574-4c7785e32c8c req-4870f42f-0dbb-4a6f-be26-1e8350445521 service placement] 10.222.0.39 "PUT /placement/allocations/2c0ccb8d-b3aa-4a50-9521-0097c61b027d" status: 204 len: 0 microversion: 1.28
Aug 15 09:59:15.049509 n-d-763928-6 devstack@placement-api.service[95195]: [pid: 95195|app: 0|req: 63/129] 10.222.0.39 () {64 vars in 1431 bytes} [Sun Aug 15 09:59:14 2021] PUT /placement/allocations/2c0ccb8d-b3aa-4a50-9521-0097c61b027d => generated 0 bytes in 99 msecs (HTTP/1.1 204) 5 headers in 199 bytes (2 switches on core 0)
Aug 15 09:59:17.329537 n-d-763928-6 devstack@placement-api.service[95196]: DEBUG placement.requestlog [req-4089a0c8-9f0b-43c6-9635-e1f6b24e40a8 req-682ece9f-294e-4453-a2f3-995b64eec51b None None] Starting request: 10.222.0.10 "GET /placement/allocation_candidates?limit=1000&resources=DISK_GB%3A1%2CMEMORY_MB%3A1024%2CVCPU%3A1&root_required=%21COMPUTE_STATUS_DISABLED" {{(pid=95196) __call__ /opt/stack/placement/placement/requestlog.py:55}}
Aug 15 09:59:17.435081 n-d-763928-6 devstack@placement-api.service[95196]: DEBUG placement.objects.research_context [req-4089a0c8-9f0b-43c6-9635-e1f6b24e40a8 req-682ece9f-294e-4453-a2f3-995b64eec51b service placement] getting providers with 1 DISK_GB {{(pid=95196) __init__ /opt/stack/placement/placement/objects/research_context.py:126}}
Aug 15 09:59:17.462142 n-d-763928-6 devstack@placement-api.service[95196]: DEBUG placement.objects.research_context [req-4089a0c8-9f0b-43c6-9635-e1f6b24e40a8 req-682ece9f-294e-4453-a2f3-995b64eec51b service placement] getting providers with 1024 MEMORY_MB {{(pid=95196) __init__ /opt/stack/placement/placement/objects/research_context.py:126}}
Aug 15 09:59:17.487237 n-d-763928-6 devstack@placement-api.service[95196]: DEBUG placement.objects.research_context [req-4089a0c8-9f0b-43c6-9635-e1f6b24e40a8 req-682ece9f-294e-4453-a2f3-995b64eec51b service placement] getting providers with 1 VCPU {{(pid=95196) __init__ /opt/stack/placement/placement/objects/research_context.py:126}}
Aug 15 09:59:17.511924 n-d-763928-6 devstack@placement-api.service[95196]: DEBUG placement.objects.research_context [req-4089a0c8-9f0b-43c6-9635-e1f6b24e40a8 req-682ece9f-294e-4453-a2f3-995b64eec51b service placement] found 2 providers with available 1 DISK_GB {{(pid=95196) get_provider_ids_matching /opt/stack/placement/placement/objects/research_context.py:549}}
Aug 15 09:59:17.514315 n-d-763928-6 devstack@placement-api.service[95196]: DEBUG placement.objects.research_context [req-4089a0c8-9f0b-43c6-9635-e1f6b24e40a8 req-682ece9f-294e-4453-a2f3-995b64eec51b service placement] found 2 providers with available 1024 MEMORY_MB {{(pid=95196) get_provider_ids_matching /opt/stack/placement/placement/objects/research_context.py:549}}
Aug 15 09:59:17.515714 n-d-763928-6 devstack@placement-api.service[95196]: DEBUG placement.objects.research_context [req-4089a0c8-9f0b-43c6-9635-e1f6b24e40a8 req-682ece9f-294e-4453-a2f3-995b64eec51b service placement] found 2 providers after filtering by previous result {{(pid=95196) get_provider_ids_matching /opt/stack/placement/placement/objects/research_context.py:580}}
Aug 15 09:59:17.516223 n-d-763928-6 devstack@placement-api.service[95196]: DEBUG placement.objects.research_context [req-4089a0c8-9f0b-43c6-9635-e1f6b24e40a8 req-682ece9f-294e-4453-a2f3-995b64eec51b service placement] found 2 providers with available 1 VCPU {{(pid=95196) get_provider_ids_matching /opt/stack/placement/placement/objects/research_context.py:549}}
Aug 15 09:59:17.518370 n-d-763928-6 devstack@placement-api.service[95196]: DEBUG placement.objects.research_context [req-4089a0c8-9f0b-43c6-9635-e1f6b24e40a8 req-682ece9f-294e-4453-a2f3-995b64eec51b service placement] found 2 providers after filtering by previous result {{(pid=95196) get_provider_ids_matching /opt/stack/placement/placement/objects/research_context.py:580}}
Aug 15 09:59:17.563785 n-d-763928-6 devstack@placement-api.service[95196]: DEBUG placement.objects.allocation_candidate [req-4089a0c8-9f0b-43c6-9635-e1f6b24e40a8 req-682ece9f-294e-4453-a2f3-995b64eec51b service placement] RequestGroup(use_same_provider=False, resources={DISK_GB:1, MEMORY_MB:1024, VCPU:1}, traits=[], aggregates=[]) (suffix '') returned 2 matches {{(pid=95196) _get_by_requests /opt/stack/placement/placement/objects/allocation_candidate.py:145}}
Aug 15 09:59:17.564115 n-d-763928-6 devstack@placement-api.service[95196]: DEBUG placement.objects.allocation_candidate [req-4089a0c8-9f0b-43c6-9635-e1f6b24e40a8 req-682ece9f-294e-4453-a2f3-995b64eec51b service placement] Merging candidates yields 2 allocation requests and 2 provider summaries {{(pid=95196) _merge_candidates /opt/stack/placement/placement/objects/allocation_candidate.py:783}}
Aug 15 09:59:17.570788 n-d-763928-6 devstack@placement-api.service[95196]: INFO placement.requestlog [req-4089a0c8-9f0b-43c6-9635-e1f6b24e40a8 req-682ece9f-294e-4453-a2f3-995b64eec51b service placement] 10.222.0.10 "GET /placement/allocation_candidates?limit=1000&resources=DISK_GB%3A1%2CMEMORY_MB%3A1024%2CVCPU%3A1&root_required=%21COMPUTE_STATUS_DISABLED" status: 200 len: 1309 microversion: 1.35
Aug 15 09:59:17.571399 n-d-763928-6 devstack@placement-api.service[95196]: [pid: 95196|app: 0|req: 67/130] 10.222.0.10 () {60 vars in 1507 bytes} [Sun Aug 15 09:59:17 2021] GET /placement/allocation_candidates?limit=1000&resources=DISK_GB%3A1%2CMEMORY_MB%3A1024%2CVCPU%3A1&root_required=%21COMPUTE_STATUS_DISABLED => generated 1309 bytes in 242 msecs (HTTP/1.1 200) 8 headers in 297 bytes (1 switches on core 0)
Aug 15 09:59:17.722410 n-d-763928-6 devstack@placement-api.service[95195]: DEBUG placement.requestlog [req-4089a0c8-9f0b-43c6-9635-e1f6b24e40a8 req-57b17b85-4d05-4b68-bc04-a913a52ccf9e None None] Starting request: 10.222.0.10 "GET /placement/allocations/048666ee-423b-4a10-becb-084c9765488a" {{(pid=95195) __call__ /opt/stack/placement/placement/requestlog.py:55}}
Aug 15 09:59:17.751788 n-d-763928-6 devstack@placement-api.service[95195]: INFO placement.requestlog [req-4089a0c8-9f0b-43c6-9635-e1f6b24e40a8 req-57b17b85-4d05-4b68-bc04-a913a52ccf9e service placement] 10.222.0.10 "GET /placement/allocations/048666ee-423b-4a10-becb-084c9765488a" status: 200 len: 19 microversion: 1.28
