Aug 15 09:58:37.019953 n-d-763928-6 devstack@placement-api.service[95196]: DEBUG placement.objects.resource_provider [req-7e8edc5a-eb9d-43f7-a9ef-f39b34db87a9 req-abe76316-0d6e-4bfe-a89e-575bd7e7e5fe service placement] _ensure_aggregate() created new aggregate c709df4a-fe3f-4164-b1c2-f1d9528533c9 (id=2). {{(pid=95196) _ensure_aggregate /opt/stack/placement/placement/objects/resource_provider.py:326}}
Aug 15 09:58:37.021323 n-d-763928-6 devstack@placement-api.service[95196]: DEBUG placement.objects.resource_provider [req-7e8edc5a-eb9d-43f7-a9ef-f39b34db87a9 req-abe76316-0d6e-4bfe-a89e-575bd7e7e5fe service placement] Setting aggregates for provider 167253a9-d400-4c8d-965a-c954506944b8. Successfully associated aggregate c709df4a-fe3f-4164-b1c2-f1d9528533c9. {{(pid=95196) _set_aggregates /opt/stack/placement/placement/objects/resource_provider.py:388}}
Aug 15 09:58:37.026508 n-d-763928-6 devstack@placement-api.service[95196]: INFO placement.requestlog [req-7e8edc5a-eb9d-43f7-a9ef-f39b34db87a9 req-abe76316-0d6e-4bfe-a89e-575bd7e7e5fe service placement] 10.222.0.10 "PUT /placement/resource_providers/167253a9-d400-4c8d-965a-c954506944b8/aggregates" status: 200 len: 91 microversion: 1.19
Aug 15 09:58:37.026754 n-d-763928-6 devstack@placement-api.service[95196]: [pid: 95196|app: 0|req: 34/63] 10.222.0.10 () {64 vars in 1478 bytes} [Sun Aug 15 09:58:36 2021] PUT /placement/resource_providers/167253a9-d400-4c8d-965a-c954506944b8/aggregates => generated 91 bytes in 33 msecs (HTTP/1.1 200) 8 headers in 295 bytes (1 switches on core 0)
Aug 15 09:58:37.108711 n-d-763928-6 devstack@placement-api.service[95195]: DEBUG placement.requestlog [req-99ae0df2-959b-4433-8068-310ce389e3f9 req-fd5d7756-5a0a-45a3-9599-d8a91d760019 None None] Starting request: 10.222.0.10 "GET /placement/resource_providers?name=n-h2-763928-6" {{(pid=95195) __call__ /opt/stack/placement/placement/requestlog.py:55}}
Aug 15 09:58:37.120080 n-d-763928-6 devstack@placement-api.service[95195]: INFO placement.requestlog [req-99ae0df2-959b-4433-8068-310ce389e3f9 req-fd5d7756-5a0a-45a3-9599-d8a91d760019 service placement] 10.222.0.10 "GET /placement/resource_providers?name=n-h2-763928-6" status: 200 len: 440 microversion: 1.0
Aug 15 09:58:37.120477 n-d-763928-6 devstack@placement-api.service[95195]: [pid: 95195|app: 0|req: 30/64] 10.222.0.10 () {58 vars in 1275 bytes} [Sun Aug 15 09:58:37 2021] GET /placement/resource_providers?name=n-h2-763928-6 => generated 440 bytes in 12 msecs (HTTP/1.1 200) 6 headers in 224 bytes (1 switches on core 0)
Aug 15 09:58:37.130196 n-d-763928-6 devstack@placement-api.service[95196]: DEBUG placement.requestlog [req-99ae0df2-959b-4433-8068-310ce389e3f9 req-e7efd66b-7914-4a89-817c-a83c3d02e462 None None] Starting request: 10.222.0.10 "GET /placement/resource_providers/167253a9-d400-4c8d-965a-c954506944b8/aggregates" {{(pid=95196) __call__ /opt/stack/placement/placement/requestlog.py:55}}
Aug 15 09:58:37.144346 n-d-763928-6 devstack@placement-api.service[95196]: INFO placement.requestlog [req-99ae0df2-959b-4433-8068-310ce389e3f9 req-e7efd66b-7914-4a89-817c-a83c3d02e462 service placement] 10.222.0.10 "GET /placement/resource_providers/167253a9-d400-4c8d-965a-c954506944b8/aggregates" status: 200 len: 91 microversion: 1.19
Aug 15 09:58:37.144998 n-d-763928-6 devstack@placement-api.service[95196]: [pid: 95196|app: 0|req: 35/65] 10.222.0.10 () {60 vars in 1426 bytes} [Sun Aug 15 09:58:37 2021] GET /placement/resource_providers/167253a9-d400-4c8d-965a-c954506944b8/aggregates => generated 91 bytes in 15 msecs (HTTP/1.1 200) 8 headers in 295 bytes (2 switches on core 0)
Aug 15 09:58:37.158495 n-d-763928-6 devstack@placement-api.service[95195]: DEBUG placement.requestlog [req-99ae0df2-959b-4433-8068-310ce389e3f9 req-38984a7a-8c2c-4cbe-aa0a-dfa116fd4e26 None None] Starting request: 10.222.0.10 "PUT /placement/resource_providers/167253a9-d400-4c8d-965a-c954506944b8/aggregates" {{(pid=95195) __call__ /opt/stack/placement/placement/requestlog.py:55}}
Aug 15 09:58:37.177075 n-d-763928-6 devstack@placement-api.service[95195]: DEBUG placement.objects.resource_provider [req-99ae0df2-959b-4433-8068-310ce389e3f9 req-38984a7a-8c2c-4cbe-aa0a-dfa116fd4e26 service placement] Setting aggregates for provider 167253a9-d400-4c8d-965a-c954506944b8. Successfully disassociated aggregate c709df4a-fe3f-4164-b1c2-f1d9528533c9. {{(pid=95195) _set_aggregates /opt/stack/placement/placement/objects/resource_provider.py:403}}
Aug 15 09:58:37.186260 n-d-763928-6 devstack@placement-api.service[95195]: INFO placement.requestlog [req-99ae0df2-959b-4433-8068-310ce389e3f9 req-38984a7a-8c2c-4cbe-aa0a-dfa116fd4e26 service placement] 10.222.0.10 "PUT /placement/resource_providers/167253a9-d400-4c8d-965a-c954506944b8/aggregates" status: 200 len: 54 microversion: 1.19
Aug 15 09:58:37.188757 n-d-763928-6 devstack@placement-api.service[95195]: [pid: 95195|app: 0|req: 31/66] 10.222.0.10 () {64 vars in 1478 bytes} [Sun Aug 15 09:58:37 2021] PUT /placement/resource_providers/167253a9-d400-4c8d-965a-c954506944b8/aggregates => generated 54 bytes in 30 msecs (HTTP/1.1 200) 8 headers in 295 bytes (2 switches on core 0)
Aug 15 09:58:37.607341 n-d-763928-6 devstack@placement-api.service[95196]: DEBUG placement.requestlog [req-b9d6d21d-0924-4368-8d86-3a0c6da3845f req-ee16693d-9751-42d6-ab4d-5743f1e1953d None None] Starting request: 10.222.0.10 "GET /placement/resource_providers?name=n-h2-763928-6" {{(pid=95196) __call__ /opt/stack/placement/placement/requestlog.py:55}}
Aug 15 09:58:37.618646 n-d-763928-6 devstack@placement-api.service[95196]: INFO placement.requestlog [req-b9d6d21d-0924-4368-8d86-3a0c6da3845f req-ee16693d-9751-42d6-ab4d-5743f1e1953d service placement] 10.222.0.10 "GET /placement/resource_providers?name=n-h2-763928-6" status: 200 len: 441 microversion: 1.0
Aug 15 09:58:37.619100 n-d-763928-6 devstack@placement-api.service[95196]: [pid: 95196|app: 0|req: 36/67] 10.222.0.10 () {58 vars in 1275 bytes} [Sun Aug 15 09:58:37 2021] GET /placement/resource_providers?name=n-h2-763928-6 => generated 441 bytes in 12 msecs (HTTP/1.1 200) 6 headers in 224 bytes (2 switches on core 0)
Aug 15 09:58:37.626458 n-d-763928-6 devstack@placement-api.service[95195]: DEBUG placement.requestlog [req-b9d6d21d-0924-4368-8d86-3a0c6da3845f req-e6f36db2-a4a7-438d-b114-a804a8a72188 None None] Starting request: 10.222.0.10 "GET /placement/resource_providers/167253a9-d400-4c8d-965a-c954506944b8/aggregates" {{(pid=95195) __call__ /opt/stack/placement/placement/requestlog.py:55}}
Aug 15 09:58:37.640632 n-d-763928-6 devstack@placement-api.service[95195]: INFO placement.requestlog [req-b9d6d21d-0924-4368-8d86-3a0c6da3845f req-e6f36db2-a4a7-438d-b114-a804a8a72188 service placement] 10.222.0.10 "GET /placement/resource_providers/167253a9-d400-4c8d-965a-c954506944b8/aggregates" status: 200 len: 54 microversion: 1.19
Aug 15 09:58:37.641154 n-d-763928-6 devstack@placement-api.service[95195]: [pid: 95195|app: 0|req: 32/68] 10.222.0.10 () {60 vars in 1426 bytes} [Sun Aug 15 09:58:37 2021] GET /placement/resource_providers/167253a9-d400-4c8d-965a-c954506944b8/aggregates => generated 54 bytes in 15 msecs (HTTP/1.1 200) 8 headers in 295 bytes (1 switches on core 0)
Aug 15 09:58:37.648293 n-d-763928-6 devstack@placement-api.service[95196]: DEBUG placement.requestlog [req-b9d6d21d-0924-4368-8d86-3a0c6da3845f req-25d87612-4277-497f-b84d-ab6bda8fb806 None None] Starting request: 10.222.0.10 "PUT /placement/resource_providers/167253a9-d400-4c8d-965a-c954506944b8/aggregates" {{(pid=95196) __call__ /opt/stack/placement/placement/requestlog.py:55}}
Aug 15 09:58:37.663271 n-d-763928-6 devstack@placement-api.service[95196]: DEBUG placement.objects.resource_provider [req-b9d6d21d-0924-4368-8d86-3a0c6da3845f req-25d87612-4277-497f-b84d-ab6bda8fb806 service placement] _ensure_aggregate() did not find aggregate ad137455-13c7-4234-b50b-f48b9d191b25. Attempting to create it. {{(pid=95196) _ensure_aggregate /opt/stack/placement/placement/objects/resource_provider.py:320}}
Aug 15 09:58:37.664544 n-d-763928-6 devstack@placement-api.service[95196]: DEBUG placement.objects.resource_provider [req-b9d6d21d-0924-4368-8d86-3a0c6da3845f req-25d87612-4277-497f-b84d-ab6bda8fb806 service placement] _ensure_aggregate() created new aggregate ad137455-13c7-4234-b50b-f48b9d191b25 (id=3). {{(pid=95196) _ensure_aggregate /opt/stack/placement/placement/objects/resource_provider.py:326}}
Aug 15 09:58:37.665795 n-d-763928-6 devstack@placement-api.service[95196]: DEBUG placement.objects.resource_provider [req-b9d6d21d-0924-4368-8d86-3a0c6da3845f req-25d87612-4277-497f-b84d-ab6bda8fb806 service placement] Setting aggregates for provider 167253a9-d400-4c8d-965a-c954506944b8. Successfully associated aggregate ad137455-13c7-4234-b50b-f48b9d191b25. {{(pid=95196) _set_aggregates /opt/stack/placement/placement/objects/resource_provider.py:388}}
Aug 15 09:58:37.673768 n-d-763928-6 devstack@placement-api.service[95196]: INFO placement.requestlog [req-b9d6d21d-0924-4368-8d86-3a0c6da3845f req-25d87612-4277-497f-b84d-ab6bda8fb806 service placement] 10.222.0.10 "PUT /placement/resource_providers/167253a9-d400-4c8d-965a-c954506944b8/aggregates" status: 200 len: 92 microversion: 1.19
Aug 15 09:58:37.674018 n-d-763928-6 devstack@placement-api.service[95196]: [pid: 95196|app: 0|req: 37/69] 10.222.0.10 () {64 vars in 1478 bytes} [Sun Aug 15 09:58:37 2021] PUT /placement/resource_providers/167253a9-d400-4c8d-965a-c954506944b8/aggregates => generated 92 bytes in 26 msecs (HTTP/1.1 200) 8 headers in 295 bytes (2 switches on core 0)
Aug 15 09:58:37.776267 n-d-763928-6 devstack@placement-api.service[95195]: DEBUG placement.requestlog [req-48b7c48e-a7ae-4cd9-b41e-19db9234171a req-ed4fefdb-2b53-4227-bdbf-04de1ab1b581 None None] Starting request: 10.222.0.10 "GET /placement/resource_providers?name=n-h2-763928-6" {{(pid=95195) __call__ /opt/stack/placement/placement/requestlog.py:55}}
Aug 15 09:58:37.788329 n-d-763928-6 devstack@placement-api.service[95195]: INFO placement.requestlog [req-48b7c48e-a7ae-4cd9-b41e-19db9234171a req-ed4fefdb-2b53-4227-bdbf-04de1ab1b581 service placement] 10.222.0.10 "GET /placement/resource_providers?name=n-h2-763928-6" status: 200 len: 441 microversion: 1.0
Aug 15 09:58:37.788559 n-d-763928-6 devstack@placement-api.service[95195]: [pid: 95195|app: 0|req: 33/70] 10.222.0.10 () {58 vars in 1275 bytes} [Sun Aug 15 09:58:37 2021] GET /placement/resource_providers?name=n-h2-763928-6 => generated 441 bytes in 13 msecs (HTTP/1.1 200) 6 headers in 224 bytes (1 switches on core 0)
Aug 15 09:58:37.795220 n-d-763928-6 devstack@placement-api.service[95196]: DEBUG placement.requestlog [req-48b7c48e-a7ae-4cd9-b41e-19db9234171a req-1dd08c9b-2f11-4e2e-843e-7b8c2eb39d91 None None] Starting request: 10.222.0.10 "GET /placement/resource_providers/167253a9-d400-4c8d-965a-c954506944b8/aggregates" {{(pid=95196) __call__ /opt/stack/placement/placement/requestlog.py:55}}
Aug 15 09:58:37.828028 n-d-763928-6 devstack@placement-api.service[95196]: INFO placement.requestlog [req-48b7c48e-a7ae-4cd9-b41e-19db9234171a req-1dd08c9b-2f11-4e2e-843e-7b8c2eb39d91 service placement] 10.222.0.10 "GET /placement/resource_providers/167253a9-d400-4c8d-965a-c954506944b8/aggregates" status: 200 len: 92 microversion: 1.19
Aug 15 09:58:37.836287 n-d-763928-6 devstack@placement-api.service[95196]: [pid: 95196|app: 0|req: 38/71] 10.222.0.10 () {60 vars in 1426 bytes} [Sun Aug 15 09:58:37 2021] GET /placement/resource_providers/167253a9-d400-4c8d-965a-c954506944b8/aggregates => generated 92 bytes in 41 msecs (HTTP/1.1 200) 8 headers in 295 bytes (1 switches on core 0)
Aug 15 09:58:37.836939 n-d-763928-6 devstack@placement-api.service[95195]: DEBUG placement.requestlog [req-48b7c48e-a7ae-4cd9-b41e-19db9234171a req-34ecb33d-77c1-4c10-aee5-66ef315388e4 None None] Starting request: 10.222.0.10 "PUT /placement/resource_providers/167253a9-d400-4c8d-965a-c954506944b8/aggregates" {{(pid=95195) __call__ /opt/stack/placement/placement/requestlog.py:55}}
Aug 15 09:58:37.865696 n-d-763928-6 devstack@placement-api.service[95195]: DEBUG placement.objects.resource_provider [req-48b7c48e-a7ae-4cd9-b41e-19db9234171a req-34ecb33d-77c1-4c10-aee5-66ef315388e4 service placement] Setting aggregates for provider 167253a9-d400-4c8d-965a-c954506944b8. Successfully disassociated aggregate ad137455-13c7-4234-b50b-f48b9d191b25. {{(pid=95195) _set_aggregates /opt/stack/placement/placement/objects/resource_provider.py:403}}
Aug 15 09:58:37.880009 n-d-763928-6 devstack@placement-api.service[95195]: INFO placement.requestlog [req-48b7c48e-a7ae-4cd9-b41e-19db9234171a req-34ecb33d-77c1-4c10-aee5-66ef315388e4 service placement] 10.222.0.10 "PUT /placement/resource_providers/167253a9-d400-4c8d-965a-c954506944b8/aggregates" status: 200 len: 54 microversion: 1.19
Aug 15 09:58:37.882653 n-d-763928-6 devstack@placement-api.service[95195]: [pid: 95195|app: 0|req: 34/72] 10.222.0.10 () {64 vars in 1478 bytes} [Sun Aug 15 09:58:37 2021] PUT /placement/resource_providers/167253a9-d400-4c8d-965a-c954506944b8/aggregates => generated 54 bytes in 46 msecs (HTTP/1.1 200) 8 headers in 295 bytes (2 switches on core 0)
Aug 15 09:58:38.102069 n-d-763928-6 devstack@placement-api.service[95196]: DEBUG placement.requestlog [req-ea84eafb-dae8-4562-a452-e176b710fe12 req-464a4980-7e7e-42cc-8c50-11bca93495c7 None None] Starting request: 10.222.0.10 "GET /placement/resource_providers?name=n-h2-763928-6" {{(pid=95196) __call__ /opt/stack/placement/placement/requestlog.py:55}}
Aug 15 09:58:38.113995 n-d-763928-6 devstack@placement-api.service[95196]: INFO placement.requestlog [req-ea84eafb-dae8-4562-a452-e176b710fe12 req-464a4980-7e7e-42cc-8c50-11bca93495c7 service placement] 10.222.0.10 "GET /placement/resource_providers?name=n-h2-763928-6" status: 200 len: 441 microversion: 1.0
Aug 15 09:58:38.114670 n-d-763928-6 devstack@placement-api.service[95196]: [pid: 95196|app: 0|req: 39/73] 10.222.0.10 () {58 vars in 1275 bytes} [Sun Aug 15 09:58:38 2021] GET /placement/resource_providers?name=n-h2-763928-6 => generated 441 bytes in 13 msecs (HTTP/1.1 200) 6 headers in 224 bytes (1 switches on core 0)
Aug 15 09:58:38.123151 n-d-763928-6 devstack@placement-api.service[95195]: DEBUG placement.requestlog [req-ea84eafb-dae8-4562-a452-e176b710fe12 req-76773e5d-0021-4857-8332-b0031ffe9dec None None] Starting request: 10.222.0.10 "GET /placement/resource_providers/167253a9-d400-4c8d-965a-c954506944b8/aggregates" {{(pid=95195) __call__ /opt/stack/placement/placement/requestlog.py:55}}
Aug 15 09:58:38.136997 n-d-763928-6 devstack@placement-api.service[95195]: INFO placement.requestlog [req-ea84eafb-dae8-4562-a452-e176b710fe12 req-76773e5d-0021-4857-8332-b0031ffe9dec service placement] 10.222.0.10 "GET /placement/resource_providers/167253a9-d400-4c8d-965a-c954506944b8/aggregates" status: 200 len: 54 microversion: 1.19
Aug 15 09:58:38.137388 n-d-763928-6 devstack@placement-api.service[95195]: [pid: 95195|app: 0|req: 35/74] 10.222.0.10 () {60 vars in 1426 bytes} [Sun Aug 15 09:58:38 2021] GET /placement/resource_providers/167253a9-d400-4c8d-965a-c954506944b8/aggregates => generated 54 bytes in 14 msecs (HTTP/1.1 200) 8 headers in 295 bytes (1 switches on core 0)
Aug 15 09:58:38.144526 n-d-763928-6 devstack@placement-api.service[95196]: DEBUG placement.requestlog [req-ea84eafb-dae8-4562-a452-e176b710fe12 req-a20de702-dbe4-47e2-b5fa-feaa4ed14a64 None None] Starting request: 10.222.0.10 "PUT /placement/resource_providers/167253a9-d400-4c8d-965a-c954506944b8/aggregates" {{(pid=95196) __call__ /opt/stack/placement/placement/requestlog.py:55}}
Aug 15 09:58:38.159285 n-d-763928-6 devstack@placement-api.service[95196]: DEBUG placement.objects.resource_provider [req-ea84eafb-dae8-4562-a452-e176b710fe12 req-a20de702-dbe4-47e2-b5fa-feaa4ed14a64 service placement] _ensure_aggregate() did not find aggregate dd6e8241-bf0d-4605-b3dc-8821f929e2a0. Attempting to create it. {{(pid=95196) _ensure_aggregate /opt/stack/placement/placement/objects/resource_provider.py:320}}
Aug 15 09:58:38.160569 n-d-763928-6 devstack@placement-api.service[95196]: DEBUG placement.objects.resource_provider [req-ea84eafb-dae8-4562-a452-e176b710fe12 req-a20de702-dbe4-47e2-b5fa-feaa4ed14a64 service placement] _ensure_aggregate() created new aggregate dd6e8241-bf0d-4605-b3dc-8821f929e2a0 (id=4). {{(pid=95196) _ensure_aggregate /opt/stack/placement/placement/objects/resource_provider.py:326}}
Aug 15 09:58:38.161870 n-d-763928-6 devstack@placement-api.service[95196]: DEBUG placement.objects.resource_provider [req-ea84eafb-dae8-4562-a452-e176b710fe12 req-a20de702-dbe4-47e2-b5fa-feaa4ed14a64 service placement] Setting aggregates for provider 167253a9-d400-4c8d-965a-c954506944b8. Successfully associated aggregate dd6e8241-bf0d-4605-b3dc-8821f929e2a0. {{(pid=95196) _set_aggregates /opt/stack/placement/placement/objects/resource_provider.py:388}}
Aug 15 09:58:38.167490 n-d-763928-6 devstack@placement-api.service[95196]: INFO placement.requestlog [req-ea84eafb-dae8-4562-a452-e176b710fe12 req-a20de702-dbe4-47e2-b5fa-feaa4ed14a64 service placement] 10.222.0.10 "PUT /placement/resource_providers/167253a9-d400-4c8d-965a-c954506944b8/aggregates" status: 200 len: 92 microversion: 1.19
Aug 15 09:58:38.168105 n-d-763928-6 devstack@placement-api.service[95196]: [pid: 95196|app: 0|req: 40/75] 10.222.0.10 () {64 vars in 1478 bytes} [Sun Aug 15 09:58:38 2021] PUT /placement/resource_providers/167253a9-d400-4c8d-965a-c954506944b8/aggregates => generated 92 bytes in 24 msecs (HTTP/1.1 200) 8 headers in 295 bytes (2 switches on core 0)
Aug 15 09:58:38.316379 n-d-763928-6 devstack@placement-api.service[95195]: DEBUG placement.requestlog [None req-effa19f6-33e2-48a5-b92a-ccf207985374 None None] Starting request: 10.222.0.10 "GET /placement/" {{(pid=95195) __call__ /opt/stack/placement/placement/requestlog.py:55}}
Aug 15 09:58:38.317399 n-d-763928-6 devstack@placement-api.service[95195]: INFO placement.requestlog [None req-effa19f6-33e2-48a5-b92a-ccf207985374 None None] 10.222.0.10 "GET /placement/" status: 200 len: 136 microversion: 1.0
Aug 15 09:58:38.317587 n-d-763928-6 devstack@placement-api.service[95195]: [pid: 95195|app: 0|req: 36/76] 10.222.0.10 () {54 vars in 907 bytes} [Sun Aug 15 09:58:38 2021] GET /placement => generated 136 bytes in 1 msecs (HTTP/1.1 200) 6 headers in 224 bytes (1 switches on core 0)
Aug 15 09:58:38.328661 n-d-763928-6 devstack@placement-api.service[95196]: DEBUG placement.requestlog [req-061c3d6d-c3bf-41a1-a209-e81fea88ba09 req-40fdd8be-dc90-4d77-9e54-6cf7263083c6 None None] Starting request: 10.222.0.10 "GET /placement/resource_providers?name=n-h2-763928-6" {{(pid=95196) __call__ /opt/stack/placement/placement/requestlog.py:55}}
Aug 15 09:58:38.394295 n-d-763928-6 devstack@placement-api.service[95196]: INFO placement.requestlog [req-061c3d6d-c3bf-41a1-a209-e81fea88ba09 req-40fdd8be-dc90-4d77-9e54-6cf7263083c6 service placement] 10.222.0.10 "GET /placement/resource_providers?name=n-h2-763928-6" status: 200 len: 441 microversion: 1.0
Aug 15 09:58:38.394503 n-d-763928-6 devstack@placement-api.service[95196]: [pid: 95196|app: 0|req: 41/77] 10.222.0.10 () {58 vars in 1275 bytes} [Sun Aug 15 09:58:38 2021] GET /placement/resource_providers?name=n-h2-763928-6 => generated 441 bytes in 66 msecs (HTTP/1.1 200) 6 headers in 224 bytes (2 switches on core 0)
Aug 15 09:58:38.401083 n-d-763928-6 devstack@placement-api.service[95195]: DEBUG placement.requestlog [req-061c3d6d-c3bf-41a1-a209-e81fea88ba09 req-3ff29eeb-aea8-4d01-9895-52892e585924 None None] Starting request: 10.222.0.10 "GET /placement/resource_providers/167253a9-d400-4c8d-965a-c954506944b8/aggregates" {{(pid=95195) __call__ /opt/stack/placement/placement/requestlog.py:55}}
Aug 15 09:58:38.419455 n-d-763928-6 devstack@placement-api.service[95195]: INFO placement.requestlog [req-061c3d6d-c3bf-41a1-a209-e81fea88ba09 req-3ff29eeb-aea8-4d01-9895-52892e585924 service placement] 10.222.0.10 "GET /placement/resource_providers/167253a9-d400-4c8d-965a-c954506944b8/aggregates" status: 200 len: 92 microversion: 1.19
Aug 15 09:58:38.420301 n-d-763928-6 devstack@placement-api.service[95195]: [pid: 95195|app: 0|req: 37/78] 10.222.0.10 () {60 vars in 1426 bytes} [Sun Aug 15 09:58:38 2021] GET /placement/resource_providers/167253a9-d400-4c8d-965a-c954506944b8/aggregates => generated 92 bytes in 19 msecs (HTTP/1.1 200) 8 headers in 295 bytes (2 switches on core 0)
Aug 15 09:58:38.428560 n-d-763928-6 devstack@placement-api.service[95196]: DEBUG placement.requestlog [req-061c3d6d-c3bf-41a1-a209-e81fea88ba09 req-d04e1884-856f-4880-bc1f-e458f913f287 None None] Starting request: 10.222.0.10 "PUT /placement/resource_providers/167253a9-d400-4c8d-965a-c954506944b8/aggregates" {{(pid=95196) __call__ /opt/stack/placement/placement/requestlog.py:55}}
Aug 15 09:58:38.444658 n-d-763928-6 devstack@placement-api.service[95196]: DEBUG placement.objects.resource_provider [req-061c3d6d-c3bf-41a1-a209-e81fea88ba09 req-d04e1884-856f-4880-bc1f-e458f913f287 service placement] Setting aggregates for provider 167253a9-d400-4c8d-965a-c954506944b8. Successfully disassociated aggregate dd6e8241-bf0d-4605-b3dc-8821f929e2a0. {{(pid=95196) _set_aggregates /opt/stack/placement/placement/objects/resource_provider.py:403}}
Aug 15 09:58:38.450533 n-d-763928-6 devstack@placement-api.service[95196]: INFO placement.requestlog [req-061c3d6d-c3bf-41a1-a209-e81fea88ba09 req-d04e1884-856f-4880-bc1f-e458f913f287 service placement] 10.222.0.10 "PUT /placement/resource_providers/167253a9-d400-4c8d-965a-c954506944b8/aggregates" status: 200 len: 54 microversion: 1.19
Aug 15 09:58:38.450922 n-d-763928-6 devstack@placement-api.service[95196]: [pid: 95196|app: 0|req: 42/79] 10.222.0.10 () {64 vars in 1478 bytes} [Sun Aug 15 09:58:38 2021] PUT /placement/resource_providers/167253a9-d400-4c8d-965a-c954506944b8/aggregates => generated 54 bytes in 22 msecs (HTTP/1.1 200) 8 headers in 295 bytes (1 switches on core 0)
Aug 15 09:58:39.115926 n-d-763928-6 devstack@placement-api.service[95195]: DEBUG placement.requestlog [req-d119b470-3519-4bf2-8b0c-aeb0ac053a9f req-77c188e8-9479-45f2-aeda-0684fd3ff194 None None] Starting request: 10.222.0.10 "GET /placement/resource_providers?name=n-h2-763928-6" {{(pid=95195) __call__ /opt/stack/placement/placement/requestlog.py:55}}
Aug 15 09:58:39.128624 n-d-763928-6 devstack@placement-api.service[95195]: INFO placement.requestlog [req-d119b470-3519-4bf2-8b0c-aeb0ac053a9f req-77c188e8-9479-45f2-aeda-0684fd3ff194 service placement] 10.222.0.10 "GET /placement/resource_providers?name=n-h2-763928-6" status: 200 len: 441 microversion: 1.0
Aug 15 09:58:39.132819 n-d-763928-6 devstack@placement-api.service[95195]: [pid: 95195|app: 0|req: 38/80] 10.222.0.10 () {58 vars in 1275 bytes} [Sun Aug 15 09:58:39 2021] GET /placement/resource_providers?name=n-h2-763928-6 => generated 441 bytes in 17 msecs (HTTP/1.1 200) 6 headers in 224 bytes (1 switches on core 0)
Aug 15 09:58:39.137075 n-d-763928-6 devstack@placement-api.service[95196]: DEBUG placement.requestlog [req-d119b470-3519-4bf2-8b0c-aeb0ac053a9f req-94e16de0-2c9e-4ca5-884f-3ca78286ae80 None None] Starting request: 10.222.0.10 "GET /placement/resource_providers/167253a9-d400-4c8d-965a-c954506944b8/aggregates" {{(pid=95196) __call__ /opt/stack/placement/placement/requestlog.py:55}}
Aug 15 09:58:39.162518 n-d-763928-6 devstack@placement-api.service[95196]: INFO placement.requestlog [req-d119b470-3519-4bf2-8b0c-aeb0ac053a9f req-94e16de0-2c9e-4ca5-884f-3ca78286ae80 service placement] 10.222.0.10 "GET /placement/resource_providers/167253a9-d400-4c8d-965a-c954506944b8/aggregates" status: 200 len: 54 microversion: 1.19
Aug 15 09:58:39.163314 n-d-763928-6 devstack@placement-api.service[95196]: [pid: 95196|app: 0|req: 43/81] 10.222.0.10 () {60 vars in 1426 bytes} [Sun Aug 15 09:58:39 2021] GET /placement/resource_providers/167253a9-d400-4c8d-965a-c954506944b8/aggregates => generated 54 bytes in 27 msecs (HTTP/1.1 200) 8 headers in 295 bytes (1 switches on core 0)
Aug 15 09:58:39.171849 n-d-763928-6 devstack@placement-api.service[95195]: DEBUG placement.requestlog [req-d119b470-3519-4bf2-8b0c-aeb0ac053a9f req-1ce41ac2-8e56-4ca4-9f87-42c525dada4d None None] Starting request: 10.222.0.10 "PUT /placement/resource_providers/167253a9-d400-4c8d-965a-c954506944b8/aggregates" {{(pid=95195) __call__ /opt/stack/placement/placement/requestlog.py:55}}
Aug 15 09:58:39.199792 n-d-763928-6 devstack@placement-api.service[95195]: DEBUG placement.objects.resource_provider [req-d119b470-3519-4bf2-8b0c-aeb0ac053a9f req-1ce41ac2-8e56-4ca4-9f87-42c525dada4d service placement] _ensure_aggregate() did not find aggregate 4b3ed350-6c47-4dc2-a7dd-fda2a3927476. Attempting to create it. {{(pid=95195) _ensure_aggregate /opt/stack/placement/placement/objects/resource_provider.py:320}}
Aug 15 09:58:39.201849 n-d-763928-6 devstack@placement-api.service[95195]: DEBUG placement.objects.resource_provider [req-d119b470-3519-4bf2-8b0c-aeb0ac053a9f req-1ce41ac2-8e56-4ca4-9f87-42c525dada4d service placement] _ensure_aggregate() created new aggregate 4b3ed350-6c47-4dc2-a7dd-fda2a3927476 (id=5). {{(pid=95195) _ensure_aggregate /opt/stack/placement/placement/objects/resource_provider.py:326}}
Aug 15 09:58:39.203750 n-d-763928-6 devstack@placement-api.service[95195]: DEBUG placement.objects.resource_provider [req-d119b470-3519-4bf2-8b0c-aeb0ac053a9f req-1ce41ac2-8e56-4ca4-9f87-42c525dada4d service placement] Setting aggregates for provider 167253a9-d400-4c8d-965a-c954506944b8. Successfully associated aggregate 4b3ed350-6c47-4dc2-a7dd-fda2a3927476. {{(pid=95195) _set_aggregates /opt/stack/placement/placement/objects/resource_provider.py:388}}
Aug 15 09:58:39.212312 n-d-763928-6 devstack@placement-api.service[95195]: INFO placement.requestlog [req-d119b470-3519-4bf2-8b0c-aeb0ac053a9f req-1ce41ac2-8e56-4ca4-9f87-42c525dada4d service placement] 10.222.0.10 "PUT /placement/resource_providers/167253a9-d400-4c8d-965a-c954506944b8/aggregates" status: 200 len: 92 microversion: 1.19
Aug 15 09:58:39.212791 n-d-763928-6 devstack@placement-api.service[95195]: [pid: 95195|app: 0|req: 39/82] 10.222.0.10 () {64 vars in 1478 bytes} [Sun Aug 15 09:58:39 2021] PUT /placement/resource_providers/167253a9-d400-4c8d-965a-c954506944b8/aggregates => generated 92 bytes in 42 msecs (HTTP/1.1 200) 8 headers in 295 bytes (1 switches on core 0)
Aug 15 09:58:39.677348 n-d-763928-6 devstack@placement-api.service[95196]: DEBUG placement.requestlog [req-d19b889f-9fb8-44c1-b99e-41630a5ed91c req-497542ce-b4c5-425a-ad2c-ed5819c284b8 None None] Starting request: 10.222.0.10 "GET /placement/resource_providers?name=n-h2-763928-6" {{(pid=95196) __call__ /opt/stack/placement/placement/requestlog.py:55}}
Aug 15 09:58:39.690691 n-d-763928-6 devstack@placement-api.service[95196]: INFO placement.requestlog [req-d19b889f-9fb8-44c1-b99e-41630a5ed91c req-497542ce-b4c5-425a-ad2c-ed5819c284b8 service placement] 10.222.0.10 "GET /placement/resource_providers?name=n-h2-763928-6" status: 200 len: 441 microversion: 1.0
Aug 15 09:58:39.691231 n-d-763928-6 devstack@placement-api.service[95196]: [pid: 95196|app: 0|req: 44/83] 10.222.0.10 () {58 vars in 1275 bytes} [Sun Aug 15 09:58:39 2021] GET /placement/resource_providers?name=n-h2-763928-6 => generated 441 bytes in 14 msecs (HTTP/1.1 200) 6 headers in 224 bytes (1 switches on core 0)
Aug 15 09:58:39.699259 n-d-763928-6 devstack@placement-api.service[95195]: DEBUG placement.requestlog [req-d19b889f-9fb8-44c1-b99e-41630a5ed91c req-23132364-0498-41a7-8f72-1eb915e77530 None None] Starting request: 10.222.0.10 "GET /placement/resource_providers/167253a9-d400-4c8d-965a-c954506944b8/aggregates" {{(pid=95195) __call__ /opt/stack/placement/placement/requestlog.py:55}}
Aug 15 09:58:39.716360 n-d-763928-6 devstack@placement-api.service[95195]: INFO placement.requestlog [req-d19b889f-9fb8-44c1-b99e-41630a5ed91c req-23132364-0498-41a7-8f72-1eb915e77530 service placement] 10.222.0.10 "GET /placement/resource_providers/167253a9-d400-4c8d-965a-c954506944b8/aggregates" status: 200 len: 92 microversion: 1.19
Aug 15 09:58:39.716866 n-d-763928-6 devstack@placement-api.service[95195]: [pid: 95195|app: 0|req: 40/84] 10.222.0.10 () {60 vars in 1426 bytes} [Sun Aug 15 09:58:39 2021] GET /placement/resource_providers/167253a9-d400-4c8d-965a-c954506944b8/aggregates => generated 92 bytes in 18 msecs (HTTP/1.1 200) 8 headers in 295 bytes (1 switches on core 0)
Aug 15 09:58:39.725063 n-d-763928-6 devstack@placement-api.service[95196]: DEBUG placement.requestlog [req-d19b889f-9fb8-44c1-b99e-41630a5ed91c req-4cae90df-de4e-4230-a62b-0f713dadc5c5 None None] Starting request: 10.222.0.10 "PUT /placement/resource_providers/167253a9-d400-4c8d-965a-c954506944b8/aggregates" {{(pid=95196) __call__ /opt/stack/placement/placement/requestlog.py:55}}
Aug 15 09:58:39.742628 n-d-763928-6 devstack@placement-api.service[95196]: DEBUG placement.objects.resource_provider [req-d19b889f-9fb8-44c1-b99e-41630a5ed91c req-4cae90df-de4e-4230-a62b-0f713dadc5c5 service placement] Setting aggregates for provider 167253a9-d400-4c8d-965a-c954506944b8. Successfully disassociated aggregate 4b3ed350-6c47-4dc2-a7dd-fda2a3927476. {{(pid=95196) _set_aggregates /opt/stack/placement/placement/objects/resource_provider.py:403}}
Aug 15 09:58:39.752509 n-d-763928-6 devstack@placement-api.service[95196]: INFO placement.requestlog [req-d19b889f-9fb8-44c1-b99e-41630a5ed91c req-4cae90df-de4e-4230-a62b-0f713dadc5c5 service placement] 10.222.0.10 "PUT /placement/resource_providers/167253a9-d400-4c8d-965a-c954506944b8/aggregates" status: 200 len: 54 microversion: 1.19
Aug 15 09:58:39.754697 n-d-763928-6 devstack@placement-api.service[95196]: [pid: 95196|app: 0|req: 45/85] 10.222.0.10 () {64 vars in 1478 bytes} [Sun Aug 15 09:58:39 2021] PUT /placement/resource_providers/167253a9-d400-4c8d-965a-c954506944b8/aggregates => generated 54 bytes in 30 msecs (HTTP/1.1 200) 8 headers in 295 bytes (1 switches on core 0)
Aug 15 09:58:40.331104 n-d-763928-6 devstack@placement-api.service[95195]: DEBUG placement.requestlog [req-587b52a1-a7d4-4745-a36a-ef15abc4d8cc req-954cfa8d-bfce-4878-9701-2f5cd2c274dd None None] Starting request: 10.222.0.10 "GET /placement/resource_providers?name=n-h2-763928-6" {{(pid=95195) __call__ /opt/stack/placement/placement/requestlog.py:55}}
Aug 15 09:58:40.341864 n-d-763928-6 devstack@placement-api.service[95195]: INFO placement.requestlog [req-587b52a1-a7d4-4745-a36a-ef15abc4d8cc req-954cfa8d-bfce-4878-9701-2f5cd2c274dd service placement] 10.222.0.10 "GET /placement/resource_providers?name=n-h2-763928-6" status: 200 len: 441 microversion: 1.0
Aug 15 09:58:40.342426 n-d-763928-6 devstack@placement-api.service[95195]: [pid: 95195|app: 0|req: 41/86] 10.222.0.10 () {58 vars in 1275 bytes} [Sun Aug 15 09:58:40 2021] GET /placement/resource_providers?name=n-h2-763928-6 => generated 441 bytes in 12 msecs (HTTP/1.1 200) 6 headers in 224 bytes (1 switches on core 0)
Aug 15 09:58:40.350839 n-d-763928-6 devstack@placement-api.service[95196]: DEBUG placement.requestlog [req-587b52a1-a7d4-4745-a36a-ef15abc4d8cc req-5704ac2a-89cf-497b-a04f-f0e71dddd26c None None] Starting request: 10.222.0.10 "GET /placement/resource_providers/167253a9-d400-4c8d-965a-c954506944b8/aggregates" {{(pid=95196) __call__ /opt/stack/placement/placement/requestlog.py:55}}
Aug 15 09:58:40.369542 n-d-763928-6 devstack@placement-api.service[95196]: INFO placement.requestlog [req-587b52a1-a7d4-4745-a36a-ef15abc4d8cc req-5704ac2a-89cf-497b-a04f-f0e71dddd26c service placement] 10.222.0.10 "GET /placement/resource_providers/167253a9-d400-4c8d-965a-c954506944b8/aggregates" status: 200 len: 54 microversion: 1.19
Aug 15 09:58:40.370086 n-d-763928-6 devstack@placement-api.service[95196]: [pid: 95196|app: 0|req: 46/87] 10.222.0.10 () {60 vars in 1426 bytes} [Sun Aug 15 09:58:40 2021] GET /placement/resource_providers/167253a9-d400-4c8d-965a-c954506944b8/aggregates => generated 54 bytes in 20 msecs (HTTP/1.1 200) 8 headers in 295 bytes (1 switches on core 0)
Aug 15 09:58:40.379890 n-d-763928-6 devstack@placement-api.service[95195]: DEBUG placement.requestlog [req-587b52a1-a7d4-4745-a36a-ef15abc4d8cc req-e53ecd96-efcd-486a-b334-7e5084af1261 None None] Starting request: 10.222.0.10 "PUT /placement/resource_providers/167253a9-d400-4c8d-965a-c954506944b8/aggregates" {{(pid=95195) __call__ /opt/stack/placement/placement/requestlog.py:55}}
Aug 15 09:58:40.401546 n-d-763928-6 devstack@placement-api.service[95195]: DEBUG placement.objects.resource_provider [req-587b52a1-a7d4-4745-a36a-ef15abc4d8cc req-e53ecd96-efcd-486a-b334-7e5084af1261 service placement] _ensure_aggregate() did not find aggregate 982fc186-912e-40a6-9046-6384667e3158. Attempting to create it. {{(pid=95195) _ensure_aggregate /opt/stack/placement/placement/objects/resource_provider.py:320}}
Aug 15 09:58:40.402912 n-d-763928-6 devstack@placement-api.service[95195]: DEBUG placement.objects.resource_provider [req-587b52a1-a7d4-4745-a36a-ef15abc4d8cc req-e53ecd96-efcd-486a-b334-7e5084af1261 service placement] _ensure_aggregate() created new aggregate 982fc186-912e-40a6-9046-6384667e3158 (id=6). {{(pid=95195) _ensure_aggregate /opt/stack/placement/placement/objects/resource_provider.py:326}}
Aug 15 09:58:40.404725 n-d-763928-6 devstack@placement-api.service[95195]: DEBUG placement.objects.resource_provider [req-587b52a1-a7d4-4745-a36a-ef15abc4d8cc req-e53ecd96-efcd-486a-b334-7e5084af1261 service placement] Setting aggregates for provider 167253a9-d400-4c8d-965a-c954506944b8. Successfully associated aggregate 982fc186-912e-40a6-9046-6384667e3158. {{(pid=95195) _set_aggregates /opt/stack/placement/placement/objects/resource_provider.py:388}}
Aug 15 09:58:40.410555 n-d-763928-6 devstack@placement-api.service[95195]: INFO placement.requestlog [req-587b52a1-a7d4-4745-a36a-ef15abc4d8cc req-e53ecd96-efcd-486a-b334-7e5084af1261 service placement] 10.222.0.10 "PUT /placement/resource_providers/167253a9-d400-4c8d-965a-c954506944b8/aggregates" status: 200 len: 92 microversion: 1.19
Aug 15 09:58:40.411220 n-d-763928-6 devstack@placement-api.service[95195]: [pid: 95195|app: 0|req: 42/88] 10.222.0.10 () {64 vars in 1478 bytes} [Sun Aug 15 09:58:40 2021] PUT /placement/resource_providers/167253a9-d400-4c8d-965a-c954506944b8/aggregates => generated 92 bytes in 32 msecs (HTTP/1.1 200) 8 headers in 295 bytes (1 switches on core 0)
Aug 15 09:58:40.487599 n-d-763928-6 devstack@placement-api.service[95196]: DEBUG placement.requestlog [req-bc1ba5b2-c912-4727-81a8-1ff86ffccb12 req-db0391e8-72db-4d79-8b27-0d4f1f635748 None None] Starting request: 10.222.0.10 "GET /placement/resource_providers?name=n-h2-763928-6" {{(pid=95196) __call__ /opt/stack/placement/placement/requestlog.py:55}}
Aug 15 09:58:40.506857 n-d-763928-6 devstack@placement-api.service[95196]: INFO placement.requestlog [req-bc1ba5b2-c912-4727-81a8-1ff86ffccb12 req-db0391e8-72db-4d79-8b27-0d4f1f635748 service placement] 10.222.0.10 "GET /placement/resource_providers?name=n-h2-763928-6" status: 200 len: 441 microversion: 1.0
Aug 15 09:58:40.507089 n-d-763928-6 devstack@placement-api.service[95196]: [pid: 95196|app: 0|req: 47/89] 10.222.0.10 () {58 vars in 1275 bytes} [Sun Aug 15 09:58:40 2021] GET /placement/resource_providers?name=n-h2-763928-6 => generated 441 bytes in 20 msecs (HTTP/1.1 200) 6 headers in 224 bytes (1 switches on core 0)
Aug 15 09:58:40.514228 n-d-763928-6 devstack@placement-api.service[95195]: DEBUG placement.requestlog [req-bc1ba5b2-c912-4727-81a8-1ff86ffccb12 req-4e8dcdb4-15fb-499c-bee3-fb69e89acda8 None None] Starting request: 10.222.0.10 "GET /placement/resource_providers/167253a9-d400-4c8d-965a-c954506944b8/aggregates" {{(pid=95195) __call__ /opt/stack/placement/placement/requestlog.py:55}}
Aug 15 09:58:40.527489 n-d-763928-6 devstack@placement-api.service[95195]: INFO placement.requestlog [req-bc1ba5b2-c912-4727-81a8-1ff86ffccb12 req-4e8dcdb4-15fb-499c-bee3-fb69e89acda8 service placement] 10.222.0.10 "GET /placement/resource_providers/167253a9-d400-4c8d-965a-c954506944b8/aggregates" status: 200 len: 92 microversion: 1.19
Aug 15 09:58:40.527718 n-d-763928-6 devstack@placement-api.service[95195]: [pid: 95195|app: 0|req: 43/90] 10.222.0.10 () {60 vars in 1426 bytes} [Sun Aug 15 09:58:40 2021] GET /placement/resource_providers/167253a9-d400-4c8d-965a-c954506944b8/aggregates => generated 92 bytes in 14 msecs (HTTP/1.1 200) 8 headers in 295 bytes (1 switches on core 0)
Aug 15 09:58:40.534634 n-d-763928-6 devstack@placement-api.service[95196]: DEBUG placement.requestlog [req-bc1ba5b2-c912-4727-81a8-1ff86ffccb12 req-b2cd80ea-783c-4ab6-a791-46792bc322da None None] Starting request: 10.222.0.10 "PUT /placement/resource_providers/167253a9-d400-4c8d-965a-c954506944b8/aggregates" {{(pid=95196) __call__ /opt/stack/placement/placement/requestlog.py:55}}
Aug 15 09:58:40.551779 n-d-763928-6 devstack@placement-api.service[95196]: DEBUG placement.objects.resource_provider [req-bc1ba5b2-c912-4727-81a8-1ff86ffccb12 req-b2cd80ea-783c-4ab6-a791-46792bc322da service placement] Setting aggregates for provider 167253a9-d400-4c8d-965a-c954506944b8. Successfully disassociated aggregate 982fc186-912e-40a6-9046-6384667e3158. {{(pid=95196) _set_aggregates /opt/stack/placement/placement/objects/resource_provider.py:403}}
Aug 15 09:58:40.558292 n-d-763928-6 devstack@placement-api.service[95196]: INFO placement.requestlog [req-bc1ba5b2-c912-4727-81a8-1ff86ffccb12 req-b2cd80ea-783c-4ab6-a791-46792bc322da service placement] 10.222.0.10 "PUT /placement/resource_providers/167253a9-d400-4c8d-965a-c954506944b8/aggregates" status: 200 len: 54 microversion: 1.19
Aug 15 09:58:40.558703 n-d-763928-6 devstack@placement-api.service[95196]: [pid: 95196|app: 0|req: 48/91] 10.222.0.10 () {64 vars in 1478 bytes} [Sun Aug 15 09:58:40 2021] PUT /placement/resource_providers/167253a9-d400-4c8d-965a-c954506944b8/aggregates => generated 54 bytes in 24 msecs (HTTP/1.1 200) 8 headers in 295 bytes (2 switches on core 0)
Aug 15 09:58:43.490100 n-d-763928-6 devstack@placement-api.service[95195]: DEBUG placement.requestlog [req-47113fe4-d9fa-4c89-9fac-ac50e7d0d718 req-48b2b117-a81f-4c31-82f9-c1034b296036 None None] Starting request: 10.222.0.39 "GET /placement/allocations/30189904-c080-4ee8-884b-101e81c8d3b5" {{(pid=95195) __call__ /opt/stack/placement/placement/requestlog.py:55}}
Aug 15 09:58:43.518910 n-d-763928-6 devstack@placement-api.service[95195]: INFO placement.requestlog [req-47113fe4-d9fa-4c89-9fac-ac50e7d0d718 req-48b2b117-a81f-4c31-82f9-c1034b296036 service placement] 10.222.0.39 "GET /placement/allocations/30189904-c080-4ee8-884b-101e81c8d3b5" status: 200 len: 258 microversion: 1.28
Aug 15 09:58:43.521974 n-d-763928-6 devstack@placement-api.service[95195]: [pid: 95195|app: 0|req: 44/92] 10.222.0.39 () {60 vars in 1378 bytes} [Sun Aug 15 09:58:43 2021] GET /placement/allocations/30189904-c080-4ee8-884b-101e81c8d3b5 => generated 258 bytes in 32 msecs (HTTP/1.1 200) 8 headers in 296 bytes (1 switches on core 0)
Aug 15 09:58:43.532470 n-d-763928-6 devstack@placement-api.service[95196]: DEBUG placement.requestlog [req-47113fe4-d9fa-4c89-9fac-ac50e7d0d718 req-d24492c8-11dd-4976-abb1-fd27dab1090f None None] Starting request: 10.222.0.39 "PUT /placement/allocations/30189904-c080-4ee8-884b-101e81c8d3b5" {{(pid=95196) __call__ /opt/stack/placement/placement/requestlog.py:55}}
Aug 15 09:58:43.610451 n-d-763928-6 devstack@placement-api.service[95195]: DEBUG placement.requestlog [None req-779ea04d-0aa7-48c5-b497-5e0309960614 None None] Starting request: 10.222.0.10 "GET /placement/" {{(pid=95195) __call__ /opt/stack/placement/placement/requestlog.py:55}}
Aug 15 09:58:43.611561 n-d-763928-6 devstack@placement-api.service[95195]: INFO placement.requestlog [None req-779ea04d-0aa7-48c5-b497-5e0309960614 None None] 10.222.0.10 "GET /placement/" status: 200 len: 136 microversion: 1.0
Aug 15 09:58:43.611846 n-d-763928-6 devstack@placement-api.service[95195]: [pid: 95195|app: 0|req: 45/93] 10.222.0.10 () {54 vars in 916 bytes} [Sun Aug 15 09:58:43 2021] GET /placement => generated 136 bytes in 2 msecs (HTTP/1.1 200) 6 headers in 224 bytes (1 switches on core 0)
Aug 15 09:58:43.623937 n-d-763928-6 devstack@placement-api.service[95195]: DEBUG placement.requestlog [req-f90fa41b-1fc2-44b7-833e-8e11408d91e5 req-5ef97567-1ac3-40c5-915e-fee34ec06c40 None None] Starting request: 10.222.0.10 "GET /placement/allocations/23b67ac2-196f-436e-a6a0-39f79e360b1b" {{(pid=95195) __call__ /opt/stack/placement/placement/requestlog.py:55}}
Aug 15 09:58:43.661823 n-d-763928-6 devstack@placement-api.service[95196]: DEBUG placement.handlers.allocation [req-47113fe4-d9fa-4c89-9fac-ac50e7d0d718 req-d24492c8-11dd-4976-abb1-fd27dab1090f service placement] Successfully wrote allocations [, , ] {{(pid=95196) _create_allocations /opt/stack/placement/placement/handlers/allocation.py:435}}
Aug 15 09:58:43.662703 n-d-763928-6 devstack@placement-api.service[95196]: INFO placement.requestlog [req-47113fe4-d9fa-4c89-9fac-ac50e7d0d718 req-d24492c8-11dd-4976-abb1-fd27dab1090f service placement] 10.222.0.39 "PUT /placement/allocations/30189904-c080-4ee8-884b-101e81c8d3b5" status: 204 len: 0 microversion: 1.28
Aug 15 09:58:43.663054 n-d-763928-6 devstack@placement-api.service[95196]: [pid: 95196|app: 0|req: 49/94] 10.222.0.39 () {64 vars in 1431 bytes} [Sun Aug 15 09:58:43 2021] PUT /placement/allocations/30189904-c080-4ee8-884b-101e81c8d3b5 => generated 0 bytes in 131 msecs (HTTP/1.1 204) 5 headers in 199 bytes (1 switches on core 0)
Aug 15 09:58:43.882848 n-d-763928-6 devstack@placement-api.service[95195]: INFO placement.requestlog [req-f90fa41b-1fc2-44b7-833e-8e11408d91e5 req-5ef97567-1ac3-40c5-915e-fee34ec06c40 service placement] 10.222.0.10 "GET /placement/allocations/23b67ac2-196f-436e-a6a0-39f79e360b1b" status: 200 len: 258 microversion: 1.28
Aug 15 09:58:43.884185 n-d-763928-6 devstack@placement-api.service[95195]: [pid: 95195|app: 0|req: 46/95] 10.222.0.10 () {60 vars in 1381 bytes} [Sun Aug 15 09:58:43 2021] GET /placement/allocations/23b67ac2-196f-436e-a6a0-39f79e360b1b => generated 258 bytes in 260 msecs (HTTP/1.1 200) 8 headers in 296 bytes (1 switches on core 0)
Aug 15 09:58:43.902653 n-d-763928-6 devstack@placement-api.service[95196]: DEBUG placement.requestlog [req-f90fa41b-1fc2-44b7-833e-8e11408d91e5 req-c77de077-c9ca-41a5-9149-82424e556bfe None None] Starting request: 10.222.0.10 "GET /placement/allocations/23b67ac2-196f-436e-a6a0-39f79e360b1b" {{(pid=95196) __call__ /opt/stack/placement/placement/requestlog.py:55}}
Aug 15 09:58:43.942972 n-d-763928-6 devstack@placement-api.service[95196]: INFO placement.requestlog [req-f90fa41b-1fc2-44b7-833e-8e11408d91e5 req-c77de077-c9ca-41a5-9149-82424e556bfe service placement] 10.222.0.10 "GET /placement/allocations/23b67ac2-196f-436e-a6a0-39f79e360b1b" status: 200 len: 258 microversion: 1.28
Aug 15 09:58:43.943278 n-d-763928-6 devstack@placement-api.service[95196]: [pid: 95196|app: 0|req: 50/96] 10.222.0.10 () {60 vars in 1381 bytes} [Sun Aug 15 09:58:43 2021] GET /placement/allocations/23b67ac2-196f-436e-a6a0-39f79e360b1b => generated 258 bytes in 41 msecs (HTTP/1.1 200) 8 headers in 296 bytes (1 switches on core 0)
Aug 15 09:58:43.950042 n-d-763928-6 devstack@placement-api.service[95195]: DEBUG placement.requestlog [req-f90fa41b-1fc2-44b7-833e-8e11408d91e5 req-adb00768-227a-40a4-b7b7-b45b570bdeb2 None None] Starting request: 10.222.0.10 "GET /placement/allocations/c426d784-9cf6-4ec3-ae76-e17b1f97d3f5" {{(pid=95195) __call__ /opt/stack/placement/placement/requestlog.py:55}}
Aug 15 09:58:43.967053 n-d-763928-6 devstack@placement-api.service[95195]: INFO placement.requestlog [req-f90fa41b-1fc2-44b7-833e-8e11408d91e5 req-adb00768-227a-40a4-b7b7-b45b570bdeb2 service placement] 10.222.0.10 "GET /placement/allocations/c426d784-9cf6-4ec3-ae76-e17b1f97d3f5" status: 200 len: 19 microversion: 1.28
Aug 15 09:58:43.967331 n-d-763928-6 devstack@placement-api.service[95195]: [pid: 95195|app: 0|req: 47/97] 10.222.0.10 () {60 vars in 1381 bytes} [Sun Aug 15 09:58:43 2021] GET /placement/allocations/c426d784-9cf6-4ec3-ae76-e17b1f97d3f5 => generated 19 bytes in 18 msecs (HTTP/1.1 200) 8 headers in 295 bytes (1 switches on core 0)
Aug 15 09:58:43.976037 n-d-763928-6 devstack@placement-api.service[95196]: DEBUG placement.requestlog [req-f90fa41b-1fc2-44b7-833e-8e11408d91e5 req-9c6101cf-c386-4c92-9fa5-73a3ea2b8579 None None] Starting request: 10.222.0.10 "POST /placement/allocations" {{(pid=95196) __call__ /opt/stack/placement/placement/requestlog.py:55}}
Aug 15 09:58:44.126904 n-d-763928-6 devstack@placement-api.service[95196]: DEBUG placement.handlers.allocation [req-f90fa41b-1fc2-44b7-833e-8e11408d91e5 req-9c6101cf-c386-4c92-9fa5-73a3ea2b8579 service placement] Successfully wrote allocations [, , , , , ] {{(pid=95196) _create_allocations /opt/stack/placement/placement/handlers/allocation.py:524}}
Aug 15 09:58:44.127454 n-d-763928-6 devstack@placement-api.service[95196]: INFO placement.requestlog [req-f90fa41b-1fc2-44b7-833e-8e11408d91e5 req-9c6101cf-c386-4c92-9fa5-73a3ea2b8579 service placement] 10.222.0.10 "POST /placement/allocations" status: 204 len: 0 microversion: 1.28
Aug 15 09:58:44.127941 n-d-763928-6 devstack@placement-api.service[95196]: [pid: 95196|app: 0|req: 51/98] 10.222.0.10 () {64 vars in 1324 bytes} [Sun Aug 15 09:58:43 2021] POST /placement/allocations => generated 0 bytes in 152 msecs (HTTP/1.1 204) 5 headers in 199 bytes (1 switches on core 0)
Aug 15 09:58:44.188381 n-d-763928-6 devstack@placement-api.service[95195]: DEBUG placement.requestlog [req-9ad62f3a-40df-4cc5-89b0-dfd8b86023b7 req-a8c0b272-0d64-45d9-9e8f-9de26eb345af None None] Starting request: 10.222.0.10 "GET /placement/resource_providers?name=n-h2-763928-6" {{(pid=95195) __call__ /opt/stack/placement/placement/requestlog.py:55}}
Aug 15 09:58:44.200100 n-d-763928-6 devstack@placement-api.service[95196]: DEBUG placement.requestlog [req-f90fa41b-1fc2-44b7-833e-8e11408d91e5 req-9fe00219-3dea-4df7-a28f-34072cf1f824 None None] Starting request: 10.222.0.10 "GET /placement/allocations/23b67ac2-196f-436e-a6a0-39f79e360b1b" {{(pid=95196) __call__ /opt/stack/placement/placement/requestlog.py:55}}
Aug 15 09:58:44.200517 n-d-763928-6 devstack@placement-api.service[95195]: INFO placement.requestlog [req-9ad62f3a-40df-4cc5-89b0-dfd8b86023b7 req-a8c0b272-0d64-45d9-9e8f-9de26eb345af service placement] 10.222.0.10 "GET /placement/resource_providers?name=n-h2-763928-6" status: 200 len: 441 microversion: 1.0
Aug 15 09:58:44.200764 n-d-763928-6 devstack@placement-api.service[95195]: [pid: 95195|app: 0|req: 48/99] 10.222.0.10 () {58 vars in 1275 bytes} [Sun Aug 15 09:58:44 2021] GET /placement/resource_providers?name=n-h2-763928-6 => generated 441 bytes in 13 msecs (HTTP/1.1 200) 6 headers in 224 bytes (1 switches on core 0)
Aug 15 09:58:44.217543 n-d-763928-6 devstack@placement-api.service[95195]: DEBUG placement.requestlog [req-9ad62f3a-40df-4cc5-89b0-dfd8b86023b7 req-cedc737f-13c5-4cd1-80d0-09eff512259c None None] Starting request: 10.222.0.10 "GET /placement/resource_providers/167253a9-d400-4c8d-965a-c954506944b8/aggregates" {{(pid=95195) __call__ /opt/stack/placement/placement/requestlog.py:55}}
Aug 15 09:58:44.219121 n-d-763928-6 devstack@placement-api.service[95196]: INFO placement.requestlog [req-f90fa41b-1fc2-44b7-833e-8e11408d91e5 req-9fe00219-3dea-4df7-a28f-34072cf1f824 service placement] 10.222.0.10 "GET /placement/allocations/23b67ac2-196f-436e-a6a0-39f79e360b1b" status: 200 len: 19 microversion: 1.28
Aug 15 09:58:44.219631 n-d-763928-6 devstack@placement-api.service[95196]: [pid: 95196|app: 0|req: 52/100] 10.222.0.10 () {60 vars in 1381 bytes} [Sun Aug 15 09:58:44 2021] GET /placement/allocations/23b67ac2-196f-436e-a6a0-39f79e360b1b => generated 19 bytes in 20 msecs (HTTP/1.1 200) 8 headers in 295 bytes (2 switches on core 0)
Aug 15 09:58:44.225513 n-d-763928-6 devstack@placement-api.service[95196]: DEBUG placement.requestlog [req-f90fa41b-1fc2-44b7-833e-8e11408d91e5 req-b763de0f-e384-4d40-b67e-0aef24e4a906 None None] Starting request: 10.222.0.10 "PUT /placement/allocations/23b67ac2-196f-436e-a6a0-39f79e360b1b" {{(pid=95196) __call__ /opt/stack/placement/placement/requestlog.py:55}}
Aug 15 09:58:44.259850 n-d-763928-6 devstack@placement-api.service[95195]: INFO placement.requestlog [req-9ad62f3a-40df-4cc5-89b0-dfd8b86023b7 req-cedc737f-13c5-4cd1-80d0-09eff512259c service placement] 10.222.0.10 "GET /placement/resource_providers/167253a9-d400-4c8d-965a-c954506944b8/aggregates" status: 200 len: 54 microversion: 1.19
Aug 15 09:58:44.260420 n-d-763928-6 devstack@placement-api.service[95195]: [pid: 95195|app: 0|req: 49/101] 10.222.0.10 () {60 vars in 1426 bytes} [Sun Aug 15 09:58:44 2021] GET /placement/resource_providers/167253a9-d400-4c8d-965a-c954506944b8/aggregates => generated 54 bytes in 43 msecs (HTTP/1.1 200) 8 headers in 295 bytes (1 switches on core 0)
Aug 15 09:58:44.268355 n-d-763928-6 devstack@placement-api.service[95195]: DEBUG placement.requestlog [req-9ad62f3a-40df-4cc5-89b0-dfd8b86023b7 req-d2feec07-8611-4bac-87ca-9f60050f603b None None] Starting request: 10.222.0.10 "PUT /placement/resource_providers/167253a9-d400-4c8d-965a-c954506944b8/aggregates" {{(pid=95195) __call__ /opt/stack/placement/placement/requestlog.py:55}}
Aug 15 09:58:44.308758 n-d-763928-6 devstack@placement-api.service[95195]: DEBUG placement.objects.resource_provider [req-9ad62f3a-40df-4cc5-89b0-dfd8b86023b7 req-d2feec07-8611-4bac-87ca-9f60050f603b service placement] _ensure_aggregate() did not find aggregate e80c3f6e-6189-4adc-94c0-15d08884e5fd. Attempting to create it. {{(pid=95195) _ensure_aggregate /opt/stack/placement/placement/objects/resource_provider.py:320}}
