Mar 23 14:33:55.438675 n-d-762330-22 devstack@placement-api.service[104721]: DEBUG placement.objects.research_context [req-f19cad7e-8148-4622-9d32-821bf664a72a req-e91df4a1-8892-4409-9b12-b9330e369e9d service placement] found 2 providers with available 1 DISK_GB {{(pid=104721) get_provider_ids_matching /opt/stack/placement/placement/objects/research_context.py:559}}
Mar 23 14:33:55.439291 n-d-762330-22 devstack@placement-api.service[104721]: DEBUG placement.objects.research_context [req-f19cad7e-8148-4622-9d32-821bf664a72a req-e91df4a1-8892-4409-9b12-b9330e369e9d service placement] found 2 providers with available 512 MEMORY_MB {{(pid=104721) get_provider_ids_matching /opt/stack/placement/placement/objects/research_context.py:559}}
Mar 23 14:33:55.439568 n-d-762330-22 devstack@placement-api.service[104721]: DEBUG placement.objects.research_context [req-f19cad7e-8148-4622-9d32-821bf664a72a req-e91df4a1-8892-4409-9b12-b9330e369e9d service placement] found 2 providers after filtering by previous result {{(pid=104721) get_provider_ids_matching /opt/stack/placement/placement/objects/research_context.py:590}}
Mar 23 14:33:55.439827 n-d-762330-22 devstack@placement-api.service[104721]: DEBUG placement.objects.research_context [req-f19cad7e-8148-4622-9d32-821bf664a72a req-e91df4a1-8892-4409-9b12-b9330e369e9d service placement] found 2 providers with available 1 VCPU {{(pid=104721) get_provider_ids_matching /opt/stack/placement/placement/objects/research_context.py:559}}
Mar 23 14:33:55.440090 n-d-762330-22 devstack@placement-api.service[104721]: DEBUG placement.objects.research_context [req-f19cad7e-8148-4622-9d32-821bf664a72a req-e91df4a1-8892-4409-9b12-b9330e369e9d service placement] found 2 providers after filtering by previous result {{(pid=104721) get_provider_ids_matching /opt/stack/placement/placement/objects/research_context.py:590}}
Mar 23 14:33:55.454749 n-d-762330-22 devstack@placement-api.service[104721]: DEBUG placement.objects.allocation_candidate [req-f19cad7e-8148-4622-9d32-821bf664a72a req-e91df4a1-8892-4409-9b12-b9330e369e9d service placement] RequestGroup(use_same_provider=False, resources={DISK_GB:1, MEMORY_MB:512, VCPU:1}, traits=(), aggregates=[]) (suffix '') returned 2 matches {{(pid=104721) _get_by_requests /opt/stack/placement/placement/objects/allocation_candidate.py:156}}
Mar 23 14:33:55.455187 n-d-762330-22 devstack@placement-api.service[104721]: DEBUG placement.objects.allocation_candidate [req-f19cad7e-8148-4622-9d32-821bf664a72a req-e91df4a1-8892-4409-9b12-b9330e369e9d service placement] Merging candidates yields 2 allocation requests and 2 provider summaries {{(pid=104721) _merge_candidates /opt/stack/placement/placement/objects/allocation_candidate.py:809}}
Mar 23 14:33:55.456758 n-d-762330-22 devstack@placement-api.service[104721]: INFO placement.requestlog [req-f19cad7e-8148-4622-9d32-821bf664a72a req-e91df4a1-8892-4409-9b12-b9330e369e9d service placement] 10.222.0.59 "GET /placement/allocation_candidates?limit=1000&resources=DISK_GB%3A1%2CMEMORY_MB%3A512%2CVCPU%3A1&root_required=%21COMPUTE_STATUS_DISABLED" status: 200 len: 1307 microversion: 1.36
Mar 23 14:33:55.457665 n-d-762330-22 devstack@placement-api.service[104721]: [pid: 104721|app: 0|req: 297/599] 10.222.0.59 () {60 vars in 1504 bytes} [Wed Mar 23 14:33:55 2022] GET /placement/allocation_candidates?limit=1000&resources=DISK_GB%3A1%2CMEMORY_MB%3A512%2CVCPU%3A1&root_required=%21COMPUTE_STATUS_DISABLED => generated 1307 bytes in 146 msecs (HTTP/1.1 200) 8 headers in 297 bytes (1 switches on core 0)
Mar 23 14:33:55.524083 n-d-762330-22 devstack@placement-api.service[104720]: DEBUG placement.requestlog [req-f19cad7e-8148-4622-9d32-821bf664a72a req-a89a9869-7156-4260-9d8b-8fbfeae090f5 None None] Starting request: 10.222.0.59 "GET /placement/allocations/b750038d-1e63-4ac4-8856-43ef2fe415fd" {{(pid=104720) __call__ /opt/stack/placement/placement/requestlog.py:55}}
Mar 23 14:33:55.538568 n-d-762330-22 devstack@placement-api.service[104720]: INFO placement.requestlog [req-f19cad7e-8148-4622-9d32-821bf664a72a req-a89a9869-7156-4260-9d8b-8fbfeae090f5 service placement] 10.222.0.59 "GET /placement/allocations/b750038d-1e63-4ac4-8856-43ef2fe415fd" status: 200 len: 19 microversion: 1.28
Mar 23 14:33:55.544118 n-d-762330-22 devstack@placement-api.service[104720]: [pid: 104720|app: 0|req: 303/600] 10.222.0.59 () {60 vars in 1380 bytes} [Wed Mar 23 14:33:55 2022] GET /placement/allocations/b750038d-1e63-4ac4-8856-43ef2fe415fd => generated 19 bytes in 20 msecs (HTTP/1.1 200) 8 headers in 295 bytes (1 switches on core 0)
Mar 23 14:33:55.545233 n-d-762330-22 devstack@placement-api.service[104721]: DEBUG placement.requestlog [req-f19cad7e-8148-4622-9d32-821bf664a72a req-058e0ba2-25ac-4191-ae4b-31b9e44b857d None None] Starting request: 10.222.0.59 "PUT /placement/allocations/b750038d-1e63-4ac4-8856-43ef2fe415fd" {{(pid=104721) __call__ /opt/stack/placement/placement/requestlog.py:55}}
Mar 23 14:33:55.613323 n-d-762330-22 devstack@placement-api.service[104721]: DEBUG placement.handlers.allocation [req-f19cad7e-8148-4622-9d32-821bf664a72a req-058e0ba2-25ac-4191-ae4b-31b9e44b857d service placement] Successfully wrote allocations [, , ] {{(pid=104721) _update_consumers_and_create_allocations /opt/stack/placement/placement/handlers/allocation.py:462}}
Mar 23 14:33:55.620053 n-d-762330-22 devstack@placement-api.service[104721]: INFO placement.requestlog [req-f19cad7e-8148-4622-9d32-821bf664a72a req-058e0ba2-25ac-4191-ae4b-31b9e44b857d service placement] 10.222.0.59 "PUT /placement/allocations/b750038d-1e63-4ac4-8856-43ef2fe415fd" status: 204 len: 0 microversion: 1.36
Mar 23 14:33:55.628767 n-d-762330-22 devstack@placement-api.service[104721]: [pid: 104721|app: 0|req: 298/601] 10.222.0.59 () {64 vars in 1433 bytes} [Wed Mar 23 14:33:55 2022] PUT /placement/allocations/b750038d-1e63-4ac4-8856-43ef2fe415fd => generated 0 bytes in 77 msecs (HTTP/1.1 204) 5 headers in 199 bytes (1 switches on core 0)
Mar 23 14:33:55.788136 n-d-762330-22 devstack@placement-api.service[104720]: DEBUG placement.requestlog [req-f19cad7e-8148-4622-9d32-821bf664a72a req-3fda3aa0-ea31-4018-b2fc-711ce08c889a None None] Starting request: 10.222.0.64 "GET /placement/allocations/b750038d-1e63-4ac4-8856-43ef2fe415fd" {{(pid=104720) __call__ /opt/stack/placement/placement/requestlog.py:55}}
Mar 23 14:33:55.804249 n-d-762330-22 devstack@placement-api.service[104720]: INFO placement.requestlog [req-f19cad7e-8148-4622-9d32-821bf664a72a req-3fda3aa0-ea31-4018-b2fc-711ce08c889a service placement] 10.222.0.64 "GET /placement/allocations/b750038d-1e63-4ac4-8856-43ef2fe415fd" status: 200 len: 258 microversion: 1.28
Mar 23 14:33:55.804755 n-d-762330-22 devstack@placement-api.service[104720]: [pid: 104720|app: 0|req: 304/602] 10.222.0.64 () {60 vars in 1377 bytes} [Wed Mar 23 14:33:55 2022] GET /placement/allocations/b750038d-1e63-4ac4-8856-43ef2fe415fd => generated 258 bytes in 17 msecs (HTTP/1.1 200) 8 headers in 296 bytes (1 switches on core 0)
Mar 23 14:34:00.123803 n-d-762330-22 devstack@placement-api.service[104721]: DEBUG placement.requestlog [req-86c77963-536e-4e12-8817-3176b41560da req-8f88611b-d8db-426c-8d08-a8fa43cd9c1c None None] Starting request: 10.222.0.64 "DELETE /placement/allocations/15cc6aa9-d43b-4528-ac86-a1459fbf66a6" {{(pid=104721) __call__ /opt/stack/placement/placement/requestlog.py:55}}
Mar 23 14:34:00.181029 n-d-762330-22 devstack@placement-api.service[104721]: DEBUG placement.handlers.allocation [req-86c77963-536e-4e12-8817-3176b41560da req-8f88611b-d8db-426c-8d08-a8fa43cd9c1c service placement] Successfully deleted allocations [, , ] {{(pid=104721) delete_allocations /opt/stack/placement/placement/handlers/allocation.py:627}}
Mar 23 14:34:00.181526 n-d-762330-22 devstack@placement-api.service[104721]: INFO placement.requestlog [req-86c77963-536e-4e12-8817-3176b41560da req-8f88611b-d8db-426c-8d08-a8fa43cd9c1c service placement] 10.222.0.64 "DELETE /placement/allocations/15cc6aa9-d43b-4528-ac86-a1459fbf66a6" status: 204 len: 0 microversion: 1.0
Mar 23 14:34:00.181900 n-d-762330-22 devstack@placement-api.service[104721]: [pid: 104721|app: 0|req: 299/603] 10.222.0.64 () {60 vars in 1355 bytes} [Wed Mar 23 14:34:00 2022] DELETE /placement/allocations/15cc6aa9-d43b-4528-ac86-a1459fbf66a6 => generated 0 bytes in 58 msecs (HTTP/1.1 204) 5 headers in 198 bytes (1 switches on core 0)
Mar 23 14:34:05.974365 n-d-762330-22 devstack@placement-api.service[104720]: DEBUG placement.requestlog [req-a4f277fa-2589-4ade-a562-b2e8366ede08 req-a871bcfe-ae97-47d5-97a0-c3dbc8d4262c None None] Starting request: 10.222.0.59 "GET /placement/allocation_candidates?limit=1000&resources=DISK_GB%3A1%2CMEMORY_MB%3A1024%2CVCPU%3A1&root_required=%21COMPUTE_STATUS_DISABLED" {{(pid=104720) __call__ /opt/stack/placement/placement/requestlog.py:55}}
Mar 23 14:34:06.020621 n-d-762330-22 devstack@placement-api.service[104720]: DEBUG placement.objects.research_context [req-a4f277fa-2589-4ade-a562-b2e8366ede08 req-a871bcfe-ae97-47d5-97a0-c3dbc8d4262c service placement] getting providers with 1 DISK_GB {{(pid=104720) __init__ /opt/stack/placement/placement/objects/research_context.py:136}}
Mar 23 14:34:06.026764 n-d-762330-22 devstack@placement-api.service[104720]: DEBUG placement.objects.research_context [req-a4f277fa-2589-4ade-a562-b2e8366ede08 req-a871bcfe-ae97-47d5-97a0-c3dbc8d4262c service placement] getting providers with 1024 MEMORY_MB {{(pid=104720) __init__ /opt/stack/placement/placement/objects/research_context.py:136}}
Mar 23 14:34:06.033443 n-d-762330-22 devstack@placement-api.service[104720]: DEBUG placement.objects.research_context [req-a4f277fa-2589-4ade-a562-b2e8366ede08 req-a871bcfe-ae97-47d5-97a0-c3dbc8d4262c service placement] getting providers with 1 VCPU {{(pid=104720) __init__ /opt/stack/placement/placement/objects/research_context.py:136}}
Mar 23 14:34:06.039637 n-d-762330-22 devstack@placement-api.service[104720]: DEBUG placement.objects.research_context [req-a4f277fa-2589-4ade-a562-b2e8366ede08 req-a871bcfe-ae97-47d5-97a0-c3dbc8d4262c service placement] found 2 providers with available 1 DISK_GB {{(pid=104720) get_provider_ids_matching /opt/stack/placement/placement/objects/research_context.py:559}}
Mar 23 14:34:06.040154 n-d-762330-22 devstack@placement-api.service[104720]: DEBUG placement.objects.research_context [req-a4f277fa-2589-4ade-a562-b2e8366ede08 req-a871bcfe-ae97-47d5-97a0-c3dbc8d4262c service placement] found 2 providers with available 1024 MEMORY_MB {{(pid=104720) get_provider_ids_matching /opt/stack/placement/placement/objects/research_context.py:559}}
Mar 23 14:34:06.040584 n-d-762330-22 devstack@placement-api.service[104720]: DEBUG placement.objects.research_context [req-a4f277fa-2589-4ade-a562-b2e8366ede08 req-a871bcfe-ae97-47d5-97a0-c3dbc8d4262c service placement] found 2 providers after filtering by previous result {{(pid=104720) get_provider_ids_matching /opt/stack/placement/placement/objects/research_context.py:590}}
Mar 23 14:34:06.041015 n-d-762330-22 devstack@placement-api.service[104720]: DEBUG placement.objects.research_context [req-a4f277fa-2589-4ade-a562-b2e8366ede08 req-a871bcfe-ae97-47d5-97a0-c3dbc8d4262c service placement] found 2 providers with available 1 VCPU {{(pid=104720) get_provider_ids_matching /opt/stack/placement/placement/objects/research_context.py:559}}
Mar 23 14:34:06.041431 n-d-762330-22 devstack@placement-api.service[104720]: DEBUG placement.objects.research_context [req-a4f277fa-2589-4ade-a562-b2e8366ede08 req-a871bcfe-ae97-47d5-97a0-c3dbc8d4262c service placement] found 2 providers after filtering by previous result {{(pid=104720) get_provider_ids_matching /opt/stack/placement/placement/objects/research_context.py:590}}
Mar 23 14:34:06.055922 n-d-762330-22 devstack@placement-api.service[104720]: DEBUG placement.objects.allocation_candidate [req-a4f277fa-2589-4ade-a562-b2e8366ede08 req-a871bcfe-ae97-47d5-97a0-c3dbc8d4262c service placement] RequestGroup(use_same_provider=False, resources={DISK_GB:1, MEMORY_MB:1024, VCPU:1}, traits=(), aggregates=[]) (suffix '') returned 2 matches {{(pid=104720) _get_by_requests /opt/stack/placement/placement/objects/allocation_candidate.py:156}}
Mar 23 14:34:06.057234 n-d-762330-22 devstack@placement-api.service[104720]: DEBUG placement.objects.allocation_candidate [req-a4f277fa-2589-4ade-a562-b2e8366ede08 req-a871bcfe-ae97-47d5-97a0-c3dbc8d4262c service placement] Merging candidates yields 2 allocation requests and 2 provider summaries {{(pid=104720) _merge_candidates /opt/stack/placement/placement/objects/allocation_candidate.py:809}}
Mar 23 14:34:06.059624 n-d-762330-22 devstack@placement-api.service[104720]: INFO placement.requestlog [req-a4f277fa-2589-4ade-a562-b2e8366ede08 req-a871bcfe-ae97-47d5-97a0-c3dbc8d4262c service placement] 10.222.0.59 "GET /placement/allocation_candidates?limit=1000&resources=DISK_GB%3A1%2CMEMORY_MB%3A1024%2CVCPU%3A1&root_required=%21COMPUTE_STATUS_DISABLED" status: 200 len: 1309 microversion: 1.36
Mar 23 14:34:06.060550 n-d-762330-22 devstack@placement-api.service[104720]: [pid: 104720|app: 0|req: 305/604] 10.222.0.59 () {60 vars in 1506 bytes} [Wed Mar 23 14:34:05 2022] GET /placement/allocation_candidates?limit=1000&resources=DISK_GB%3A1%2CMEMORY_MB%3A1024%2CVCPU%3A1&root_required=%21COMPUTE_STATUS_DISABLED => generated 1309 bytes in 86 msecs (HTTP/1.1 200) 8 headers in 297 bytes (1 switches on core 0)
Mar 23 14:34:06.160359 n-d-762330-22 devstack@placement-api.service[104721]: DEBUG placement.requestlog [req-a4f277fa-2589-4ade-a562-b2e8366ede08 req-cf8a92c2-edf8-43c8-9460-61777ec3cf5d None None] Starting request: 10.222.0.59 "GET /placement/allocations/15cc6aa9-d43b-4528-ac86-a1459fbf66a6" {{(pid=104721) __call__ /opt/stack/placement/placement/requestlog.py:55}}
Mar 23 14:34:06.173899 n-d-762330-22 devstack@placement-api.service[104721]: INFO placement.requestlog [req-a4f277fa-2589-4ade-a562-b2e8366ede08 req-cf8a92c2-edf8-43c8-9460-61777ec3cf5d service placement] 10.222.0.59 "GET /placement/allocations/15cc6aa9-d43b-4528-ac86-a1459fbf66a6" status: 200 len: 19 microversion: 1.28
Mar 23 14:34:06.179121 n-d-762330-22 devstack@placement-api.service[104721]: [pid: 104721|app: 0|req: 300/605] 10.222.0.59 () {60 vars in 1380 bytes} [Wed Mar 23 14:34:06 2022] GET /placement/allocations/15cc6aa9-d43b-4528-ac86-a1459fbf66a6 => generated 19 bytes in 19 msecs (HTTP/1.1 200) 8 headers in 295 bytes (1 switches on core 0)
Mar 23 14:34:06.183002 n-d-762330-22 devstack@placement-api.service[104720]: DEBUG placement.requestlog [req-a4f277fa-2589-4ade-a562-b2e8366ede08 req-7fe1afd9-6bd1-41b4-a7e8-30ccd248a0b6 None None] Starting request: 10.222.0.59 "PUT /placement/allocations/15cc6aa9-d43b-4528-ac86-a1459fbf66a6" {{(pid=104720) __call__ /opt/stack/placement/placement/requestlog.py:55}}
Mar 23 14:34:06.292855 n-d-762330-22 devstack@placement-api.service[104720]: DEBUG placement.handlers.allocation [req-a4f277fa-2589-4ade-a562-b2e8366ede08 req-7fe1afd9-6bd1-41b4-a7e8-30ccd248a0b6 service placement] Successfully wrote allocations [, , ] {{(pid=104720) _update_consumers_and_create_allocations /opt/stack/placement/placement/handlers/allocation.py:462}}
Mar 23 14:34:06.300291 n-d-762330-22 devstack@placement-api.service[104720]: INFO placement.requestlog [req-a4f277fa-2589-4ade-a562-b2e8366ede08 req-7fe1afd9-6bd1-41b4-a7e8-30ccd248a0b6 service placement] 10.222.0.59 "PUT /placement/allocations/15cc6aa9-d43b-4528-ac86-a1459fbf66a6" status: 204 len: 0 microversion: 1.36
Mar 23 14:34:06.308740 n-d-762330-22 devstack@placement-api.service[104720]: [pid: 104720|app: 0|req: 306/606] 10.222.0.59 () {64 vars in 1433 bytes} [Wed Mar 23 14:34:06 2022] PUT /placement/allocations/15cc6aa9-d43b-4528-ac86-a1459fbf66a6 => generated 0 bytes in 118 msecs (HTTP/1.1 204) 5 headers in 199 bytes (1 switches on core 0)
Mar 23 14:34:17.626183 n-d-762330-22 devstack@placement-api.service[104721]: DEBUG placement.requestlog [req-28d54d67-a9b9-40e2-a546-9babf4e0cd4e req-10a95b1c-a4b8-43aa-b497-6299ef5ae760 None None] Starting request: 10.222.0.20 "GET /placement/resource_providers?in_tree=9b14b0df-cf72-47e9-8048-8c1b14d12248" {{(pid=104721) __call__ /opt/stack/placement/placement/requestlog.py:55}}
Mar 23 14:34:17.654638 n-d-762330-22 devstack@placement-api.service[104721]: INFO placement.requestlog [req-28d54d67-a9b9-40e2-a546-9babf4e0cd4e req-10a95b1c-a4b8-43aa-b497-6299ef5ae760 service placement] 10.222.0.20 "GET /placement/resource_providers?in_tree=9b14b0df-cf72-47e9-8048-8c1b14d12248" status: 200 len: 864 microversion: 1.14
Mar 23 14:34:17.657434 n-d-762330-22 devstack@placement-api.service[104721]: [pid: 104721|app: 0|req: 301/607] 10.222.0.20 () {60 vars in 1376 bytes} [Wed Mar 23 14:34:17 2022] GET /placement/resource_providers?in_tree=9b14b0df-cf72-47e9-8048-8c1b14d12248 => generated 864 bytes in 32 msecs (HTTP/1.1 200) 6 headers in 225 bytes (2 switches on core 0)
Mar 23 14:34:17.666559 n-d-762330-22 devstack@placement-api.service[104720]: DEBUG placement.requestlog [req-28d54d67-a9b9-40e2-a546-9babf4e0cd4e req-06bbc810-968d-4448-a259-fcb055395502 None None] Starting request: 10.222.0.20 "GET /placement/resource_providers/9b14b0df-cf72-47e9-8048-8c1b14d12248/inventories" {{(pid=104720) __call__ /opt/stack/placement/placement/requestlog.py:55}}
Mar 23 14:34:17.717473 n-d-762330-22 devstack@placement-api.service[104720]: INFO placement.requestlog [req-28d54d67-a9b9-40e2-a546-9babf4e0cd4e req-06bbc810-968d-4448-a259-fcb055395502 service placement] 10.222.0.20 "GET /placement/resource_providers/9b14b0df-cf72-47e9-8048-8c1b14d12248/inventories" status: 200 len: 398 microversion: 1.0
Mar 23 14:34:17.718191 n-d-762330-22 devstack@placement-api.service[104720]: [pid: 104720|app: 0|req: 307/608] 10.222.0.20 () {58 vars in 1390 bytes} [Wed Mar 23 14:34:17 2022] GET /placement/resource_providers/9b14b0df-cf72-47e9-8048-8c1b14d12248/inventories => generated 398 bytes in 52 msecs (HTTP/1.1 200) 6 headers in 224 bytes (1 switches on core 0)
Mar 23 14:34:17.769011 n-d-762330-22 devstack@placement-api.service[104721]: DEBUG placement.requestlog [req-28d54d67-a9b9-40e2-a546-9babf4e0cd4e req-c433ca29-9fbf-4450-818d-3665b49025a5 None None] Starting request: 10.222.0.20 "GET /placement/resource_providers/9b14b0df-cf72-47e9-8048-8c1b14d12248/aggregates" {{(pid=104721) __call__ /opt/stack/placement/placement/requestlog.py:55}}
Mar 23 14:34:17.832708 n-d-762330-22 devstack@placement-api.service[104721]: INFO placement.requestlog [req-28d54d67-a9b9-40e2-a546-9babf4e0cd4e req-c433ca29-9fbf-4450-818d-3665b49025a5 service placement] 10.222.0.20 "GET /placement/resource_providers/9b14b0df-cf72-47e9-8048-8c1b14d12248/aggregates" status: 200 len: 54 microversion: 1.19
Mar 23 14:34:17.836252 n-d-762330-22 devstack@placement-api.service[104721]: [pid: 104721|app: 0|req: 302/609] 10.222.0.20 () {60 vars in 1431 bytes} [Wed Mar 23 14:34:17 2022] GET /placement/resource_providers/9b14b0df-cf72-47e9-8048-8c1b14d12248/aggregates => generated 54 bytes in 67 msecs (HTTP/1.1 200) 8 headers in 295 bytes (1 switches on core 0)
Mar 23 14:34:17.845284 n-d-762330-22 devstack@placement-api.service[104720]: DEBUG placement.requestlog [req-28d54d67-a9b9-40e2-a546-9babf4e0cd4e req-2144eb86-8b8d-4bd7-9096-b3b632b4dacd None None] Starting request: 10.222.0.20 "GET /placement/resource_providers/9b14b0df-cf72-47e9-8048-8c1b14d12248/traits" {{(pid=104720) __call__ /opt/stack/placement/placement/requestlog.py:55}}
Mar 23 14:34:17.944292 n-d-762330-22 devstack@placement-api.service[104720]: INFO placement.requestlog [req-28d54d67-a9b9-40e2-a546-9babf4e0cd4e req-2144eb86-8b8d-4bd7-9096-b3b632b4dacd service placement] 10.222.0.20 "GET /placement/resource_providers/9b14b0df-cf72-47e9-8048-8c1b14d12248/traits" status: 200 len: 212 microversion: 1.6
Mar 23 14:34:17.947922 n-d-762330-22 devstack@placement-api.service[104720]: [pid: 104720|app: 0|req: 308/610] 10.222.0.20 () {60 vars in 1418 bytes} [Wed Mar 23 14:34:17 2022] GET /placement/resource_providers/9b14b0df-cf72-47e9-8048-8c1b14d12248/traits => generated 212 bytes in 103 msecs (HTTP/1.1 200) 6 headers in 224 bytes (1 switches on core 0)
Mar 23 14:34:18.178901 n-d-762330-22 devstack@placement-api.service[104721]: DEBUG placement.requestlog [req-28d54d67-a9b9-40e2-a546-9babf4e0cd4e req-d1dd36a9-93b4-472e-a327-4d2c30821021 None None] Starting request: 10.222.0.20 "DELETE /placement/allocations/cc0e4e05-c9a8-4564-a54f-c3a4e0e92e69" {{(pid=104721) __call__ /opt/stack/placement/placement/requestlog.py:55}}
Mar 23 14:34:18.259576 n-d-762330-22 devstack@placement-api.service[104721]: DEBUG placement.handlers.allocation [req-28d54d67-a9b9-40e2-a546-9babf4e0cd4e req-d1dd36a9-93b4-472e-a327-4d2c30821021 service placement] Successfully deleted allocations [, , ] {{(pid=104721) delete_allocations /opt/stack/placement/placement/handlers/allocation.py:627}}
Mar 23 14:34:18.260402 n-d-762330-22 devstack@placement-api.service[104721]: INFO placement.requestlog [req-28d54d67-a9b9-40e2-a546-9babf4e0cd4e req-d1dd36a9-93b4-472e-a327-4d2c30821021 service placement] 10.222.0.20 "DELETE /placement/allocations/cc0e4e05-c9a8-4564-a54f-c3a4e0e92e69" status: 204 len: 0 microversion: 1.0
Mar 23 14:34:18.261314 n-d-762330-22 devstack@placement-api.service[104721]: [pid: 104721|app: 0|req: 303/611] 10.222.0.20 () {60 vars in 1355 bytes} [Wed Mar 23 14:34:18 2022] DELETE /placement/allocations/cc0e4e05-c9a8-4564-a54f-c3a4e0e92e69 => generated 0 bytes in 83 msecs (HTTP/1.1 204) 5 headers in 198 bytes (1 switches on core 0)
Mar 23 14:34:30.915454 n-d-762330-22 devstack@placement-api.service[104720]: DEBUG placement.requestlog [req-0c936260-1794-41a6-b907-07d6fa1a6251 req-f77b0637-5f01-4e21-b81a-66f138b34ae9 None None] Starting request: 10.222.0.64 "GET /placement/resource_providers/84df4ca6-8336-44d1-9add-5f64393f8f95/allocations" {{(pid=104720) __call__ /opt/stack/placement/placement/requestlog.py:55}}
Mar 23 14:34:30.971845 n-d-762330-22 devstack@placement-api.service[104720]: INFO placement.requestlog [req-0c936260-1794-41a6-b907-07d6fa1a6251 req-f77b0637-5f01-4e21-b81a-66f138b34ae9 service placement] 10.222.0.64 "GET /placement/resource_providers/84df4ca6-8336-44d1-9add-5f64393f8f95/allocations" status: 200 len: 657 microversion: 1.0
Mar 23 14:34:30.974277 n-d-762330-22 devstack@placement-api.service[104720]: [pid: 104720|app: 0|req: 309/612] 10.222.0.64 () {58 vars in 1390 bytes} [Wed Mar 23 14:34:30 2022] GET /placement/resource_providers/84df4ca6-8336-44d1-9add-5f64393f8f95/allocations => generated 657 bytes in 58 msecs (HTTP/1.1 200) 6 headers in 224 bytes (1 switches on core 0)
Mar 23 14:34:32.011658 n-d-762330-22 devstack@placement-api.service[104721]: DEBUG placement.requestlog [req-f19cad7e-8148-4622-9d32-821bf664a72a req-787d9da7-0bb5-4fb1-a275-ec4b2a93cf8b None None] Starting request: 10.222.0.64 "GET /placement/allocations/b750038d-1e63-4ac4-8856-43ef2fe415fd" {{(pid=104721) __call__ /opt/stack/placement/placement/requestlog.py:55}}
Mar 23 14:34:32.042807 n-d-762330-22 devstack@placement-api.service[104721]: INFO placement.requestlog [req-f19cad7e-8148-4622-9d32-821bf664a72a req-787d9da7-0bb5-4fb1-a275-ec4b2a93cf8b service placement] 10.222.0.64 "GET /placement/allocations/b750038d-1e63-4ac4-8856-43ef2fe415fd" status: 200 len: 258 microversion: 1.28
Mar 23 14:34:32.055267 n-d-762330-22 devstack@placement-api.service[104721]: [pid: 104721|app: 0|req: 304/613] 10.222.0.64 () {60 vars in 1377 bytes} [Wed Mar 23 14:34:32 2022] GET /placement/allocations/b750038d-1e63-4ac4-8856-43ef2fe415fd => generated 258 bytes in 44 msecs (HTTP/1.1 200) 8 headers in 296 bytes (1 switches on core 0)
Mar 23 14:34:33.962860 n-d-762330-22 devstack@placement-api.service[104720]: DEBUG placement.requestlog [req-a4f277fa-2589-4ade-a562-b2e8366ede08 req-5378fcea-bceb-49b0-abdb-81a0bce2ad18 None None] Starting request: 10.222.0.64 "GET /placement/allocations/15cc6aa9-d43b-4528-ac86-a1459fbf66a6" {{(pid=104720) __call__ /opt/stack/placement/placement/requestlog.py:55}}
Mar 23 14:34:34.011395 n-d-762330-22 devstack@placement-api.service[104720]: INFO placement.requestlog [req-a4f277fa-2589-4ade-a562-b2e8366ede08 req-5378fcea-bceb-49b0-abdb-81a0bce2ad18 service placement] 10.222.0.64 "GET /placement/allocations/15cc6aa9-d43b-4528-ac86-a1459fbf66a6" status: 200 len: 259 microversion: 1.28
Mar 23 14:34:34.012752 n-d-762330-22 devstack@placement-api.service[104720]: [pid: 104720|app: 0|req: 310/614] 10.222.0.64 () {60 vars in 1377 bytes} [Wed Mar 23 14:34:33 2022] GET /placement/allocations/15cc6aa9-d43b-4528-ac86-a1459fbf66a6 => generated 259 bytes in 50 msecs (HTTP/1.1 200) 8 headers in 296 bytes (1 switches on core 0)
Mar 23 14:34:35.282780 n-d-762330-22 devstack@placement-api.service[104721]: DEBUG placement.requestlog [req-7fb890f9-9183-4fcf-b356-73021daf2803 req-8c427b14-210b-4e62-8023-423a6ec77de8 None None] Starting request: 10.222.0.20 "DELETE /placement/allocations/0af16cdd-9c45-47d6-bef6-ce92ac9cf106" {{(pid=104721) __call__ /opt/stack/placement/placement/requestlog.py:55}}
Mar 23 14:34:35.356334 n-d-762330-22 devstack@placement-api.service[104721]: DEBUG placement.handlers.allocation [req-7fb890f9-9183-4fcf-b356-73021daf2803 req-8c427b14-210b-4e62-8023-423a6ec77de8 service placement] Successfully deleted allocations [, , ] {{(pid=104721) delete_allocations /opt/stack/placement/placement/handlers/allocation.py:627}}
Mar 23 14:34:35.357129 n-d-762330-22 devstack@placement-api.service[104721]: INFO placement.requestlog [req-7fb890f9-9183-4fcf-b356-73021daf2803 req-8c427b14-210b-4e62-8023-423a6ec77de8 service placement] 10.222.0.20 "DELETE /placement/allocations/0af16cdd-9c45-47d6-bef6-ce92ac9cf106" status: 204 len: 0 microversion: 1.0
Mar 23 14:34:35.357664 n-d-762330-22 devstack@placement-api.service[104721]: [pid: 104721|app: 0|req: 305/615] 10.222.0.20 () {60 vars in 1355 bytes} [Wed Mar 23 14:34:35 2022] DELETE /placement/allocations/0af16cdd-9c45-47d6-bef6-ce92ac9cf106 => generated 0 bytes in 76 msecs (HTTP/1.1 204) 5 headers in 198 bytes (1 switches on core 0)
Mar 23 14:34:38.651654 n-d-762330-22 devstack@placement-api.service[104720]: DEBUG placement.requestlog [req-0d36fa14-b8c1-4e09-98a9-f68ce61f2897 req-08bb3938-e068-4d33-bee5-f66e75051678 None None] Starting request: 10.222.0.59 "GET /placement/allocation_candidates?limit=1000&resources=DISK_GB%3A1%2CMEMORY_MB%3A1024%2CVCPU%3A1&root_required=%21COMPUTE_STATUS_DISABLED" {{(pid=104720) __call__ /opt/stack/placement/placement/requestlog.py:55}}
Mar 23 14:34:38.705684 n-d-762330-22 devstack@placement-api.service[104721]: DEBUG placement.requestlog [req-3035eb6b-3172-4a06-b389-4fc60135604a req-04749356-e75a-40d0-a857-1871360e6624 None None] Starting request: 10.222.0.20 "GET /placement/resource_providers/9b14b0df-cf72-47e9-8048-8c1b14d12248/allocations" {{(pid=104721) __call__ /opt/stack/placement/placement/requestlog.py:55}}
Mar 23 14:34:38.750904 n-d-762330-22 devstack@placement-api.service[104720]: DEBUG placement.objects.research_context [req-0d36fa14-b8c1-4e09-98a9-f68ce61f2897 req-08bb3938-e068-4d33-bee5-f66e75051678 service placement] getting providers with 1 DISK_GB {{(pid=104720) __init__ /opt/stack/placement/placement/objects/research_context.py:136}}
Mar 23 14:34:38.765248 n-d-762330-22 devstack@placement-api.service[104720]: DEBUG placement.objects.research_context [req-0d36fa14-b8c1-4e09-98a9-f68ce61f2897 req-08bb3938-e068-4d33-bee5-f66e75051678 service placement] getting providers with 1024 MEMORY_MB {{(pid=104720) __init__ /opt/stack/placement/placement/objects/research_context.py:136}}
Mar 23 14:34:38.768073 n-d-762330-22 devstack@placement-api.service[104721]: INFO placement.requestlog [req-3035eb6b-3172-4a06-b389-4fc60135604a req-04749356-e75a-40d0-a857-1871360e6624 service placement] 10.222.0.20 "GET /placement/resource_providers/9b14b0df-cf72-47e9-8048-8c1b14d12248/allocations" status: 200 len: 457 microversion: 1.0
Mar 23 14:34:38.769614 n-d-762330-22 devstack@placement-api.service[104721]: [pid: 104721|app: 0|req: 306/616] 10.222.0.20 () {58 vars in 1390 bytes} [Wed Mar 23 14:34:38 2022] GET /placement/resource_providers/9b14b0df-cf72-47e9-8048-8c1b14d12248/allocations => generated 457 bytes in 65 msecs (HTTP/1.1 200) 6 headers in 224 bytes (2 switches on core 0)
Mar 23 14:34:38.776362 n-d-762330-22 devstack@placement-api.service[104720]: DEBUG placement.objects.research_context [req-0d36fa14-b8c1-4e09-98a9-f68ce61f2897 req-08bb3938-e068-4d33-bee5-f66e75051678 service placement] getting providers with 1 VCPU {{(pid=104720) __init__ /opt/stack/placement/placement/objects/research_context.py:136}}
Mar 23 14:34:38.784098 n-d-762330-22 devstack@placement-api.service[104720]: DEBUG placement.objects.research_context [req-0d36fa14-b8c1-4e09-98a9-f68ce61f2897 req-08bb3938-e068-4d33-bee5-f66e75051678 service placement] found 2 providers with available 1 DISK_GB {{(pid=104720) get_provider_ids_matching /opt/stack/placement/placement/objects/research_context.py:559}}
Mar 23 14:34:38.784585 n-d-762330-22 devstack@placement-api.service[104720]: DEBUG placement.objects.research_context [req-0d36fa14-b8c1-4e09-98a9-f68ce61f2897 req-08bb3938-e068-4d33-bee5-f66e75051678 service placement] found 2 providers with available 1024 MEMORY_MB {{(pid=104720) get_provider_ids_matching /opt/stack/placement/placement/objects/research_context.py:559}}
Mar 23 14:34:38.785012 n-d-762330-22 devstack@placement-api.service[104720]: DEBUG placement.objects.research_context [req-0d36fa14-b8c1-4e09-98a9-f68ce61f2897 req-08bb3938-e068-4d33-bee5-f66e75051678 service placement] found 2 providers after filtering by previous result {{(pid=104720) get_provider_ids_matching /opt/stack/placement/placement/objects/research_context.py:590}}
Mar 23 14:34:38.785465 n-d-762330-22 devstack@placement-api.service[104720]: DEBUG placement.objects.research_context [req-0d36fa14-b8c1-4e09-98a9-f68ce61f2897 req-08bb3938-e068-4d33-bee5-f66e75051678 service placement] found 2 providers with available 1 VCPU {{(pid=104720) get_provider_ids_matching /opt/stack/placement/placement/objects/research_context.py:559}}
Mar 23 14:34:38.785909 n-d-762330-22 devstack@placement-api.service[104720]: DEBUG placement.objects.research_context [req-0d36fa14-b8c1-4e09-98a9-f68ce61f2897 req-08bb3938-e068-4d33-bee5-f66e75051678 service placement] found 2 providers after filtering by previous result {{(pid=104720) get_provider_ids_matching /opt/stack/placement/placement/objects/research_context.py:590}}
Mar 23 14:34:38.798771 n-d-762330-22 devstack@placement-api.service[104720]: DEBUG placement.objects.allocation_candidate [req-0d36fa14-b8c1-4e09-98a9-f68ce61f2897 req-08bb3938-e068-4d33-bee5-f66e75051678 service placement] RequestGroup(use_same_provider=False, resources={DISK_GB:1, MEMORY_MB:1024, VCPU:1}, traits=(), aggregates=[]) (suffix '') returned 2 matches {{(pid=104720) _get_by_requests /opt/stack/placement/placement/objects/allocation_candidate.py:156}}
Mar 23 14:34:38.800028 n-d-762330-22 devstack@placement-api.service[104720]: DEBUG placement.objects.allocation_candidate [req-0d36fa14-b8c1-4e09-98a9-f68ce61f2897 req-08bb3938-e068-4d33-bee5-f66e75051678 service placement] Merging candidates yields 2 allocation requests and 2 provider summaries {{(pid=104720) _merge_candidates /opt/stack/placement/placement/objects/allocation_candidate.py:809}}
Mar 23 14:34:38.801991 n-d-762330-22 devstack@placement-api.service[104720]: INFO placement.requestlog [req-0d36fa14-b8c1-4e09-98a9-f68ce61f2897 req-08bb3938-e068-4d33-bee5-f66e75051678 service placement] 10.222.0.59 "GET /placement/allocation_candidates?limit=1000&resources=DISK_GB%3A1%2CMEMORY_MB%3A1024%2CVCPU%3A1&root_required=%21COMPUTE_STATUS_DISABLED" status: 200 len: 1309 microversion: 1.36
Mar 23 14:34:38.803006 n-d-762330-22 devstack@placement-api.service[104720]: [pid: 104720|app: 0|req: 311/617] 10.222.0.59 () {60 vars in 1506 bytes} [Wed Mar 23 14:34:38 2022] GET /placement/allocation_candidates?limit=1000&resources=DISK_GB%3A1%2CMEMORY_MB%3A1024%2CVCPU%3A1&root_required=%21COMPUTE_STATUS_DISABLED => generated 1309 bytes in 152 msecs (HTTP/1.1 200) 8 headers in 297 bytes (1 switches on core 0)
Mar 23 14:34:38.953947 n-d-762330-22 devstack@placement-api.service[104721]: DEBUG placement.requestlog [req-0d36fa14-b8c1-4e09-98a9-f68ce61f2897 req-ca9a3e4c-9a01-4712-9d5d-862ea32c3217 None None] Starting request: 10.222.0.59 "GET /placement/allocations/0af16cdd-9c45-47d6-bef6-ce92ac9cf106" {{(pid=104721) __call__ /opt/stack/placement/placement/requestlog.py:55}}
Mar 23 14:34:38.970748 n-d-762330-22 devstack@placement-api.service[104721]: INFO placement.requestlog [req-0d36fa14-b8c1-4e09-98a9-f68ce61f2897 req-ca9a3e4c-9a01-4712-9d5d-862ea32c3217 service placement] 10.222.0.59 "GET /placement/allocations/0af16cdd-9c45-47d6-bef6-ce92ac9cf106" status: 200 len: 19 microversion: 1.28
Mar 23 14:34:38.975882 n-d-762330-22 devstack@placement-api.service[104721]: [pid: 104721|app: 0|req: 307/618] 10.222.0.59 () {60 vars in 1380 bytes} [Wed Mar 23 14:34:38 2022] GET /placement/allocations/0af16cdd-9c45-47d6-bef6-ce92ac9cf106 => generated 19 bytes in 23 msecs (HTTP/1.1 200) 8 headers in 295 bytes (2 switches on core 0)
Mar 23 14:34:38.978912 n-d-762330-22 devstack@placement-api.service[104720]: DEBUG placement.requestlog [req-0d36fa14-b8c1-4e09-98a9-f68ce61f2897 req-2e007150-752d-46f3-bf16-a8d0447f8bd0 None None] Starting request: 10.222.0.59 "PUT /placement/allocations/0af16cdd-9c45-47d6-bef6-ce92ac9cf106" {{(pid=104720) __call__ /opt/stack/placement/placement/requestlog.py:55}}
Mar 23 14:34:39.140117 n-d-762330-22 devstack@placement-api.service[104720]: DEBUG placement.handlers.allocation [req-0d36fa14-b8c1-4e09-98a9-f68ce61f2897 req-2e007150-752d-46f3-bf16-a8d0447f8bd0 service placement] Successfully wrote allocations [, , ] {{(pid=104720) _update_consumers_and_create_allocations /opt/stack/placement/placement/handlers/allocation.py:462}}
Mar 23 14:34:39.152256 n-d-762330-22 devstack@placement-api.service[104720]: INFO placement.requestlog [req-0d36fa14-b8c1-4e09-98a9-f68ce61f2897 req-2e007150-752d-46f3-bf16-a8d0447f8bd0 service placement] 10.222.0.59 "PUT /placement/allocations/0af16cdd-9c45-47d6-bef6-ce92ac9cf106" status: 204 len: 0 microversion: 1.36
Mar 23 14:34:39.153531 n-d-762330-22 devstack@placement-api.service[104720]: [pid: 104720|app: 0|req: 312/619] 10.222.0.59 () {64 vars in 1433 bytes} [Wed Mar 23 14:34:38 2022] PUT /placement/allocations/0af16cdd-9c45-47d6-bef6-ce92ac9cf106 => generated 0 bytes in 175 msecs (HTTP/1.1 204) 5 headers in 199 bytes (2 switches on core 0)
Mar 23 14:34:39.602110 n-d-762330-22 devstack@placement-api.service[104721]: DEBUG placement.requestlog [req-0d36fa14-b8c1-4e09-98a9-f68ce61f2897 req-a41788d0-ba07-4075-be2e-ed470917c075 None None] Starting request: 10.222.0.20 "GET /placement/allocations/0af16cdd-9c45-47d6-bef6-ce92ac9cf106" {{(pid=104721) __call__ /opt/stack/placement/placement/requestlog.py:55}}
Mar 23 14:34:39.632582 n-d-762330-22 devstack@placement-api.service[104721]: INFO placement.requestlog [req-0d36fa14-b8c1-4e09-98a9-f68ce61f2897 req-a41788d0-ba07-4075-be2e-ed470917c075 service placement] 10.222.0.20 "GET /placement/allocations/0af16cdd-9c45-47d6-bef6-ce92ac9cf106" status: 200 len: 259 microversion: 1.28
Mar 23 14:34:39.635512 n-d-762330-22 devstack@placement-api.service[104721]: [pid: 104721|app: 0|req: 308/620] 10.222.0.20 () {60 vars in 1377 bytes} [Wed Mar 23 14:34:39 2022] GET /placement/allocations/0af16cdd-9c45-47d6-bef6-ce92ac9cf106 => generated 259 bytes in 34 msecs (HTTP/1.1 200) 8 headers in 296 bytes (1 switches on core 0)
Mar 23 14:34:39.919305 n-d-762330-22 devstack@placement-api.service[104720]: DEBUG placement.requestlog [req-69bc49cd-c9ab-471c-80e8-b522c06a3822 req-ddf333ee-270c-4e24-a574-5cd2e804d75e None None] Starting request: 10.222.0.64 "DELETE /placement/allocations/84fa6af6-8646-4744-b56a-bc91ff396579" {{(pid=104720) __call__ /opt/stack/placement/placement/requestlog.py:55}}
Mar 23 14:34:39.979231 n-d-762330-22 devstack@placement-api.service[104720]: DEBUG placement.handlers.allocation [req-69bc49cd-c9ab-471c-80e8-b522c06a3822 req-ddf333ee-270c-4e24-a574-5cd2e804d75e service placement] Successfully deleted allocations [, , ] {{(pid=104720) delete_allocations /opt/stack/placement/placement/handlers/allocation.py:627}}
Mar 23 14:34:39.979771 n-d-762330-22 devstack@placement-api.service[104720]: INFO placement.requestlog [req-69bc49cd-c9ab-471c-80e8-b522c06a3822 req-ddf333ee-270c-4e24-a574-5cd2e804d75e service placement] 10.222.0.64 "DELETE /placement/allocations/84fa6af6-8646-4744-b56a-bc91ff396579" status: 204 len: 0 microversion: 1.0
Mar 23 14:34:39.980462 n-d-762330-22 devstack@placement-api.service[104720]: [pid: 104720|app: 0|req: 313/621] 10.222.0.64 () {60 vars in 1355 bytes} [Wed Mar 23 14:34:39 2022] DELETE /placement/allocations/84fa6af6-8646-4744-b56a-bc91ff396579 => generated 0 bytes in 61 msecs (HTTP/1.1 204) 5 headers in 198 bytes (1 switches on core 0)
Mar 23 14:34:40.550489 n-d-762330-22 devstack@placement-api.service[104721]: DEBUG placement.requestlog [req-b6db45ba-5c74-4afb-b97e-33e529be11a1 req-9ad8dd0d-955d-4b7c-9674-37ee17344374 None None] Starting request: 10.222.0.20 "DELETE /placement/allocations/681e524d-ac34-4fb0-88d6-40ecf0ed6898" {{(pid=104721) __call__ /opt/stack/placement/placement/requestlog.py:55}}
Mar 23 14:34:40.600520 n-d-762330-22 devstack@placement-api.service[104721]: DEBUG placement.handlers.allocation [req-b6db45ba-5c74-4afb-b97e-33e529be11a1 req-9ad8dd0d-955d-4b7c-9674-37ee17344374 service placement] Successfully deleted allocations [, , ] {{(pid=104721) delete_allocations /opt/stack/placement/placement/handlers/allocation.py:627}}
Mar 23 14:34:40.601610 n-d-762330-22 devstack@placement-api.service[104721]: INFO placement.requestlog [req-b6db45ba-5c74-4afb-b97e-33e529be11a1 req-9ad8dd0d-955d-4b7c-9674-37ee17344374 service placement] 10.222.0.20 "DELETE /placement/allocations/681e524d-ac34-4fb0-88d6-40ecf0ed6898" status: 204 len: 0 microversion: 1.0
Mar 23 14:34:40.602528 n-d-762330-22 devstack@placement-api.service[104721]: [pid: 104721|app: 0|req: 309/622] 10.222.0.20 () {60 vars in 1355 bytes} [Wed Mar 23 14:34:40 2022] DELETE /placement/allocations/681e524d-ac34-4fb0-88d6-40ecf0ed6898 => generated 0 bytes in 52 msecs (HTTP/1.1 204) 5 headers in 198 bytes (1 switches on core 0)
Mar 23 14:34:42.877608 n-d-762330-22 devstack@placement-api.service[104720]: DEBUG placement.requestlog [req-fa7391ce-634f-4040-a66b-69659a736c28 req-5f1b8297-d38d-4a6d-95ba-ccb7532e3e40 None None] Starting request: 10.222.0.64 "GET /placement/allocations/3c475ba9-ea1a-4a9e-99ad-a02132647cf3" {{(pid=104720) __call__ /opt/stack/placement/placement/requestlog.py:55}}
Mar 23 14:34:42.906574 n-d-762330-22 devstack@placement-api.service[104720]: INFO placement.requestlog [req-fa7391ce-634f-4040-a66b-69659a736c28 req-5f1b8297-d38d-4a6d-95ba-ccb7532e3e40 service placement] 10.222.0.64 "GET /placement/allocations/3c475ba9-ea1a-4a9e-99ad-a02132647cf3" status: 200 len: 259 microversion: 1.28
Mar 23 14:34:42.914766 n-d-762330-22 devstack@placement-api.service[104720]: [pid: 104720|app: 0|req: 314/623] 10.222.0.64 () {60 vars in 1377 bytes} [Wed Mar 23 14:34:42 2022] GET /placement/allocations/3c475ba9-ea1a-4a9e-99ad-a02132647cf3 => generated 259 bytes in 37 msecs (HTTP/1.1 200) 8 headers in 296 bytes (1 switches on core 0)
Mar 23 14:34:42.921945 n-d-762330-22 devstack@placement-api.service[104721]: DEBUG placement.requestlog [req-fa7391ce-634f-4040-a66b-69659a736c28 req-2feee33c-3a16-4679-9ba1-f26ab2ccbff4 None None] Starting request: 10.222.0.64 "GET /placement/allocations/3c475ba9-ea1a-4a9e-99ad-a02132647cf3" {{(pid=104721) __call__ /opt/stack/placement/placement/requestlog.py:55}}
Mar 23 14:34:42.964149 n-d-762330-22 devstack@placement-api.service[104721]: INFO placement.requestlog [req-fa7391ce-634f-4040-a66b-69659a736c28 req-2feee33c-3a16-4679-9ba1-f26ab2ccbff4 service placement] 10.222.0.64 "GET /placement/allocations/3c475ba9-ea1a-4a9e-99ad-a02132647cf3" status: 200 len: 259 microversion: 1.28
Mar 23 14:34:42.964798 n-d-762330-22 devstack@placement-api.service[104721]: [pid: 104721|app: 0|req: 310/624] 10.222.0.64 () {60 vars in 1377 bytes} [Wed Mar 23 14:34:42 2022] GET /placement/allocations/3c475ba9-ea1a-4a9e-99ad-a02132647cf3 => generated 259 bytes in 44 msecs (HTTP/1.1 200) 8 headers in 296 bytes (1 switches on core 0)
Mar 23 14:34:42.976936 n-d-762330-22 devstack@placement-api.service[104720]: DEBUG placement.requestlog [req-fa7391ce-634f-4040-a66b-69659a736c28 req-a23baa95-8850-45c0-a01b-428aeb0e6861 None None] Starting request: 10.222.0.64 "GET /placement/allocations/b750038d-1e63-4ac4-8856-43ef2fe415fd" {{(pid=104720) __call__ /opt/stack/placement/placement/requestlog.py:55}}
Mar 23 14:34:43.010727 n-d-762330-22 devstack@placement-api.service[104720]: INFO placement.requestlog [req-fa7391ce-634f-4040-a66b-69659a736c28 req-a23baa95-8850-45c0-a01b-428aeb0e6861 service placement] 10.222.0.64 "GET /placement/allocations/b750038d-1e63-4ac4-8856-43ef2fe415fd" status: 200 len: 258 microversion: 1.28
Mar 23 14:34:43.013665 n-d-762330-22 devstack@placement-api.service[104720]: [pid: 104720|app: 0|req: 315/625] 10.222.0.64 () {60 vars in 1377 bytes} [Wed Mar 23 14:34:42 2022] GET /placement/allocations/b750038d-1e63-4ac4-8856-43ef2fe415fd => generated 258 bytes in 37 msecs (HTTP/1.1 200) 8 headers in 296 bytes (1 switches on core 0)
Mar 23 14:34:43.028133 n-d-762330-22 devstack@placement-api.service[104721]: DEBUG placement.requestlog [req-fa7391ce-634f-4040-a66b-69659a736c28 req-90f89227-d65f-4fec-bea1-f5f1df6d9018 None None] Starting request: 10.222.0.64 "POST /placement/allocations" {{(pid=104721) __call__ /opt/stack/placement/placement/requestlog.py:55}}
Mar 23 14:34:43.181309 n-d-762330-22 devstack@placement-api.service[104721]: DEBUG placement.handlers.allocation [req-fa7391ce-634f-4040-a66b-69659a736c28 req-90f89227-d65f-4fec-bea1-f5f1df6d9018 service placement] Successfully wrote allocations [, , , , , ] {{(pid=104721) _update_consumers_and_create_allocations /opt/stack/placement/placement/handlers/allocation.py:572}}
Mar 23 14:34:43.188516 n-d-762330-22 devstack@placement-api.service[104721]: INFO placement.requestlog [req-fa7391ce-634f-4040-a66b-69659a736c28 req-90f89227-d65f-4fec-bea1-f5f1df6d9018 service placement] 10.222.0.64 "POST /placement/allocations" status: 204 len: 0 microversion: 1.28
Mar 23 14:34:43.189139 n-d-762330-22 devstack@placement-api.service[104721]: [pid: 104721|app: 0|req: 311/626] 10.222.0.64 () {64 vars in 1320 bytes} [Wed Mar 23 14:34:43 2022] POST /placement/allocations => generated 0 bytes in 161 msecs (HTTP/1.1 204) 5 headers in 199 bytes (2 switches on core 0)
Mar 23 14:34:44.990542 n-d-762330-22 devstack@placement-api.service[104720]: DEBUG placement.requestlog [req-820e0b67-8fbd-44da-aeff-f14951b8914f req-e0a7a708-b00f-462b-9a4b-15e3e8739ccc None None] Starting request: 10.222.0.59 "DELETE /placement/allocations/84fa6af6-8646-4744-b56a-bc91ff396579" {{(pid=104720) __call__ /opt/stack/placement/placement/requestlog.py:55}}
Mar 23 14:34:45.005870 n-d-762330-22 devstack@placement-api.service[104720]: DEBUG placement.wsgi_wrapper [req-820e0b67-8fbd-44da-aeff-f14951b8914f req-e0a7a708-b00f-462b-9a4b-15e3e8739ccc service placement] Placement API returning an error response: No allocations for consumer '84fa6af6-8646-4744-b56a-bc91ff396579' {{(pid=104720) call_func /opt/stack/placement/placement/wsgi_wrapper.py:31}}
Mar 23 14:34:45.011575 n-d-762330-22 devstack@placement-api.service[104720]: INFO placement.requestlog [req-820e0b67-8fbd-44da-aeff-f14951b8914f req-e0a7a708-b00f-462b-9a4b-15e3e8739ccc service placement] 10.222.0.59 "DELETE /placement/allocations/84fa6af6-8646-4744-b56a-bc91ff396579" status: 404 len: 228 microversion: 1.0
Mar 23 14:34:45.012472 n-d-762330-22 devstack@placement-api.service[104720]: [pid: 104720|app: 0|req: 316/627] 10.222.0.59 () {60 vars in 1349 bytes} [Wed Mar 23 14:34:44 2022] DELETE /placement/allocations/84fa6af6-8646-4744-b56a-bc91ff396579 => generated 228 bytes in 23 msecs (HTTP/1.1 404) 6 headers in 231 bytes (1 switches on core 0)
Mar 23 14:35:02.453661 n-d-762330-22 devstack@placement-api.service[104721]: DEBUG placement.requestlog [req-590bbc28-03fe-4113-b4b4-51273b278a43 req-aaabe18c-1077-4e22-8d6b-d41bad203c34 None None] Starting request: 10.222.0.59 "GET /placement/allocation_candidates?limit=1000&resources=DISK_GB%3A1%2CMEMORY_MB%3A1024%2CVCPU%3A1&root_required=%21COMPUTE_STATUS_DISABLED" {{(pid=104721) __call__ /opt/stack/placement/placement/requestlog.py:55}}
Mar 23 14:35:02.541040 n-d-762330-22 devstack@placement-api.service[104721]: DEBUG placement.objects.research_context [req-590bbc28-03fe-4113-b4b4-51273b278a43 req-aaabe18c-1077-4e22-8d6b-d41bad203c34 service placement] getting providers with 1 DISK_GB {{(pid=104721) __init__ /opt/stack/placement/placement/objects/research_context.py:136}}
Mar 23 14:35:02.554066 n-d-762330-22 devstack@placement-api.service[104721]: DEBUG placement.objects.research_context [req-590bbc28-03fe-4113-b4b4-51273b278a43 req-aaabe18c-1077-4e22-8d6b-d41bad203c34 service placement] getting providers with 1024 MEMORY_MB {{(pid=104721) __init__ /opt/stack/placement/placement/objects/research_context.py:136}}
Mar 23 14:35:02.566833 n-d-762330-22 devstack@placement-api.service[104721]: DEBUG placement.objects.research_context [req-590bbc28-03fe-4113-b4b4-51273b278a43 req-aaabe18c-1077-4e22-8d6b-d41bad203c34 service placement] getting providers with 1 VCPU {{(pid=104721) __init__ /opt/stack/placement/placement/objects/research_context.py:136}}
Mar 23 14:35:02.573933 n-d-762330-22 devstack@placement-api.service[104721]: DEBUG placement.objects.research_context [req-590bbc28-03fe-4113-b4b4-51273b278a43 req-aaabe18c-1077-4e22-8d6b-d41bad203c34 service placement] found 2 providers with available 1 DISK_GB {{(pid=104721) get_provider_ids_matching /opt/stack/placement/placement/objects/research_context.py:559}}
Mar 23 14:35:02.574523 n-d-762330-22 devstack@placement-api.service[104721]: DEBUG placement.objects.research_context [req-590bbc28-03fe-4113-b4b4-51273b278a43 req-aaabe18c-1077-4e22-8d6b-d41bad203c34 service placement] found 2 providers with available 1024 MEMORY_MB {{(pid=104721) get_provider_ids_matching /opt/stack/placement/placement/objects/research_context.py:559}}
Mar 23 14:35:02.575058 n-d-762330-22 devstack@placement-api.service[104721]: DEBUG placement.objects.research_context [req-590bbc28-03fe-4113-b4b4-51273b278a43 req-aaabe18c-1077-4e22-8d6b-d41bad203c34 service placement] found 2 providers after filtering by previous result {{(pid=104721) get_provider_ids_matching /opt/stack/placement/placement/objects/research_context.py:590}}
Mar 23 14:35:02.575523 n-d-762330-22 devstack@placement-api.service[104721]: DEBUG placement.objects.research_context [req-590bbc28-03fe-4113-b4b4-51273b278a43 req-aaabe18c-1077-4e22-8d6b-d41bad203c34 service placement] found 2 providers with available 1 VCPU {{(pid=104721) get_provider_ids_matching /opt/stack/placement/placement/objects/research_context.py:559}}
Mar 23 14:35:02.576417 n-d-762330-22 devstack@placement-api.service[104721]: DEBUG placement.objects.research_context [req-590bbc28-03fe-4113-b4b4-51273b278a43 req-aaabe18c-1077-4e22-8d6b-d41bad203c34 service placement] found 2 providers after filtering by previous result {{(pid=104721) get_provider_ids_matching /opt/stack/placement/placement/objects/research_context.py:590}}
Mar 23 14:35:02.590014 n-d-762330-22 devstack@placement-api.service[104721]: DEBUG placement.objects.allocation_candidate [req-590bbc28-03fe-4113-b4b4-51273b278a43 req-aaabe18c-1077-4e22-8d6b-d41bad203c34 service placement] RequestGroup(use_same_provider=False, resources={DISK_GB:1, MEMORY_MB:1024, VCPU:1}, traits=(), aggregates=[]) (suffix '') returned 2 matches {{(pid=104721) _get_by_requests /opt/stack/placement/placement/objects/allocation_candidate.py:156}}
Mar 23 14:35:02.590898 n-d-762330-22 devstack@placement-api.service[104721]: DEBUG placement.objects.allocation_candidate [req-590bbc28-03fe-4113-b4b4-51273b278a43 req-aaabe18c-1077-4e22-8d6b-d41bad203c34 service placement] Merging candidates yields 2 allocation requests and 2 provider summaries {{(pid=104721) _merge_candidates /opt/stack/placement/placement/objects/allocation_candidate.py:809}}
Mar 23 14:35:02.593755 n-d-762330-22 devstack@placement-api.service[104721]: INFO placement.requestlog [req-590bbc28-03fe-4113-b4b4-51273b278a43 req-aaabe18c-1077-4e22-8d6b-d41bad203c34 service placement] 10.222.0.59 "GET /placement/allocation_candidates?limit=1000&resources=DISK_GB%3A1%2CMEMORY_MB%3A1024%2CVCPU%3A1&root_required=%21COMPUTE_STATUS_DISABLED" status: 200 len: 1309 microversion: 1.36
Mar 23 14:35:02.594995 n-d-762330-22 devstack@placement-api.service[104721]: [pid: 104721|app: 0|req: 312/628] 10.222.0.59 () {60 vars in 1506 bytes} [Wed Mar 23 14:35:02 2022] GET /placement/allocation_candidates?limit=1000&resources=DISK_GB%3A1%2CMEMORY_MB%3A1024%2CVCPU%3A1&root_required=%21COMPUTE_STATUS_DISABLED => generated 1309 bytes in 142 msecs (HTTP/1.1 200) 8 headers in 297 bytes (1 switches on core 0)
Mar 23 14:35:02.799125 n-d-762330-22 devstack@placement-api.service[104720]: DEBUG placement.requestlog [req-fcc3a3eb-2312-4820-b254-90a5da94013e req-5cbd0cba-a14b-4c22-9641-5a1fd73910d4 None None] Starting request: 10.222.0.59 "GET /placement/allocation_candidates?limit=1000&resources=DISK_GB%3A1%2CMEMORY_MB%3A1024%2CVCPU%3A1&root_required=%21COMPUTE_STATUS_DISABLED" {{(pid=104720) __call__ /opt/stack/placement/placement/requestlog.py:55}}
Mar 23 14:35:02.838632 n-d-762330-22 devstack@placement-api.service[104721]: DEBUG placement.requestlog [req-590bbc28-03fe-4113-b4b4-51273b278a43 req-fda5bcd8-16cd-4f4b-ab66-9ecb655a9b00 None None] Starting request: 10.222.0.59 "GET /placement/allocations/609552f2-1faf-4855-907f-dff516fdd6d5" {{(pid=104721) __call__ /opt/stack/placement/placement/requestlog.py:55}}
