Mar 23 14:21:07.244342 n-d-762330-22 devstack@n-api.service[118660]: DEBUG nova.api.openstack.wsgi [None req-ef074cfa-f5fc-4ae9-ac9e-ae9e6cc39a11 tempest-ServerDiagnosticsNegativeTest-2141438449 tempest-ServerDiagnosticsNegativeTest-2141438449-project] Calling method '>' {{(pid=118660) _process_stack /opt/stack/nova/nova/api/openstack/wsgi.py:513}}
Mar 23 14:21:07.245384 n-d-762330-22 devstack@n-api.service[118660]: DEBUG nova.compute.api [None req-ef074cfa-f5fc-4ae9-ac9e-ae9e6cc39a11 tempest-ServerDiagnosticsNegativeTest-2141438449 tempest-ServerDiagnosticsNegativeTest-2141438449-project] [instance: 7f5bca5e-cce1-462a-9bff-9412c2855076] Fetching instance by UUID {{(pid=118660) get /opt/stack/nova/nova/compute/api.py:2918}}
Mar 23 14:21:07.258341 n-d-762330-22 devstack@n-api.service[118660]: DEBUG oslo_concurrency.lockutils [None req-ef074cfa-f5fc-4ae9-ac9e-ae9e6cc39a11 tempest-ServerDiagnosticsNegativeTest-2141438449 tempest-ServerDiagnosticsNegativeTest-2141438449-project] Lock "c2d3f7e0-aa42-4c6b-939e-464150861dbe" acquired by "nova.context.set_target_cell..get_or_set_cached_cell_and_set_connections" :: waited 0.000s {{(pid=118660) inner /usr/local/lib/python3.8/dist-packages/oslo_concurrency/lockutils.py:386}}
Mar 23 14:21:07.264167 n-d-762330-22 devstack@n-api.service[118660]: DEBUG oslo_concurrency.lockutils [None req-ef074cfa-f5fc-4ae9-ac9e-ae9e6cc39a11 tempest-ServerDiagnosticsNegativeTest-2141438449 tempest-ServerDiagnosticsNegativeTest-2141438449-project] Lock "c2d3f7e0-aa42-4c6b-939e-464150861dbe" "released" by "nova.context.set_target_cell..get_or_set_cached_cell_and_set_connections" :: held 0.006s {{(pid=118660) inner /usr/local/lib/python3.8/dist-packages/oslo_concurrency/lockutils.py:400}}
Mar 23 14:21:07.267386 n-d-762330-22 devstack@n-api.service[118660]: DEBUG oslo_concurrency.lockutils [None req-ef074cfa-f5fc-4ae9-ac9e-ae9e6cc39a11 tempest-ServerDiagnosticsNegativeTest-2141438449 tempest-ServerDiagnosticsNegativeTest-2141438449-project] Lock "c2d3f7e0-aa42-4c6b-939e-464150861dbe" acquired by "nova.context.set_target_cell..get_or_set_cached_cell_and_set_connections" :: waited 0.000s {{(pid=118660) inner /usr/local/lib/python3.8/dist-packages/oslo_concurrency/lockutils.py:386}}
Mar 23 14:21:07.274648 n-d-762330-22 devstack@n-api.service[118660]: DEBUG oslo_concurrency.lockutils [None req-ef074cfa-f5fc-4ae9-ac9e-ae9e6cc39a11 tempest-ServerDiagnosticsNegativeTest-2141438449 tempest-ServerDiagnosticsNegativeTest-2141438449-project] Lock "c2d3f7e0-aa42-4c6b-939e-464150861dbe" "released" by "nova.context.set_target_cell..get_or_set_cached_cell_and_set_connections" :: held 0.005s {{(pid=118660) inner /usr/local/lib/python3.8/dist-packages/oslo_concurrency/lockutils.py:400}}
Mar 23 14:21:07.539367 n-d-762330-22 devstack@n-api.service[118659]: INFO nova.api.openstack.requestlog [None req-fabb5763-8f19-4e57-b50d-2a2726a5467e tempest-FlavorsAccessTestJSON-1146329697 tempest-FlavorsAccessTestJSON-1146329697-project-admin] 10.222.0.59 "POST /compute/v2.1/flavors/2141659730/action" status: 200 len: 97 microversion: 2.1 time: 0.878782
Mar 23 14:21:07.540601 n-d-762330-22 devstack@n-api.service[118659]: [pid: 118659|app: 0|req: 44/81] 10.222.0.59 () {60 vars in 1199 bytes} [Wed Mar 23 14:21:06 2022] POST /compute/v2.1/flavors/2141659730/action => generated 97 bytes in 881 msecs (HTTP/1.1 200) 9 headers in 356 bytes (1 switches on core 0)
Mar 23 14:21:07.562930 n-d-762330-22 devstack@n-api.service[118659]: DEBUG nova.api.openstack.wsgi [None req-000807d9-8a78-4467-aae1-6f134b542cba tempest-AggregatesAdminTestJSON-1785659030 tempest-AggregatesAdminTestJSON-1785659030-project] Calling method '>' {{(pid=118659) _process_stack /opt/stack/nova/nova/api/openstack/wsgi.py:513}}
Mar 23 14:21:07.565279 n-d-762330-22 devstack@n-api.service[118659]: DEBUG nova.compute.api [None req-000807d9-8a78-4467-aae1-6f134b542cba tempest-AggregatesAdminTestJSON-1785659030 tempest-AggregatesAdminTestJSON-1785659030-project] [instance: 962904b4-122c-408a-9abb-eacf0227be62] Fetching instance by UUID {{(pid=118659) get /opt/stack/nova/nova/compute/api.py:2918}}
Mar 23 14:21:07.596095 n-d-762330-22 devstack@n-api.service[118659]: DEBUG oslo_concurrency.lockutils [None req-000807d9-8a78-4467-aae1-6f134b542cba tempest-AggregatesAdminTestJSON-1785659030 tempest-AggregatesAdminTestJSON-1785659030-project] Lock "c2d3f7e0-aa42-4c6b-939e-464150861dbe" acquired by "nova.context.set_target_cell..get_or_set_cached_cell_and_set_connections" :: waited 0.000s {{(pid=118659) inner /usr/local/lib/python3.8/dist-packages/oslo_concurrency/lockutils.py:386}}
Mar 23 14:21:07.598199 n-d-762330-22 devstack@n-api.service[118659]: DEBUG oslo_concurrency.lockutils [None req-000807d9-8a78-4467-aae1-6f134b542cba tempest-AggregatesAdminTestJSON-1785659030 tempest-AggregatesAdminTestJSON-1785659030-project] Lock "c2d3f7e0-aa42-4c6b-939e-464150861dbe" "released" by "nova.context.set_target_cell..get_or_set_cached_cell_and_set_connections" :: held 0.005s {{(pid=118659) inner /usr/local/lib/python3.8/dist-packages/oslo_concurrency/lockutils.py:400}}
Mar 23 14:21:07.604009 n-d-762330-22 devstack@n-api.service[118659]: DEBUG oslo_concurrency.lockutils [None req-000807d9-8a78-4467-aae1-6f134b542cba tempest-AggregatesAdminTestJSON-1785659030 tempest-AggregatesAdminTestJSON-1785659030-project] Lock "c2d3f7e0-aa42-4c6b-939e-464150861dbe" acquired by "nova.context.set_target_cell..get_or_set_cached_cell_and_set_connections" :: waited 0.000s {{(pid=118659) inner /usr/local/lib/python3.8/dist-packages/oslo_concurrency/lockutils.py:386}}
Mar 23 14:21:07.607760 n-d-762330-22 devstack@n-api.service[118659]: DEBUG oslo_concurrency.lockutils [None req-000807d9-8a78-4467-aae1-6f134b542cba tempest-AggregatesAdminTestJSON-1785659030 tempest-AggregatesAdminTestJSON-1785659030-project] Lock "c2d3f7e0-aa42-4c6b-939e-464150861dbe" "released" by "nova.context.set_target_cell..get_or_set_cached_cell_and_set_connections" :: held 0.004s {{(pid=118659) inner /usr/local/lib/python3.8/dist-packages/oslo_concurrency/lockutils.py:400}}
Mar 23 14:21:07.954736 n-d-762330-22 devstack@n-api.service[118660]: DEBUG nova.policy [None req-ef074cfa-f5fc-4ae9-ac9e-ae9e6cc39a11 tempest-ServerDiagnosticsNegativeTest-2141438449 tempest-ServerDiagnosticsNegativeTest-2141438449-project] Policy check for os_compute_api:os-extended-server-attributes failed with credentials {'is_admin': False, 'user_id': 'e9a09877f6ba4872bdf2832d3bae63ea', 'user_domain_id': 'default', 'system_scope': None, 'domain_id': None, 'project_id': 'ad43f6deb61d4b9992fcc2d4311d223a', 'project_domain_id': 'default', 'roles': ['member', 'reader'], 'is_admin_project': True, 'service_user_id': None, 'service_user_domain_id': None, 'service_project_id': None, 'service_project_domain_id': None, 'service_roles': []} {{(pid=118660) authorize /opt/stack/nova/nova/policy.py:199}}
Mar 23 14:21:07.971019 n-d-762330-22 devstack@n-api.service[118660]: INFO nova.api.openstack.requestlog [None req-ef074cfa-f5fc-4ae9-ac9e-ae9e6cc39a11 tempest-ServerDiagnosticsNegativeTest-2141438449 tempest-ServerDiagnosticsNegativeTest-2141438449-project] 10.222.0.59 "GET /compute/v2.1/servers/7f5bca5e-cce1-462a-9bff-9412c2855076" status: 200 len: 1322 microversion: 2.1 time: 0.730913
Mar 23 14:21:07.974676 n-d-762330-22 devstack@n-api.service[118660]: [pid: 118660|app: 0|req: 38/82] 10.222.0.59 () {58 vars in 1235 bytes} [Wed Mar 23 14:21:07 2022] GET /compute/v2.1/servers/7f5bca5e-cce1-462a-9bff-9412c2855076 => generated 1322 bytes in 735 msecs (HTTP/1.1 200) 9 headers in 358 bytes (2 switches on core 0)
Mar 23 14:21:08.787457 n-d-762330-22 devstack@n-api.service[118660]: DEBUG nova.api.openstack.wsgi [None req-9ec1984f-7119-4783-86a5-ca47d35e39a3 tempest-FlavorsAccessTestJSON-1405714588 tempest-FlavorsAccessTestJSON-1405714588-project] Calling method '>' {{(pid=118660) _process_stack /opt/stack/nova/nova/api/openstack/wsgi.py:513}}
Mar 23 14:21:08.930552 n-d-762330-22 devstack@n-api.service[118660]: INFO nova.api.openstack.requestlog [None req-9ec1984f-7119-4783-86a5-ca47d35e39a3 tempest-FlavorsAccessTestJSON-1405714588 tempest-FlavorsAccessTestJSON-1405714588-project] 10.222.0.59 "GET /compute/v2.1/flavors/detail" status: 200 len: 5411 microversion: 2.1 time: 0.951762
Mar 23 14:21:08.955208 n-d-762330-22 devstack@n-api.service[118660]: [pid: 118660|app: 0|req: 39/83] 10.222.0.59 () {58 vars in 1145 bytes} [Wed Mar 23 14:21:07 2022] GET /compute/v2.1/flavors/detail => generated 5411 bytes in 980 msecs (HTTP/1.1 200) 9 headers in 358 bytes (1 switches on core 0)
Mar 23 14:21:08.963710 n-d-762330-22 devstack@n-api.service[118659]: DEBUG nova.policy [None req-000807d9-8a78-4467-aae1-6f134b542cba tempest-AggregatesAdminTestJSON-1785659030 tempest-AggregatesAdminTestJSON-1785659030-project] Policy check for os_compute_api:os-extended-server-attributes failed with credentials {'is_admin': False, 'user_id': '903a91e64efe4ae989bb19b8fdc98fbc', 'user_domain_id': 'default', 'system_scope': None, 'domain_id': None, 'project_id': '727e38aaf99a41a0b7d719d8d8121a9f', 'project_domain_id': 'default', 'roles': ['member', 'reader'], 'is_admin_project': True, 'service_user_id': None, 'service_user_domain_id': None, 'service_project_id': None, 'service_project_domain_id': None, 'service_roles': []} {{(pid=118659) authorize /opt/stack/nova/nova/policy.py:199}}
Mar 23 14:21:08.981315 n-d-762330-22 devstack@n-api.service[118660]: DEBUG nova.api.openstack.wsgi [None req-25924a04-da75-44ef-a31c-044874061f0b tempest-FlavorsAccessTestJSON-1146329697 tempest-FlavorsAccessTestJSON-1146329697-project-admin] Action: 'action', calling method: >, body: {"removeTenantAccess": {"tenant": "8727a3eb04ba45fa91c02081aeda7114"}} {{(pid=118660) _process_stack /opt/stack/nova/nova/api/openstack/wsgi.py:511}}
Mar 23 14:21:08.983466 n-d-762330-22 devstack@n-api.service[118659]: INFO nova.api.openstack.requestlog [None req-000807d9-8a78-4467-aae1-6f134b542cba tempest-AggregatesAdminTestJSON-1785659030 tempest-AggregatesAdminTestJSON-1785659030-project] 10.222.0.59 "GET /compute/v2.1/servers/962904b4-122c-408a-9abb-eacf0227be62" status: 200 len: 1337 microversion: 2.1 time: 1.433468
Mar 23 14:21:08.993541 n-d-762330-22 devstack@n-api.service[118659]: [pid: 118659|app: 0|req: 45/84] 10.222.0.59 () {58 vars in 1235 bytes} [Wed Mar 23 14:21:07 2022] GET /compute/v2.1/servers/962904b4-122c-408a-9abb-eacf0227be62 => generated 1337 bytes in 1443 msecs (HTTP/1.1 200) 9 headers in 358 bytes (1 switches on core 0)
Mar 23 14:21:08.993734 n-d-762330-22 devstack@n-api.service[118660]: /usr/local/lib/python3.8/dist-packages/oslo_policy/policy.py:1119: UserWarning: Policy "os_compute_api:os-flavor-access:remove_tenant_access": "rule:context_is_admin" failed scope check. The token used to make the request was project scoped but the policy requires ['system'] scope. This behavior may change in the future where using the intended scope is required
Mar 23 14:21:08.993734 n-d-762330-22 devstack@n-api.service[118660]: warnings.warn(msg)
Mar 23 14:21:09.009973 n-d-762330-22 devstack@n-api.service[118659]: DEBUG nova.api.openstack.wsgi [None req-6825cdad-d38c-47dc-a181-32453c7da07f tempest-ServerDiagnosticsNegativeTest-2141438449 tempest-ServerDiagnosticsNegativeTest-2141438449-project] Calling method '>' {{(pid=118659) _process_stack /opt/stack/nova/nova/api/openstack/wsgi.py:513}}
Mar 23 14:21:09.011614 n-d-762330-22 devstack@n-api.service[118659]: DEBUG nova.compute.api [None req-6825cdad-d38c-47dc-a181-32453c7da07f tempest-ServerDiagnosticsNegativeTest-2141438449 tempest-ServerDiagnosticsNegativeTest-2141438449-project] [instance: 7f5bca5e-cce1-462a-9bff-9412c2855076] Fetching instance by UUID {{(pid=118659) get /opt/stack/nova/nova/compute/api.py:2918}}
Mar 23 14:21:09.029170 n-d-762330-22 devstack@n-api.service[118659]: DEBUG oslo_concurrency.lockutils [None req-6825cdad-d38c-47dc-a181-32453c7da07f tempest-ServerDiagnosticsNegativeTest-2141438449 tempest-ServerDiagnosticsNegativeTest-2141438449-project] Lock "c2d3f7e0-aa42-4c6b-939e-464150861dbe" acquired by "nova.context.set_target_cell..get_or_set_cached_cell_and_set_connections" :: waited 0.000s {{(pid=118659) inner /usr/local/lib/python3.8/dist-packages/oslo_concurrency/lockutils.py:386}}
Mar 23 14:21:09.030246 n-d-762330-22 devstack@n-api.service[118659]: DEBUG oslo_concurrency.lockutils [None req-6825cdad-d38c-47dc-a181-32453c7da07f tempest-ServerDiagnosticsNegativeTest-2141438449 tempest-ServerDiagnosticsNegativeTest-2141438449-project] Lock "c2d3f7e0-aa42-4c6b-939e-464150861dbe" "released" by "nova.context.set_target_cell..get_or_set_cached_cell_and_set_connections" :: held 0.001s {{(pid=118659) inner /usr/local/lib/python3.8/dist-packages/oslo_concurrency/lockutils.py:400}}
Mar 23 14:21:09.032493 n-d-762330-22 devstack@n-api.service[118659]: DEBUG oslo_concurrency.lockutils [None req-6825cdad-d38c-47dc-a181-32453c7da07f tempest-ServerDiagnosticsNegativeTest-2141438449 tempest-ServerDiagnosticsNegativeTest-2141438449-project] Lock "c2d3f7e0-aa42-4c6b-939e-464150861dbe" acquired by "nova.context.set_target_cell..get_or_set_cached_cell_and_set_connections" :: waited 0.000s {{(pid=118659) inner /usr/local/lib/python3.8/dist-packages/oslo_concurrency/lockutils.py:386}}
Mar 23 14:21:09.038431 n-d-762330-22 devstack@n-api.service[118659]: DEBUG oslo_concurrency.lockutils [None req-6825cdad-d38c-47dc-a181-32453c7da07f tempest-ServerDiagnosticsNegativeTest-2141438449 tempest-ServerDiagnosticsNegativeTest-2141438449-project] Lock "c2d3f7e0-aa42-4c6b-939e-464150861dbe" "released" by "nova.context.set_target_cell..get_or_set_cached_cell_and_set_connections" :: held 0.006s {{(pid=118659) inner /usr/local/lib/python3.8/dist-packages/oslo_concurrency/lockutils.py:400}}
Mar 23 14:21:09.556493 n-d-762330-22 devstack@n-api.service[118659]: DEBUG nova.policy [None req-6825cdad-d38c-47dc-a181-32453c7da07f tempest-ServerDiagnosticsNegativeTest-2141438449 tempest-ServerDiagnosticsNegativeTest-2141438449-project] Policy check for os_compute_api:os-extended-server-attributes failed with credentials {'is_admin': False, 'user_id': 'e9a09877f6ba4872bdf2832d3bae63ea', 'user_domain_id': 'default', 'system_scope': None, 'domain_id': None, 'project_id': 'ad43f6deb61d4b9992fcc2d4311d223a', 'project_domain_id': 'default', 'roles': ['member', 'reader'], 'is_admin_project': True, 'service_user_id': None, 'service_user_domain_id': None, 'service_project_id': None, 'service_project_domain_id': None, 'service_roles': []} {{(pid=118659) authorize /opt/stack/nova/nova/policy.py:199}}
Mar 23 14:21:09.587850 n-d-762330-22 devstack@n-api.service[118659]: INFO nova.api.openstack.requestlog [None req-6825cdad-d38c-47dc-a181-32453c7da07f tempest-ServerDiagnosticsNegativeTest-2141438449 tempest-ServerDiagnosticsNegativeTest-2141438449-project] 10.222.0.59 "GET /compute/v2.1/servers/7f5bca5e-cce1-462a-9bff-9412c2855076" status: 200 len: 1322 microversion: 2.1 time: 0.589600
Mar 23 14:21:09.595943 n-d-762330-22 devstack@n-api.service[118659]: [pid: 118659|app: 0|req: 46/85] 10.222.0.59 () {58 vars in 1235 bytes} [Wed Mar 23 14:21:08 2022] GET /compute/v2.1/servers/7f5bca5e-cce1-462a-9bff-9412c2855076 => generated 1322 bytes in 598 msecs (HTTP/1.1 200) 9 headers in 358 bytes (1 switches on core 0)
Mar 23 14:21:09.836623 n-d-762330-22 devstack@n-api.service[118660]: INFO nova.api.openstack.requestlog [None req-25924a04-da75-44ef-a31c-044874061f0b tempest-FlavorsAccessTestJSON-1146329697 tempest-FlavorsAccessTestJSON-1146329697-project-admin] 10.222.0.59 "POST /compute/v2.1/flavors/2141659730/action" status: 200 len: 21 microversion: 2.1 time: 0.864192
Mar 23 14:21:09.839860 n-d-762330-22 devstack@n-api.service[118660]: [pid: 118660|app: 0|req: 40/86] 10.222.0.59 () {60 vars in 1199 bytes} [Wed Mar 23 14:21:08 2022] POST /compute/v2.1/flavors/2141659730/action => generated 21 bytes in 874 msecs (HTTP/1.1 200) 9 headers in 356 bytes (1 switches on core 0)
Mar 23 14:21:09.855634 n-d-762330-22 devstack@n-api.service[118659]: DEBUG nova.api.openstack.wsgi [None req-ed3783f9-3f97-4be5-873d-1326ef389a65 tempest-FlavorsAccessTestJSON-1405714588 tempest-FlavorsAccessTestJSON-1405714588-project] Calling method '>' {{(pid=118659) _process_stack /opt/stack/nova/nova/api/openstack/wsgi.py:513}}
Mar 23 14:21:09.989151 n-d-762330-22 devstack@n-api.service[118659]: INFO nova.api.openstack.requestlog [None req-ed3783f9-3f97-4be5-873d-1326ef389a65 tempest-FlavorsAccessTestJSON-1405714588 tempest-FlavorsAccessTestJSON-1405714588-project] 10.222.0.59 "GET /compute/v2.1/flavors/detail" status: 200 len: 4991 microversion: 2.1 time: 0.137069
Mar 23 14:21:09.992992 n-d-762330-22 devstack@n-api.service[118659]: [pid: 118659|app: 0|req: 47/87] 10.222.0.59 () {58 vars in 1145 bytes} [Wed Mar 23 14:21:09 2022] GET /compute/v2.1/flavors/detail => generated 4991 bytes in 148 msecs (HTTP/1.1 200) 9 headers in 358 bytes (1 switches on core 0)
Mar 23 14:21:10.008688 n-d-762330-22 devstack@n-api.service[118660]: DEBUG nova.api.openstack.wsgi [None req-f97d0a38-d1cb-420b-b4e3-871336e22cfc tempest-AggregatesAdminTestJSON-1785659030 tempest-AggregatesAdminTestJSON-1785659030-project] Calling method '>' {{(pid=118660) _process_stack /opt/stack/nova/nova/api/openstack/wsgi.py:513}}
Mar 23 14:21:10.012570 n-d-762330-22 devstack@n-api.service[118660]: DEBUG nova.compute.api [None req-f97d0a38-d1cb-420b-b4e3-871336e22cfc tempest-AggregatesAdminTestJSON-1785659030 tempest-AggregatesAdminTestJSON-1785659030-project] [instance: 962904b4-122c-408a-9abb-eacf0227be62] Fetching instance by UUID {{(pid=118660) get /opt/stack/nova/nova/compute/api.py:2918}}
Mar 23 14:21:10.033249 n-d-762330-22 devstack@n-api.service[118659]: DEBUG nova.api.openstack.wsgi [None req-13a17258-b77c-4b95-b374-9ea6d4be5ac6 tempest-FlavorsAccessTestJSON-1146329697 tempest-FlavorsAccessTestJSON-1146329697-project-admin] Calling method '>' {{(pid=118659) _process_stack /opt/stack/nova/nova/api/openstack/wsgi.py:513}}
Mar 23 14:21:10.042844 n-d-762330-22 devstack@n-api.service[118659]: /usr/local/lib/python3.8/dist-packages/oslo_policy/policy.py:1119: UserWarning: Policy "os_compute_api:os-flavor-manage:delete": "rule:context_is_admin" failed scope check. The token used to make the request was project scoped but the policy requires ['system'] scope. This behavior may change in the future where using the intended scope is required
Mar 23 14:21:10.042844 n-d-762330-22 devstack@n-api.service[118659]: warnings.warn(msg)
Mar 23 14:21:10.047419 n-d-762330-22 devstack@n-api.service[118660]: DEBUG oslo_concurrency.lockutils [None req-f97d0a38-d1cb-420b-b4e3-871336e22cfc tempest-AggregatesAdminTestJSON-1785659030 tempest-AggregatesAdminTestJSON-1785659030-project] Lock "c2d3f7e0-aa42-4c6b-939e-464150861dbe" acquired by "nova.context.set_target_cell..get_or_set_cached_cell_and_set_connections" :: waited 0.000s {{(pid=118660) inner /usr/local/lib/python3.8/dist-packages/oslo_concurrency/lockutils.py:386}}
Mar 23 14:21:10.054714 n-d-762330-22 devstack@n-api.service[118660]: DEBUG oslo_concurrency.lockutils [None req-f97d0a38-d1cb-420b-b4e3-871336e22cfc tempest-AggregatesAdminTestJSON-1785659030 tempest-AggregatesAdminTestJSON-1785659030-project] Lock "c2d3f7e0-aa42-4c6b-939e-464150861dbe" "released" by "nova.context.set_target_cell..get_or_set_cached_cell_and_set_connections" :: held 0.006s {{(pid=118660) inner /usr/local/lib/python3.8/dist-packages/oslo_concurrency/lockutils.py:400}}
Mar 23 14:21:10.062251 n-d-762330-22 devstack@n-api.service[118660]: DEBUG oslo_concurrency.lockutils [None req-f97d0a38-d1cb-420b-b4e3-871336e22cfc tempest-AggregatesAdminTestJSON-1785659030 tempest-AggregatesAdminTestJSON-1785659030-project] Lock "c2d3f7e0-aa42-4c6b-939e-464150861dbe" acquired by "nova.context.set_target_cell..get_or_set_cached_cell_and_set_connections" :: waited 0.001s {{(pid=118660) inner /usr/local/lib/python3.8/dist-packages/oslo_concurrency/lockutils.py:386}}
Mar 23 14:21:10.063201 n-d-762330-22 devstack@n-api.service[118660]: DEBUG oslo_concurrency.lockutils [None req-f97d0a38-d1cb-420b-b4e3-871336e22cfc tempest-AggregatesAdminTestJSON-1785659030 tempest-AggregatesAdminTestJSON-1785659030-project] Lock "c2d3f7e0-aa42-4c6b-939e-464150861dbe" "released" by "nova.context.set_target_cell..get_or_set_cached_cell_and_set_connections" :: held 0.004s {{(pid=118660) inner /usr/local/lib/python3.8/dist-packages/oslo_concurrency/lockutils.py:400}}
Mar 23 14:21:10.107720 n-d-762330-22 devstack@n-api.service[118659]: INFO nova.api.openstack.requestlog [None req-13a17258-b77c-4b95-b374-9ea6d4be5ac6 tempest-FlavorsAccessTestJSON-1146329697 tempest-FlavorsAccessTestJSON-1146329697-project-admin] 10.222.0.59 "DELETE /compute/v2.1/flavors/2141659730" status: 202 len: 0 microversion: 2.1 time: 0.095257
Mar 23 14:21:10.111185 n-d-762330-22 devstack@n-api.service[118659]: [pid: 118659|app: 0|req: 48/88] 10.222.0.59 () {58 vars in 1160 bytes} [Wed Mar 23 14:21:10 2022] DELETE /compute/v2.1/flavors/2141659730 => generated 0 bytes in 103 msecs (HTTP/1.1 202) 9 headers in 361 bytes (1 switches on core 0)
Mar 23 14:21:10.145757 n-d-762330-22 devstack@n-api.service[118659]: DEBUG nova.api.openstack.wsgi [None req-122afefe-128e-49bd-add6-b6c76b3f826a tempest-FlavorsAccessTestJSON-1146329697 tempest-FlavorsAccessTestJSON-1146329697-project-admin] Calling method '>' {{(pid=118659) _process_stack /opt/stack/nova/nova/api/openstack/wsgi.py:513}}
Mar 23 14:21:10.235123 n-d-762330-22 devstack@n-api.service[118659]: INFO nova.api.openstack.requestlog [None req-122afefe-128e-49bd-add6-b6c76b3f826a tempest-FlavorsAccessTestJSON-1146329697 tempest-FlavorsAccessTestJSON-1146329697-project-admin] 10.222.0.59 "GET /compute/v2.1/flavors/detail" status: 200 len: 4991 microversion: 2.1 time: 0.120735
Mar 23 14:21:10.237693 n-d-762330-22 devstack@n-api.service[118659]: [pid: 118659|app: 0|req: 49/89] 10.222.0.59 () {58 vars in 1145 bytes} [Wed Mar 23 14:21:10 2022] GET /compute/v2.1/flavors/detail => generated 4991 bytes in 124 msecs (HTTP/1.1 200) 9 headers in 358 bytes (1 switches on core 0)
Mar 23 14:21:10.266040 n-d-762330-22 devstack@n-api.service[118659]: DEBUG nova.api.openstack.wsgi [None req-1c9494a3-9af8-450e-9873-280cbe21c9a9 tempest-FlavorsAccessTestJSON-1146329697 tempest-FlavorsAccessTestJSON-1146329697-project-admin] Action: 'create', calling method: >, body: {"flavor": {"ram": 512, "vcpus": 1, "disk": 10, "name": "tempest-FlavorsAccessTestJSON-flavor-1606880664", "id": 1624976673, "os-flavor-access:is_public": "False"}} {{(pid=118659) _process_stack /opt/stack/nova/nova/api/openstack/wsgi.py:511}}
Mar 23 14:21:10.270930 n-d-762330-22 devstack@n-api.service[118659]: /usr/local/lib/python3.8/dist-packages/oslo_policy/policy.py:1119: UserWarning: Policy "os_compute_api:os-flavor-manage:create": "rule:context_is_admin" failed scope check. The token used to make the request was project scoped but the policy requires ['system'] scope. This behavior may change in the future where using the intended scope is required
Mar 23 14:21:10.270930 n-d-762330-22 devstack@n-api.service[118659]: warnings.warn(msg)
Mar 23 14:21:10.439877 n-d-762330-22 devstack@n-api.service[118659]: INFO nova.api.openstack.requestlog [None req-1c9494a3-9af8-450e-9873-280cbe21c9a9 tempest-FlavorsAccessTestJSON-1146329697 tempest-FlavorsAccessTestJSON-1146329697-project-admin] 10.222.0.59 "POST /compute/v2.1/flavors" status: 200 len: 431 microversion: 2.1 time: 0.187792
Mar 23 14:21:10.455234 n-d-762330-22 devstack@n-api.service[118659]: [pid: 118659|app: 0|req: 50/90] 10.222.0.59 () {60 vars in 1146 bytes} [Wed Mar 23 14:21:10 2022] POST /compute/v2.1/flavors => generated 431 bytes in 203 msecs (HTTP/1.1 200) 9 headers in 357 bytes (1 switches on core 0)
Mar 23 14:21:10.467984 n-d-762330-22 devstack@n-api.service[118659]: DEBUG nova.api.openstack.wsgi [None req-e69b5c59-e0e7-4a78-a770-112fdf9b2aed tempest-FlavorsAccessTestJSON-1146329697 tempest-FlavorsAccessTestJSON-1146329697-project-admin] Calling method '>' {{(pid=118659) _process_stack /opt/stack/nova/nova/api/openstack/wsgi.py:513}}
Mar 23 14:21:10.483409 n-d-762330-22 devstack@n-api.service[118659]: /usr/local/lib/python3.8/dist-packages/oslo_policy/policy.py:1119: UserWarning: Policy "os_compute_api:os-flavor-access": "rule:context_is_admin" failed scope check. The token used to make the request was project scoped but the policy requires ['system'] scope. This behavior may change in the future where using the intended scope is required
Mar 23 14:21:10.483409 n-d-762330-22 devstack@n-api.service[118659]: warnings.warn(msg)
Mar 23 14:21:10.535581 n-d-762330-22 devstack@n-api.service[118659]: INFO nova.api.openstack.requestlog [None req-e69b5c59-e0e7-4a78-a770-112fdf9b2aed tempest-FlavorsAccessTestJSON-1146329697 tempest-FlavorsAccessTestJSON-1146329697-project-admin] 10.222.0.59 "GET /compute/v2.1/flavors/1624976673/os-flavor-access" status: 200 len: 21 microversion: 2.1 time: 0.070576
Mar 23 14:21:10.535581 n-d-762330-22 devstack@n-api.service[118659]: [pid: 118659|app: 0|req: 51/91] 10.222.0.59 () {58 vars in 1208 bytes} [Wed Mar 23 14:21:10 2022] GET /compute/v2.1/flavors/1624976673/os-flavor-access => generated 21 bytes in 73 msecs (HTTP/1.1 200) 9 headers in 356 bytes (1 switches on core 0)
Mar 23 14:21:10.556825 n-d-762330-22 devstack@n-api.service[118659]: DEBUG nova.api.openstack.wsgi [None req-c2ee7a1a-edbc-45c7-9daa-dfd07a172891 tempest-FlavorsAccessTestJSON-1146329697 tempest-FlavorsAccessTestJSON-1146329697-project-admin] Calling method '>' {{(pid=118659) _process_stack /opt/stack/nova/nova/api/openstack/wsgi.py:513}}
Mar 23 14:21:10.627820 n-d-762330-22 devstack@n-api.service[118659]: INFO nova.api.openstack.requestlog [None req-c2ee7a1a-edbc-45c7-9daa-dfd07a172891 tempest-FlavorsAccessTestJSON-1146329697 tempest-FlavorsAccessTestJSON-1146329697-project-admin] 10.222.0.59 "DELETE /compute/v2.1/flavors/1624976673" status: 202 len: 0 microversion: 2.1 time: 0.083149
Mar 23 14:21:10.628895 n-d-762330-22 devstack@n-api.service[118659]: [pid: 118659|app: 0|req: 52/92] 10.222.0.59 () {58 vars in 1160 bytes} [Wed Mar 23 14:21:10 2022] DELETE /compute/v2.1/flavors/1624976673 => generated 0 bytes in 85 msecs (HTTP/1.1 202) 9 headers in 361 bytes (1 switches on core 0)
Mar 23 14:21:10.657815 n-d-762330-22 devstack@n-api.service[118659]: DEBUG nova.api.openstack.wsgi [None req-676684c0-9cc0-4ade-8353-b75e676010d5 tempest-ServerDiagnosticsNegativeTest-2141438449 tempest-ServerDiagnosticsNegativeTest-2141438449-project] Calling method '>' {{(pid=118659) _process_stack /opt/stack/nova/nova/api/openstack/wsgi.py:513}}
Mar 23 14:21:10.666550 n-d-762330-22 devstack@n-api.service[118659]: DEBUG nova.compute.api [None req-676684c0-9cc0-4ade-8353-b75e676010d5 tempest-ServerDiagnosticsNegativeTest-2141438449 tempest-ServerDiagnosticsNegativeTest-2141438449-project] [instance: 7f5bca5e-cce1-462a-9bff-9412c2855076] Fetching instance by UUID {{(pid=118659) get /opt/stack/nova/nova/compute/api.py:2918}}
Mar 23 14:21:10.712442 n-d-762330-22 devstack@n-api.service[118659]: DEBUG oslo_concurrency.lockutils [None req-676684c0-9cc0-4ade-8353-b75e676010d5 tempest-ServerDiagnosticsNegativeTest-2141438449 tempest-ServerDiagnosticsNegativeTest-2141438449-project] Lock "c2d3f7e0-aa42-4c6b-939e-464150861dbe" acquired by "nova.context.set_target_cell..get_or_set_cached_cell_and_set_connections" :: waited 0.001s {{(pid=118659) inner /usr/local/lib/python3.8/dist-packages/oslo_concurrency/lockutils.py:386}}
Mar 23 14:21:10.719173 n-d-762330-22 devstack@n-api.service[118659]: DEBUG oslo_concurrency.lockutils [None req-676684c0-9cc0-4ade-8353-b75e676010d5 tempest-ServerDiagnosticsNegativeTest-2141438449 tempest-ServerDiagnosticsNegativeTest-2141438449-project] Lock "c2d3f7e0-aa42-4c6b-939e-464150861dbe" "released" by "nova.context.set_target_cell..get_or_set_cached_cell_and_set_connections" :: held 0.009s {{(pid=118659) inner /usr/local/lib/python3.8/dist-packages/oslo_concurrency/lockutils.py:400}}
Mar 23 14:21:10.727800 n-d-762330-22 devstack@n-api.service[118659]: DEBUG oslo_concurrency.lockutils [None req-676684c0-9cc0-4ade-8353-b75e676010d5 tempest-ServerDiagnosticsNegativeTest-2141438449 tempest-ServerDiagnosticsNegativeTest-2141438449-project] Lock "c2d3f7e0-aa42-4c6b-939e-464150861dbe" acquired by "nova.context.set_target_cell..get_or_set_cached_cell_and_set_connections" :: waited 0.000s {{(pid=118659) inner /usr/local/lib/python3.8/dist-packages/oslo_concurrency/lockutils.py:386}}
Mar 23 14:21:10.735121 n-d-762330-22 devstack@n-api.service[118659]: DEBUG oslo_concurrency.lockutils [None req-676684c0-9cc0-4ade-8353-b75e676010d5 tempest-ServerDiagnosticsNegativeTest-2141438449 tempest-ServerDiagnosticsNegativeTest-2141438449-project] Lock "c2d3f7e0-aa42-4c6b-939e-464150861dbe" "released" by "nova.context.set_target_cell..get_or_set_cached_cell_and_set_connections" :: held 0.005s {{(pid=118659) inner /usr/local/lib/python3.8/dist-packages/oslo_concurrency/lockutils.py:400}}
Mar 23 14:21:11.178655 n-d-762330-22 devstack@n-api.service[118659]: DEBUG nova.policy [None req-676684c0-9cc0-4ade-8353-b75e676010d5 tempest-ServerDiagnosticsNegativeTest-2141438449 tempest-ServerDiagnosticsNegativeTest-2141438449-project] Policy check for os_compute_api:os-extended-server-attributes failed with credentials {'is_admin': False, 'user_id': 'e9a09877f6ba4872bdf2832d3bae63ea', 'user_domain_id': 'default', 'system_scope': None, 'domain_id': None, 'project_id': 'ad43f6deb61d4b9992fcc2d4311d223a', 'project_domain_id': 'default', 'roles': ['member', 'reader'], 'is_admin_project': True, 'service_user_id': None, 'service_user_domain_id': None, 'service_project_id': None, 'service_project_domain_id': None, 'service_roles': []} {{(pid=118659) authorize /opt/stack/nova/nova/policy.py:199}}
Mar 23 14:21:11.188903 n-d-762330-22 devstack@n-api.service[118659]: INFO nova.api.openstack.requestlog [None req-676684c0-9cc0-4ade-8353-b75e676010d5 tempest-ServerDiagnosticsNegativeTest-2141438449 tempest-ServerDiagnosticsNegativeTest-2141438449-project] 10.222.0.59 "GET /compute/v2.1/servers/7f5bca5e-cce1-462a-9bff-9412c2855076" status: 200 len: 1322 microversion: 2.1 time: 0.558916
Mar 23 14:21:11.195116 n-d-762330-22 devstack@n-api.service[118659]: [pid: 118659|app: 0|req: 53/93] 10.222.0.59 () {58 vars in 1235 bytes} [Wed Mar 23 14:21:10 2022] GET /compute/v2.1/servers/7f5bca5e-cce1-462a-9bff-9412c2855076 => generated 1322 bytes in 565 msecs (HTTP/1.1 200) 9 headers in 358 bytes (1 switches on core 0)
Mar 23 14:21:11.212902 n-d-762330-22 devstack@n-api.service[118659]: DEBUG nova.api.openstack.wsgi [None req-bfa658d0-f903-4c08-b9ba-272160795c9f tempest-FlavorsAccessTestJSON-1146329697 tempest-FlavorsAccessTestJSON-1146329697-project-admin] Calling method '>' {{(pid=118659) _process_stack /opt/stack/nova/nova/api/openstack/wsgi.py:513}}
Mar 23 14:21:11.234866 n-d-762330-22 devstack@n-api.service[118660]: DEBUG nova.policy [None req-f97d0a38-d1cb-420b-b4e3-871336e22cfc tempest-AggregatesAdminTestJSON-1785659030 tempest-AggregatesAdminTestJSON-1785659030-project] Policy check for os_compute_api:os-extended-server-attributes failed with credentials {'is_admin': False, 'user_id': '903a91e64efe4ae989bb19b8fdc98fbc', 'user_domain_id': 'default', 'system_scope': None, 'domain_id': None, 'project_id': '727e38aaf99a41a0b7d719d8d8121a9f', 'project_domain_id': 'default', 'roles': ['member', 'reader'], 'is_admin_project': True, 'service_user_id': None, 'service_user_domain_id': None, 'service_project_id': None, 'service_project_domain_id': None, 'service_roles': []} {{(pid=118660) authorize /opt/stack/nova/nova/policy.py:199}}
Mar 23 14:21:11.252144 n-d-762330-22 devstack@n-api.service[118660]: INFO nova.api.openstack.requestlog [None req-f97d0a38-d1cb-420b-b4e3-871336e22cfc tempest-AggregatesAdminTestJSON-1785659030 tempest-AggregatesAdminTestJSON-1785659030-project] 10.222.0.59 "GET /compute/v2.1/servers/962904b4-122c-408a-9abb-eacf0227be62" status: 200 len: 1337 microversion: 2.1 time: 1.249971
Mar 23 14:21:11.265938 n-d-762330-22 devstack@n-api.service[118660]: [pid: 118660|app: 0|req: 41/94] 10.222.0.59 () {58 vars in 1235 bytes} [Wed Mar 23 14:21:09 2022] GET /compute/v2.1/servers/962904b4-122c-408a-9abb-eacf0227be62 => generated 1337 bytes in 1267 msecs (HTTP/1.1 200) 9 headers in 358 bytes (1 switches on core 0)
Mar 23 14:21:11.286687 n-d-762330-22 devstack@n-api.service[118659]: INFO nova.api.openstack.requestlog [None req-bfa658d0-f903-4c08-b9ba-272160795c9f tempest-FlavorsAccessTestJSON-1146329697 tempest-FlavorsAccessTestJSON-1146329697-project-admin] 10.222.0.59 "GET /compute/v2.1/flavors/detail" status: 200 len: 4991 microversion: 2.1 time: 0.090101
Mar 23 14:21:11.291204 n-d-762330-22 devstack@n-api.service[118659]: [pid: 118659|app: 0|req: 54/95] 10.222.0.59 () {58 vars in 1145 bytes} [Wed Mar 23 14:21:11 2022] GET /compute/v2.1/flavors/detail => generated 4991 bytes in 95 msecs (HTTP/1.1 200) 9 headers in 358 bytes (1 switches on core 0)
Mar 23 14:21:12.211178 n-d-762330-22 devstack@n-api.service[118659]: DEBUG nova.api.openstack.wsgi [None req-476e8873-d381-4b59-aabe-78f89366b513 tempest-ServerDiagnosticsNegativeTest-2141438449 tempest-ServerDiagnosticsNegativeTest-2141438449-project] Calling method '>' {{(pid=118659) _process_stack /opt/stack/nova/nova/api/openstack/wsgi.py:513}}
Mar 23 14:21:12.211900 n-d-762330-22 devstack@n-api.service[118659]: DEBUG nova.compute.api [None req-476e8873-d381-4b59-aabe-78f89366b513 tempest-ServerDiagnosticsNegativeTest-2141438449 tempest-ServerDiagnosticsNegativeTest-2141438449-project] [instance: 7f5bca5e-cce1-462a-9bff-9412c2855076] Fetching instance by UUID {{(pid=118659) get /opt/stack/nova/nova/compute/api.py:2918}}
Mar 23 14:21:12.226407 n-d-762330-22 devstack@n-api.service[118659]: DEBUG oslo_concurrency.lockutils [None req-476e8873-d381-4b59-aabe-78f89366b513 tempest-ServerDiagnosticsNegativeTest-2141438449 tempest-ServerDiagnosticsNegativeTest-2141438449-project] Lock "c2d3f7e0-aa42-4c6b-939e-464150861dbe" acquired by "nova.context.set_target_cell..get_or_set_cached_cell_and_set_connections" :: waited 0.000s {{(pid=118659) inner /usr/local/lib/python3.8/dist-packages/oslo_concurrency/lockutils.py:386}}
Mar 23 14:21:12.226915 n-d-762330-22 devstack@n-api.service[118659]: DEBUG oslo_concurrency.lockutils [None req-476e8873-d381-4b59-aabe-78f89366b513 tempest-ServerDiagnosticsNegativeTest-2141438449 tempest-ServerDiagnosticsNegativeTest-2141438449-project] Lock "c2d3f7e0-aa42-4c6b-939e-464150861dbe" "released" by "nova.context.set_target_cell..get_or_set_cached_cell_and_set_connections" :: held 0.002s {{(pid=118659) inner /usr/local/lib/python3.8/dist-packages/oslo_concurrency/lockutils.py:400}}
Mar 23 14:21:12.229133 n-d-762330-22 devstack@n-api.service[118659]: DEBUG oslo_concurrency.lockutils [None req-476e8873-d381-4b59-aabe-78f89366b513 tempest-ServerDiagnosticsNegativeTest-2141438449 tempest-ServerDiagnosticsNegativeTest-2141438449-project] Lock "c2d3f7e0-aa42-4c6b-939e-464150861dbe" acquired by "nova.context.set_target_cell..get_or_set_cached_cell_and_set_connections" :: waited 0.000s {{(pid=118659) inner /usr/local/lib/python3.8/dist-packages/oslo_concurrency/lockutils.py:386}}
Mar 23 14:21:12.232519 n-d-762330-22 devstack@n-api.service[118659]: DEBUG oslo_concurrency.lockutils [None req-476e8873-d381-4b59-aabe-78f89366b513 tempest-ServerDiagnosticsNegativeTest-2141438449 tempest-ServerDiagnosticsNegativeTest-2141438449-project] Lock "c2d3f7e0-aa42-4c6b-939e-464150861dbe" "released" by "nova.context.set_target_cell..get_or_set_cached_cell_and_set_connections" :: held 0.003s {{(pid=118659) inner /usr/local/lib/python3.8/dist-packages/oslo_concurrency/lockutils.py:400}}
Mar 23 14:21:12.589887 n-d-762330-22 devstack@n-api.service[118660]: DEBUG nova.api.openstack.wsgi [None req-492ca1c8-4c20-48ad-acf7-130edceb02cf tempest-ServersWithSpecificFlavorTestJSON-1521009209 tempest-ServersWithSpecificFlavorTestJSON-1521009209-project] Calling method '>' {{(pid=118660) _process_stack /opt/stack/nova/nova/api/openstack/wsgi.py:513}}
Mar 23 14:21:12.602233 n-d-762330-22 devstack@n-api.service[118660]: INFO nova.api.openstack.requestlog [None req-492ca1c8-4c20-48ad-acf7-130edceb02cf tempest-ServersWithSpecificFlavorTestJSON-1521009209 tempest-ServersWithSpecificFlavorTestJSON-1521009209-project] 10.222.0.59 "GET /compute/v2.1/flavors/452" status: 200 len: 370 microversion: 2.1 time: 0.794784
Mar 23 14:21:12.609520 n-d-762330-22 devstack@n-api.service[118660]: [pid: 118660|app: 0|req: 42/96] 10.222.0.59 () {58 vars in 1136 bytes} [Wed Mar 23 14:21:11 2022] GET /compute/v2.1/flavors/452 => generated 370 bytes in 802 msecs (HTTP/1.1 200) 9 headers in 357 bytes (1 switches on core 0)
Mar 23 14:21:12.624377 n-d-762330-22 devstack@n-api.service[118660]: DEBUG nova.api.openstack.wsgi [None req-6635b5e3-8fc2-47e0-be93-8db818e17749 tempest-AggregatesAdminTestJSON-1785659030 tempest-AggregatesAdminTestJSON-1785659030-project] Calling method '>' {{(pid=118660) _process_stack /opt/stack/nova/nova/api/openstack/wsgi.py:513}}
Mar 23 14:21:12.632040 n-d-762330-22 devstack@n-api.service[118660]: DEBUG nova.compute.api [None req-6635b5e3-8fc2-47e0-be93-8db818e17749 tempest-AggregatesAdminTestJSON-1785659030 tempest-AggregatesAdminTestJSON-1785659030-project] [instance: 962904b4-122c-408a-9abb-eacf0227be62] Fetching instance by UUID {{(pid=118660) get /opt/stack/nova/nova/compute/api.py:2918}}
Mar 23 14:21:12.648815 n-d-762330-22 devstack@n-api.service[118660]: DEBUG oslo_concurrency.lockutils [None req-6635b5e3-8fc2-47e0-be93-8db818e17749 tempest-AggregatesAdminTestJSON-1785659030 tempest-AggregatesAdminTestJSON-1785659030-project] Lock "c2d3f7e0-aa42-4c6b-939e-464150861dbe" acquired by "nova.context.set_target_cell..get_or_set_cached_cell_and_set_connections" :: waited 0.000s {{(pid=118660) inner /usr/local/lib/python3.8/dist-packages/oslo_concurrency/lockutils.py:386}}
Mar 23 14:21:12.649292 n-d-762330-22 devstack@n-api.service[118660]: DEBUG oslo_concurrency.lockutils [None req-6635b5e3-8fc2-47e0-be93-8db818e17749 tempest-AggregatesAdminTestJSON-1785659030 tempest-AggregatesAdminTestJSON-1785659030-project] Lock "c2d3f7e0-aa42-4c6b-939e-464150861dbe" "released" by "nova.context.set_target_cell..get_or_set_cached_cell_and_set_connections" :: held 0.001s {{(pid=118660) inner /usr/local/lib/python3.8/dist-packages/oslo_concurrency/lockutils.py:400}}
Mar 23 14:21:12.660814 n-d-762330-22 devstack@n-api.service[118660]: DEBUG oslo_concurrency.lockutils [None req-6635b5e3-8fc2-47e0-be93-8db818e17749 tempest-AggregatesAdminTestJSON-1785659030 tempest-AggregatesAdminTestJSON-1785659030-project] Lock "c2d3f7e0-aa42-4c6b-939e-464150861dbe" acquired by "nova.context.set_target_cell..get_or_set_cached_cell_and_set_connections" :: waited 0.000s {{(pid=118660) inner /usr/local/lib/python3.8/dist-packages/oslo_concurrency/lockutils.py:386}}
Mar 23 14:21:12.661311 n-d-762330-22 devstack@n-api.service[118660]: DEBUG oslo_concurrency.lockutils [None req-6635b5e3-8fc2-47e0-be93-8db818e17749 tempest-AggregatesAdminTestJSON-1785659030 tempest-AggregatesAdminTestJSON-1785659030-project] Lock "c2d3f7e0-aa42-4c6b-939e-464150861dbe" "released" by "nova.context.set_target_cell..get_or_set_cached_cell_and_set_connections" :: held 0.011s {{(pid=118660) inner /usr/local/lib/python3.8/dist-packages/oslo_concurrency/lockutils.py:400}}
Mar 23 14:21:12.732611 n-d-762330-22 devstack@n-api.service[118659]: DEBUG nova.policy [None req-476e8873-d381-4b59-aabe-78f89366b513 tempest-ServerDiagnosticsNegativeTest-2141438449 tempest-ServerDiagnosticsNegativeTest-2141438449-project] Policy check for os_compute_api:os-extended-server-attributes failed with credentials {'is_admin': False, 'user_id': 'e9a09877f6ba4872bdf2832d3bae63ea', 'user_domain_id': 'default', 'system_scope': None, 'domain_id': None, 'project_id': 'ad43f6deb61d4b9992fcc2d4311d223a', 'project_domain_id': 'default', 'roles': ['member', 'reader'], 'is_admin_project': True, 'service_user_id': None, 'service_user_domain_id': None, 'service_project_id': None, 'service_project_domain_id': None, 'service_roles': []} {{(pid=118659) authorize /opt/stack/nova/nova/policy.py:199}}
Mar 23 14:21:12.742583 n-d-762330-22 devstack@n-api.service[118659]: INFO nova.api.openstack.requestlog [None req-476e8873-d381-4b59-aabe-78f89366b513 tempest-ServerDiagnosticsNegativeTest-2141438449 tempest-ServerDiagnosticsNegativeTest-2141438449-project] 10.222.0.59 "GET /compute/v2.1/servers/7f5bca5e-cce1-462a-9bff-9412c2855076" status: 200 len: 1322 microversion: 2.1 time: 0.536749
Mar 23 14:21:12.743117 n-d-762330-22 devstack@n-api.service[118659]: [pid: 118659|app: 0|req: 55/97] 10.222.0.59 () {58 vars in 1235 bytes} [Wed Mar 23 14:21:12 2022] GET /compute/v2.1/servers/7f5bca5e-cce1-462a-9bff-9412c2855076 => generated 1322 bytes in 538 msecs (HTTP/1.1 200) 9 headers in 358 bytes (1 switches on core 0)
Mar 23 14:21:13.014866 n-d-762330-22 devstack@n-api.service[118660]: DEBUG nova.policy [None req-6635b5e3-8fc2-47e0-be93-8db818e17749 tempest-AggregatesAdminTestJSON-1785659030 tempest-AggregatesAdminTestJSON-1785659030-project] Policy check for os_compute_api:os-extended-server-attributes failed with credentials {'is_admin': False, 'user_id': '903a91e64efe4ae989bb19b8fdc98fbc', 'user_domain_id': 'default', 'system_scope': None, 'domain_id': None, 'project_id': '727e38aaf99a41a0b7d719d8d8121a9f', 'project_domain_id': 'default', 'roles': ['member', 'reader'], 'is_admin_project': True, 'service_user_id': None, 'service_user_domain_id': None, 'service_project_id': None, 'service_project_domain_id': None, 'service_roles': []} {{(pid=118660) authorize /opt/stack/nova/nova/policy.py:199}}
Mar 23 14:21:13.023254 n-d-762330-22 devstack@n-api.service[118660]: INFO nova.api.openstack.requestlog [None req-6635b5e3-8fc2-47e0-be93-8db818e17749 tempest-AggregatesAdminTestJSON-1785659030 tempest-AggregatesAdminTestJSON-1785659030-project] 10.222.0.59 "GET /compute/v2.1/servers/962904b4-122c-408a-9abb-eacf0227be62" status: 200 len: 1337 microversion: 2.1 time: 0.403327
Mar 23 14:21:13.035897 n-d-762330-22 devstack@n-api.service[118660]: [pid: 118660|app: 0|req: 43/98] 10.222.0.59 () {58 vars in 1235 bytes} [Wed Mar 23 14:21:12 2022] GET /compute/v2.1/servers/962904b4-122c-408a-9abb-eacf0227be62 => generated 1337 bytes in 425 msecs (HTTP/1.1 200) 9 headers in 358 bytes (1 switches on core 0)
Mar 23 14:21:13.037320 n-d-762330-22 devstack@n-api.service[118660]: DEBUG nova.api.openstack.wsgi [None req-6635b5e3-8fc2-47e0-be93-8db818e17749 tempest-AggregatesAdminTestJSON-1785659030 tempest-AggregatesAdminTestJSON-1785659030-project] Calling method '>' {{(pid=118660) _process_stack /opt/stack/nova/nova/api/openstack/wsgi.py:513}}
Mar 23 14:21:13.038433 n-d-762330-22 devstack@n-api.service[118660]: INFO nova.api.openstack.requestlog [None req-6635b5e3-8fc2-47e0-be93-8db818e17749 tempest-AggregatesAdminTestJSON-1785659030 tempest-AggregatesAdminTestJSON-1785659030-project] 10.222.0.59 "GET /compute//" status: 200 len: 377 microversion: - time: 0.001531
Mar 23 14:21:13.039222 n-d-762330-22 devstack@n-api.service[118660]: [pid: 118660|app: 0|req: 44/99] 10.222.0.59 () {56 vars in 885 bytes} [Wed Mar 23 14:21:13 2022] GET /compute/ => generated 377 bytes in 3 msecs (HTTP/1.1 200) 3 headers in 91 bytes (1 switches on core 0)
Mar 23 14:21:13.742294 n-d-762330-22 devstack@n-api.service[118659]: DEBUG nova.api.openstack.wsgi [None req-2cd2c3e9-d110-42ff-a939-e701057e2b28 tempest-ServersWithSpecificFlavorTestJSON-163609647 tempest-ServersWithSpecificFlavorTestJSON-163609647-project-admin] Action: 'create', calling method: >, body: {"flavor": {"ram": 1024, "vcpus": 1, "disk": 1, "name": "tempest-flavor_with_ephemeral_1-522555798", "id": 428437965, "OS-FLV-EXT-DATA:ephemeral": 1, "os-flavor-access:is_public": "True"}} {{(pid=118659) _process_stack /opt/stack/nova/nova/api/openstack/wsgi.py:511}}
Mar 23 14:21:13.744044 n-d-762330-22 devstack@n-api.service[118659]: /usr/local/lib/python3.8/dist-packages/oslo_policy/policy.py:1119: UserWarning: Policy "os_compute_api:os-flavor-manage:create": "rule:context_is_admin" failed scope check. The token used to make the request was project scoped but the policy requires ['system'] scope. This behavior may change in the future where using the intended scope is required
Mar 23 14:21:13.744044 n-d-762330-22 devstack@n-api.service[118659]: warnings.warn(msg)
Mar 23 14:21:13.761119 n-d-762330-22 devstack@n-api.service[118660]: DEBUG nova.api.openstack.wsgi [None req-ef1cc462-4729-4cce-bbd4-dd7801100ee8 tempest-ServerDiagnosticsNegativeTest-2141438449 tempest-ServerDiagnosticsNegativeTest-2141438449-project] Calling method '>' {{(pid=118660) _process_stack /opt/stack/nova/nova/api/openstack/wsgi.py:513}}
Mar 23 14:21:13.762693 n-d-762330-22 devstack@n-api.service[118660]: DEBUG nova.compute.api [None req-ef1cc462-4729-4cce-bbd4-dd7801100ee8 tempest-ServerDiagnosticsNegativeTest-2141438449 tempest-ServerDiagnosticsNegativeTest-2141438449-project] [instance: 7f5bca5e-cce1-462a-9bff-9412c2855076] Fetching instance by UUID {{(pid=118660) get /opt/stack/nova/nova/compute/api.py:2918}}
Mar 23 14:21:13.769446 n-d-762330-22 devstack@n-api.service[118660]: DEBUG oslo_concurrency.lockutils [None req-ef1cc462-4729-4cce-bbd4-dd7801100ee8 tempest-ServerDiagnosticsNegativeTest-2141438449 tempest-ServerDiagnosticsNegativeTest-2141438449-project] Lock "c2d3f7e0-aa42-4c6b-939e-464150861dbe" acquired by "nova.context.set_target_cell..get_or_set_cached_cell_and_set_connections" :: waited 0.000s {{(pid=118660) inner /usr/local/lib/python3.8/dist-packages/oslo_concurrency/lockutils.py:386}}
Mar 23 14:21:13.777032 n-d-762330-22 devstack@n-api.service[118659]: INFO nova.api.openstack.requestlog [None req-2cd2c3e9-d110-42ff-a939-e701057e2b28 tempest-ServersWithSpecificFlavorTestJSON-163609647 tempest-ServersWithSpecificFlavorTestJSON-163609647-project-admin] 10.222.0.59 "POST /compute/v2.1/flavors" status: 200 len: 421 microversion: 2.1 time: 1.018591
Mar 23 14:21:13.777935 n-d-762330-22 devstack@n-api.service[118660]: DEBUG oslo_concurrency.lockutils [None req-ef1cc462-4729-4cce-bbd4-dd7801100ee8 tempest-ServerDiagnosticsNegativeTest-2141438449 tempest-ServerDiagnosticsNegativeTest-2141438449-project] Lock "c2d3f7e0-aa42-4c6b-939e-464150861dbe" "released" by "nova.context.set_target_cell..get_or_set_cached_cell_and_set_connections" :: held 0.001s {{(pid=118660) inner /usr/local/lib/python3.8/dist-packages/oslo_concurrency/lockutils.py:400}}
Mar 23 14:21:13.780219 n-d-762330-22 devstack@n-api.service[118660]: DEBUG oslo_concurrency.lockutils [None req-ef1cc462-4729-4cce-bbd4-dd7801100ee8 tempest-ServerDiagnosticsNegativeTest-2141438449 tempest-ServerDiagnosticsNegativeTest-2141438449-project] Lock "c2d3f7e0-aa42-4c6b-939e-464150861dbe" acquired by "nova.context.set_target_cell..get_or_set_cached_cell_and_set_connections" :: waited 0.000s {{(pid=118660) inner /usr/local/lib/python3.8/dist-packages/oslo_concurrency/lockutils.py:386}}
Mar 23 14:21:13.783480 n-d-762330-22 devstack@n-api.service[118660]: DEBUG oslo_concurrency.lockutils [None req-ef1cc462-4729-4cce-bbd4-dd7801100ee8 tempest-ServerDiagnosticsNegativeTest-2141438449 tempest-ServerDiagnosticsNegativeTest-2141438449-project] Lock "c2d3f7e0-aa42-4c6b-939e-464150861dbe" "released" by "nova.context.set_target_cell..get_or_set_cached_cell_and_set_connections" :: held 0.003s {{(pid=118660) inner /usr/local/lib/python3.8/dist-packages/oslo_concurrency/lockutils.py:400}}
Mar 23 14:21:13.791099 n-d-762330-22 devstack@n-api.service[118659]: [pid: 118659|app: 0|req: 56/100] 10.222.0.59 () {60 vars in 1146 bytes} [Wed Mar 23 14:21:12 2022] POST /compute/v2.1/flavors => generated 421 bytes in 1034 msecs (HTTP/1.1 200) 9 headers in 357 bytes (1 switches on core 0)
Mar 23 14:21:13.803110 n-d-762330-22 devstack@n-api.service[118659]: DEBUG nova.api.openstack.wsgi [None req-a0487cf6-2d17-41e3-a088-05d98dbc3296 tempest-ServersWithSpecificFlavorTestJSON-163609647 tempest-ServersWithSpecificFlavorTestJSON-163609647-project-admin] Calling method '>' {{(pid=118659) _process_stack /opt/stack/nova/nova/api/openstack/wsgi.py:513}}
Mar 23 14:21:13.836868 n-d-762330-22 devstack@n-api.service[118659]: INFO nova.api.openstack.requestlog [None req-a0487cf6-2d17-41e3-a088-05d98dbc3296 tempest-ServersWithSpecificFlavorTestJSON-163609647 tempest-ServersWithSpecificFlavorTestJSON-163609647-project-admin] 10.222.0.59 "GET /compute/v2.1/flavors/452/os-extra_specs" status: 200 len: 19 microversion: 2.1 time: 0.039061
Mar 23 14:21:13.842186 n-d-762330-22 devstack@n-api.service[118659]: [pid: 118659|app: 0|req: 57/101] 10.222.0.59 () {58 vars in 1181 bytes} [Wed Mar 23 14:21:13 2022] GET /compute/v2.1/flavors/452/os-extra_specs => generated 19 bytes in 44 msecs (HTTP/1.1 200) 9 headers in 356 bytes (1 switches on core 0)
Mar 23 14:21:13.852864 n-d-762330-22 devstack@n-api.service[118659]: DEBUG nova.api.openstack.wsgi [None req-6462d693-4770-4458-92bb-5f32df457e13 tempest-ServersWithSpecificFlavorTestJSON-163609647 tempest-ServersWithSpecificFlavorTestJSON-163609647-project-admin] Action: 'create', calling method: >, body: {"flavor": {"ram": 1024, "vcpus": 1, "disk": 1, "name": "tempest-flavor_with_ephemeral_0-1504268937", "id": 230133922, "OS-FLV-EXT-DATA:ephemeral": 0, "os-flavor-access:is_public": "True"}} {{(pid=118659) _process_stack /opt/stack/nova/nova/api/openstack/wsgi.py:511}}
Mar 23 14:21:13.907701 n-d-762330-22 devstack@n-api.service[118659]: INFO nova.api.openstack.requestlog [None req-6462d693-4770-4458-92bb-5f32df457e13 tempest-ServersWithSpecificFlavorTestJSON-163609647 tempest-ServersWithSpecificFlavorTestJSON-163609647-project-admin] 10.222.0.59 "POST /compute/v2.1/flavors" status: 200 len: 422 microversion: 2.1 time: 0.064316
