Nov 12 02:41:32.212013 n-d-762330-2 cinder-volume[88965]: DEBUG cinder.volume.manager [None req-c72e63a3-2889-412a-b532-01567b38420c tempest-GroupSnapshotsTest-1321443211 None] Task 'cinder.volume.flows.manager.create_volume.ExtractVolumeSpecTask;volume:create' (db96f425-7ce9-4bb0-bd49-96ce4a7dea2d) transitioned into state 'SUCCESS' from state 'RUNNING' with result '{'status': 'creating', 'type': 'raw', 'volume_id': '022a63a2-bb66-4fc8-b4df-e60ea757a478', 'volume_name': 'volume-022a63a2-bb66-4fc8-b4df-e60ea757a478', 'volume_size': 1}' {{(pid=89227) _task_receiver /usr/local/lib/python3.6/dist-packages/taskflow/listeners/logging.py:181}}
Nov 12 02:41:32.227322 n-d-762330-2 cinder-volume[88965]: DEBUG cinder.volume.manager [None req-c72e63a3-2889-412a-b532-01567b38420c tempest-GroupSnapshotsTest-1321443211 None] Task 'cinder.volume.flows.manager.create_volume.NotifyVolumeActionTask;volume:create, create.start' (5450aa4d-163a-4118-b9fa-dc6dc23b112a) transitioned into state 'RUNNING' from state 'PENDING' {{(pid=89227) _task_receiver /usr/local/lib/python3.6/dist-packages/taskflow/listeners/logging.py:192}}
Nov 12 02:41:32.233403 n-d-762330-2 cinder-volume[88965]: DEBUG cinder.volume.manager [None req-c72e63a3-2889-412a-b532-01567b38420c tempest-GroupSnapshotsTest-1321443211 None] Task 'cinder.volume.flows.manager.create_volume.NotifyVolumeActionTask;volume:create, create.start' (5450aa4d-163a-4118-b9fa-dc6dc23b112a) transitioned into state 'SUCCESS' from state 'RUNNING' with result 'None' {{(pid=89227) _task_receiver /usr/local/lib/python3.6/dist-packages/taskflow/listeners/logging.py:181}}
Nov 12 02:41:32.241924 n-d-762330-2 cinder-volume[88965]: DEBUG cinder.volume.manager [None req-c72e63a3-2889-412a-b532-01567b38420c tempest-GroupSnapshotsTest-1321443211 None] Task 'cinder.volume.flows.manager.create_volume.CreateVolumeFromSpecTask;volume:create' (79e1bc8d-afa7-4f40-b7a6-a9285ee7b320) transitioned into state 'RUNNING' from state 'PENDING' {{(pid=89227) _task_receiver /usr/local/lib/python3.6/dist-packages/taskflow/listeners/logging.py:192}}
Nov 12 02:41:32.348432 n-d-762330-2 cinder-volume[88965]: INFO cinder.volume.flows.manager.create_volume [None req-c72e63a3-2889-412a-b532-01567b38420c tempest-GroupSnapshotsTest-1321443211 None] Volume 022a63a2-bb66-4fc8-b4df-e60ea757a478: being created as raw with specification: {'status': 'creating', 'volume_name': 'volume-022a63a2-bb66-4fc8-b4df-e60ea757a478', 'volume_size': 1}
Nov 12 02:41:32.349662 n-d-762330-2 cinder-volume[88965]: DEBUG oslo_concurrency.processutils [None req-c72e63a3-2889-412a-b532-01567b38420c tempest-GroupSnapshotsTest-1321443211 None] Running cmd (subprocess): sudo cinder-rootwrap /etc/cinder/rootwrap.conf env LC_ALL=C lvcreate -n volume-022a63a2-bb66-4fc8-b4df-e60ea757a478 stack-volumes-lvmdriver-1 -L 1g {{(pid=89227) execute /usr/local/lib/python3.6/dist-packages/oslo_concurrency/processutils.py:384}}
Nov 12 02:41:32.406774 n-d-762330-2 sudo[116256]: ubuntu : TTY=unknown ; PWD=/ ; USER=root ; COMMAND=/usr/local/bin/cinder-rootwrap /etc/cinder/rootwrap.conf env LC_ALL=C lvcreate -n volume-022a63a2-bb66-4fc8-b4df-e60ea757a478 stack-volumes-lvmdriver-1 -L 1g
Nov 12 02:41:32.407476 n-d-762330-2 sudo[116256]: pam_unix(sudo:session): session opened for user root by (uid=0)
Nov 12 02:41:33.168679 n-d-762330-2 sudo[116256]: pam_unix(sudo:session): session closed for user root
Nov 12 02:41:33.171374 n-d-762330-2 cinder-volume[88965]: DEBUG oslo_concurrency.processutils [None req-c72e63a3-2889-412a-b532-01567b38420c tempest-GroupSnapshotsTest-1321443211 None] CMD "sudo cinder-rootwrap /etc/cinder/rootwrap.conf env LC_ALL=C lvcreate -n volume-022a63a2-bb66-4fc8-b4df-e60ea757a478 stack-volumes-lvmdriver-1 -L 1g" returned: 0 in 0.821s {{(pid=89227) execute /usr/local/lib/python3.6/dist-packages/oslo_concurrency/processutils.py:423}}
Nov 12 02:41:33.176534 n-d-762330-2 cinder-volume[88965]: DEBUG cinder.volume.manager [None req-c72e63a3-2889-412a-b532-01567b38420c tempest-GroupSnapshotsTest-1321443211 None] Task 'cinder.volume.flows.manager.create_volume.CreateVolumeFromSpecTask;volume:create' (79e1bc8d-afa7-4f40-b7a6-a9285ee7b320) transitioned into state 'SUCCESS' from state 'RUNNING' with result '{'status': 'creating', 'volume_name': 'volume-022a63a2-bb66-4fc8-b4df-e60ea757a478', 'volume_size': 1}' {{(pid=89227) _task_receiver /usr/local/lib/python3.6/dist-packages/taskflow/listeners/logging.py:181}}
Nov 12 02:41:33.184529 n-d-762330-2 cinder-volume[88965]: DEBUG cinder.volume.manager [None req-c72e63a3-2889-412a-b532-01567b38420c tempest-GroupSnapshotsTest-1321443211 None] Task 'cinder.volume.flows.manager.create_volume.CreateVolumeOnFinishTask;volume:create, create.end' (09d5860c-dca2-402f-a20f-28d58906c3c0) transitioned into state 'RUNNING' from state 'PENDING' {{(pid=89227) _task_receiver /usr/local/lib/python3.6/dist-packages/taskflow/listeners/logging.py:192}}
Nov 12 02:41:33.204931 n-d-762330-2 cinder-volume[88965]: INFO cinder.volume.flows.manager.create_volume [None req-c72e63a3-2889-412a-b532-01567b38420c tempest-GroupSnapshotsTest-1321443211 None] Volume volume-022a63a2-bb66-4fc8-b4df-e60ea757a478 (022a63a2-bb66-4fc8-b4df-e60ea757a478): created successfully
Nov 12 02:41:33.208717 n-d-762330-2 cinder-volume[88965]: DEBUG cinder.volume.manager [None req-c72e63a3-2889-412a-b532-01567b38420c tempest-GroupSnapshotsTest-1321443211 None] Task 'cinder.volume.flows.manager.create_volume.CreateVolumeOnFinishTask;volume:create, create.end' (09d5860c-dca2-402f-a20f-28d58906c3c0) transitioned into state 'SUCCESS' from state 'RUNNING' with result 'None' {{(pid=89227) _task_receiver /usr/local/lib/python3.6/dist-packages/taskflow/listeners/logging.py:181}}
Nov 12 02:41:33.213536 n-d-762330-2 cinder-volume[88965]: DEBUG cinder.volume.manager [None req-c72e63a3-2889-412a-b532-01567b38420c tempest-GroupSnapshotsTest-1321443211 None] Flow 'volume_create_manager' (10fa80dd-cf3c-4e31-91af-404ccbce065e) transitioned into state 'SUCCESS' from state 'RUNNING' {{(pid=89227) _flow_receiver /usr/local/lib/python3.6/dist-packages/taskflow/listeners/logging.py:143}}
Nov 12 02:41:33.227395 n-d-762330-2 cinder-volume[88965]: INFO cinder.volume.manager [None req-c72e63a3-2889-412a-b532-01567b38420c tempest-GroupSnapshotsTest-1321443211 None] Created volume successfully.
Nov 12 02:41:33.787125 n-d-762330-2 cinder-volume[88965]: INFO cinder.volume.manager [None req-ba53380c-ada4-42a3-a855-3bc5711b5be9 tempest-GroupSnapshotsTest-1321443211 None] GroupSnapshot 2ba1b027-23db-4581-a517-5ab95cfd550e: creating.
Nov 12 02:41:33.866082 n-d-762330-2 cinder-volume[88965]: DEBUG cinder.volume.manager [None req-ba53380c-ada4-42a3-a855-3bc5711b5be9 tempest-GroupSnapshotsTest-1321443211 None] Group snapshot 2ba1b027-23db-4581-a517-5ab95cfd550e: creating. {{(pid=89227) create_group_snapshot /opt/stack/cinder/cinder/volume/manager.py:3848}}
Nov 12 02:41:33.992482 n-d-762330-2 cinder-volume[88965]: DEBUG oslo_concurrency.processutils [None req-ba53380c-ada4-42a3-a855-3bc5711b5be9 tempest-GroupSnapshotsTest-1321443211 None] Running cmd (subprocess): sudo cinder-rootwrap /etc/cinder/rootwrap.conf env LC_ALL=C lvs --noheadings --unit=g -o vg_name,name,size --nosuffix stack-volumes-lvmdriver-1/volume-022a63a2-bb66-4fc8-b4df-e60ea757a478 {{(pid=89227) execute /usr/local/lib/python3.6/dist-packages/oslo_concurrency/processutils.py:384}}
Nov 12 02:41:34.037733 n-d-762330-2 sudo[116289]: ubuntu : TTY=unknown ; PWD=/ ; USER=root ; COMMAND=/usr/local/bin/cinder-rootwrap /etc/cinder/rootwrap.conf env LC_ALL=C lvs --noheadings --unit=g -o vg_name,name,size --nosuffix stack-volumes-lvmdriver-1/volume-022a63a2-bb66-4fc8-b4df-e60ea757a478
Nov 12 02:41:34.039112 n-d-762330-2 sudo[116289]: pam_unix(sudo:session): session opened for user root by (uid=0)
Nov 12 02:41:34.949757 n-d-762330-2 sudo[116289]: pam_unix(sudo:session): session closed for user root
Nov 12 02:41:34.952041 n-d-762330-2 cinder-volume[88965]: DEBUG oslo_concurrency.processutils [None req-ba53380c-ada4-42a3-a855-3bc5711b5be9 tempest-GroupSnapshotsTest-1321443211 None] CMD "sudo cinder-rootwrap /etc/cinder/rootwrap.conf env LC_ALL=C lvs --noheadings --unit=g -o vg_name,name,size --nosuffix stack-volumes-lvmdriver-1/volume-022a63a2-bb66-4fc8-b4df-e60ea757a478" returned: 0 in 0.959s {{(pid=89227) execute /usr/local/lib/python3.6/dist-packages/oslo_concurrency/processutils.py:423}}
Nov 12 02:41:34.954405 n-d-762330-2 cinder-volume[88965]: DEBUG oslo_concurrency.processutils [None req-ba53380c-ada4-42a3-a855-3bc5711b5be9 tempest-GroupSnapshotsTest-1321443211 None] Running cmd (subprocess): sudo cinder-rootwrap /etc/cinder/rootwrap.conf env LC_ALL=C lvcreate --name _snapshot-1f5eecde-a7ab-4ae8-84ba-4b0ba9624ee8 --snapshot stack-volumes-lvmdriver-1/volume-022a63a2-bb66-4fc8-b4df-e60ea757a478 -L 1.00g {{(pid=89227) execute /usr/local/lib/python3.6/dist-packages/oslo_concurrency/processutils.py:384}}
Nov 12 02:41:34.989361 n-d-762330-2 sudo[116295]: ubuntu : TTY=unknown ; PWD=/ ; USER=root ; COMMAND=/usr/local/bin/cinder-rootwrap /etc/cinder/rootwrap.conf env LC_ALL=C lvcreate --name _snapshot-1f5eecde-a7ab-4ae8-84ba-4b0ba9624ee8 --snapshot stack-volumes-lvmdriver-1/volume-022a63a2-bb66-4fc8-b4df-e60ea757a478 -L 1.00g
Nov 12 02:41:34.990542 n-d-762330-2 sudo[116295]: pam_unix(sudo:session): session opened for user root by (uid=0)
Nov 12 02:41:36.090060 n-d-762330-2 sudo[116295]: pam_unix(sudo:session): session closed for user root
Nov 12 02:41:36.092687 n-d-762330-2 cinder-volume[88965]: DEBUG oslo_concurrency.processutils [None req-ba53380c-ada4-42a3-a855-3bc5711b5be9 tempest-GroupSnapshotsTest-1321443211 None] CMD "sudo cinder-rootwrap /etc/cinder/rootwrap.conf env LC_ALL=C lvcreate --name _snapshot-1f5eecde-a7ab-4ae8-84ba-4b0ba9624ee8 --snapshot stack-volumes-lvmdriver-1/volume-022a63a2-bb66-4fc8-b4df-e60ea757a478 -L 1.00g" returned: 0 in 1.138s {{(pid=89227) execute /usr/local/lib/python3.6/dist-packages/oslo_concurrency/processutils.py:423}}
Nov 12 02:41:36.306484 n-d-762330-2 cinder-volume[88965]: INFO cinder.volume.manager [None req-ba53380c-ada4-42a3-a855-3bc5711b5be9 tempest-GroupSnapshotsTest-1321443211 None] group_snapshot 2ba1b027-23db-4581-a517-5ab95cfd550e: created successfully
Nov 12 02:41:39.157757 n-d-762330-2 cinder-volume[88965]: DEBUG oslo_concurrency.processutils [None req-5c2046c5-c547-4652-acc0-73a05220c1b4 tempest-GroupSnapshotsTest-1321443211 None] Running cmd (subprocess): sudo cinder-rootwrap /etc/cinder/rootwrap.conf env LC_ALL=C lvcreate -n volume-9e82f869-f060-4be4-b07f-ead5631b3a99 stack-volumes-lvmdriver-1 -L 1g {{(pid=89227) execute /usr/local/lib/python3.6/dist-packages/oslo_concurrency/processutils.py:384}}
Nov 12 02:41:39.210146 n-d-762330-2 sudo[116470]: ubuntu : TTY=unknown ; PWD=/ ; USER=root ; COMMAND=/usr/local/bin/cinder-rootwrap /etc/cinder/rootwrap.conf env LC_ALL=C lvcreate -n volume-9e82f869-f060-4be4-b07f-ead5631b3a99 stack-volumes-lvmdriver-1 -L 1g
Nov 12 02:41:39.210728 n-d-762330-2 sudo[116470]: pam_unix(sudo:session): session opened for user root by (uid=0)
Nov 12 02:41:40.125184 n-d-762330-2 sudo[116470]: pam_unix(sudo:session): session closed for user root
Nov 12 02:41:40.128234 n-d-762330-2 cinder-volume[88965]: DEBUG oslo_concurrency.processutils [None req-5c2046c5-c547-4652-acc0-73a05220c1b4 tempest-GroupSnapshotsTest-1321443211 None] CMD "sudo cinder-rootwrap /etc/cinder/rootwrap.conf env LC_ALL=C lvcreate -n volume-9e82f869-f060-4be4-b07f-ead5631b3a99 stack-volumes-lvmdriver-1 -L 1g" returned: 0 in 0.971s {{(pid=89227) execute /usr/local/lib/python3.6/dist-packages/oslo_concurrency/processutils.py:423}}
Nov 12 02:41:40.130497 n-d-762330-2 cinder-volume[88965]: DEBUG oslo_concurrency.processutils [None req-5c2046c5-c547-4652-acc0-73a05220c1b4 tempest-GroupSnapshotsTest-1321443211 None] Running cmd (subprocess): sudo cinder-rootwrap /etc/cinder/rootwrap.conf env LC_ALL=C vgs --version {{(pid=89227) execute /usr/local/lib/python3.6/dist-packages/oslo_concurrency/processutils.py:384}}
Nov 12 02:41:40.162055 n-d-762330-2 sudo[116524]: ubuntu : TTY=unknown ; PWD=/ ; USER=root ; COMMAND=/usr/local/bin/cinder-rootwrap /etc/cinder/rootwrap.conf env LC_ALL=C vgs --version
Nov 12 02:41:40.163151 n-d-762330-2 sudo[116524]: pam_unix(sudo:session): session opened for user root by (uid=0)
Nov 12 02:41:40.816630 n-d-762330-2 sudo[116524]: pam_unix(sudo:session): session closed for user root
Nov 12 02:41:40.819906 n-d-762330-2 cinder-volume[88965]: DEBUG oslo_concurrency.processutils [None req-5c2046c5-c547-4652-acc0-73a05220c1b4 tempest-GroupSnapshotsTest-1321443211 None] CMD "sudo cinder-rootwrap /etc/cinder/rootwrap.conf env LC_ALL=C vgs --version" returned: 0 in 0.688s {{(pid=89227) execute /usr/local/lib/python3.6/dist-packages/oslo_concurrency/processutils.py:423}}
Nov 12 02:41:40.822078 n-d-762330-2 cinder-volume[88965]: DEBUG oslo_concurrency.processutils [None req-5c2046c5-c547-4652-acc0-73a05220c1b4 tempest-GroupSnapshotsTest-1321443211 None] Running cmd (subprocess): sudo cinder-rootwrap /etc/cinder/rootwrap.conf lvchange -a y --yes -K stack-volumes-lvmdriver-1/_snapshot-1f5eecde-a7ab-4ae8-84ba-4b0ba9624ee8 {{(pid=89227) execute /usr/local/lib/python3.6/dist-packages/oslo_concurrency/processutils.py:384}}
Nov 12 02:41:40.843253 n-d-762330-2 sudo[116536]: ubuntu : TTY=unknown ; PWD=/ ; USER=root ; COMMAND=/usr/local/bin/cinder-rootwrap /etc/cinder/rootwrap.conf lvchange -a y --yes -K stack-volumes-lvmdriver-1/_snapshot-1f5eecde-a7ab-4ae8-84ba-4b0ba9624ee8
Nov 12 02:41:40.845260 n-d-762330-2 sudo[116536]: pam_unix(sudo:session): session opened for user root by (uid=0)
Nov 12 02:41:41.343071 n-d-762330-2 sudo[116536]: pam_unix(sudo:session): session closed for user root
Nov 12 02:41:41.345811 n-d-762330-2 cinder-volume[88965]: DEBUG oslo_concurrency.processutils [None req-5c2046c5-c547-4652-acc0-73a05220c1b4 tempest-GroupSnapshotsTest-1321443211 None] CMD "sudo cinder-rootwrap /etc/cinder/rootwrap.conf lvchange -a y --yes -K stack-volumes-lvmdriver-1/_snapshot-1f5eecde-a7ab-4ae8-84ba-4b0ba9624ee8" returned: 0 in 0.523s {{(pid=89227) execute /usr/local/lib/python3.6/dist-packages/oslo_concurrency/processutils.py:423}}
Nov 12 02:41:41.348985 n-d-762330-2 cinder-volume[88965]: DEBUG oslo_concurrency.processutils [None req-5c2046c5-c547-4652-acc0-73a05220c1b4 tempest-GroupSnapshotsTest-1321443211 None] Running cmd (subprocess): sudo cinder-rootwrap /etc/cinder/rootwrap.conf dd count=0 if=/dev/mapper/stack--volumes--lvmdriver--1-_snapshot--1f5eecde--a7ab--4ae8--84ba--4b0ba9624ee8 of=/dev/mapper/stack--volumes--lvmdriver--1-volume--9e82f869--f060--4be4--b07f--ead5631b3a99 iflag=direct {{(pid=89227) execute /usr/local/lib/python3.6/dist-packages/oslo_concurrency/processutils.py:384}}
Nov 12 02:41:41.368035 n-d-762330-2 sudo[116547]: ubuntu : TTY=unknown ; PWD=/ ; USER=root ; COMMAND=/usr/local/bin/cinder-rootwrap /etc/cinder/rootwrap.conf dd count=0 if=/dev/mapper/stack--volumes--lvmdriver--1-_snapshot--1f5eecde--a7ab--4ae8--84ba--4b0ba9624ee8 of=/dev/mapper/stack--volumes--lvmdriver--1-volume--9e82f869--f060--4be4--b07f--ead5631b3a99 iflag=direct
Nov 12 02:41:41.369409 n-d-762330-2 sudo[116547]: pam_unix(sudo:session): session opened for user root by (uid=0)
Nov 12 02:41:42.096788 n-d-762330-2 sudo[116547]: pam_unix(sudo:session): session closed for user root
Nov 12 02:41:42.099222 n-d-762330-2 cinder-volume[88965]: DEBUG oslo_concurrency.processutils [None req-5c2046c5-c547-4652-acc0-73a05220c1b4 tempest-GroupSnapshotsTest-1321443211 None] CMD "sudo cinder-rootwrap /etc/cinder/rootwrap.conf dd count=0 if=/dev/mapper/stack--volumes--lvmdriver--1-_snapshot--1f5eecde--a7ab--4ae8--84ba--4b0ba9624ee8 of=/dev/mapper/stack--volumes--lvmdriver--1-volume--9e82f869--f060--4be4--b07f--ead5631b3a99 iflag=direct" returned: 0 in 0.750s {{(pid=89227) execute /usr/local/lib/python3.6/dist-packages/oslo_concurrency/processutils.py:423}}
Nov 12 02:41:42.100319 n-d-762330-2 cinder-volume[88965]: DEBUG oslo_concurrency.processutils [None req-5c2046c5-c547-4652-acc0-73a05220c1b4 tempest-GroupSnapshotsTest-1321443211 None] Running cmd (subprocess): sudo cinder-rootwrap /etc/cinder/rootwrap.conf dd count=0 if=/dev/mapper/stack--volumes--lvmdriver--1-_snapshot--1f5eecde--a7ab--4ae8--84ba--4b0ba9624ee8 of=/dev/mapper/stack--volumes--lvmdriver--1-volume--9e82f869--f060--4be4--b07f--ead5631b3a99 oflag=direct {{(pid=89227) execute /usr/local/lib/python3.6/dist-packages/oslo_concurrency/processutils.py:384}}
Nov 12 02:41:42.137885 n-d-762330-2 sudo[116560]: ubuntu : TTY=unknown ; PWD=/ ; USER=root ; COMMAND=/usr/local/bin/cinder-rootwrap /etc/cinder/rootwrap.conf dd count=0 if=/dev/mapper/stack--volumes--lvmdriver--1-_snapshot--1f5eecde--a7ab--4ae8--84ba--4b0ba9624ee8 of=/dev/mapper/stack--volumes--lvmdriver--1-volume--9e82f869--f060--4be4--b07f--ead5631b3a99 oflag=direct
Nov 12 02:41:42.138461 n-d-762330-2 sudo[116560]: pam_unix(sudo:session): session opened for user root by (uid=0)
Nov 12 02:41:43.069183 n-d-762330-2 sudo[116560]: pam_unix(sudo:session): session closed for user root
Nov 12 02:41:43.071593 n-d-762330-2 cinder-volume[88965]: DEBUG oslo_concurrency.processutils [None req-5c2046c5-c547-4652-acc0-73a05220c1b4 tempest-GroupSnapshotsTest-1321443211 None] CMD "sudo cinder-rootwrap /etc/cinder/rootwrap.conf dd count=0 if=/dev/mapper/stack--volumes--lvmdriver--1-_snapshot--1f5eecde--a7ab--4ae8--84ba--4b0ba9624ee8 of=/dev/mapper/stack--volumes--lvmdriver--1-volume--9e82f869--f060--4be4--b07f--ead5631b3a99 oflag=direct" returned: 0 in 0.971s {{(pid=89227) execute /usr/local/lib/python3.6/dist-packages/oslo_concurrency/processutils.py:423}}
Nov 12 02:41:43.072718 n-d-762330-2 cinder-volume[88965]: DEBUG oslo_concurrency.processutils [None req-5c2046c5-c547-4652-acc0-73a05220c1b4 tempest-GroupSnapshotsTest-1321443211 None] Running cmd (subprocess): sudo cinder-rootwrap /etc/cinder/rootwrap.conf dd if=/dev/mapper/stack--volumes--lvmdriver--1-_snapshot--1f5eecde--a7ab--4ae8--84ba--4b0ba9624ee8 of=/dev/mapper/stack--volumes--lvmdriver--1-volume--9e82f869--f060--4be4--b07f--ead5631b3a99 count=1073741824 bs=1M iflag=count_bytes,direct oflag=direct {{(pid=89227) execute /usr/local/lib/python3.6/dist-packages/oslo_concurrency/processutils.py:384}}
Nov 12 02:41:43.115182 n-d-762330-2 sudo[116571]: ubuntu : TTY=unknown ; PWD=/ ; USER=root ; COMMAND=/usr/local/bin/cinder-rootwrap /etc/cinder/rootwrap.conf dd if=/dev/mapper/stack--volumes--lvmdriver--1-_snapshot--1f5eecde--a7ab--4ae8--84ba--4b0ba9624ee8 of=/dev/mapper/stack--volumes--lvmdriver--1-volume--9e82f869--f060--4be4--b07f--ead5631b3a99 count=1073741824 bs=1M iflag=count_bytes,direct oflag=direct
Nov 12 02:41:43.118677 n-d-762330-2 sudo[116571]: pam_unix(sudo:session): session opened for user root by (uid=0)
Nov 12 02:41:50.209463 n-d-762330-2 sudo[116571]: pam_unix(sudo:session): session closed for user root
Nov 12 02:41:50.213066 n-d-762330-2 cinder-volume[88965]: DEBUG oslo_concurrency.processutils [None req-5c2046c5-c547-4652-acc0-73a05220c1b4 tempest-GroupSnapshotsTest-1321443211 None] CMD "sudo cinder-rootwrap /etc/cinder/rootwrap.conf dd if=/dev/mapper/stack--volumes--lvmdriver--1-_snapshot--1f5eecde--a7ab--4ae8--84ba--4b0ba9624ee8 of=/dev/mapper/stack--volumes--lvmdriver--1-volume--9e82f869--f060--4be4--b07f--ead5631b3a99 count=1073741824 bs=1M iflag=count_bytes,direct oflag=direct" returned: 0 in 7.140s {{(pid=89227) execute /usr/local/lib/python3.6/dist-packages/oslo_concurrency/processutils.py:423}}
Nov 12 02:41:50.213868 n-d-762330-2 cinder-volume[88965]: DEBUG cinder.volume.volume_utils [None req-5c2046c5-c547-4652-acc0-73a05220c1b4 tempest-GroupSnapshotsTest-1321443211 None] Volume copy details: src /dev/mapper/stack--volumes--lvmdriver--1-_snapshot--1f5eecde--a7ab--4ae8--84ba--4b0ba9624ee8, dest /dev/mapper/stack--volumes--lvmdriver--1-volume--9e82f869--f060--4be4--b07f--ead5631b3a99, size 1024.00 MB, duration 7.14 sec {{(pid=89227) _copy_volume_with_path /opt/stack/cinder/cinder/volume/volume_utils.py:504}}
Nov 12 02:41:50.214286 n-d-762330-2 cinder-volume[88965]: INFO cinder.volume.volume_utils [None req-5c2046c5-c547-4652-acc0-73a05220c1b4 tempest-GroupSnapshotsTest-1321443211 None] Volume copy 1024.00 MB at 143.39 MB/s
Nov 12 02:41:50.338822 n-d-762330-2 cinder-volume[88965]: DEBUG oslo_service.periodic_task [None req-ce94bf21-0c4f-45fa-b0f0-a016f0fa1aaa None None] Running periodic task VolumeManager.publish_service_capabilities {{(pid=89227) run_periodic_tasks /usr/local/lib/python3.6/dist-packages/oslo_service/periodic_task.py:211}}
Nov 12 02:41:50.339193 n-d-762330-2 cinder-volume[88965]: DEBUG cinder.volume.drivers.lvm [None req-ce94bf21-0c4f-45fa-b0f0-a016f0fa1aaa None None] Updating volume stats {{(pid=89227) _update_volume_stats /opt/stack/cinder/cinder/volume/drivers/lvm.py:214}}
Nov 12 02:41:50.345483 n-d-762330-2 cinder-volume[88965]: DEBUG oslo_concurrency.processutils [None req-ce94bf21-0c4f-45fa-b0f0-a016f0fa1aaa None None] Running cmd (subprocess): sudo cinder-rootwrap /etc/cinder/rootwrap.conf env LC_ALL=C vgs --noheadings --unit=g -o name,size,free,lv_count,uuid --separator : --nosuffix stack-volumes-lvmdriver-1 {{(pid=89227) execute /usr/local/lib/python3.6/dist-packages/oslo_concurrency/processutils.py:384}}
Nov 12 02:41:50.379867 n-d-762330-2 sudo[116621]: ubuntu : TTY=unknown ; PWD=/ ; USER=root ; COMMAND=/usr/local/bin/cinder-rootwrap /etc/cinder/rootwrap.conf env LC_ALL=C vgs --noheadings --unit=g -o name,size,free,lv_count,uuid --separator : --nosuffix stack-volumes-lvmdriver-1
Nov 12 02:41:50.392738 n-d-762330-2 sudo[116621]: pam_unix(sudo:session): session opened for user root by (uid=0)
Nov 12 02:41:50.644360 n-d-762330-2 cinder-volume[88965]: INFO cinder.volume.manager [None req-5c2046c5-c547-4652-acc0-73a05220c1b4 tempest-GroupSnapshotsTest-1321443211 None] Create group from source-snapshot-2ba1b027-23db-4581-a517-5ab95cfd550e completed successfully.
Nov 12 02:41:51.021369 n-d-762330-2 sudo[116621]: pam_unix(sudo:session): session closed for user root
Nov 12 02:41:51.023332 n-d-762330-2 cinder-volume[88965]: DEBUG oslo_concurrency.processutils [None req-ce94bf21-0c4f-45fa-b0f0-a016f0fa1aaa None None] CMD "sudo cinder-rootwrap /etc/cinder/rootwrap.conf env LC_ALL=C vgs --noheadings --unit=g -o name,size,free,lv_count,uuid --separator : --nosuffix stack-volumes-lvmdriver-1" returned: 0 in 0.682s {{(pid=89227) execute /usr/local/lib/python3.6/dist-packages/oslo_concurrency/processutils.py:423}}
Nov 12 02:41:51.024619 n-d-762330-2 cinder-volume[88965]: DEBUG oslo_concurrency.processutils [None req-ce94bf21-0c4f-45fa-b0f0-a016f0fa1aaa None None] Running cmd (subprocess): sudo cinder-rootwrap /etc/cinder/rootwrap.conf env LC_ALL=C lvs --noheadings --unit=g -o vg_name,name,size --nosuffix stack-volumes-lvmdriver-1 {{(pid=89227) execute /usr/local/lib/python3.6/dist-packages/oslo_concurrency/processutils.py:384}}
Nov 12 02:41:51.062973 n-d-762330-2 sudo[116628]: ubuntu : TTY=unknown ; PWD=/ ; USER=root ; COMMAND=/usr/local/bin/cinder-rootwrap /etc/cinder/rootwrap.conf env LC_ALL=C lvs --noheadings --unit=g -o vg_name,name,size --nosuffix stack-volumes-lvmdriver-1
Nov 12 02:41:51.063555 n-d-762330-2 sudo[116628]: pam_unix(sudo:session): session opened for user root by (uid=0)
Nov 12 02:41:51.774141 n-d-762330-2 sudo[116628]: pam_unix(sudo:session): session closed for user root
Nov 12 02:41:51.776411 n-d-762330-2 cinder-volume[88965]: DEBUG oslo_concurrency.processutils [None req-ce94bf21-0c4f-45fa-b0f0-a016f0fa1aaa None None] CMD "sudo cinder-rootwrap /etc/cinder/rootwrap.conf env LC_ALL=C lvs --noheadings --unit=g -o vg_name,name,size --nosuffix stack-volumes-lvmdriver-1" returned: 0 in 0.752s {{(pid=89227) execute /usr/local/lib/python3.6/dist-packages/oslo_concurrency/processutils.py:423}}
Nov 12 02:41:51.784973 n-d-762330-2 cinder-volume[88965]: DEBUG cinder.manager [None req-ce94bf21-0c4f-45fa-b0f0-a016f0fa1aaa None None] Notifying Schedulers of capabilities ... {{(pid=89227) _publish_service_capabilities /opt/stack/cinder/cinder/manager.py:192}}
Nov 12 02:41:52.666601 n-d-762330-2 cinder-volume[88965]: INFO cinder.volume.targets.iscsi [None req-c35dc00e-f462-474d-acf5-02c1ff76244d tempest-GroupSnapshotsTest-1321443211 None] Skipping remove_export. No iscsi_target is presently exported for volume: 9e82f869-f060-4be4-b07f-ead5631b3a99
Nov 12 02:41:52.667831 n-d-762330-2 cinder-volume[88965]: DEBUG oslo_concurrency.processutils [None req-c35dc00e-f462-474d-acf5-02c1ff76244d tempest-GroupSnapshotsTest-1321443211 None] Running cmd (subprocess): sudo cinder-rootwrap /etc/cinder/rootwrap.conf env LC_ALL=C lvs --noheadings --unit=g -o vg_name,name,size --nosuffix stack-volumes-lvmdriver-1/volume-9e82f869-f060-4be4-b07f-ead5631b3a99 {{(pid=89227) execute /usr/local/lib/python3.6/dist-packages/oslo_concurrency/processutils.py:384}}
Nov 12 02:41:52.688271 n-d-762330-2 sudo[116661]: ubuntu : TTY=unknown ; PWD=/ ; USER=root ; COMMAND=/usr/local/bin/cinder-rootwrap /etc/cinder/rootwrap.conf env LC_ALL=C lvs --noheadings --unit=g -o vg_name,name,size --nosuffix stack-volumes-lvmdriver-1/volume-9e82f869-f060-4be4-b07f-ead5631b3a99
Nov 12 02:41:52.689401 n-d-762330-2 sudo[116661]: pam_unix(sudo:session): session opened for user root by (uid=0)
Nov 12 02:41:53.393866 n-d-762330-2 sudo[116661]: pam_unix(sudo:session): session closed for user root
Nov 12 02:41:53.396723 n-d-762330-2 cinder-volume[88965]: DEBUG oslo_concurrency.processutils [None req-c35dc00e-f462-474d-acf5-02c1ff76244d tempest-GroupSnapshotsTest-1321443211 None] CMD "sudo cinder-rootwrap /etc/cinder/rootwrap.conf env LC_ALL=C lvs --noheadings --unit=g -o vg_name,name,size --nosuffix stack-volumes-lvmdriver-1/volume-9e82f869-f060-4be4-b07f-ead5631b3a99" returned: 0 in 0.728s {{(pid=89227) execute /usr/local/lib/python3.6/dist-packages/oslo_concurrency/processutils.py:423}}
Nov 12 02:41:53.398526 n-d-762330-2 cinder-volume[88965]: DEBUG oslo_concurrency.processutils [None req-c35dc00e-f462-474d-acf5-02c1ff76244d tempest-GroupSnapshotsTest-1321443211 None] Running cmd (subprocess): sudo cinder-rootwrap /etc/cinder/rootwrap.conf env LC_ALL=C lvdisplay --noheading -C -o Attr stack-volumes-lvmdriver-1/volume-9e82f869-f060-4be4-b07f-ead5631b3a99 {{(pid=89227) execute /usr/local/lib/python3.6/dist-packages/oslo_concurrency/processutils.py:384}}
Nov 12 02:41:53.435407 n-d-762330-2 sudo[116665]: ubuntu : TTY=unknown ; PWD=/ ; USER=root ; COMMAND=/usr/local/bin/cinder-rootwrap /etc/cinder/rootwrap.conf env LC_ALL=C lvdisplay --noheading -C -o Attr stack-volumes-lvmdriver-1/volume-9e82f869-f060-4be4-b07f-ead5631b3a99
Nov 12 02:41:53.447163 n-d-762330-2 sudo[116665]: pam_unix(sudo:session): session opened for user root by (uid=0)
Nov 12 02:41:54.401056 n-d-762330-2 sudo[116665]: pam_unix(sudo:session): session closed for user root
Nov 12 02:41:54.403235 n-d-762330-2 cinder-volume[88965]: DEBUG oslo_concurrency.processutils [None req-c35dc00e-f462-474d-acf5-02c1ff76244d tempest-GroupSnapshotsTest-1321443211 None] CMD "sudo cinder-rootwrap /etc/cinder/rootwrap.conf env LC_ALL=C lvdisplay --noheading -C -o Attr stack-volumes-lvmdriver-1/volume-9e82f869-f060-4be4-b07f-ead5631b3a99" returned: 0 in 1.004s {{(pid=89227) execute /usr/local/lib/python3.6/dist-packages/oslo_concurrency/processutils.py:423}}
Nov 12 02:41:54.405186 n-d-762330-2 cinder-volume[88965]: DEBUG oslo_concurrency.processutils [None req-c35dc00e-f462-474d-acf5-02c1ff76244d tempest-GroupSnapshotsTest-1321443211 None] Running cmd (subprocess): sudo cinder-rootwrap /etc/cinder/rootwrap.conf lvremove --config activation { retry_deactivation = 1} -f stack-volumes-lvmdriver-1/volume-9e82f869-f060-4be4-b07f-ead5631b3a99 {{(pid=89227) execute /usr/local/lib/python3.6/dist-packages/oslo_concurrency/processutils.py:384}}
Nov 12 02:41:54.435269 n-d-762330-2 sudo[116671]: ubuntu : TTY=unknown ; PWD=/ ; USER=root ; COMMAND=/usr/local/bin/cinder-rootwrap /etc/cinder/rootwrap.conf lvremove --config activation { retry_deactivation = 1} -f stack-volumes-lvmdriver-1/volume-9e82f869-f060-4be4-b07f-ead5631b3a99
Nov 12 02:41:54.445590 n-d-762330-2 sudo[116671]: pam_unix(sudo:session): session opened for user root by (uid=0)
Nov 12 02:41:55.239798 n-d-762330-2 sudo[116671]: pam_unix(sudo:session): session closed for user root
Nov 12 02:41:55.242764 n-d-762330-2 cinder-volume[88965]: DEBUG oslo_concurrency.processutils [None req-c35dc00e-f462-474d-acf5-02c1ff76244d tempest-GroupSnapshotsTest-1321443211 None] CMD "sudo cinder-rootwrap /etc/cinder/rootwrap.conf lvremove --config activation { retry_deactivation = 1} -f stack-volumes-lvmdriver-1/volume-9e82f869-f060-4be4-b07f-ead5631b3a99" returned: 0 in 0.837s {{(pid=89227) execute /usr/local/lib/python3.6/dist-packages/oslo_concurrency/processutils.py:423}}
Nov 12 02:41:55.244207 n-d-762330-2 cinder-volume[88965]: INFO cinder.volume.drivers.lvm [None req-c35dc00e-f462-474d-acf5-02c1ff76244d tempest-GroupSnapshotsTest-1321443211 None] Successfully deleted volume: 9e82f869-f060-4be4-b07f-ead5631b3a99
Nov 12 02:41:55.490946 n-d-762330-2 cinder-volume[88965]: DEBUG cinder.quota [None req-c35dc00e-f462-474d-acf5-02c1ff76244d tempest-GroupSnapshotsTest-1321443211 None] Created reservations ['950bd0e1-48db-4bd6-985c-619286359030'] {{(pid=89227) reserve /opt/stack/cinder/cinder/quota.py:1036}}
Nov 12 02:41:55.549953 n-d-762330-2 cinder-volume[88965]: WARNING cinder.quota [None req-c35dc00e-f462-474d-acf5-02c1ff76244d tempest-GroupSnapshotsTest-1321443211 None] Deprecated: Default quota for resource: volumes_tempest-GroupSnapshotsTest-volume-type-947035873 is set by the default quota flag: quota_volumes_tempest-GroupSnapshotsTest-volume-type-947035873, it is now deprecated. Please use the default quota class for default quota.
Nov 12 02:41:55.578565 n-d-762330-2 cinder-volume[88965]: WARNING cinder.quota [None req-c35dc00e-f462-474d-acf5-02c1ff76244d tempest-GroupSnapshotsTest-1321443211 None] Deprecated: Default quota for resource: gigabytes_tempest-GroupSnapshotsTest-volume-type-947035873 is set by the default quota flag: quota_gigabytes_tempest-GroupSnapshotsTest-volume-type-947035873, it is now deprecated. Please use the default quota class for default quota.
Nov 12 02:41:55.631403 n-d-762330-2 cinder-volume[88965]: DEBUG cinder.quota [None req-c35dc00e-f462-474d-acf5-02c1ff76244d tempest-GroupSnapshotsTest-1321443211 None] Created reservations ['81e17f2c-fa4b-4a71-8728-8a52703f8456', '2e2ecf38-6eb1-4d02-ab70-0f8ba5d8ca1d', '4b5bfccc-5cd1-4039-bd93-cc061f24d556', '0c61836c-8549-4c84-8c4f-8aad02732081'] {{(pid=89227) reserve /opt/stack/cinder/cinder/quota.py:1036}}
Nov 12 02:41:55.635673 n-d-762330-2 cinder-volume[88965]: WARNING py.warnings [None req-c35dc00e-f462-474d-acf5-02c1ff76244d tempest-GroupSnapshotsTest-1321443211 None] /usr/local/lib/python3.6/dist-packages/sqlalchemy/orm/evaluator.py:99: SAWarning: Evaluating non-mapped column expression 'updated_at' onto ORM instances; this is a deprecated use case. Please make use of the actual mapped columns in ORM-evaluated UPDATE / DELETE expressions.
Nov 12 02:41:55.635673 n-d-762330-2 cinder-volume[88965]: "UPDATE / DELETE expressions." % clause
Nov 12 02:41:55.635673 n-d-762330-2 cinder-volume[88965]:
Nov 12 02:41:55.813889 n-d-762330-2 cinder-volume[88965]: DEBUG cinder.volume.drivers.lvm [None req-c35dc00e-f462-474d-acf5-02c1ff76244d tempest-GroupSnapshotsTest-1321443211 None] Updating volume stats {{(pid=89227) _update_volume_stats /opt/stack/cinder/cinder/volume/drivers/lvm.py:214}}
Nov 12 02:41:55.817033 n-d-762330-2 cinder-volume[88965]: DEBUG oslo_concurrency.processutils [None req-c35dc00e-f462-474d-acf5-02c1ff76244d tempest-GroupSnapshotsTest-1321443211 None] Running cmd (subprocess): sudo cinder-rootwrap /etc/cinder/rootwrap.conf env LC_ALL=C vgs --noheadings --unit=g -o name,size,free,lv_count,uuid --separator : --nosuffix stack-volumes-lvmdriver-1 {{(pid=89227) execute /usr/local/lib/python3.6/dist-packages/oslo_concurrency/processutils.py:384}}
Nov 12 02:41:55.858976 n-d-762330-2 sudo[116681]: ubuntu : TTY=unknown ; PWD=/ ; USER=root ; COMMAND=/usr/local/bin/cinder-rootwrap /etc/cinder/rootwrap.conf env LC_ALL=C vgs --noheadings --unit=g -o name,size,free,lv_count,uuid --separator : --nosuffix stack-volumes-lvmdriver-1
Nov 12 02:41:55.859517 n-d-762330-2 sudo[116681]: pam_unix(sudo:session): session opened for user root by (uid=0)
Nov 12 02:41:56.393825 n-d-762330-2 sudo[116681]: pam_unix(sudo:session): session closed for user root
Nov 12 02:41:56.396596 n-d-762330-2 cinder-volume[88965]: DEBUG oslo_concurrency.processutils [None req-c35dc00e-f462-474d-acf5-02c1ff76244d tempest-GroupSnapshotsTest-1321443211 None] CMD "sudo cinder-rootwrap /etc/cinder/rootwrap.conf env LC_ALL=C vgs --noheadings --unit=g -o name,size,free,lv_count,uuid --separator : --nosuffix stack-volumes-lvmdriver-1" returned: 0 in 0.579s {{(pid=89227) execute /usr/local/lib/python3.6/dist-packages/oslo_concurrency/processutils.py:423}}
Nov 12 02:41:56.399211 n-d-762330-2 cinder-volume[88965]: DEBUG oslo_concurrency.processutils [None req-c35dc00e-f462-474d-acf5-02c1ff76244d tempest-GroupSnapshotsTest-1321443211 None] Running cmd (subprocess): sudo cinder-rootwrap /etc/cinder/rootwrap.conf env LC_ALL=C lvs --noheadings --unit=g -o vg_name,name,size --nosuffix stack-volumes-lvmdriver-1 {{(pid=89227) execute /usr/local/lib/python3.6/dist-packages/oslo_concurrency/processutils.py:384}}
Nov 12 02:41:56.417932 n-d-762330-2 sudo[116685]: ubuntu : TTY=unknown ; PWD=/ ; USER=root ; COMMAND=/usr/local/bin/cinder-rootwrap /etc/cinder/rootwrap.conf env LC_ALL=C lvs --noheadings --unit=g -o vg_name,name,size --nosuffix stack-volumes-lvmdriver-1
Nov 12 02:41:56.419322 n-d-762330-2 sudo[116685]: pam_unix(sudo:session): session opened for user root by (uid=0)
Nov 12 02:41:56.876319 n-d-762330-2 cinder-volume[88965]: INFO cinder.volume.manager [None req-e82fefe6-5afe-418e-8f37-87e467475d9c tempest-GroupSnapshotsTest-1321443211 None] group_snapshot 2ba1b027-23db-4581-a517-5ab95cfd550e: deleting
Nov 12 02:41:56.972507 n-d-762330-2 sudo[116685]: pam_unix(sudo:session): session closed for user root
Nov 12 02:41:56.984347 n-d-762330-2 cinder-volume[88965]: DEBUG oslo_concurrency.processutils [None req-c35dc00e-f462-474d-acf5-02c1ff76244d tempest-GroupSnapshotsTest-1321443211 None] CMD "sudo cinder-rootwrap /etc/cinder/rootwrap.conf env LC_ALL=C lvs --noheadings --unit=g -o vg_name,name,size --nosuffix stack-volumes-lvmdriver-1" returned: 0 in 0.585s {{(pid=89227) execute /usr/local/lib/python3.6/dist-packages/oslo_concurrency/processutils.py:423}}
Nov 12 02:41:56.988019 n-d-762330-2 cinder-volume[88965]: DEBUG cinder.volume.manager [None req-e82fefe6-5afe-418e-8f37-87e467475d9c tempest-GroupSnapshotsTest-1321443211 None] group_snapshot 2ba1b027-23db-4581-a517-5ab95cfd550e: deleting {{(pid=89227) delete_group_snapshot /opt/stack/cinder/cinder/volume/manager.py:4015}}
Nov 12 02:41:57.017093 n-d-762330-2 cinder-volume[88965]: DEBUG cinder.manager [None req-c35dc00e-f462-474d-acf5-02c1ff76244d tempest-GroupSnapshotsTest-1321443211 None] Notifying Schedulers of capabilities ... {{(pid=89227) _publish_service_capabilities /opt/stack/cinder/cinder/manager.py:192}}
Nov 12 02:41:57.029124 n-d-762330-2 cinder-volume[88965]: INFO cinder.volume.manager [None req-c35dc00e-f462-474d-acf5-02c1ff76244d tempest-GroupSnapshotsTest-1321443211 None] Delete group completed successfully.
Nov 12 02:41:57.038459 n-d-762330-2 cinder-volume[88965]: DEBUG oslo_concurrency.processutils [None req-e82fefe6-5afe-418e-8f37-87e467475d9c tempest-GroupSnapshotsTest-1321443211 None] Running cmd (subprocess): sudo cinder-rootwrap /etc/cinder/rootwrap.conf env LC_ALL=C lvs --noheadings --unit=g -o vg_name,name,size --nosuffix stack-volumes-lvmdriver-1/_snapshot-1f5eecde-a7ab-4ae8-84ba-4b0ba9624ee8 {{(pid=89227) execute /usr/local/lib/python3.6/dist-packages/oslo_concurrency/processutils.py:384}}
Nov 12 02:41:57.083899 n-d-762330-2 sudo[116689]: ubuntu : TTY=unknown ; PWD=/ ; USER=root ; COMMAND=/usr/local/bin/cinder-rootwrap /etc/cinder/rootwrap.conf env LC_ALL=C lvs --noheadings --unit=g -o vg_name,name,size --nosuffix stack-volumes-lvmdriver-1/_snapshot-1f5eecde-a7ab-4ae8-84ba-4b0ba9624ee8
Nov 12 02:41:57.085113 n-d-762330-2 sudo[116689]: pam_unix(sudo:session): session opened for user root by (uid=0)
Nov 12 02:41:57.625810 n-d-762330-2 sudo[116689]: pam_unix(sudo:session): session closed for user root
Nov 12 02:41:57.628493 n-d-762330-2 cinder-volume[88965]: DEBUG oslo_concurrency.processutils [None req-e82fefe6-5afe-418e-8f37-87e467475d9c tempest-GroupSnapshotsTest-1321443211 None] CMD "sudo cinder-rootwrap /etc/cinder/rootwrap.conf env LC_ALL=C lvs --noheadings --unit=g -o vg_name,name,size --nosuffix stack-volumes-lvmdriver-1/_snapshot-1f5eecde-a7ab-4ae8-84ba-4b0ba9624ee8" returned: 0 in 0.594s {{(pid=89227) execute /usr/local/lib/python3.6/dist-packages/oslo_concurrency/processutils.py:423}}
Nov 12 02:41:57.630872 n-d-762330-2 cinder-volume[88965]: DEBUG oslo_concurrency.processutils [None req-e82fefe6-5afe-418e-8f37-87e467475d9c tempest-GroupSnapshotsTest-1321443211 None] Running cmd (subprocess): sudo cinder-rootwrap /etc/cinder/rootwrap.conf lvremove --config activation { retry_deactivation = 1} -f stack-volumes-lvmdriver-1/_snapshot-1f5eecde-a7ab-4ae8-84ba-4b0ba9624ee8 {{(pid=89227) execute /usr/local/lib/python3.6/dist-packages/oslo_concurrency/processutils.py:384}}
Nov 12 02:41:57.653019 n-d-762330-2 sudo[116704]: ubuntu : TTY=unknown ; PWD=/ ; USER=root ; COMMAND=/usr/local/bin/cinder-rootwrap /etc/cinder/rootwrap.conf lvremove --config activation { retry_deactivation = 1} -f stack-volumes-lvmdriver-1/_snapshot-1f5eecde-a7ab-4ae8-84ba-4b0ba9624ee8
Nov 12 02:41:57.654298 n-d-762330-2 sudo[116704]: pam_unix(sudo:session): session opened for user root by (uid=0)
Nov 12 02:41:58.338182 n-d-762330-2 sudo[116704]: pam_unix(sudo:session): session closed for user root
Nov 12 02:41:58.340919 n-d-762330-2 cinder-volume[88965]: DEBUG oslo_concurrency.processutils [None req-e82fefe6-5afe-418e-8f37-87e467475d9c tempest-GroupSnapshotsTest-1321443211 None] CMD "sudo cinder-rootwrap /etc/cinder/rootwrap.conf lvremove --config activation { retry_deactivation = 1} -f stack-volumes-lvmdriver-1/_snapshot-1f5eecde-a7ab-4ae8-84ba-4b0ba9624ee8" returned: 0 in 0.709s {{(pid=89227) execute /usr/local/lib/python3.6/dist-packages/oslo_concurrency/processutils.py:423}}
Nov 12 02:41:58.502749 n-d-762330-2 cinder-volume[88965]: WARNING cinder.quota [None req-e82fefe6-5afe-418e-8f37-87e467475d9c tempest-GroupSnapshotsTest-1321443211 None] Deprecated: Default quota for resource: snapshots_tempest-GroupSnapshotsTest-volume-type-947035873 is set by the default quota flag: quota_snapshots_tempest-GroupSnapshotsTest-volume-type-947035873, it is now deprecated. Please use the default quota class for default quota.
Nov 12 02:41:58.537585 n-d-762330-2 cinder-volume[88965]: DEBUG cinder.quota [None req-e82fefe6-5afe-418e-8f37-87e467475d9c tempest-GroupSnapshotsTest-1321443211 None] Created reservations ['02372dcf-c5d4-4bd9-9586-0d1f4a287ab8', '285e24b5-f622-4db9-8822-099705378973', '4656c06f-5939-4887-bb0a-501aa53b3463', 'ddfada45-696d-4502-b649-9744c760c942'] {{(pid=89227) reserve /opt/stack/cinder/cinder/quota.py:1036}}
Nov 12 02:41:58.540494 n-d-762330-2 cinder-volume[88965]: WARNING py.warnings [None req-e82fefe6-5afe-418e-8f37-87e467475d9c tempest-GroupSnapshotsTest-1321443211 None] /usr/local/lib/python3.6/dist-packages/sqlalchemy/orm/evaluator.py:99: SAWarning: Evaluating non-mapped column expression 'updated_at' onto ORM instances; this is a deprecated use case. Please make use of the actual mapped columns in ORM-evaluated UPDATE / DELETE expressions.
Nov 12 02:41:58.540494 n-d-762330-2 cinder-volume[88965]: "UPDATE / DELETE expressions." % clause
Nov 12 02:41:58.540494 n-d-762330-2 cinder-volume[88965]:
Nov 12 02:41:58.632969 n-d-762330-2 cinder-volume[88965]: INFO cinder.volume.manager [None req-e82fefe6-5afe-418e-8f37-87e467475d9c tempest-GroupSnapshotsTest-1321443211 None] group_snapshot 2ba1b027-23db-4581-a517-5ab95cfd550e: deleted successfully
Nov 12 02:42:00.144015 n-d-762330-2 cinder-volume[88965]: INFO cinder.volume.targets.iscsi [None req-3f59cfb4-5a22-41aa-a0fb-19b70de070f0 tempest-GroupSnapshotsTest-1321443211 None] Skipping remove_export. No iscsi_target is presently exported for volume: 022a63a2-bb66-4fc8-b4df-e60ea757a478
Nov 12 02:42:00.146683 n-d-762330-2 cinder-volume[88965]: DEBUG oslo_concurrency.processutils [None req-3f59cfb4-5a22-41aa-a0fb-19b70de070f0 tempest-GroupSnapshotsTest-1321443211 None] Running cmd (subprocess): sudo cinder-rootwrap /etc/cinder/rootwrap.conf env LC_ALL=C lvs --noheadings --unit=g -o vg_name,name,size --nosuffix stack-volumes-lvmdriver-1/volume-022a63a2-bb66-4fc8-b4df-e60ea757a478 {{(pid=89227) execute /usr/local/lib/python3.6/dist-packages/oslo_concurrency/processutils.py:384}}
Nov 12 02:42:00.198739 n-d-762330-2 sudo[116780]: ubuntu : TTY=unknown ; PWD=/ ; USER=root ; COMMAND=/usr/local/bin/cinder-rootwrap /etc/cinder/rootwrap.conf env LC_ALL=C lvs --noheadings --unit=g -o vg_name,name,size --nosuffix stack-volumes-lvmdriver-1/volume-022a63a2-bb66-4fc8-b4df-e60ea757a478
Nov 12 02:42:00.199349 n-d-762330-2 sudo[116780]: pam_unix(sudo:session): session opened for user root by (uid=0)
Nov 12 02:42:00.864944 n-d-762330-2 sudo[116780]: pam_unix(sudo:session): session closed for user root
Nov 12 02:42:00.868301 n-d-762330-2 cinder-volume[88965]: DEBUG oslo_concurrency.processutils [None req-3f59cfb4-5a22-41aa-a0fb-19b70de070f0 tempest-GroupSnapshotsTest-1321443211 None] CMD "sudo cinder-rootwrap /etc/cinder/rootwrap.conf env LC_ALL=C lvs --noheadings --unit=g -o vg_name,name,size --nosuffix stack-volumes-lvmdriver-1/volume-022a63a2-bb66-4fc8-b4df-e60ea757a478" returned: 0 in 0.721s {{(pid=89227) execute /usr/local/lib/python3.6/dist-packages/oslo_concurrency/processutils.py:423}}
Nov 12 02:42:00.872134 n-d-762330-2 cinder-volume[88965]: DEBUG oslo_concurrency.processutils [None req-3f59cfb4-5a22-41aa-a0fb-19b70de070f0 tempest-GroupSnapshotsTest-1321443211 None] Running cmd (subprocess): sudo cinder-rootwrap /etc/cinder/rootwrap.conf env LC_ALL=C lvdisplay --noheading -C -o Attr stack-volumes-lvmdriver-1/volume-022a63a2-bb66-4fc8-b4df-e60ea757a478 {{(pid=89227) execute /usr/local/lib/python3.6/dist-packages/oslo_concurrency/processutils.py:384}}
Nov 12 02:42:00.932926 n-d-762330-2 sudo[116800]: ubuntu : TTY=unknown ; PWD=/ ; USER=root ; COMMAND=/usr/local/bin/cinder-rootwrap /etc/cinder/rootwrap.conf env LC_ALL=C lvdisplay --noheading -C -o Attr stack-volumes-lvmdriver-1/volume-022a63a2-bb66-4fc8-b4df-e60ea757a478
Nov 12 02:42:00.934719 n-d-762330-2 sudo[116800]: pam_unix(sudo:session): session opened for user root by (uid=0)
Nov 12 02:42:01.669511 n-d-762330-2 sudo[116800]: pam_unix(sudo:session): session closed for user root
Nov 12 02:42:01.671990 n-d-762330-2 cinder-volume[88965]: DEBUG oslo_concurrency.processutils [None req-3f59cfb4-5a22-41aa-a0fb-19b70de070f0 tempest-GroupSnapshotsTest-1321443211 None] CMD "sudo cinder-rootwrap /etc/cinder/rootwrap.conf env LC_ALL=C lvdisplay --noheading -C -o Attr stack-volumes-lvmdriver-1/volume-022a63a2-bb66-4fc8-b4df-e60ea757a478" returned: 0 in 0.801s {{(pid=89227) execute /usr/local/lib/python3.6/dist-packages/oslo_concurrency/processutils.py:423}}
Nov 12 02:42:01.676029 n-d-762330-2 cinder-volume[88965]: DEBUG oslo_concurrency.processutils [None req-3f59cfb4-5a22-41aa-a0fb-19b70de070f0 tempest-GroupSnapshotsTest-1321443211 None] Running cmd (subprocess): sudo cinder-rootwrap /etc/cinder/rootwrap.conf lvremove --config activation { retry_deactivation = 1} -f stack-volumes-lvmdriver-1/volume-022a63a2-bb66-4fc8-b4df-e60ea757a478 {{(pid=89227) execute /usr/local/lib/python3.6/dist-packages/oslo_concurrency/processutils.py:384}}
Nov 12 02:42:01.727008 n-d-762330-2 sudo[116804]: ubuntu : TTY=unknown ; PWD=/ ; USER=root ; COMMAND=/usr/local/bin/cinder-rootwrap /etc/cinder/rootwrap.conf lvremove --config activation { retry_deactivation = 1} -f stack-volumes-lvmdriver-1/volume-022a63a2-bb66-4fc8-b4df-e60ea757a478
Nov 12 02:42:01.728376 n-d-762330-2 sudo[116804]: pam_unix(sudo:session): session opened for user root by (uid=0)
Nov 12 02:42:02.509416 n-d-762330-2 sudo[116804]: pam_unix(sudo:session): session closed for user root
Nov 12 02:42:02.512824 n-d-762330-2 cinder-volume[88965]: DEBUG oslo_concurrency.processutils [None req-3f59cfb4-5a22-41aa-a0fb-19b70de070f0 tempest-GroupSnapshotsTest-1321443211 None] CMD "sudo cinder-rootwrap /etc/cinder/rootwrap.conf lvremove --config activation { retry_deactivation = 1} -f stack-volumes-lvmdriver-1/volume-022a63a2-bb66-4fc8-b4df-e60ea757a478" returned: 0 in 0.837s {{(pid=89227) execute /usr/local/lib/python3.6/dist-packages/oslo_concurrency/processutils.py:423}}
Nov 12 02:42:02.514629 n-d-762330-2 cinder-volume[88965]: INFO cinder.volume.drivers.lvm [None req-3f59cfb4-5a22-41aa-a0fb-19b70de070f0 tempest-GroupSnapshotsTest-1321443211 None] Successfully deleted volume: 022a63a2-bb66-4fc8-b4df-e60ea757a478
Nov 12 02:42:02.759363 n-d-762330-2 cinder-volume[88965]: DEBUG cinder.quota [None req-3f59cfb4-5a22-41aa-a0fb-19b70de070f0 tempest-GroupSnapshotsTest-1321443211 None] Created reservations ['effbb58b-ddcf-4212-a623-5aa6ce408424'] {{(pid=89227) reserve /opt/stack/cinder/cinder/quota.py:1036}}
Nov 12 02:42:02.938790 n-d-762330-2 cinder-volume[88965]: WARNING cinder.db.sqlalchemy.api [None req-3f59cfb4-5a22-41aa-a0fb-19b70de070f0 tempest-GroupSnapshotsTest-1321443211 None] Change will make usage less than 0 for the following resources: ['gigabytes', 'gigabytes_tempest-GroupSnapshotsTest-volume-type-947035873']
Nov 12 02:42:02.939614 n-d-762330-2 cinder-volume[88965]: DEBUG cinder.quota [None req-3f59cfb4-5a22-41aa-a0fb-19b70de070f0 tempest-GroupSnapshotsTest-1321443211 None] Created reservations ['02775e38-4fd9-4ec0-afe9-5a0633ccb941', '26dd6f80-3992-4eb6-b585-954eeb32baf1', 'af7aa0c6-a3f9-4c57-87f7-5c4dafd73a4f', '43577755-2e68-4246-ab54-59472a8dfb0b'] {{(pid=89227) reserve /opt/stack/cinder/cinder/quota.py:1036}}
Nov 12 02:42:02.943560 n-d-762330-2 cinder-volume[88965]: WARNING py.warnings [None req-3f59cfb4-5a22-41aa-a0fb-19b70de070f0 tempest-GroupSnapshotsTest-1321443211 None] /usr/local/lib/python3.6/dist-packages/sqlalchemy/orm/evaluator.py:99: SAWarning: Evaluating non-mapped column expression 'updated_at' onto ORM instances; this is a deprecated use case. Please make use of the actual mapped columns in ORM-evaluated UPDATE / DELETE expressions.
Nov 12 02:42:02.943560 n-d-762330-2 cinder-volume[88965]: "UPDATE / DELETE expressions." % clause
Nov 12 02:42:02.943560 n-d-762330-2 cinder-volume[88965]:
Nov 12 02:42:03.222200 n-d-762330-2 cinder-volume[88965]: DEBUG cinder.volume.drivers.lvm [None req-3f59cfb4-5a22-41aa-a0fb-19b70de070f0 tempest-GroupSnapshotsTest-1321443211 None] Updating volume stats {{(pid=89227) _update_volume_stats /opt/stack/cinder/cinder/volume/drivers/lvm.py:214}}
Nov 12 02:42:03.223034 n-d-762330-2 cinder-volume[88965]: DEBUG oslo_concurrency.processutils [None req-3f59cfb4-5a22-41aa-a0fb-19b70de070f0 tempest-GroupSnapshotsTest-1321443211 None] Running cmd (subprocess): sudo cinder-rootwrap /etc/cinder/rootwrap.conf env LC_ALL=C vgs --noheadings --unit=g -o name,size,free,lv_count,uuid --separator : --nosuffix stack-volumes-lvmdriver-1 {{(pid=89227) execute /usr/local/lib/python3.6/dist-packages/oslo_concurrency/processutils.py:384}}
Nov 12 02:42:03.296186 n-d-762330-2 sudo[116842]: ubuntu : TTY=unknown ; PWD=/ ; USER=root ; COMMAND=/usr/local/bin/cinder-rootwrap /etc/cinder/rootwrap.conf env LC_ALL=C vgs --noheadings --unit=g -o name,size,free,lv_count,uuid --separator : --nosuffix stack-volumes-lvmdriver-1
Nov 12 02:42:03.309520 n-d-762330-2 sudo[116842]: pam_unix(sudo:session): session opened for user root by (uid=0)
Nov 12 02:42:04.138191 n-d-762330-2 sudo[116842]: pam_unix(sudo:session): session closed for user root
Nov 12 02:42:04.141116 n-d-762330-2 cinder-volume[88965]: DEBUG oslo_concurrency.processutils [None req-3f59cfb4-5a22-41aa-a0fb-19b70de070f0 tempest-GroupSnapshotsTest-1321443211 None] CMD "sudo cinder-rootwrap /etc/cinder/rootwrap.conf env LC_ALL=C vgs --noheadings --unit=g -o name,size,free,lv_count,uuid --separator : --nosuffix stack-volumes-lvmdriver-1" returned: 0 in 0.917s {{(pid=89227) execute /usr/local/lib/python3.6/dist-packages/oslo_concurrency/processutils.py:423}}
Nov 12 02:42:04.142917 n-d-762330-2 cinder-volume[88965]: DEBUG oslo_concurrency.processutils [None req-3f59cfb4-5a22-41aa-a0fb-19b70de070f0 tempest-GroupSnapshotsTest-1321443211 None] Running cmd (subprocess): sudo cinder-rootwrap /etc/cinder/rootwrap.conf env LC_ALL=C lvs --noheadings --unit=g -o vg_name,name,size --nosuffix stack-volumes-lvmdriver-1 {{(pid=89227) execute /usr/local/lib/python3.6/dist-packages/oslo_concurrency/processutils.py:384}}
Nov 12 02:42:04.179758 n-d-762330-2 sudo[116850]: ubuntu : TTY=unknown ; PWD=/ ; USER=root ; COMMAND=/usr/local/bin/cinder-rootwrap /etc/cinder/rootwrap.conf env LC_ALL=C lvs --noheadings --unit=g -o vg_name,name,size --nosuffix stack-volumes-lvmdriver-1
Nov 12 02:42:04.181450 n-d-762330-2 sudo[116850]: pam_unix(sudo:session): session opened for user root by (uid=0)
Nov 12 02:42:05.106623 n-d-762330-2 sudo[116850]: pam_unix(sudo:session): session closed for user root
Nov 12 02:42:05.108943 n-d-762330-2 cinder-volume[88965]: DEBUG oslo_concurrency.processutils [None req-3f59cfb4-5a22-41aa-a0fb-19b70de070f0 tempest-GroupSnapshotsTest-1321443211 None] CMD "sudo cinder-rootwrap /etc/cinder/rootwrap.conf env LC_ALL=C lvs --noheadings --unit=g -o vg_name,name,size --nosuffix stack-volumes-lvmdriver-1" returned: 0 in 0.966s {{(pid=89227) execute /usr/local/lib/python3.6/dist-packages/oslo_concurrency/processutils.py:423}}
