Apr 05 06:31:28.688193 n-d-760456-8 devstack@n-api.service[118609]: DEBUG nova.policy [None req-7b539db6-0d18-4472-85ff-32ffed2e1683 tempest-ServersAdminTestJSON-1530262495 tempest-ServersAdminTestJSON-1530262495-project] Policy check for os_compute_api:os-extended-server-attributes failed with credentials {'is_admin': False, 'user_id': 'e6a1231013ce49e2b315a9cb151cbf22', 'user_domain_id': 'default', 'system_scope': None, 'domain_id': None, 'project_id': '09e4b5ae410e4f75b22db0750e1183d4', 'project_domain_id': 'default', 'roles': ['reader', 'member'], 'is_admin_project': True, 'service_user_id': None, 'service_user_domain_id': None, 'service_project_id': None, 'service_project_domain_id': None, 'service_roles': []} {{(pid=118609) authorize /opt/stack/nova/nova/policy.py:199}}
Apr 05 06:31:28.696007 n-d-760456-8 devstack@n-api.service[118608]: DEBUG nova.api.openstack.wsgi [None req-5b4a7d68-2240-4010-8668-905162ce03c7 tempest-LiveAutoBlockMigrationV225Test-1929899515 tempest-LiveAutoBlockMigrationV225Test-1929899515-project] Calling method '>' {{(pid=118608) _process_stack /opt/stack/nova/nova/api/openstack/wsgi.py:513}}
Apr 05 06:31:28.696462 n-d-760456-8 devstack@n-api.service[118609]: INFO nova.api.openstack.requestlog [None req-7b539db6-0d18-4472-85ff-32ffed2e1683 tempest-ServersAdminTestJSON-1530262495 tempest-ServersAdminTestJSON-1530262495-project] 10.222.0.13 "GET /compute/v2.1/servers/f2e45284-12a9-4e09-9b29-6eeacc76c9b3" status: 200 len: 1464 microversion: 2.1 time: 0.181920
Apr 05 06:31:28.697041 n-d-760456-8 devstack@n-api.service[118609]: [pid: 118609|app: 0|req: 140/369] 10.222.0.13 () {58 vars in 1235 bytes} [Tue Apr 5 06:31:28 2022] GET /compute/v2.1/servers/f2e45284-12a9-4e09-9b29-6eeacc76c9b3 => generated 1464 bytes in 183 msecs (HTTP/1.1 200) 9 headers in 358 bytes (1 switches on core 0)
Apr 05 06:31:28.697941 n-d-760456-8 devstack@n-api.service[118608]: DEBUG nova.compute.api [None req-5b4a7d68-2240-4010-8668-905162ce03c7 tempest-LiveAutoBlockMigrationV225Test-1929899515 tempest-LiveAutoBlockMigrationV225Test-1929899515-project] [instance: c336c6bd-38f3-4a62-8d7e-39ccc2e131e5] Fetching instance by UUID {{(pid=118608) get /opt/stack/nova/nova/compute/api.py:2961}}
Apr 05 06:31:28.705729 n-d-760456-8 devstack@n-api.service[118608]: DEBUG oslo_concurrency.lockutils [None req-5b4a7d68-2240-4010-8668-905162ce03c7 tempest-LiveAutoBlockMigrationV225Test-1929899515 tempest-LiveAutoBlockMigrationV225Test-1929899515-project] Lock "de2793cd-4d0a-4d2a-9d7e-1f59a8ff8dd4" acquired by "nova.context.set_target_cell..get_or_set_cached_cell_and_set_connections" :: waited 0.000s {{(pid=118608) inner /usr/local/lib/python3.8/dist-packages/oslo_concurrency/lockutils.py:386}}
Apr 05 06:31:28.706177 n-d-760456-8 devstack@n-api.service[118608]: DEBUG oslo_concurrency.lockutils [None req-5b4a7d68-2240-4010-8668-905162ce03c7 tempest-LiveAutoBlockMigrationV225Test-1929899515 tempest-LiveAutoBlockMigrationV225Test-1929899515-project] Lock "de2793cd-4d0a-4d2a-9d7e-1f59a8ff8dd4" "released" by "nova.context.set_target_cell..get_or_set_cached_cell_and_set_connections" :: held 0.001s {{(pid=118608) inner /usr/local/lib/python3.8/dist-packages/oslo_concurrency/lockutils.py:400}}
Apr 05 06:31:28.706975 n-d-760456-8 devstack@n-api.service[118608]: DEBUG oslo_concurrency.lockutils [None req-5b4a7d68-2240-4010-8668-905162ce03c7 tempest-LiveAutoBlockMigrationV225Test-1929899515 tempest-LiveAutoBlockMigrationV225Test-1929899515-project] Lock "de2793cd-4d0a-4d2a-9d7e-1f59a8ff8dd4" acquired by "nova.context.set_target_cell..get_or_set_cached_cell_and_set_connections" :: waited 0.000s {{(pid=118608) inner /usr/local/lib/python3.8/dist-packages/oslo_concurrency/lockutils.py:386}}
Apr 05 06:31:28.707932 n-d-760456-8 devstack@n-api.service[118608]: DEBUG oslo_concurrency.lockutils [None req-5b4a7d68-2240-4010-8668-905162ce03c7 tempest-LiveAutoBlockMigrationV225Test-1929899515 tempest-LiveAutoBlockMigrationV225Test-1929899515-project] Lock "de2793cd-4d0a-4d2a-9d7e-1f59a8ff8dd4" "released" by "nova.context.set_target_cell..get_or_set_cached_cell_and_set_connections" :: held 0.001s {{(pid=118608) inner /usr/local/lib/python3.8/dist-packages/oslo_concurrency/lockutils.py:400}}
Apr 05 06:31:28.719012 n-d-760456-8 devstack@n-api.service[118609]: DEBUG nova.api.openstack.wsgi [None req-0a2dd3d5-bfe3-4786-8784-7476351112b6 tempest-ServersAdminTestJSON-1530262495 tempest-ServersAdminTestJSON-1530262495-project] Calling method '>' {{(pid=118609) _process_stack /opt/stack/nova/nova/api/openstack/wsgi.py:513}}
Apr 05 06:31:28.719856 n-d-760456-8 devstack@n-api.service[118609]: DEBUG nova.compute.api [None req-0a2dd3d5-bfe3-4786-8784-7476351112b6 tempest-ServersAdminTestJSON-1530262495 tempest-ServersAdminTestJSON-1530262495-project] [instance: 2d5fdae8-3e14-490f-87d5-30dcf4756a58] Fetching instance by UUID {{(pid=118609) get /opt/stack/nova/nova/compute/api.py:2961}}
Apr 05 06:31:28.728165 n-d-760456-8 devstack@n-api.service[118609]: DEBUG oslo_concurrency.lockutils [None req-0a2dd3d5-bfe3-4786-8784-7476351112b6 tempest-ServersAdminTestJSON-1530262495 tempest-ServersAdminTestJSON-1530262495-project] Lock "de2793cd-4d0a-4d2a-9d7e-1f59a8ff8dd4" acquired by "nova.context.set_target_cell..get_or_set_cached_cell_and_set_connections" :: waited 0.000s {{(pid=118609) inner /usr/local/lib/python3.8/dist-packages/oslo_concurrency/lockutils.py:386}}
Apr 05 06:31:28.728165 n-d-760456-8 devstack@n-api.service[118609]: DEBUG oslo_concurrency.lockutils [None req-0a2dd3d5-bfe3-4786-8784-7476351112b6 tempest-ServersAdminTestJSON-1530262495 tempest-ServersAdminTestJSON-1530262495-project] Lock "de2793cd-4d0a-4d2a-9d7e-1f59a8ff8dd4" "released" by "nova.context.set_target_cell..get_or_set_cached_cell_and_set_connections" :: held 0.001s {{(pid=118609) inner /usr/local/lib/python3.8/dist-packages/oslo_concurrency/lockutils.py:400}}
Apr 05 06:31:28.728336 n-d-760456-8 devstack@n-api.service[118609]: DEBUG oslo_concurrency.lockutils [None req-0a2dd3d5-bfe3-4786-8784-7476351112b6 tempest-ServersAdminTestJSON-1530262495 tempest-ServersAdminTestJSON-1530262495-project] Lock "de2793cd-4d0a-4d2a-9d7e-1f59a8ff8dd4" acquired by "nova.context.set_target_cell..get_or_set_cached_cell_and_set_connections" :: waited 0.000s {{(pid=118609) inner /usr/local/lib/python3.8/dist-packages/oslo_concurrency/lockutils.py:386}}
Apr 05 06:31:28.728725 n-d-760456-8 devstack@n-api.service[118609]: DEBUG oslo_concurrency.lockutils [None req-0a2dd3d5-bfe3-4786-8784-7476351112b6 tempest-ServersAdminTestJSON-1530262495 tempest-ServersAdminTestJSON-1530262495-project] Lock "de2793cd-4d0a-4d2a-9d7e-1f59a8ff8dd4" "released" by "nova.context.set_target_cell..get_or_set_cached_cell_and_set_connections" :: held 0.001s {{(pid=118609) inner /usr/local/lib/python3.8/dist-packages/oslo_concurrency/lockutils.py:400}}
Apr 05 06:31:28.995366 n-d-760456-8 devstack@n-api.service[118609]: DEBUG nova.policy [None req-0a2dd3d5-bfe3-4786-8784-7476351112b6 tempest-ServersAdminTestJSON-1530262495 tempest-ServersAdminTestJSON-1530262495-project] Policy check for os_compute_api:os-extended-server-attributes failed with credentials {'is_admin': False, 'user_id': 'e6a1231013ce49e2b315a9cb151cbf22', 'user_domain_id': 'default', 'system_scope': None, 'domain_id': None, 'project_id': '09e4b5ae410e4f75b22db0750e1183d4', 'project_domain_id': 'default', 'roles': ['reader', 'member'], 'is_admin_project': True, 'service_user_id': None, 'service_user_domain_id': None, 'service_project_id': None, 'service_project_domain_id': None, 'service_roles': []} {{(pid=118609) authorize /opt/stack/nova/nova/policy.py:199}}
Apr 05 06:31:28.999239 n-d-760456-8 devstack@n-api.service[118608]: DEBUG nova.policy [None req-5b4a7d68-2240-4010-8668-905162ce03c7 tempest-LiveAutoBlockMigrationV225Test-1929899515 tempest-LiveAutoBlockMigrationV225Test-1929899515-project] Policy check for os_compute_api:os-extended-server-attributes failed with credentials {'is_admin': False, 'user_id': '8e7469e40c65485f8c60cc72c1c4caec', 'user_domain_id': 'default', 'system_scope': None, 'domain_id': None, 'project_id': '7ac588546c684f82be217a217caa78c9', 'project_domain_id': 'default', 'roles': ['reader', 'member'], 'is_admin_project': True, 'service_user_id': None, 'service_user_domain_id': None, 'service_project_id': None, 'service_project_domain_id': None, 'service_roles': []} {{(pid=118608) authorize /opt/stack/nova/nova/policy.py:199}}
Apr 05 06:31:29.007660 n-d-760456-8 devstack@n-api.service[118609]: INFO nova.api.openstack.requestlog [None req-0a2dd3d5-bfe3-4786-8784-7476351112b6 tempest-ServersAdminTestJSON-1530262495 tempest-ServersAdminTestJSON-1530262495-project] 10.222.0.13 "GET /compute/v2.1/servers/2d5fdae8-3e14-490f-87d5-30dcf4756a58" status: 200 len: 1464 microversion: 2.1 time: 0.297770
Apr 05 06:31:29.008253 n-d-760456-8 devstack@n-api.service[118608]: DEBUG nova.policy [None req-5b4a7d68-2240-4010-8668-905162ce03c7 tempest-LiveAutoBlockMigrationV225Test-1929899515 tempest-LiveAutoBlockMigrationV225Test-1929899515-project] Policy check for os_compute_api:servers:show:host_status failed with credentials {'is_admin': False, 'user_id': '8e7469e40c65485f8c60cc72c1c4caec', 'user_domain_id': 'default', 'system_scope': None, 'domain_id': None, 'project_id': '7ac588546c684f82be217a217caa78c9', 'project_domain_id': 'default', 'roles': ['reader', 'member'], 'is_admin_project': True, 'service_user_id': None, 'service_user_domain_id': None, 'service_project_id': None, 'service_project_domain_id': None, 'service_roles': []} {{(pid=118608) authorize /opt/stack/nova/nova/policy.py:199}}
Apr 05 06:31:29.008925 n-d-760456-8 devstack@n-api.service[118609]: [pid: 118609|app: 0|req: 141/370] 10.222.0.13 () {58 vars in 1235 bytes} [Tue Apr 5 06:31:28 2022] GET /compute/v2.1/servers/2d5fdae8-3e14-490f-87d5-30dcf4756a58 => generated 1464 bytes in 301 msecs (HTTP/1.1 200) 9 headers in 358 bytes (2 switches on core 0)
Apr 05 06:31:29.010320 n-d-760456-8 devstack@n-api.service[118608]: DEBUG nova.policy [None req-5b4a7d68-2240-4010-8668-905162ce03c7 tempest-LiveAutoBlockMigrationV225Test-1929899515 tempest-LiveAutoBlockMigrationV225Test-1929899515-project] Policy check for os_compute_api:servers:show:host_status:unknown-only failed with credentials {'is_admin': False, 'user_id': '8e7469e40c65485f8c60cc72c1c4caec', 'user_domain_id': 'default', 'system_scope': None, 'domain_id': None, 'project_id': '7ac588546c684f82be217a217caa78c9', 'project_domain_id': 'default', 'roles': ['reader', 'member'], 'is_admin_project': True, 'service_user_id': None, 'service_user_domain_id': None, 'service_project_id': None, 'service_project_domain_id': None, 'service_roles': []} {{(pid=118608) authorize /opt/stack/nova/nova/policy.py:199}}
Apr 05 06:31:29.012023 n-d-760456-8 devstack@n-api.service[118608]: INFO nova.api.openstack.requestlog [None req-5b4a7d68-2240-4010-8668-905162ce03c7 tempest-LiveAutoBlockMigrationV225Test-1929899515 tempest-LiveAutoBlockMigrationV225Test-1929899515-project] 10.222.0.13 "GET /compute/v2.1/servers/c336c6bd-38f3-4a62-8d7e-39ccc2e131e5" status: 200 len: 1567 microversion: 2.25 time: 0.323463
Apr 05 06:31:29.013118 n-d-760456-8 devstack@n-api.service[118608]: [pid: 118608|app: 0|req: 230/371] 10.222.0.13 () {60 vars in 1276 bytes} [Tue Apr 5 06:31:28 2022] GET /compute/v2.1/servers/c336c6bd-38f3-4a62-8d7e-39ccc2e131e5 => generated 1567 bytes in 325 msecs (HTTP/1.1 200) 9 headers in 360 bytes (1 switches on core 0)
Apr 05 06:31:29.020426 n-d-760456-8 devstack@n-api.service[118609]: DEBUG nova.api.openstack.wsgi [None req-4d1f8d82-0d82-4c4b-9364-3fd2e14993e9 tempest-ServerDiagnosticsNegativeTest-640052191 tempest-ServerDiagnosticsNegativeTest-640052191-project] Calling method '>' {{(pid=118609) _process_stack /opt/stack/nova/nova/api/openstack/wsgi.py:513}}
Apr 05 06:31:29.021115 n-d-760456-8 devstack@n-api.service[118609]: DEBUG nova.compute.api [None req-4d1f8d82-0d82-4c4b-9364-3fd2e14993e9 tempest-ServerDiagnosticsNegativeTest-640052191 tempest-ServerDiagnosticsNegativeTest-640052191-project] [instance: 0fa82e2e-c90a-435c-8a4e-e6842ec3179d] Fetching instance by UUID {{(pid=118609) get /opt/stack/nova/nova/compute/api.py:2961}}
Apr 05 06:31:29.030643 n-d-760456-8 devstack@n-api.service[118609]: DEBUG oslo_concurrency.lockutils [None req-4d1f8d82-0d82-4c4b-9364-3fd2e14993e9 tempest-ServerDiagnosticsNegativeTest-640052191 tempest-ServerDiagnosticsNegativeTest-640052191-project] Lock "de2793cd-4d0a-4d2a-9d7e-1f59a8ff8dd4" acquired by "nova.context.set_target_cell..get_or_set_cached_cell_and_set_connections" :: waited 0.000s {{(pid=118609) inner /usr/local/lib/python3.8/dist-packages/oslo_concurrency/lockutils.py:386}}
Apr 05 06:31:29.031476 n-d-760456-8 devstack@n-api.service[118609]: DEBUG oslo_concurrency.lockutils [None req-4d1f8d82-0d82-4c4b-9364-3fd2e14993e9 tempest-ServerDiagnosticsNegativeTest-640052191 tempest-ServerDiagnosticsNegativeTest-640052191-project] Lock "de2793cd-4d0a-4d2a-9d7e-1f59a8ff8dd4" "released" by "nova.context.set_target_cell..get_or_set_cached_cell_and_set_connections" :: held 0.001s {{(pid=118609) inner /usr/local/lib/python3.8/dist-packages/oslo_concurrency/lockutils.py:400}}
Apr 05 06:31:29.032591 n-d-760456-8 devstack@n-api.service[118609]: DEBUG oslo_concurrency.lockutils [None req-4d1f8d82-0d82-4c4b-9364-3fd2e14993e9 tempest-ServerDiagnosticsNegativeTest-640052191 tempest-ServerDiagnosticsNegativeTest-640052191-project] Lock "de2793cd-4d0a-4d2a-9d7e-1f59a8ff8dd4" acquired by "nova.context.set_target_cell..get_or_set_cached_cell_and_set_connections" :: waited 0.000s {{(pid=118609) inner /usr/local/lib/python3.8/dist-packages/oslo_concurrency/lockutils.py:386}}
Apr 05 06:31:29.033469 n-d-760456-8 devstack@n-api.service[118609]: DEBUG oslo_concurrency.lockutils [None req-4d1f8d82-0d82-4c4b-9364-3fd2e14993e9 tempest-ServerDiagnosticsNegativeTest-640052191 tempest-ServerDiagnosticsNegativeTest-640052191-project] Lock "de2793cd-4d0a-4d2a-9d7e-1f59a8ff8dd4" "released" by "nova.context.set_target_cell..get_or_set_cached_cell_and_set_connections" :: held 0.001s {{(pid=118609) inner /usr/local/lib/python3.8/dist-packages/oslo_concurrency/lockutils.py:400}}
Apr 05 06:31:29.050077 n-d-760456-8 devstack@n-api.service[118608]: DEBUG nova.api.openstack.wsgi [None req-5fb9c047-73f1-483c-bcde-34d33603dcc3 tempest-LiveMigrationNegativeTest-716270629 tempest-LiveMigrationNegativeTest-716270629-project] Calling method '>' {{(pid=118608) _process_stack /opt/stack/nova/nova/api/openstack/wsgi.py:513}}
Apr 05 06:31:29.050687 n-d-760456-8 devstack@n-api.service[118608]: DEBUG nova.compute.api [None req-5fb9c047-73f1-483c-bcde-34d33603dcc3 tempest-LiveMigrationNegativeTest-716270629 tempest-LiveMigrationNegativeTest-716270629-project] [instance: 4e9b2dfe-2746-438d-a9b5-0a2e4e02c6fa] Fetching instance by UUID {{(pid=118608) get /opt/stack/nova/nova/compute/api.py:2961}}
Apr 05 06:31:29.057608 n-d-760456-8 devstack@n-api.service[118608]: DEBUG oslo_concurrency.lockutils [None req-5fb9c047-73f1-483c-bcde-34d33603dcc3 tempest-LiveMigrationNegativeTest-716270629 tempest-LiveMigrationNegativeTest-716270629-project] Lock "de2793cd-4d0a-4d2a-9d7e-1f59a8ff8dd4" acquired by "nova.context.set_target_cell..get_or_set_cached_cell_and_set_connections" :: waited 0.000s {{(pid=118608) inner /usr/local/lib/python3.8/dist-packages/oslo_concurrency/lockutils.py:386}}
Apr 05 06:31:29.062102 n-d-760456-8 devstack@n-api.service[118608]: DEBUG oslo_concurrency.lockutils [None req-5fb9c047-73f1-483c-bcde-34d33603dcc3 tempest-LiveMigrationNegativeTest-716270629 tempest-LiveMigrationNegativeTest-716270629-project] Lock "de2793cd-4d0a-4d2a-9d7e-1f59a8ff8dd4" "released" by "nova.context.set_target_cell..get_or_set_cached_cell_and_set_connections" :: held 0.004s {{(pid=118608) inner /usr/local/lib/python3.8/dist-packages/oslo_concurrency/lockutils.py:400}}
Apr 05 06:31:29.064431 n-d-760456-8 devstack@n-api.service[118608]: DEBUG oslo_concurrency.lockutils [None req-5fb9c047-73f1-483c-bcde-34d33603dcc3 tempest-LiveMigrationNegativeTest-716270629 tempest-LiveMigrationNegativeTest-716270629-project] Lock "de2793cd-4d0a-4d2a-9d7e-1f59a8ff8dd4" acquired by "nova.context.set_target_cell..get_or_set_cached_cell_and_set_connections" :: waited 0.000s {{(pid=118608) inner /usr/local/lib/python3.8/dist-packages/oslo_concurrency/lockutils.py:386}}
Apr 05 06:31:29.064923 n-d-760456-8 devstack@n-api.service[118608]: DEBUG oslo_concurrency.lockutils [None req-5fb9c047-73f1-483c-bcde-34d33603dcc3 tempest-LiveMigrationNegativeTest-716270629 tempest-LiveMigrationNegativeTest-716270629-project] Lock "de2793cd-4d0a-4d2a-9d7e-1f59a8ff8dd4" "released" by "nova.context.set_target_cell..get_or_set_cached_cell_and_set_connections" :: held 0.000s {{(pid=118608) inner /usr/local/lib/python3.8/dist-packages/oslo_concurrency/lockutils.py:400}}
Apr 05 06:31:29.303213 n-d-760456-8 devstack@n-api.service[118609]: DEBUG nova.policy [None req-4d1f8d82-0d82-4c4b-9364-3fd2e14993e9 tempest-ServerDiagnosticsNegativeTest-640052191 tempest-ServerDiagnosticsNegativeTest-640052191-project] Policy check for os_compute_api:os-extended-server-attributes failed with credentials {'is_admin': False, 'user_id': 'a6483598492945aab0b297cc9654c048', 'user_domain_id': 'default', 'system_scope': None, 'domain_id': None, 'project_id': '4ad1cecb72cd483591c255ff3f01b00e', 'project_domain_id': 'default', 'roles': ['reader', 'member'], 'is_admin_project': True, 'service_user_id': None, 'service_user_domain_id': None, 'service_project_id': None, 'service_project_domain_id': None, 'service_roles': []} {{(pid=118609) authorize /opt/stack/nova/nova/policy.py:199}}
Apr 05 06:31:29.313182 n-d-760456-8 devstack@n-api.service[118609]: INFO nova.api.openstack.requestlog [None req-4d1f8d82-0d82-4c4b-9364-3fd2e14993e9 tempest-ServerDiagnosticsNegativeTest-640052191 tempest-ServerDiagnosticsNegativeTest-640052191-project] 10.222.0.13 "GET /compute/v2.1/servers/0fa82e2e-c90a-435c-8a4e-e6842ec3179d" status: 200 len: 1322 microversion: 2.1 time: 0.303032
Apr 05 06:31:29.313762 n-d-760456-8 devstack@n-api.service[118609]: [pid: 118609|app: 0|req: 142/372] 10.222.0.13 () {58 vars in 1235 bytes} [Tue Apr 5 06:31:29 2022] GET /compute/v2.1/servers/0fa82e2e-c90a-435c-8a4e-e6842ec3179d => generated 1322 bytes in 304 msecs (HTTP/1.1 200) 9 headers in 358 bytes (1 switches on core 0)
Apr 05 06:31:29.327820 n-d-760456-8 devstack@n-api.service[118609]: DEBUG nova.api.openstack.wsgi [None req-db78e472-91ba-4466-8758-54ae72bc9bbb tempest-ServersAdminTestJSON-1530262495 tempest-ServersAdminTestJSON-1530262495-project] Action: 'create', calling method: >, body: {"server": {"name": "tempest-ServersAdminTestJSON-server-2106510475", "imageRef": "57998f17-6975-4ae4-8705-f9315797dc06", "flavorRef": "452"}, "os:scheduler_hints": {"same_host": "2d5fdae8-3e14-490f-87d5-30dcf4756a58"}} {{(pid=118609) _process_stack /opt/stack/nova/nova/api/openstack/wsgi.py:511}}
Apr 05 06:31:29.405746 n-d-760456-8 devstack@n-api.service[118609]: DEBUG nova.network.neutron [None req-db78e472-91ba-4466-8758-54ae72bc9bbb tempest-ServersAdminTestJSON-1530262495 tempest-ServersAdminTestJSON-1530262495-project] validate_networks() for None {{(pid=118609) validate_networks /opt/stack/nova/nova/network/neutron.py:2632}}
Apr 05 06:31:29.668138 n-d-760456-8 devstack@n-api.service[118608]: DEBUG nova.policy [None req-5fb9c047-73f1-483c-bcde-34d33603dcc3 tempest-LiveMigrationNegativeTest-716270629 tempest-LiveMigrationNegativeTest-716270629-project] Policy check for os_compute_api:os-extended-server-attributes failed with credentials {'is_admin': False, 'user_id': '642870408cae49ffa2ddd78b29bd7582', 'user_domain_id': 'default', 'system_scope': None, 'domain_id': None, 'project_id': '06a3bb35aa55498e9868c8df47e8196d', 'project_domain_id': 'default', 'roles': ['reader', 'member'], 'is_admin_project': True, 'service_user_id': None, 'service_user_domain_id': None, 'service_project_id': None, 'service_project_domain_id': None, 'service_roles': []} {{(pid=118608) authorize /opt/stack/nova/nova/policy.py:199}}
Apr 05 06:31:29.676745 n-d-760456-8 devstack@n-api.service[118608]: INFO nova.api.openstack.requestlog [None req-5fb9c047-73f1-483c-bcde-34d33603dcc3 tempest-LiveMigrationNegativeTest-716270629 tempest-LiveMigrationNegativeTest-716270629-project] 10.222.0.13 "GET /compute/v2.1/servers/4e9b2dfe-2746-438d-a9b5-0a2e4e02c6fa" status: 200 len: 1318 microversion: 2.1 time: 0.630633
Apr 05 06:31:29.677413 n-d-760456-8 devstack@n-api.service[118608]: [pid: 118608|app: 0|req: 231/373] 10.222.0.13 () {58 vars in 1235 bytes} [Tue Apr 5 06:31:29 2022] GET /compute/v2.1/servers/4e9b2dfe-2746-438d-a9b5-0a2e4e02c6fa => generated 1318 bytes in 632 msecs (HTTP/1.1 200) 9 headers in 358 bytes (2 switches on core 0)
Apr 05 06:31:29.943705 n-d-760456-8 devstack@n-api.service[118608]: DEBUG nova.api.openstack.wsgi [None req-0ef3182f-8c46-4ca0-9678-21f94a72a452 tempest-FlavorsAccessNegativeTestJSON-363316469 tempest-FlavorsAccessNegativeTestJSON-363316469-project-admin] Action: 'create', calling method: >, body: {"flavor": {"ram": 512, "vcpus": 1, "disk": 10, "name": "tempest-FlavorsAccessNegativeTestJSON-flavor-2031626472", "id": 114113969, "os-flavor-access:is_public": "False"}} {{(pid=118608) _process_stack /opt/stack/nova/nova/api/openstack/wsgi.py:511}}
Apr 05 06:31:29.946302 n-d-760456-8 devstack@n-api.service[118608]: /usr/local/lib/python3.8/dist-packages/oslo_policy/policy.py:1119: UserWarning: Policy "os_compute_api:os-flavor-manage:create": "rule:context_is_admin" failed scope check. The token used to make the request was project scoped but the policy requires ['system'] scope. This behavior may change in the future where using the intended scope is required
Apr 05 06:31:29.946302 n-d-760456-8 devstack@n-api.service[118608]: warnings.warn(msg)
Apr 05 06:31:29.961941 n-d-760456-8 devstack@n-api.service[118608]: INFO nova.api.openstack.requestlog [None req-0ef3182f-8c46-4ca0-9678-21f94a72a452 tempest-FlavorsAccessNegativeTestJSON-363316469 tempest-FlavorsAccessNegativeTestJSON-363316469-project-admin] 10.222.0.13 "POST /compute/v2.1/flavors" status: 200 len: 436 microversion: 2.1 time: 0.283161
Apr 05 06:31:29.962717 n-d-760456-8 devstack@n-api.service[118608]: [pid: 118608|app: 0|req: 232/374] 10.222.0.13 () {60 vars in 1146 bytes} [Tue Apr 5 06:31:29 2022] POST /compute/v2.1/flavors => generated 436 bytes in 284 msecs (HTTP/1.1 200) 9 headers in 357 bytes (1 switches on core 0)
Apr 05 06:31:29.967537 n-d-760456-8 devstack@n-api.service[118608]: DEBUG nova.api.openstack.wsgi [None req-f7a51b93-0dc8-47b5-af53-ee63e6cdd7e0 tempest-MigrationsAdminTest-2113121259 tempest-MigrationsAdminTest-2113121259-project] Calling method '>' {{(pid=118608) _process_stack /opt/stack/nova/nova/api/openstack/wsgi.py:513}}
Apr 05 06:31:29.968174 n-d-760456-8 devstack@n-api.service[118608]: DEBUG nova.compute.api [None req-f7a51b93-0dc8-47b5-af53-ee63e6cdd7e0 tempest-MigrationsAdminTest-2113121259 tempest-MigrationsAdminTest-2113121259-project] [instance: c02698c3-8f6a-457f-8767-e4ea7187e786] Fetching instance by UUID {{(pid=118608) get /opt/stack/nova/nova/compute/api.py:2961}}
Apr 05 06:31:29.975280 n-d-760456-8 devstack@n-api.service[118608]: DEBUG oslo_concurrency.lockutils [None req-f7a51b93-0dc8-47b5-af53-ee63e6cdd7e0 tempest-MigrationsAdminTest-2113121259 tempest-MigrationsAdminTest-2113121259-project] Lock "de2793cd-4d0a-4d2a-9d7e-1f59a8ff8dd4" acquired by "nova.context.set_target_cell..get_or_set_cached_cell_and_set_connections" :: waited 0.000s {{(pid=118608) inner /usr/local/lib/python3.8/dist-packages/oslo_concurrency/lockutils.py:386}}
Apr 05 06:31:29.976319 n-d-760456-8 devstack@n-api.service[118608]: DEBUG oslo_concurrency.lockutils [None req-f7a51b93-0dc8-47b5-af53-ee63e6cdd7e0 tempest-MigrationsAdminTest-2113121259 tempest-MigrationsAdminTest-2113121259-project] Lock "de2793cd-4d0a-4d2a-9d7e-1f59a8ff8dd4" "released" by "nova.context.set_target_cell..get_or_set_cached_cell_and_set_connections" :: held 0.001s {{(pid=118608) inner /usr/local/lib/python3.8/dist-packages/oslo_concurrency/lockutils.py:400}}
Apr 05 06:31:29.977078 n-d-760456-8 devstack@n-api.service[118608]: DEBUG oslo_concurrency.lockutils [None req-f7a51b93-0dc8-47b5-af53-ee63e6cdd7e0 tempest-MigrationsAdminTest-2113121259 tempest-MigrationsAdminTest-2113121259-project] Lock "de2793cd-4d0a-4d2a-9d7e-1f59a8ff8dd4" acquired by "nova.context.set_target_cell..get_or_set_cached_cell_and_set_connections" :: waited 0.000s {{(pid=118608) inner /usr/local/lib/python3.8/dist-packages/oslo_concurrency/lockutils.py:386}}
Apr 05 06:31:29.977614 n-d-760456-8 devstack@n-api.service[118608]: DEBUG oslo_concurrency.lockutils [None req-f7a51b93-0dc8-47b5-af53-ee63e6cdd7e0 tempest-MigrationsAdminTest-2113121259 tempest-MigrationsAdminTest-2113121259-project] Lock "de2793cd-4d0a-4d2a-9d7e-1f59a8ff8dd4" "released" by "nova.context.set_target_cell..get_or_set_cached_cell_and_set_connections" :: held 0.000s {{(pid=118608) inner /usr/local/lib/python3.8/dist-packages/oslo_concurrency/lockutils.py:400}}
Apr 05 06:31:30.036877 n-d-760456-8 devstack@n-api.service[118609]: DEBUG nova.virt.hardware [None req-db78e472-91ba-4466-8758-54ae72bc9bbb tempest-ServersAdminTestJSON-1530262495 tempest-ServersAdminTestJSON-1530262495-project] Flavor limits 0:0:0 {{(pid=118609) get_cpu_topology_constraints /opt/stack/nova/nova/virt/hardware.py:343}}
Apr 05 06:31:30.037909 n-d-760456-8 devstack@n-api.service[118609]: DEBUG nova.virt.hardware [None req-db78e472-91ba-4466-8758-54ae72bc9bbb tempest-ServersAdminTestJSON-1530262495 tempest-ServersAdminTestJSON-1530262495-project] Image limits 0:0:0 {{(pid=118609) get_cpu_topology_constraints /opt/stack/nova/nova/virt/hardware.py:347}}
Apr 05 06:31:30.039762 n-d-760456-8 devstack@n-api.service[118609]: DEBUG nova.virt.hardware [None req-db78e472-91ba-4466-8758-54ae72bc9bbb tempest-ServersAdminTestJSON-1530262495 tempest-ServersAdminTestJSON-1530262495-project] Flavor pref 0:0:0 {{(pid=118609) get_cpu_topology_constraints /opt/stack/nova/nova/virt/hardware.py:383}}
Apr 05 06:31:30.040292 n-d-760456-8 devstack@n-api.service[118609]: DEBUG nova.virt.hardware [None req-db78e472-91ba-4466-8758-54ae72bc9bbb tempest-ServersAdminTestJSON-1530262495 tempest-ServersAdminTestJSON-1530262495-project] Image pref 0:0:0 {{(pid=118609) get_cpu_topology_constraints /opt/stack/nova/nova/virt/hardware.py:387}}
Apr 05 06:31:30.040780 n-d-760456-8 devstack@n-api.service[118609]: DEBUG nova.virt.hardware [None req-db78e472-91ba-4466-8758-54ae72bc9bbb tempest-ServersAdminTestJSON-1530262495 tempest-ServersAdminTestJSON-1530262495-project] Chose sockets=0, cores=0, threads=0; limits were sockets=65536, cores=65536, threads=65536 {{(pid=118609) get_cpu_topology_constraints /opt/stack/nova/nova/virt/hardware.py:425}}
Apr 05 06:31:30.051843 n-d-760456-8 devstack@n-api.service[118609]: DEBUG oslo_concurrency.lockutils [None req-db78e472-91ba-4466-8758-54ae72bc9bbb tempest-ServersAdminTestJSON-1530262495 tempest-ServersAdminTestJSON-1530262495-project] Lock "00000000-0000-0000-0000-000000000000" acquired by "nova.context.set_target_cell..get_or_set_cached_cell_and_set_connections" :: waited 0.000s {{(pid=118609) inner /usr/local/lib/python3.8/dist-packages/oslo_concurrency/lockutils.py:386}}
Apr 05 06:31:30.052529 n-d-760456-8 devstack@n-api.service[118609]: DEBUG oslo_concurrency.lockutils [None req-db78e472-91ba-4466-8758-54ae72bc9bbb tempest-ServersAdminTestJSON-1530262495 tempest-ServersAdminTestJSON-1530262495-project] Lock "00000000-0000-0000-0000-000000000000" "released" by "nova.context.set_target_cell..get_or_set_cached_cell_and_set_connections" :: held 0.001s {{(pid=118609) inner /usr/local/lib/python3.8/dist-packages/oslo_concurrency/lockutils.py:400}}
Apr 05 06:31:30.053451 n-d-760456-8 devstack@n-api.service[118609]: DEBUG oslo_concurrency.lockutils [None req-db78e472-91ba-4466-8758-54ae72bc9bbb tempest-ServersAdminTestJSON-1530262495 tempest-ServersAdminTestJSON-1530262495-project] Lock "de2793cd-4d0a-4d2a-9d7e-1f59a8ff8dd4" acquired by "nova.context.set_target_cell..get_or_set_cached_cell_and_set_connections" :: waited 0.000s {{(pid=118609) inner /usr/local/lib/python3.8/dist-packages/oslo_concurrency/lockutils.py:386}}
Apr 05 06:31:30.054656 n-d-760456-8 devstack@n-api.service[118609]: DEBUG oslo_concurrency.lockutils [None req-db78e472-91ba-4466-8758-54ae72bc9bbb tempest-ServersAdminTestJSON-1530262495 tempest-ServersAdminTestJSON-1530262495-project] Lock "de2793cd-4d0a-4d2a-9d7e-1f59a8ff8dd4" "released" by "nova.context.set_target_cell..get_or_set_cached_cell_and_set_connections" :: held 0.001s {{(pid=118609) inner /usr/local/lib/python3.8/dist-packages/oslo_concurrency/lockutils.py:400}}
Apr 05 06:31:30.073747 n-d-760456-8 devstack@n-api.service[118609]: DEBUG nova.quota [None req-db78e472-91ba-4466-8758-54ae72bc9bbb tempest-ServersAdminTestJSON-1530262495 tempest-ServersAdminTestJSON-1530262495-project] Getting quotas for project 09e4b5ae410e4f75b22db0750e1183d4. Resources: {'ram', 'cores', 'instances'} {{(pid=118609) _get_quotas /opt/stack/nova/nova/quota.py:393}}
Apr 05 06:31:30.077994 n-d-760456-8 devstack@n-api.service[118609]: DEBUG nova.quota [None req-db78e472-91ba-4466-8758-54ae72bc9bbb tempest-ServersAdminTestJSON-1530262495 tempest-ServersAdminTestJSON-1530262495-project] Getting quotas for user e6a1231013ce49e2b315a9cb151cbf22 and project 09e4b5ae410e4f75b22db0750e1183d4. Resources: {'ram', 'cores', 'instances'} {{(pid=118609) _get_quotas /opt/stack/nova/nova/quota.py:383}}
Apr 05 06:31:30.092279 n-d-760456-8 devstack@n-api.service[118609]: DEBUG nova.compute.api [None req-db78e472-91ba-4466-8758-54ae72bc9bbb tempest-ServersAdminTestJSON-1530262495 tempest-ServersAdminTestJSON-1530262495-project] Going to run 1 instances... {{(pid=118609) _provision_instances /opt/stack/nova/nova/compute/api.py:1389}}
Apr 05 06:31:30.095121 n-d-760456-8 devstack@n-api.service[118609]: DEBUG nova.compute.api [None req-db78e472-91ba-4466-8758-54ae72bc9bbb tempest-ServersAdminTestJSON-1530262495 tempest-ServersAdminTestJSON-1530262495-project] [instance: 9fd27134-e3d7-4917-b933-a410af97318c] block_device_mapping [BlockDeviceMapping(attachment_id=,boot_index=0,connection_info=None,created_at=,delete_on_termination=True,deleted=,deleted_at=,destination_type='local',device_name=None,device_type='disk',disk_bus=None,encrypted=False,encryption_format=None,encryption_options=None,encryption_secret_uuid=None,guest_format=None,id=,image_id='57998f17-6975-4ae4-8705-f9315797dc06',instance=,instance_uuid=,no_device=False,snapshot_id=None,source_type='image',tag=None,updated_at=,uuid=,volume_id=None,volume_size=None,volume_type=None)] {{(pid=118609) _bdm_validate_set_size_and_instance /opt/stack/nova/nova/compute/api.py:1850}}
Apr 05 06:31:30.155530 n-d-760456-8 devstack@n-api.service[118609]: INFO nova.api.openstack.requestlog [None req-db78e472-91ba-4466-8758-54ae72bc9bbb tempest-ServersAdminTestJSON-1530262495 tempest-ServersAdminTestJSON-1530262495-project] 10.222.0.13 "POST /compute/v2.1/servers" status: 202 len: 380 microversion: 2.1 time: 0.839602
Apr 05 06:31:30.156351 n-d-760456-8 devstack@n-api.service[118609]: [pid: 118609|app: 0|req: 143/375] 10.222.0.13 () {60 vars in 1146 bytes} [Tue Apr 5 06:31:29 2022] POST /compute/v2.1/servers => generated 380 bytes in 842 msecs (HTTP/1.1 202) 10 headers in 451 bytes (1 switches on core 0)
Apr 05 06:31:30.179596 n-d-760456-8 devstack@n-api.service[118609]: DEBUG nova.api.openstack.wsgi [None req-5c18b813-9841-4196-b73a-080b6d8dc24e tempest-FlavorsAccessNegativeTestJSON-363316469 tempest-FlavorsAccessNegativeTestJSON-363316469-project-admin] Action: 'action', calling method: >, body: {"addTenantAccess": {"tenant": "7b0138c46ffd4229939841b0536b02d3"}} {{(pid=118609) _process_stack /opt/stack/nova/nova/api/openstack/wsgi.py:511}}
Apr 05 06:31:30.189436 n-d-760456-8 devstack@n-api.service[118609]: /usr/local/lib/python3.8/dist-packages/oslo_policy/policy.py:1119: UserWarning: Policy "os_compute_api:os-flavor-access:add_tenant_access": "rule:context_is_admin" failed scope check. The token used to make the request was project scoped but the policy requires ['system'] scope. This behavior may change in the future where using the intended scope is required
Apr 05 06:31:30.189436 n-d-760456-8 devstack@n-api.service[118609]: warnings.warn(msg)
Apr 05 06:31:30.234182 n-d-760456-8 devstack@n-api.service[118608]: DEBUG nova.policy [None req-f7a51b93-0dc8-47b5-af53-ee63e6cdd7e0 tempest-MigrationsAdminTest-2113121259 tempest-MigrationsAdminTest-2113121259-project] Policy check for os_compute_api:os-extended-server-attributes failed with credentials {'is_admin': False, 'user_id': 'e946eab88df340c8aef93f308ec8dd80', 'user_domain_id': 'default', 'system_scope': None, 'domain_id': None, 'project_id': 'e0a947a95aed412cac391f1e74597c42', 'project_domain_id': 'default', 'roles': ['reader', 'member'], 'is_admin_project': True, 'service_user_id': None, 'service_user_domain_id': None, 'service_project_id': None, 'service_project_domain_id': None, 'service_roles': []} {{(pid=118608) authorize /opt/stack/nova/nova/policy.py:199}}
Apr 05 06:31:30.246507 n-d-760456-8 devstack@n-api.service[118608]: INFO nova.api.openstack.requestlog [None req-f7a51b93-0dc8-47b5-af53-ee63e6cdd7e0 tempest-MigrationsAdminTest-2113121259 tempest-MigrationsAdminTest-2113121259-project] 10.222.0.13 "GET /compute/v2.1/servers/c02698c3-8f6a-457f-8767-e4ea7187e786" status: 200 len: 1476 microversion: 2.1 time: 0.282274
Apr 05 06:31:30.247640 n-d-760456-8 devstack@n-api.service[118608]: [pid: 118608|app: 0|req: 233/376] 10.222.0.13 () {58 vars in 1235 bytes} [Tue Apr 5 06:31:29 2022] GET /compute/v2.1/servers/c02698c3-8f6a-457f-8767-e4ea7187e786 => generated 1476 bytes in 284 msecs (HTTP/1.1 200) 9 headers in 358 bytes (1 switches on core 0)
Apr 05 06:31:30.253832 n-d-760456-8 devstack@n-api.service[118608]: DEBUG nova.api.openstack.wsgi [req-693ed570-890d-491b-9a9b-5ef0cc1a6325 req-60b091b0-8bfb-45c5-9df3-aa9c849d1407 service nova] Action: 'create', calling method: >, body: {"events": [{"server_uuid": "c336c6bd-38f3-4a62-8d7e-39ccc2e131e5", "name": "network-vif-unplugged", "status": "completed", "tag": "fc5d55ac-a2b8-45ba-93c7-bb3fb225fba2"}]} {{(pid=118608) _process_stack /opt/stack/nova/nova/api/openstack/wsgi.py:511}}
Apr 05 06:31:30.263206 n-d-760456-8 devstack@n-api.service[118608]: DEBUG oslo_concurrency.lockutils [req-693ed570-890d-491b-9a9b-5ef0cc1a6325 req-60b091b0-8bfb-45c5-9df3-aa9c849d1407 service nova] Lock "de2793cd-4d0a-4d2a-9d7e-1f59a8ff8dd4" acquired by "nova.context.set_target_cell..get_or_set_cached_cell_and_set_connections" :: waited 0.000s {{(pid=118608) inner /usr/local/lib/python3.8/dist-packages/oslo_concurrency/lockutils.py:386}}
Apr 05 06:31:30.263940 n-d-760456-8 devstack@n-api.service[118608]: DEBUG oslo_concurrency.lockutils [req-693ed570-890d-491b-9a9b-5ef0cc1a6325 req-60b091b0-8bfb-45c5-9df3-aa9c849d1407 service nova] Lock "de2793cd-4d0a-4d2a-9d7e-1f59a8ff8dd4" "released" by "nova.context.set_target_cell..get_or_set_cached_cell_and_set_connections" :: held 0.001s {{(pid=118608) inner /usr/local/lib/python3.8/dist-packages/oslo_concurrency/lockutils.py:400}}
Apr 05 06:31:30.283185 n-d-760456-8 devstack@n-api.service[118608]: INFO nova.api.openstack.compute.server_external_events [req-693ed570-890d-491b-9a9b-5ef0cc1a6325 req-60b091b0-8bfb-45c5-9df3-aa9c849d1407 service nova] Creating event network-vif-unplugged:fc5d55ac-a2b8-45ba-93c7-bb3fb225fba2 for instance c336c6bd-38f3-4a62-8d7e-39ccc2e131e5 on n-h1-760456-8
Apr 05 06:31:30.297778 n-d-760456-8 devstack@n-api.service[118608]: INFO nova.api.openstack.requestlog [req-693ed570-890d-491b-9a9b-5ef0cc1a6325 req-60b091b0-8bfb-45c5-9df3-aa9c849d1407 service nova] 10.222.0.13 "POST /compute/v2.1/os-server-external-events" status: 200 len: 185 microversion: 2.1 time: 0.047842
Apr 05 06:31:30.298570 n-d-760456-8 devstack@n-api.service[118608]: [pid: 118608|app: 0|req: 234/377] 10.222.0.13 () {64 vars in 1317 bytes} [Tue Apr 5 06:31:30 2022] POST /compute/v2.1/os-server-external-events => generated 185 bytes in 50 msecs (HTTP/1.1 200) 9 headers in 357 bytes (1 switches on core 0)
Apr 05 06:31:30.305336 n-d-760456-8 devstack@n-api.service[118608]: DEBUG nova.api.openstack.wsgi [None req-d8595ffb-2543-484b-b423-78bf2031d400 tempest-LiveAutoBlockMigrationV225Test-1929899515 tempest-LiveAutoBlockMigrationV225Test-1929899515-project] Calling method '>' {{(pid=118608) _process_stack /opt/stack/nova/nova/api/openstack/wsgi.py:513}}
Apr 05 06:31:30.306463 n-d-760456-8 devstack@n-api.service[118608]: DEBUG nova.compute.api [None req-d8595ffb-2543-484b-b423-78bf2031d400 tempest-LiveAutoBlockMigrationV225Test-1929899515 tempest-LiveAutoBlockMigrationV225Test-1929899515-project] [instance: c336c6bd-38f3-4a62-8d7e-39ccc2e131e5] Fetching instance by UUID {{(pid=118608) get /opt/stack/nova/nova/compute/api.py:2961}}
Apr 05 06:31:30.313504 n-d-760456-8 devstack@n-api.service[118608]: DEBUG oslo_concurrency.lockutils [None req-d8595ffb-2543-484b-b423-78bf2031d400 tempest-LiveAutoBlockMigrationV225Test-1929899515 tempest-LiveAutoBlockMigrationV225Test-1929899515-project] Lock "de2793cd-4d0a-4d2a-9d7e-1f59a8ff8dd4" acquired by "nova.context.set_target_cell..get_or_set_cached_cell_and_set_connections" :: waited 0.000s {{(pid=118608) inner /usr/local/lib/python3.8/dist-packages/oslo_concurrency/lockutils.py:386}}
Apr 05 06:31:30.314290 n-d-760456-8 devstack@n-api.service[118608]: DEBUG oslo_concurrency.lockutils [None req-d8595ffb-2543-484b-b423-78bf2031d400 tempest-LiveAutoBlockMigrationV225Test-1929899515 tempest-LiveAutoBlockMigrationV225Test-1929899515-project] Lock "de2793cd-4d0a-4d2a-9d7e-1f59a8ff8dd4" "released" by "nova.context.set_target_cell..get_or_set_cached_cell_and_set_connections" :: held 0.001s {{(pid=118608) inner /usr/local/lib/python3.8/dist-packages/oslo_concurrency/lockutils.py:400}}
Apr 05 06:31:30.315284 n-d-760456-8 devstack@n-api.service[118608]: DEBUG oslo_concurrency.lockutils [None req-d8595ffb-2543-484b-b423-78bf2031d400 tempest-LiveAutoBlockMigrationV225Test-1929899515 tempest-LiveAutoBlockMigrationV225Test-1929899515-project] Lock "de2793cd-4d0a-4d2a-9d7e-1f59a8ff8dd4" acquired by "nova.context.set_target_cell..get_or_set_cached_cell_and_set_connections" :: waited 0.000s {{(pid=118608) inner /usr/local/lib/python3.8/dist-packages/oslo_concurrency/lockutils.py:386}}
Apr 05 06:31:30.316241 n-d-760456-8 devstack@n-api.service[118608]: DEBUG oslo_concurrency.lockutils [None req-d8595ffb-2543-484b-b423-78bf2031d400 tempest-LiveAutoBlockMigrationV225Test-1929899515 tempest-LiveAutoBlockMigrationV225Test-1929899515-project] Lock "de2793cd-4d0a-4d2a-9d7e-1f59a8ff8dd4" "released" by "nova.context.set_target_cell..get_or_set_cached_cell_and_set_connections" :: held 0.001s {{(pid=118608) inner /usr/local/lib/python3.8/dist-packages/oslo_concurrency/lockutils.py:400}}
Apr 05 06:31:30.565722 n-d-760456-8 devstack@n-api.service[118608]: DEBUG nova.policy [None req-d8595ffb-2543-484b-b423-78bf2031d400 tempest-LiveAutoBlockMigrationV225Test-1929899515 tempest-LiveAutoBlockMigrationV225Test-1929899515-project] Policy check for os_compute_api:os-extended-server-attributes failed with credentials {'is_admin': False, 'user_id': '8e7469e40c65485f8c60cc72c1c4caec', 'user_domain_id': 'default', 'system_scope': None, 'domain_id': None, 'project_id': '7ac588546c684f82be217a217caa78c9', 'project_domain_id': 'default', 'roles': ['reader', 'member'], 'is_admin_project': True, 'service_user_id': None, 'service_user_domain_id': None, 'service_project_id': None, 'service_project_domain_id': None, 'service_roles': []} {{(pid=118608) authorize /opt/stack/nova/nova/policy.py:199}}
Apr 05 06:31:30.574562 n-d-760456-8 devstack@n-api.service[118608]: DEBUG nova.policy [None req-d8595ffb-2543-484b-b423-78bf2031d400 tempest-LiveAutoBlockMigrationV225Test-1929899515 tempest-LiveAutoBlockMigrationV225Test-1929899515-project] Policy check for os_compute_api:servers:show:host_status failed with credentials {'is_admin': False, 'user_id': '8e7469e40c65485f8c60cc72c1c4caec', 'user_domain_id': 'default', 'system_scope': None, 'domain_id': None, 'project_id': '7ac588546c684f82be217a217caa78c9', 'project_domain_id': 'default', 'roles': ['reader', 'member'], 'is_admin_project': True, 'service_user_id': None, 'service_user_domain_id': None, 'service_project_id': None, 'service_project_domain_id': None, 'service_roles': []} {{(pid=118608) authorize /opt/stack/nova/nova/policy.py:199}}
Apr 05 06:31:30.577320 n-d-760456-8 devstack@n-api.service[118608]: DEBUG nova.policy [None req-d8595ffb-2543-484b-b423-78bf2031d400 tempest-LiveAutoBlockMigrationV225Test-1929899515 tempest-LiveAutoBlockMigrationV225Test-1929899515-project] Policy check for os_compute_api:servers:show:host_status:unknown-only failed with credentials {'is_admin': False, 'user_id': '8e7469e40c65485f8c60cc72c1c4caec', 'user_domain_id': 'default', 'system_scope': None, 'domain_id': None, 'project_id': '7ac588546c684f82be217a217caa78c9', 'project_domain_id': 'default', 'roles': ['reader', 'member'], 'is_admin_project': True, 'service_user_id': None, 'service_user_domain_id': None, 'service_project_id': None, 'service_project_domain_id': None, 'service_roles': []} {{(pid=118608) authorize /opt/stack/nova/nova/policy.py:199}}
Apr 05 06:31:30.579388 n-d-760456-8 devstack@n-api.service[118608]: INFO nova.api.openstack.requestlog [None req-d8595ffb-2543-484b-b423-78bf2031d400 tempest-LiveAutoBlockMigrationV225Test-1929899515 tempest-LiveAutoBlockMigrationV225Test-1929899515-project] 10.222.0.13 "GET /compute/v2.1/servers/c336c6bd-38f3-4a62-8d7e-39ccc2e131e5" status: 200 len: 1567 microversion: 2.25 time: 0.279485
Apr 05 06:31:30.580627 n-d-760456-8 devstack@n-api.service[118608]: [pid: 118608|app: 0|req: 235/378] 10.222.0.13 () {60 vars in 1276 bytes} [Tue Apr 5 06:31:30 2022] GET /compute/v2.1/servers/c336c6bd-38f3-4a62-8d7e-39ccc2e131e5 => generated 1567 bytes in 281 msecs (HTTP/1.1 200) 9 headers in 360 bytes (1 switches on core 0)
Apr 05 06:31:30.583696 n-d-760456-8 devstack@n-api.service[118609]: INFO nova.api.openstack.requestlog [None req-5c18b813-9841-4196-b73a-080b6d8dc24e tempest-FlavorsAccessNegativeTestJSON-363316469 tempest-FlavorsAccessNegativeTestJSON-363316469-project-admin] 10.222.0.13 "POST /compute/v2.1/flavors/114113969/action" status: 200 len: 96 microversion: 2.1 time: 0.426219
Apr 05 06:31:30.585974 n-d-760456-8 devstack@n-api.service[118609]: [pid: 118609|app: 0|req: 144/379] 10.222.0.13 () {60 vars in 1196 bytes} [Tue Apr 5 06:31:30 2022] POST /compute/v2.1/flavors/114113969/action => generated 96 bytes in 429 msecs (HTTP/1.1 200) 9 headers in 356 bytes (1 switches on core 0)
Apr 05 06:31:30.594695 n-d-760456-8 devstack@n-api.service[118608]: DEBUG nova.api.openstack.wsgi [None req-e31e8c2e-603f-4613-9c91-e6082cad9ade tempest-ServersAdminTestJSON-1530262495 tempest-ServersAdminTestJSON-1530262495-project] Calling method '>' {{(pid=118608) _process_stack /opt/stack/nova/nova/api/openstack/wsgi.py:513}}
Apr 05 06:31:30.595318 n-d-760456-8 devstack@n-api.service[118608]: DEBUG nova.compute.api [None req-e31e8c2e-603f-4613-9c91-e6082cad9ade tempest-ServersAdminTestJSON-1530262495 tempest-ServersAdminTestJSON-1530262495-project] [instance: 9fd27134-e3d7-4917-b933-a410af97318c] Fetching instance by UUID {{(pid=118608) get /opt/stack/nova/nova/compute/api.py:2961}}
Apr 05 06:31:30.597036 n-d-760456-8 devstack@n-api.service[118609]: DEBUG nova.api.openstack.wsgi [req-56572715-260f-4c72-b0c2-f88af6ddd81f req-f65d984c-cc6a-4e73-80fa-74c059f1d5bf service nova] Action: 'create', calling method: >, body: {"events": [{"server_uuid": "0fa82e2e-c90a-435c-8a4e-e6842ec3179d", "name": "network-vif-plugged", "status": "completed", "tag": "348bb8f4-be0f-4964-82a9-956bf24835b0"}]} {{(pid=118609) _process_stack /opt/stack/nova/nova/api/openstack/wsgi.py:511}}
Apr 05 06:31:30.607854 n-d-760456-8 devstack@n-api.service[118609]: DEBUG oslo_concurrency.lockutils [req-56572715-260f-4c72-b0c2-f88af6ddd81f req-f65d984c-cc6a-4e73-80fa-74c059f1d5bf service nova] Lock "de2793cd-4d0a-4d2a-9d7e-1f59a8ff8dd4" acquired by "nova.context.set_target_cell..get_or_set_cached_cell_and_set_connections" :: waited 0.000s {{(pid=118609) inner /usr/local/lib/python3.8/dist-packages/oslo_concurrency/lockutils.py:386}}
Apr 05 06:31:30.608644 n-d-760456-8 devstack@n-api.service[118609]: DEBUG oslo_concurrency.lockutils [req-56572715-260f-4c72-b0c2-f88af6ddd81f req-f65d984c-cc6a-4e73-80fa-74c059f1d5bf service nova] Lock "de2793cd-4d0a-4d2a-9d7e-1f59a8ff8dd4" "released" by "nova.context.set_target_cell..get_or_set_cached_cell_and_set_connections" :: held 0.001s {{(pid=118609) inner /usr/local/lib/python3.8/dist-packages/oslo_concurrency/lockutils.py:400}}
Apr 05 06:31:30.621915 n-d-760456-8 devstack@n-api.service[118609]: INFO nova.api.openstack.compute.server_external_events [req-56572715-260f-4c72-b0c2-f88af6ddd81f req-f65d984c-cc6a-4e73-80fa-74c059f1d5bf service nova] Creating event network-vif-plugged:348bb8f4-be0f-4964-82a9-956bf24835b0 for instance 0fa82e2e-c90a-435c-8a4e-e6842ec3179d on n-h1-760456-8
Apr 05 06:31:30.628297 n-d-760456-8 devstack@n-api.service[118609]: INFO nova.api.openstack.requestlog [req-56572715-260f-4c72-b0c2-f88af6ddd81f req-f65d984c-cc6a-4e73-80fa-74c059f1d5bf service nova] 10.222.0.13 "POST /compute/v2.1/os-server-external-events" status: 200 len: 183 microversion: 2.1 time: 0.040837
Apr 05 06:31:30.629473 n-d-760456-8 devstack@n-api.service[118609]: [pid: 118609|app: 0|req: 145/380] 10.222.0.13 () {64 vars in 1317 bytes} [Tue Apr 5 06:31:30 2022] POST /compute/v2.1/os-server-external-events => generated 183 bytes in 43 msecs (HTTP/1.1 200) 9 headers in 357 bytes (1 switches on core 0)
Apr 05 06:31:30.637638 n-d-760456-8 devstack@n-api.service[118609]: DEBUG nova.api.openstack.wsgi [None req-04d8087d-b89e-4e3a-a327-5af5d8bac770 tempest-ServerDiagnosticsNegativeTest-640052191 tempest-ServerDiagnosticsNegativeTest-640052191-project] Calling method '>' {{(pid=118609) _process_stack /opt/stack/nova/nova/api/openstack/wsgi.py:513}}
Apr 05 06:31:30.638583 n-d-760456-8 devstack@n-api.service[118609]: DEBUG nova.compute.api [None req-04d8087d-b89e-4e3a-a327-5af5d8bac770 tempest-ServerDiagnosticsNegativeTest-640052191 tempest-ServerDiagnosticsNegativeTest-640052191-project] [instance: 0fa82e2e-c90a-435c-8a4e-e6842ec3179d] Fetching instance by UUID {{(pid=118609) get /opt/stack/nova/nova/compute/api.py:2961}}
Apr 05 06:31:30.644945 n-d-760456-8 devstack@n-api.service[118609]: DEBUG oslo_concurrency.lockutils [None req-04d8087d-b89e-4e3a-a327-5af5d8bac770 tempest-ServerDiagnosticsNegativeTest-640052191 tempest-ServerDiagnosticsNegativeTest-640052191-project] Lock "de2793cd-4d0a-4d2a-9d7e-1f59a8ff8dd4" acquired by "nova.context.set_target_cell..get_or_set_cached_cell_and_set_connections" :: waited 0.000s {{(pid=118609) inner /usr/local/lib/python3.8/dist-packages/oslo_concurrency/lockutils.py:386}}
Apr 05 06:31:30.646081 n-d-760456-8 devstack@n-api.service[118609]: DEBUG oslo_concurrency.lockutils [None req-04d8087d-b89e-4e3a-a327-5af5d8bac770 tempest-ServerDiagnosticsNegativeTest-640052191 tempest-ServerDiagnosticsNegativeTest-640052191-project] Lock "de2793cd-4d0a-4d2a-9d7e-1f59a8ff8dd4" "released" by "nova.context.set_target_cell..get_or_set_cached_cell_and_set_connections" :: held 0.001s {{(pid=118609) inner /usr/local/lib/python3.8/dist-packages/oslo_concurrency/lockutils.py:400}}
Apr 05 06:31:30.647115 n-d-760456-8 devstack@n-api.service[118609]: DEBUG oslo_concurrency.lockutils [None req-04d8087d-b89e-4e3a-a327-5af5d8bac770 tempest-ServerDiagnosticsNegativeTest-640052191 tempest-ServerDiagnosticsNegativeTest-640052191-project] Lock "de2793cd-4d0a-4d2a-9d7e-1f59a8ff8dd4" acquired by "nova.context.set_target_cell..get_or_set_cached_cell_and_set_connections" :: waited 0.000s {{(pid=118609) inner /usr/local/lib/python3.8/dist-packages/oslo_concurrency/lockutils.py:386}}
Apr 05 06:31:30.647904 n-d-760456-8 devstack@n-api.service[118609]: DEBUG oslo_concurrency.lockutils [None req-04d8087d-b89e-4e3a-a327-5af5d8bac770 tempest-ServerDiagnosticsNegativeTest-640052191 tempest-ServerDiagnosticsNegativeTest-640052191-project] Lock "de2793cd-4d0a-4d2a-9d7e-1f59a8ff8dd4" "released" by "nova.context.set_target_cell..get_or_set_cached_cell_and_set_connections" :: held 0.001s {{(pid=118609) inner /usr/local/lib/python3.8/dist-packages/oslo_concurrency/lockutils.py:400}}
Apr 05 06:31:30.657118 n-d-760456-8 devstack@n-api.service[118608]: DEBUG nova.policy [None req-e31e8c2e-603f-4613-9c91-e6082cad9ade tempest-ServersAdminTestJSON-1530262495 tempest-ServersAdminTestJSON-1530262495-project] Policy check for os_compute_api:os-extended-server-attributes failed with credentials {'is_admin': False, 'user_id': 'e6a1231013ce49e2b315a9cb151cbf22', 'user_domain_id': 'default', 'system_scope': None, 'domain_id': None, 'project_id': '09e4b5ae410e4f75b22db0750e1183d4', 'project_domain_id': 'default', 'roles': ['reader', 'member'], 'is_admin_project': True, 'service_user_id': None, 'service_user_domain_id': None, 'service_project_id': None, 'service_project_domain_id': None, 'service_roles': []} {{(pid=118608) authorize /opt/stack/nova/nova/policy.py:199}}
Apr 05 06:31:30.666100 n-d-760456-8 devstack@n-api.service[118608]: INFO nova.api.openstack.requestlog [None req-e31e8c2e-603f-4613-9c91-e6082cad9ade tempest-ServersAdminTestJSON-1530262495 tempest-ServersAdminTestJSON-1530262495-project] 10.222.0.13 "GET /compute/v2.1/servers/9fd27134-e3d7-4917-b933-a410af97318c" status: 200 len: 1214 microversion: 2.1 time: 0.084085
