Apr 05 06:30:39.418867 n-d-760456-8 devstack@n-api.service[118609]: DEBUG oslo_concurrency.lockutils [req-46ccaacb-e252-4f71-9273-e67cc3fd0190 req-fb3cf1ce-2c3b-4ec2-af19-225329bd3232 service nova] Lock "de2793cd-4d0a-4d2a-9d7e-1f59a8ff8dd4" "released" by "nova.context.set_target_cell..get_or_set_cached_cell_and_set_connections" :: held 0.003s {{(pid=118609) inner /usr/local/lib/python3.8/dist-packages/oslo_concurrency/lockutils.py:400}}
Apr 05 06:30:39.472903 n-d-760456-8 devstack@n-api.service[118609]: INFO nova.api.openstack.compute.server_external_events [req-46ccaacb-e252-4f71-9273-e67cc3fd0190 req-fb3cf1ce-2c3b-4ec2-af19-225329bd3232 service nova] Creating event network-changed:60c872af-1a0e-4b64-b658-b069bb1fc764 for instance b0fe4c58-1487-42b0-a8b6-b6d61361c302 on n-h2-760456-8
Apr 05 06:30:39.474291 n-d-760456-8 devstack@n-api.service[118609]: DEBUG oslo_concurrency.lockutils [req-46ccaacb-e252-4f71-9273-e67cc3fd0190 req-fb3cf1ce-2c3b-4ec2-af19-225329bd3232 service nova] Acquired lock "compute-rpcapi-router" {{(pid=118609) lock /usr/local/lib/python3.8/dist-packages/oslo_concurrency/lockutils.py:294}}
Apr 05 06:30:39.476890 n-d-760456-8 devstack@n-api.service[118609]: DEBUG oslo_concurrency.lockutils [None req-60dbc255-54a2-4735-8495-5788cc05866e None None] Lock "00000000-0000-0000-0000-000000000000" acquired by "nova.context.set_target_cell..get_or_set_cached_cell_and_set_connections" :: waited 0.000s {{(pid=118609) inner /usr/local/lib/python3.8/dist-packages/oslo_concurrency/lockutils.py:386}}
Apr 05 06:30:39.480862 n-d-760456-8 devstack@n-api.service[118609]: DEBUG oslo_concurrency.lockutils [None req-60dbc255-54a2-4735-8495-5788cc05866e None None] Lock "00000000-0000-0000-0000-000000000000" "released" by "nova.context.set_target_cell..get_or_set_cached_cell_and_set_connections" :: held 0.004s {{(pid=118609) inner /usr/local/lib/python3.8/dist-packages/oslo_concurrency/lockutils.py:400}}
Apr 05 06:30:39.483701 n-d-760456-8 devstack@n-api.service[118609]: DEBUG oslo_concurrency.lockutils [None req-60dbc255-54a2-4735-8495-5788cc05866e None None] Lock "de2793cd-4d0a-4d2a-9d7e-1f59a8ff8dd4" acquired by "nova.context.set_target_cell..get_or_set_cached_cell_and_set_connections" :: waited 0.000s {{(pid=118609) inner /usr/local/lib/python3.8/dist-packages/oslo_concurrency/lockutils.py:386}}
Apr 05 06:30:39.489349 n-d-760456-8 devstack@n-api.service[118609]: DEBUG oslo_concurrency.lockutils [None req-60dbc255-54a2-4735-8495-5788cc05866e None None] Lock "de2793cd-4d0a-4d2a-9d7e-1f59a8ff8dd4" "released" by "nova.context.set_target_cell..get_or_set_cached_cell_and_set_connections" :: held 0.003s {{(pid=118609) inner /usr/local/lib/python3.8/dist-packages/oslo_concurrency/lockutils.py:400}}
Apr 05 06:30:39.518326 n-d-760456-8 devstack@n-api.service[118609]: INFO nova.compute.rpcapi [None req-60dbc255-54a2-4735-8495-5788cc05866e None None] Automatically selected compute RPC version 6.0 from minimum service version 61
Apr 05 06:30:39.520612 n-d-760456-8 devstack@n-api.service[118609]: DEBUG oslo_concurrency.lockutils [None req-60dbc255-54a2-4735-8495-5788cc05866e None None] Releasing lock "compute-rpcapi-router" {{(pid=118609) lock /usr/local/lib/python3.8/dist-packages/oslo_concurrency/lockutils.py:312}}
Apr 05 06:30:39.539107 n-d-760456-8 devstack@n-api.service[118608]: DEBUG nova.quota [None req-eb21ff75-b0fa-4796-b9e8-bbd782bd5dc6 tempest-KeyPairsV210TestJSON-1794593362 tempest-KeyPairsV210TestJSON-1794593362-project-admin] Getting quotas for project 07d90fd376e74ed3a58c54a66e8acfc9. Resources: {'key_pairs'} {{(pid=118608) _get_quotas /opt/stack/nova/nova/quota.py:393}}
Apr 05 06:30:39.545737 n-d-760456-8 devstack@n-api.service[118608]: DEBUG nova.quota [None req-eb21ff75-b0fa-4796-b9e8-bbd782bd5dc6 tempest-KeyPairsV210TestJSON-1794593362 tempest-KeyPairsV210TestJSON-1794593362-project-admin] Getting quotas for user 7212a43dee604daf89d3c593515842cd and project 07d90fd376e74ed3a58c54a66e8acfc9. Resources: {'key_pairs'} {{(pid=118608) _get_quotas /opt/stack/nova/nova/quota.py:383}}
Apr 05 06:30:39.578794 n-d-760456-8 devstack@n-api.service[118609]: INFO nova.api.openstack.requestlog [None req-60dbc255-54a2-4735-8495-5788cc05866e None None] 10.222.0.13 "POST /compute/v2.1/os-server-external-events" status: 200 len: 179 microversion: 2.1 time: 1.201250
Apr 05 06:30:39.580408 n-d-760456-8 devstack@n-api.service[118609]: [pid: 118609|app: 0|req: 38/115] 10.222.0.13 () {64 vars in 1317 bytes} [Tue Apr 5 06:30:38 2022] POST /compute/v2.1/os-server-external-events => generated 179 bytes in 1205 msecs (HTTP/1.1 200) 9 headers in 357 bytes (1 switches on core 0)
Apr 05 06:30:39.624969 n-d-760456-8 devstack@n-api.service[118608]: INFO nova.api.openstack.requestlog [None req-eb21ff75-b0fa-4796-b9e8-bbd782bd5dc6 tempest-KeyPairsV210TestJSON-1794593362 tempest-KeyPairsV210TestJSON-1794593362-project-admin] 10.222.0.13 "POST /compute/v2.1/os-keypairs" status: 201 len: 2320 microversion: 2.10 time: 0.555267
Apr 05 06:30:39.628129 n-d-760456-8 devstack@n-api.service[118608]: [pid: 118608|app: 0|req: 78/116] 10.222.0.13 () {62 vars in 1199 bytes} [Tue Apr 5 06:30:39 2022] POST /compute/v2.1/os-keypairs => generated 2320 bytes in 559 msecs (HTTP/1.1 201) 9 headers in 365 bytes (1 switches on core 0)
Apr 05 06:30:40.223149 n-d-760456-8 devstack@n-api.service[118609]: DEBUG nova.api.openstack.wsgi [None req-52bdfd00-9de5-4417-8b9b-6ccd7014b876 tempest-HypervisorAdminNegativeTestJSON-1500837750 tempest-HypervisorAdminNegativeTestJSON-1500837750-project-admin] Calling method '.version_select at 0x7fbf58aa7af0>' {{(pid=118609) _process_stack /opt/stack/nova/nova/api/openstack/wsgi.py:513}}
Apr 05 06:30:40.225933 n-d-760456-8 devstack@n-api.service[118609]: /usr/local/lib/python3.8/dist-packages/oslo_policy/policy.py:1119: UserWarning: Policy "os_compute_api:os-hypervisors:list": "rule:context_is_admin" failed scope check. The token used to make the request was project scoped but the policy requires ['system'] scope. This behavior may change in the future where using the intended scope is required
Apr 05 06:30:40.225933 n-d-760456-8 devstack@n-api.service[118609]: warnings.warn(msg)
Apr 05 06:30:40.227277 n-d-760456-8 devstack@n-api.service[118609]: DEBUG oslo_concurrency.lockutils [None req-52bdfd00-9de5-4417-8b9b-6ccd7014b876 tempest-HypervisorAdminNegativeTestJSON-1500837750 tempest-HypervisorAdminNegativeTestJSON-1500837750-project-admin] Lock "de2793cd-4d0a-4d2a-9d7e-1f59a8ff8dd4" acquired by "nova.context.set_target_cell..get_or_set_cached_cell_and_set_connections" :: waited 0.000s {{(pid=118609) inner /usr/local/lib/python3.8/dist-packages/oslo_concurrency/lockutils.py:386}}
Apr 05 06:30:40.230346 n-d-760456-8 devstack@n-api.service[118609]: DEBUG oslo_concurrency.lockutils [None req-52bdfd00-9de5-4417-8b9b-6ccd7014b876 tempest-HypervisorAdminNegativeTestJSON-1500837750 tempest-HypervisorAdminNegativeTestJSON-1500837750-project-admin] Lock "de2793cd-4d0a-4d2a-9d7e-1f59a8ff8dd4" "released" by "nova.context.set_target_cell..get_or_set_cached_cell_and_set_connections" :: held 0.001s {{(pid=118609) inner /usr/local/lib/python3.8/dist-packages/oslo_concurrency/lockutils.py:400}}
Apr 05 06:30:40.249164 n-d-760456-8 devstack@n-api.service[118608]: DEBUG nova.api.openstack.wsgi [None req-58d0e0ec-900b-4e90-8650-785842e96faf tempest-FlavorMetadataValidation-940357645 tempest-FlavorMetadataValidation-940357645-project-admin] Action: 'create', calling method: >, body: {"flavor": {"ram": 512, "vcpus": 1, "disk": 10, "name": "tempest-test_flavor_validate_metadata_-1971992172", "id": 9140076, "os-flavor-access:is_public": "True"}} {{(pid=118608) _process_stack /opt/stack/nova/nova/api/openstack/wsgi.py:511}}
Apr 05 06:30:40.249795 n-d-760456-8 devstack@n-api.service[118608]: /usr/local/lib/python3.8/dist-packages/oslo_policy/policy.py:1119: UserWarning: Policy "os_compute_api:os-flavor-manage:create": "rule:context_is_admin" failed scope check. The token used to make the request was project scoped but the policy requires ['system'] scope. This behavior may change in the future where using the intended scope is required
Apr 05 06:30:40.249795 n-d-760456-8 devstack@n-api.service[118608]: warnings.warn(msg)
Apr 05 06:30:40.272529 n-d-760456-8 devstack@n-api.service[118608]: INFO nova.api.openstack.requestlog [None req-58d0e0ec-900b-4e90-8650-785842e96faf tempest-FlavorMetadataValidation-940357645 tempest-FlavorMetadataValidation-940357645-project-admin] 10.222.0.13 "POST /compute/v2.1/flavors" status: 200 len: 462 microversion: 2.86 time: 0.642006
Apr 05 06:30:40.282496 n-d-760456-8 devstack@n-api.service[118608]: [pid: 118608|app: 0|req: 79/117] 10.222.0.13 () {62 vars in 1187 bytes} [Tue Apr 5 06:30:39 2022] POST /compute/v2.1/flavors => generated 462 bytes in 653 msecs (HTTP/1.1 200) 9 headers in 359 bytes (1 switches on core 0)
Apr 05 06:30:40.295562 n-d-760456-8 devstack@n-api.service[118608]: DEBUG nova.api.openstack.wsgi [None req-d62a3fea-f615-4a0e-8f60-bddc8453705b tempest-KeyPairsV210TestJSON-1794593362 tempest-KeyPairsV210TestJSON-1794593362-project-admin] Calling method '.version_select at 0x7fbf58ab2670>' {{(pid=118608) _process_stack /opt/stack/nova/nova/api/openstack/wsgi.py:513}}
Apr 05 06:30:40.329598 n-d-760456-8 devstack@n-api.service[118609]: DEBUG oslo_concurrency.lockutils [None req-52bdfd00-9de5-4417-8b9b-6ccd7014b876 tempest-HypervisorAdminNegativeTestJSON-1500837750 tempest-HypervisorAdminNegativeTestJSON-1500837750-project-admin] Lock "de2793cd-4d0a-4d2a-9d7e-1f59a8ff8dd4" acquired by "nova.context.set_target_cell..get_or_set_cached_cell_and_set_connections" :: waited 0.000s {{(pid=118609) inner /usr/local/lib/python3.8/dist-packages/oslo_concurrency/lockutils.py:386}}
Apr 05 06:30:40.330803 n-d-760456-8 devstack@n-api.service[118609]: DEBUG oslo_concurrency.lockutils [None req-52bdfd00-9de5-4417-8b9b-6ccd7014b876 tempest-HypervisorAdminNegativeTestJSON-1500837750 tempest-HypervisorAdminNegativeTestJSON-1500837750-project-admin] Lock "de2793cd-4d0a-4d2a-9d7e-1f59a8ff8dd4" "released" by "nova.context.set_target_cell..get_or_set_cached_cell_and_set_connections" :: held 0.010s {{(pid=118609) inner /usr/local/lib/python3.8/dist-packages/oslo_concurrency/lockutils.py:400}}
Apr 05 06:30:40.338060 n-d-760456-8 devstack@n-api.service[118608]: INFO nova.api.openstack.requestlog [None req-d62a3fea-f615-4a0e-8f60-bddc8453705b tempest-KeyPairsV210TestJSON-1794593362 tempest-KeyPairsV210TestJSON-1794593362-project-admin] 10.222.0.13 "GET /compute/v2.1/os-keypairs/tempest-keypair-357833608?user_id=808e1d1691ae474ebcd0148c7bb85292" status: 200 len: 705 microversion: 2.10 time: 0.054436
Apr 05 06:30:40.347040 n-d-760456-8 devstack@n-api.service[118608]: [pid: 118608|app: 0|req: 80/118] 10.222.0.13 () {60 vars in 1336 bytes} [Tue Apr 5 06:30:40 2022] GET /compute/v2.1/os-keypairs/tempest-keypair-357833608?user_id=808e1d1691ae474ebcd0148c7bb85292 => generated 705 bytes in 62 msecs (HTTP/1.1 200) 9 headers in 359 bytes (1 switches on core 0)
Apr 05 06:30:40.366969 n-d-760456-8 devstack@n-api.service[118609]: DEBUG oslo_concurrency.lockutils [None req-52bdfd00-9de5-4417-8b9b-6ccd7014b876 tempest-HypervisorAdminNegativeTestJSON-1500837750 tempest-HypervisorAdminNegativeTestJSON-1500837750-project-admin] Lock "de2793cd-4d0a-4d2a-9d7e-1f59a8ff8dd4" acquired by "nova.context.set_target_cell..get_or_set_cached_cell_and_set_connections" :: waited 0.000s {{(pid=118609) inner /usr/local/lib/python3.8/dist-packages/oslo_concurrency/lockutils.py:386}}
Apr 05 06:30:40.368530 n-d-760456-8 devstack@n-api.service[118608]: DEBUG nova.api.openstack.wsgi [None req-06ffabec-9022-40bc-98bb-06eb6b31b6ee tempest-AggregatesAdminTestJSON-721769371 tempest-AggregatesAdminTestJSON-721769371-project] Calling method '>' {{(pid=118608) _process_stack /opt/stack/nova/nova/api/openstack/wsgi.py:513}}
Apr 05 06:30:40.372778 n-d-760456-8 devstack@n-api.service[118609]: DEBUG oslo_concurrency.lockutils [None req-52bdfd00-9de5-4417-8b9b-6ccd7014b876 tempest-HypervisorAdminNegativeTestJSON-1500837750 tempest-HypervisorAdminNegativeTestJSON-1500837750-project-admin] Lock "de2793cd-4d0a-4d2a-9d7e-1f59a8ff8dd4" "released" by "nova.context.set_target_cell..get_or_set_cached_cell_and_set_connections" :: held 0.006s {{(pid=118609) inner /usr/local/lib/python3.8/dist-packages/oslo_concurrency/lockutils.py:400}}
Apr 05 06:30:40.373849 n-d-760456-8 devstack@n-api.service[118608]: DEBUG nova.compute.api [None req-06ffabec-9022-40bc-98bb-06eb6b31b6ee tempest-AggregatesAdminTestJSON-721769371 tempest-AggregatesAdminTestJSON-721769371-project] [instance: b0fe4c58-1487-42b0-a8b6-b6d61361c302] Fetching instance by UUID {{(pid=118608) get /opt/stack/nova/nova/compute/api.py:2961}}
Apr 05 06:30:40.395564 n-d-760456-8 devstack@n-api.service[118609]: INFO nova.api.openstack.requestlog [None req-52bdfd00-9de5-4417-8b9b-6ccd7014b876 tempest-HypervisorAdminNegativeTestJSON-1500837750 tempest-HypervisorAdminNegativeTestJSON-1500837750-project-admin] 10.222.0.13 "GET /compute/v2.1/os-hypervisors" status: 200 len: 191 microversion: 2.1 time: 0.805116
Apr 05 06:30:40.398618 n-d-760456-8 devstack@n-api.service[118608]: DEBUG oslo_concurrency.lockutils [None req-06ffabec-9022-40bc-98bb-06eb6b31b6ee tempest-AggregatesAdminTestJSON-721769371 tempest-AggregatesAdminTestJSON-721769371-project] Lock "de2793cd-4d0a-4d2a-9d7e-1f59a8ff8dd4" acquired by "nova.context.set_target_cell..get_or_set_cached_cell_and_set_connections" :: waited 0.002s {{(pid=118608) inner /usr/local/lib/python3.8/dist-packages/oslo_concurrency/lockutils.py:386}}
Apr 05 06:30:40.399228 n-d-760456-8 devstack@n-api.service[118609]: [pid: 118609|app: 0|req: 39/119] 10.222.0.13 () {58 vars in 1145 bytes} [Tue Apr 5 06:30:39 2022] GET /compute/v2.1/os-hypervisors => generated 191 bytes in 818 msecs (HTTP/1.1 200) 9 headers in 357 bytes (1 switches on core 0)
Apr 05 06:30:40.406495 n-d-760456-8 devstack@n-api.service[118608]: DEBUG oslo_concurrency.lockutils [None req-06ffabec-9022-40bc-98bb-06eb6b31b6ee tempest-AggregatesAdminTestJSON-721769371 tempest-AggregatesAdminTestJSON-721769371-project] Lock "de2793cd-4d0a-4d2a-9d7e-1f59a8ff8dd4" "released" by "nova.context.set_target_cell..get_or_set_cached_cell_and_set_connections" :: held 0.005s {{(pid=118608) inner /usr/local/lib/python3.8/dist-packages/oslo_concurrency/lockutils.py:400}}
Apr 05 06:30:40.407668 n-d-760456-8 devstack@n-api.service[118608]: DEBUG oslo_concurrency.lockutils [None req-06ffabec-9022-40bc-98bb-06eb6b31b6ee tempest-AggregatesAdminTestJSON-721769371 tempest-AggregatesAdminTestJSON-721769371-project] Lock "de2793cd-4d0a-4d2a-9d7e-1f59a8ff8dd4" acquired by "nova.context.set_target_cell..get_or_set_cached_cell_and_set_connections" :: waited 0.000s {{(pid=118608) inner /usr/local/lib/python3.8/dist-packages/oslo_concurrency/lockutils.py:386}}
Apr 05 06:30:40.411446 n-d-760456-8 devstack@n-api.service[118609]: DEBUG nova.api.openstack.wsgi [None req-9de25adc-23cc-461e-b6ab-bc8eac4c7f0d tempest-FlavorMetadataValidation-940357645 tempest-FlavorMetadataValidation-940357645-project-admin] Action: 'create', calling method: >, body: {"extra_specs": {"hw:cpu_policy": "shared", "foo:bar": "baz"}} {{(pid=118609) _process_stack /opt/stack/nova/nova/api/openstack/wsgi.py:511}}
Apr 05 06:30:40.413709 n-d-760456-8 devstack@n-api.service[118608]: DEBUG oslo_concurrency.lockutils [None req-06ffabec-9022-40bc-98bb-06eb6b31b6ee tempest-AggregatesAdminTestJSON-721769371 tempest-AggregatesAdminTestJSON-721769371-project] Lock "de2793cd-4d0a-4d2a-9d7e-1f59a8ff8dd4" "released" by "nova.context.set_target_cell..get_or_set_cached_cell_and_set_connections" :: held 0.006s {{(pid=118608) inner /usr/local/lib/python3.8/dist-packages/oslo_concurrency/lockutils.py:400}}
Apr 05 06:30:40.427751 n-d-760456-8 devstack@n-api.service[118609]: /usr/local/lib/python3.8/dist-packages/oslo_policy/policy.py:1119: UserWarning: Policy "os_compute_api:os-flavor-extra-specs:create": "rule:context_is_admin" failed scope check. The token used to make the request was project scoped but the policy requires ['system'] scope. This behavior may change in the future where using the intended scope is required
Apr 05 06:30:40.427751 n-d-760456-8 devstack@n-api.service[118609]: warnings.warn(msg)
Apr 05 06:30:40.944575 n-d-760456-8 devstack@n-api.service[118608]: DEBUG nova.policy [None req-06ffabec-9022-40bc-98bb-06eb6b31b6ee tempest-AggregatesAdminTestJSON-721769371 tempest-AggregatesAdminTestJSON-721769371-project] Policy check for os_compute_api:os-extended-server-attributes failed with credentials {'is_admin': False, 'user_id': '053e4d4c715b43c682e6bb14f097c5c9', 'user_domain_id': 'default', 'system_scope': None, 'domain_id': None, 'project_id': '07107ec8447940ea87186ae7d1f27614', 'project_domain_id': 'default', 'roles': ['reader', 'member'], 'is_admin_project': True, 'service_user_id': None, 'service_user_domain_id': None, 'service_project_id': None, 'service_project_domain_id': None, 'service_roles': []} {{(pid=118608) authorize /opt/stack/nova/nova/policy.py:199}}
Apr 05 06:30:40.973140 n-d-760456-8 devstack@n-api.service[118608]: INFO nova.api.openstack.requestlog [None req-06ffabec-9022-40bc-98bb-06eb6b31b6ee tempest-AggregatesAdminTestJSON-721769371 tempest-AggregatesAdminTestJSON-721769371-project] 10.222.0.13 "GET /compute/v2.1/servers/b0fe4c58-1487-42b0-a8b6-b6d61361c302" status: 200 len: 1337 microversion: 2.1 time: 0.619232
Apr 05 06:30:40.973140 n-d-760456-8 devstack@n-api.service[118608]: [pid: 118608|app: 0|req: 81/120] 10.222.0.13 () {58 vars in 1235 bytes} [Tue Apr 5 06:30:40 2022] GET /compute/v2.1/servers/b0fe4c58-1487-42b0-a8b6-b6d61361c302 => generated 1337 bytes in 624 msecs (HTTP/1.1 200) 9 headers in 358 bytes (1 switches on core 0)
Apr 05 06:30:40.983796 n-d-760456-8 devstack@n-api.service[118608]: DEBUG nova.api.openstack.wsgi [None req-0e19cf69-3140-442e-a444-3cf537a868ce tempest-KeyPairsV210TestJSON-1794593362 tempest-KeyPairsV210TestJSON-1794593362-project-admin] Action: 'create', calling method: .version_select at 0x7fbf58aa0dc0>, body: {"keypair": {"name": "tempest-KeyPairsV210TestJSON-keypair-576188512", "type": "ssh"}} {{(pid=118608) _process_stack /opt/stack/nova/nova/api/openstack/wsgi.py:511}}
Apr 05 06:30:40.992660 n-d-760456-8 devstack@n-api.service[118609]: INFO nova.api.openstack.requestlog [None req-9de25adc-23cc-461e-b6ab-bc8eac4c7f0d tempest-FlavorMetadataValidation-940357645 tempest-FlavorMetadataValidation-940357645-project-admin] 10.222.0.13 "POST /compute/v2.1/flavors/9140076/os-extra_specs" status: 200 len: 62 microversion: 2.86 time: 0.591931
Apr 05 06:30:40.994611 n-d-760456-8 devstack@n-api.service[118609]: [pid: 118609|app: 0|req: 40/121] 10.222.0.13 () {62 vars in 1255 bytes} [Tue Apr 5 06:30:40 2022] POST /compute/v2.1/flavors/9140076/os-extra_specs => generated 62 bytes in 595 msecs (HTTP/1.1 200) 9 headers in 358 bytes (1 switches on core 0)
Apr 05 06:30:41.007388 n-d-760456-8 devstack@n-api.service[118609]: DEBUG nova.api.openstack.wsgi [None req-92e8cac9-d15f-499e-a33e-acd1a515f65d tempest-HypervisorAdminNegativeTestJSON-704123807 tempest-HypervisorAdminNegativeTestJSON-704123807-project] Calling method '.version_select at 0x7fbf58ac6af0>' {{(pid=118609) _process_stack /opt/stack/nova/nova/api/openstack/wsgi.py:513}}
Apr 05 06:30:41.013066 n-d-760456-8 devstack@n-api.service[118609]: /usr/local/lib/python3.8/dist-packages/oslo_policy/policy.py:1119: UserWarning: Policy "os_compute_api:os-hypervisors:uptime": "rule:context_is_admin" failed scope check. The token used to make the request was project scoped but the policy requires ['system'] scope. This behavior may change in the future where using the intended scope is required
Apr 05 06:30:41.013066 n-d-760456-8 devstack@n-api.service[118609]: warnings.warn(msg)
Apr 05 06:30:41.014613 n-d-760456-8 devstack@n-api.service[118609]: DEBUG nova.policy [None req-92e8cac9-d15f-499e-a33e-acd1a515f65d tempest-HypervisorAdminNegativeTestJSON-704123807 tempest-HypervisorAdminNegativeTestJSON-704123807-project] Policy check for os_compute_api:os-hypervisors:uptime failed with credentials {'is_admin': False, 'user_id': '75a0382990a7422cabec4900ef3f99c0', 'user_domain_id': 'default', 'system_scope': None, 'domain_id': None, 'project_id': '653f1bf109be401eb341f47c40156895', 'project_domain_id': 'default', 'roles': ['reader', 'member'], 'is_admin_project': True, 'service_user_id': None, 'service_user_domain_id': None, 'service_project_id': None, 'service_project_domain_id': None, 'service_roles': []} {{(pid=118609) authorize /opt/stack/nova/nova/policy.py:199}}
Apr 05 06:30:41.015477 n-d-760456-8 devstack@n-api.service[118609]: DEBUG nova.api.openstack.wsgi [None req-92e8cac9-d15f-499e-a33e-acd1a515f65d tempest-HypervisorAdminNegativeTestJSON-704123807 tempest-HypervisorAdminNegativeTestJSON-704123807-project] Returning 403 to user: Policy doesn't allow os_compute_api:os-hypervisors:uptime to be performed. {{(pid=118609) __call__ /opt/stack/nova/nova/api/openstack/wsgi.py:936}}
Apr 05 06:30:41.017035 n-d-760456-8 devstack@n-api.service[118609]: INFO nova.api.openstack.requestlog [None req-92e8cac9-d15f-499e-a33e-acd1a515f65d tempest-HypervisorAdminNegativeTestJSON-704123807 tempest-HypervisorAdminNegativeTestJSON-704123807-project] 10.222.0.13 "GET /compute/v2.1/os-hypervisors/1/uptime" status: 403 len: 117 microversion: 2.1 time: 0.020208
Apr 05 06:30:41.026131 n-d-760456-8 devstack@n-api.service[118609]: [pid: 118609|app: 0|req: 41/122] 10.222.0.13 () {58 vars in 1172 bytes} [Tue Apr 5 06:30:40 2022] GET /compute/v2.1/os-hypervisors/1/uptime => generated 117 bytes in 30 msecs (HTTP/1.1 403) 9 headers in 379 bytes (1 switches on core 0)
Apr 05 06:30:41.029794 n-d-760456-8 devstack@n-api.service[118608]: DEBUG nova.quota [None req-0e19cf69-3140-442e-a444-3cf537a868ce tempest-KeyPairsV210TestJSON-1794593362 tempest-KeyPairsV210TestJSON-1794593362-project-admin] Getting quotas for project 07d90fd376e74ed3a58c54a66e8acfc9. Resources: {'key_pairs'} {{(pid=118608) _get_quotas /opt/stack/nova/nova/quota.py:393}}
Apr 05 06:30:41.040358 n-d-760456-8 devstack@n-api.service[118609]: DEBUG nova.api.openstack.wsgi [None req-7be29f09-e095-4566-9207-f4cb5fb16eff tempest-FlavorMetadataValidation-940357645 tempest-FlavorMetadataValidation-940357645-project-admin] Calling method '>' {{(pid=118609) _process_stack /opt/stack/nova/nova/api/openstack/wsgi.py:513}}
Apr 05 06:30:41.043938 n-d-760456-8 devstack@n-api.service[118609]: /usr/local/lib/python3.8/dist-packages/oslo_policy/policy.py:1119: UserWarning: Policy "os_compute_api:os-flavor-manage:delete": "rule:context_is_admin" failed scope check. The token used to make the request was project scoped but the policy requires ['system'] scope. This behavior may change in the future where using the intended scope is required
Apr 05 06:30:41.043938 n-d-760456-8 devstack@n-api.service[118609]: warnings.warn(msg)
Apr 05 06:30:41.044905 n-d-760456-8 devstack@n-api.service[118608]: DEBUG nova.quota [None req-0e19cf69-3140-442e-a444-3cf537a868ce tempest-KeyPairsV210TestJSON-1794593362 tempest-KeyPairsV210TestJSON-1794593362-project-admin] Getting quotas for user 7212a43dee604daf89d3c593515842cd and project 07d90fd376e74ed3a58c54a66e8acfc9. Resources: {'key_pairs'} {{(pid=118608) _get_quotas /opt/stack/nova/nova/quota.py:383}}
Apr 05 06:30:41.086693 n-d-760456-8 devstack@n-api.service[118609]: INFO nova.api.openstack.requestlog [None req-7be29f09-e095-4566-9207-f4cb5fb16eff tempest-FlavorMetadataValidation-940357645 tempest-FlavorMetadataValidation-940357645-project-admin] 10.222.0.13 "DELETE /compute/v2.1/flavors/9140076" status: 202 len: 0 microversion: 2.86 time: 0.059084
Apr 05 06:30:41.092885 n-d-760456-8 devstack@n-api.service[118609]: [pid: 118609|app: 0|req: 42/123] 10.222.0.13 () {60 vars in 1192 bytes} [Tue Apr 5 06:30:41 2022] DELETE /compute/v2.1/flavors/9140076 => generated 0 bytes in 66 msecs (HTTP/1.1 202) 9 headers in 363 bytes (1 switches on core 0)
Apr 05 06:30:41.123806 n-d-760456-8 devstack@n-api.service[118609]: DEBUG nova.api.openstack.wsgi [None req-f27877c7-785e-4566-8d90-54e23072423e tempest-HypervisorAdminNegativeTestJSON-1500837750 tempest-HypervisorAdminNegativeTestJSON-1500837750-project-admin] Calling method '.version_select at 0x7fbf58ac6b80>' {{(pid=118609) _process_stack /opt/stack/nova/nova/api/openstack/wsgi.py:513}}
Apr 05 06:30:41.150736 n-d-760456-8 devstack@n-api.service[118609]: INFO nova.api.openstack.wsgi [None req-f27877c7-785e-4566-8d90-54e23072423e tempest-HypervisorAdminNegativeTestJSON-1500837750 tempest-HypervisorAdminNegativeTestJSON-1500837750-project-admin] HTTP exception thrown: Hypervisor with ID '214ef20a-877c-49d8-99d7-be947cabda6c' could not be found.
Apr 05 06:30:41.152298 n-d-760456-8 devstack@n-api.service[118609]: DEBUG nova.api.openstack.wsgi [None req-f27877c7-785e-4566-8d90-54e23072423e tempest-HypervisorAdminNegativeTestJSON-1500837750 tempest-HypervisorAdminNegativeTestJSON-1500837750-project-admin] Returning 404 to user: Hypervisor with ID '214ef20a-877c-49d8-99d7-be947cabda6c' could not be found. {{(pid=118609) __call__ /opt/stack/nova/nova/api/openstack/wsgi.py:936}}
Apr 05 06:30:41.158169 n-d-760456-8 devstack@n-api.service[118609]: INFO nova.api.openstack.requestlog [None req-f27877c7-785e-4566-8d90-54e23072423e tempest-HypervisorAdminNegativeTestJSON-1500837750 tempest-HypervisorAdminNegativeTestJSON-1500837750-project-admin] 10.222.0.13 "GET /compute/v2.1/os-hypervisors/214ef20a-877c-49d8-99d7-be947cabda6c/uptime" status: 404 len: 123 microversion: 2.1 time: 0.059502
Apr 05 06:30:41.163439 n-d-760456-8 devstack@n-api.service[118609]: [pid: 118609|app: 0|req: 43/124] 10.222.0.13 () {58 vars in 1277 bytes} [Tue Apr 5 06:30:41 2022] GET /compute/v2.1/os-hypervisors/214ef20a-877c-49d8-99d7-be947cabda6c/uptime => generated 123 bytes in 67 msecs (HTTP/1.1 404) 9 headers in 379 bytes (1 switches on core 0)
Apr 05 06:30:41.174574 n-d-760456-8 devstack@n-api.service[118609]: DEBUG nova.api.openstack.wsgi [None req-6fd988c6-fb0a-4d8a-893e-26c67caea6bd tempest-FlavorMetadataValidation-940357645 tempest-FlavorMetadataValidation-940357645-project-admin] Calling method '>' {{(pid=118609) _process_stack /opt/stack/nova/nova/api/openstack/wsgi.py:513}}
Apr 05 06:30:41.273131 n-d-760456-8 devstack@n-api.service[118609]: INFO nova.api.openstack.requestlog [None req-6fd988c6-fb0a-4d8a-893e-26c67caea6bd tempest-FlavorMetadataValidation-940357645 tempest-FlavorMetadataValidation-940357645-project-admin] 10.222.0.13 "GET /compute/v2.1/flavors/detail" status: 200 len: 5777 microversion: 2.86 time: 0.111215
Apr 05 06:30:41.281970 n-d-760456-8 devstack@n-api.service[118609]: [pid: 118609|app: 0|req: 44/125] 10.222.0.13 () {60 vars in 1186 bytes} [Tue Apr 5 06:30:41 2022] GET /compute/v2.1/flavors/detail => generated 5777 bytes in 120 msecs (HTTP/1.1 200) 9 headers in 360 bytes (1 switches on core 0)
Apr 05 06:30:41.294509 n-d-760456-8 devstack@n-api.service[118609]: DEBUG nova.api.openstack.wsgi [None req-df7cc440-8c89-425b-9778-89b0821b68ee tempest-HypervisorAdminNegativeTestJSON-1500837750 tempest-HypervisorAdminNegativeTestJSON-1500837750-project-admin] Calling method '.version_select at 0x7fbf58ae0160>' {{(pid=118609) _process_stack /opt/stack/nova/nova/api/openstack/wsgi.py:513}}
Apr 05 06:30:41.308770 n-d-760456-8 devstack@n-api.service[118609]: /usr/local/lib/python3.8/dist-packages/oslo_policy/policy.py:1119: UserWarning: Policy "os_compute_api:os-hypervisors:list": "rule:context_is_admin" failed scope check. The token used to make the request was project scoped but the policy requires ['system'] scope. This behavior may change in the future where using the intended scope is required
Apr 05 06:30:41.308770 n-d-760456-8 devstack@n-api.service[118609]: warnings.warn(msg)
Apr 05 06:30:41.312428 n-d-760456-8 devstack@n-api.service[118609]: DEBUG oslo_concurrency.lockutils [None req-df7cc440-8c89-425b-9778-89b0821b68ee tempest-HypervisorAdminNegativeTestJSON-1500837750 tempest-HypervisorAdminNegativeTestJSON-1500837750-project-admin] Lock "de2793cd-4d0a-4d2a-9d7e-1f59a8ff8dd4" acquired by "nova.context.set_target_cell..get_or_set_cached_cell_and_set_connections" :: waited 0.000s {{(pid=118609) inner /usr/local/lib/python3.8/dist-packages/oslo_concurrency/lockutils.py:386}}
Apr 05 06:30:41.312903 n-d-760456-8 devstack@n-api.service[118609]: DEBUG oslo_concurrency.lockutils [None req-df7cc440-8c89-425b-9778-89b0821b68ee tempest-HypervisorAdminNegativeTestJSON-1500837750 tempest-HypervisorAdminNegativeTestJSON-1500837750-project-admin] Lock "de2793cd-4d0a-4d2a-9d7e-1f59a8ff8dd4" "released" by "nova.context.set_target_cell..get_or_set_cached_cell_and_set_connections" :: held 0.001s {{(pid=118609) inner /usr/local/lib/python3.8/dist-packages/oslo_concurrency/lockutils.py:400}}
Apr 05 06:30:41.405916 n-d-760456-8 devstack@n-api.service[118609]: DEBUG oslo_concurrency.lockutils [None req-df7cc440-8c89-425b-9778-89b0821b68ee tempest-HypervisorAdminNegativeTestJSON-1500837750 tempest-HypervisorAdminNegativeTestJSON-1500837750-project-admin] Lock "de2793cd-4d0a-4d2a-9d7e-1f59a8ff8dd4" acquired by "nova.context.set_target_cell..get_or_set_cached_cell_and_set_connections" :: waited 0.000s {{(pid=118609) inner /usr/local/lib/python3.8/dist-packages/oslo_concurrency/lockutils.py:386}}
Apr 05 06:30:41.408239 n-d-760456-8 devstack@n-api.service[118609]: DEBUG oslo_concurrency.lockutils [None req-df7cc440-8c89-425b-9778-89b0821b68ee tempest-HypervisorAdminNegativeTestJSON-1500837750 tempest-HypervisorAdminNegativeTestJSON-1500837750-project-admin] Lock "de2793cd-4d0a-4d2a-9d7e-1f59a8ff8dd4" "released" by "nova.context.set_target_cell..get_or_set_cached_cell_and_set_connections" :: held 0.003s {{(pid=118609) inner /usr/local/lib/python3.8/dist-packages/oslo_concurrency/lockutils.py:400}}
Apr 05 06:30:41.443902 n-d-760456-8 devstack@n-api.service[118609]: DEBUG oslo_concurrency.lockutils [None req-df7cc440-8c89-425b-9778-89b0821b68ee tempest-HypervisorAdminNegativeTestJSON-1500837750 tempest-HypervisorAdminNegativeTestJSON-1500837750-project-admin] Lock "de2793cd-4d0a-4d2a-9d7e-1f59a8ff8dd4" acquired by "nova.context.set_target_cell..get_or_set_cached_cell_and_set_connections" :: waited 0.000s {{(pid=118609) inner /usr/local/lib/python3.8/dist-packages/oslo_concurrency/lockutils.py:386}}
Apr 05 06:30:41.444582 n-d-760456-8 devstack@n-api.service[118609]: DEBUG oslo_concurrency.lockutils [None req-df7cc440-8c89-425b-9778-89b0821b68ee tempest-HypervisorAdminNegativeTestJSON-1500837750 tempest-HypervisorAdminNegativeTestJSON-1500837750-project-admin] Lock "de2793cd-4d0a-4d2a-9d7e-1f59a8ff8dd4" "released" by "nova.context.set_target_cell..get_or_set_cached_cell_and_set_connections" :: held 0.002s {{(pid=118609) inner /usr/local/lib/python3.8/dist-packages/oslo_concurrency/lockutils.py:400}}
Apr 05 06:30:41.470199 n-d-760456-8 devstack@n-api.service[118609]: INFO nova.api.openstack.requestlog [None req-df7cc440-8c89-425b-9778-89b0821b68ee tempest-HypervisorAdminNegativeTestJSON-1500837750 tempest-HypervisorAdminNegativeTestJSON-1500837750-project-admin] 10.222.0.13 "GET /compute/v2.1/os-hypervisors" status: 200 len: 191 microversion: 2.1 time: 0.171655
Apr 05 06:30:41.473675 n-d-760456-8 devstack@n-api.service[118609]: [pid: 118609|app: 0|req: 45/126] 10.222.0.13 () {58 vars in 1145 bytes} [Tue Apr 5 06:30:41 2022] GET /compute/v2.1/os-hypervisors => generated 191 bytes in 191 msecs (HTTP/1.1 200) 9 headers in 357 bytes (1 switches on core 0)
Apr 05 06:30:41.488272 n-d-760456-8 devstack@n-api.service[118609]: DEBUG nova.api.openstack.wsgi [None req-53c7271c-e4b7-4704-9c52-9aa435919caa tempest-HypervisorAdminNegativeTestJSON-704123807 tempest-HypervisorAdminNegativeTestJSON-704123807-project] Calling method '.version_select at 0x7fbf58ae0430>' {{(pid=118609) _process_stack /opt/stack/nova/nova/api/openstack/wsgi.py:513}}
Apr 05 06:30:41.490732 n-d-760456-8 devstack@n-api.service[118609]: /usr/local/lib/python3.8/dist-packages/oslo_policy/policy.py:1119: UserWarning: Policy "os_compute_api:os-hypervisors:show": "rule:context_is_admin" failed scope check. The token used to make the request was project scoped but the policy requires ['system'] scope. This behavior may change in the future where using the intended scope is required
Apr 05 06:30:41.490732 n-d-760456-8 devstack@n-api.service[118609]: warnings.warn(msg)
Apr 05 06:30:41.495062 n-d-760456-8 devstack@n-api.service[118609]: DEBUG nova.policy [None req-53c7271c-e4b7-4704-9c52-9aa435919caa tempest-HypervisorAdminNegativeTestJSON-704123807 tempest-HypervisorAdminNegativeTestJSON-704123807-project] Policy check for os_compute_api:os-hypervisors:show failed with credentials {'is_admin': False, 'user_id': '75a0382990a7422cabec4900ef3f99c0', 'user_domain_id': 'default', 'system_scope': None, 'domain_id': None, 'project_id': '653f1bf109be401eb341f47c40156895', 'project_domain_id': 'default', 'roles': ['reader', 'member'], 'is_admin_project': True, 'service_user_id': None, 'service_user_domain_id': None, 'service_project_id': None, 'service_project_domain_id': None, 'service_roles': []} {{(pid=118609) authorize /opt/stack/nova/nova/policy.py:199}}
Apr 05 06:30:41.496774 n-d-760456-8 devstack@n-api.service[118609]: DEBUG nova.api.openstack.wsgi [None req-53c7271c-e4b7-4704-9c52-9aa435919caa tempest-HypervisorAdminNegativeTestJSON-704123807 tempest-HypervisorAdminNegativeTestJSON-704123807-project] Returning 403 to user: Policy doesn't allow os_compute_api:os-hypervisors:show to be performed. {{(pid=118609) __call__ /opt/stack/nova/nova/api/openstack/wsgi.py:936}}
Apr 05 06:30:41.503908 n-d-760456-8 devstack@n-api.service[118609]: INFO nova.api.openstack.requestlog [None req-53c7271c-e4b7-4704-9c52-9aa435919caa tempest-HypervisorAdminNegativeTestJSON-704123807 tempest-HypervisorAdminNegativeTestJSON-704123807-project] 10.222.0.13 "GET /compute/v2.1/os-hypervisors/1" status: 403 len: 115 microversion: 2.1 time: 0.023939
Apr 05 06:30:41.508505 n-d-760456-8 devstack@n-api.service[118609]: [pid: 118609|app: 0|req: 46/127] 10.222.0.13 () {58 vars in 1151 bytes} [Tue Apr 5 06:30:41 2022] GET /compute/v2.1/os-hypervisors/1 => generated 115 bytes in 29 msecs (HTTP/1.1 403) 9 headers in 379 bytes (1 switches on core 0)
Apr 05 06:30:41.521821 n-d-760456-8 devstack@n-api.service[118609]: DEBUG nova.api.openstack.wsgi [None req-1b0056a5-cb9a-4638-a424-858aa234d123 tempest-HypervisorAdminNegativeTestJSON-1500837750 tempest-HypervisorAdminNegativeTestJSON-1500837750-project-admin] Calling method '.version_select at 0x7fbf58a704c0>' {{(pid=118609) _process_stack /opt/stack/nova/nova/api/openstack/wsgi.py:513}}
Apr 05 06:30:41.529493 n-d-760456-8 devstack@n-api.service[118609]: INFO nova.api.openstack.wsgi [None req-1b0056a5-cb9a-4638-a424-858aa234d123 tempest-HypervisorAdminNegativeTestJSON-1500837750 tempest-HypervisorAdminNegativeTestJSON-1500837750-project-admin] HTTP exception thrown: Hypervisor with ID '3f1b912e-fb83-46ef-a761-dd916bd090cd' could not be found.
Apr 05 06:30:41.531575 n-d-760456-8 devstack@n-api.service[118609]: DEBUG nova.api.openstack.wsgi [None req-1b0056a5-cb9a-4638-a424-858aa234d123 tempest-HypervisorAdminNegativeTestJSON-1500837750 tempest-HypervisorAdminNegativeTestJSON-1500837750-project-admin] Returning 404 to user: Hypervisor with ID '3f1b912e-fb83-46ef-a761-dd916bd090cd' could not be found. {{(pid=118609) __call__ /opt/stack/nova/nova/api/openstack/wsgi.py:936}}
Apr 05 06:30:41.537952 n-d-760456-8 devstack@n-api.service[118609]: INFO nova.api.openstack.requestlog [None req-1b0056a5-cb9a-4638-a424-858aa234d123 tempest-HypervisorAdminNegativeTestJSON-1500837750 tempest-HypervisorAdminNegativeTestJSON-1500837750-project-admin] 10.222.0.13 "GET /compute/v2.1/os-hypervisors/3f1b912e-fb83-46ef-a761-dd916bd090cd" status: 404 len: 123 microversion: 2.1 time: 0.020864
Apr 05 06:30:41.540518 n-d-760456-8 devstack@n-api.service[118609]: [pid: 118609|app: 0|req: 47/128] 10.222.0.13 () {58 vars in 1256 bytes} [Tue Apr 5 06:30:41 2022] GET /compute/v2.1/os-hypervisors/3f1b912e-fb83-46ef-a761-dd916bd090cd => generated 123 bytes in 26 msecs (HTTP/1.1 404) 9 headers in 379 bytes (1 switches on core 0)
Apr 05 06:30:41.947657 n-d-760456-8 devstack@n-api.service[118608]: DEBUG nova.quota [None req-0e19cf69-3140-442e-a444-3cf537a868ce tempest-KeyPairsV210TestJSON-1794593362 tempest-KeyPairsV210TestJSON-1794593362-project-admin] Getting quotas for project 07d90fd376e74ed3a58c54a66e8acfc9. Resources: {'key_pairs'} {{(pid=118608) _get_quotas /opt/stack/nova/nova/quota.py:393}}
Apr 05 06:30:41.977853 n-d-760456-8 devstack@n-api.service[118608]: DEBUG nova.quota [None req-0e19cf69-3140-442e-a444-3cf537a868ce tempest-KeyPairsV210TestJSON-1794593362 tempest-KeyPairsV210TestJSON-1794593362-project-admin] Getting quotas for user 7212a43dee604daf89d3c593515842cd and project 07d90fd376e74ed3a58c54a66e8acfc9. Resources: {'key_pairs'} {{(pid=118608) _get_quotas /opt/stack/nova/nova/quota.py:383}}
Apr 05 06:30:41.988920 n-d-760456-8 devstack@n-api.service[118609]: DEBUG nova.api.openstack.wsgi [None req-3ab26c15-dfda-4185-82b2-1e546e7b0738 tempest-AggregatesAdminTestJSON-721769371 tempest-AggregatesAdminTestJSON-721769371-project] Calling method '>' {{(pid=118609) _process_stack /opt/stack/nova/nova/api/openstack/wsgi.py:513}}
Apr 05 06:30:41.990020 n-d-760456-8 devstack@n-api.service[118609]: DEBUG nova.compute.api [None req-3ab26c15-dfda-4185-82b2-1e546e7b0738 tempest-AggregatesAdminTestJSON-721769371 tempest-AggregatesAdminTestJSON-721769371-project] [instance: b0fe4c58-1487-42b0-a8b6-b6d61361c302] Fetching instance by UUID {{(pid=118609) get /opt/stack/nova/nova/compute/api.py:2961}}
Apr 05 06:30:42.008918 n-d-760456-8 devstack@n-api.service[118609]: DEBUG oslo_concurrency.lockutils [None req-3ab26c15-dfda-4185-82b2-1e546e7b0738 tempest-AggregatesAdminTestJSON-721769371 tempest-AggregatesAdminTestJSON-721769371-project] Lock "de2793cd-4d0a-4d2a-9d7e-1f59a8ff8dd4" acquired by "nova.context.set_target_cell..get_or_set_cached_cell_and_set_connections" :: waited 0.000s {{(pid=118609) inner /usr/local/lib/python3.8/dist-packages/oslo_concurrency/lockutils.py:386}}
Apr 05 06:30:42.017385 n-d-760456-8 devstack@n-api.service[118609]: DEBUG oslo_concurrency.lockutils [None req-3ab26c15-dfda-4185-82b2-1e546e7b0738 tempest-AggregatesAdminTestJSON-721769371 tempest-AggregatesAdminTestJSON-721769371-project] Lock "de2793cd-4d0a-4d2a-9d7e-1f59a8ff8dd4" "released" by "nova.context.set_target_cell..get_or_set_cached_cell_and_set_connections" :: held 0.009s {{(pid=118609) inner /usr/local/lib/python3.8/dist-packages/oslo_concurrency/lockutils.py:400}}
Apr 05 06:30:42.019397 n-d-760456-8 devstack@n-api.service[118609]: DEBUG oslo_concurrency.lockutils [None req-3ab26c15-dfda-4185-82b2-1e546e7b0738 tempest-AggregatesAdminTestJSON-721769371 tempest-AggregatesAdminTestJSON-721769371-project] Lock "de2793cd-4d0a-4d2a-9d7e-1f59a8ff8dd4" acquired by "nova.context.set_target_cell..get_or_set_cached_cell_and_set_connections" :: waited 0.000s {{(pid=118609) inner /usr/local/lib/python3.8/dist-packages/oslo_concurrency/lockutils.py:386}}
Apr 05 06:30:42.023871 n-d-760456-8 devstack@n-api.service[118609]: DEBUG oslo_concurrency.lockutils [None req-3ab26c15-dfda-4185-82b2-1e546e7b0738 tempest-AggregatesAdminTestJSON-721769371 tempest-AggregatesAdminTestJSON-721769371-project] Lock "de2793cd-4d0a-4d2a-9d7e-1f59a8ff8dd4" "released" by "nova.context.set_target_cell..get_or_set_cached_cell_and_set_connections" :: held 0.004s {{(pid=118609) inner /usr/local/lib/python3.8/dist-packages/oslo_concurrency/lockutils.py:400}}
Apr 05 06:30:42.066773 n-d-760456-8 devstack@n-api.service[118608]: INFO nova.api.openstack.requestlog [None req-0e19cf69-3140-442e-a444-3cf537a868ce tempest-KeyPairsV210TestJSON-1794593362 tempest-KeyPairsV210TestJSON-1794593362-project-admin] 10.222.0.13 "POST /compute/v2.1/os-keypairs" status: 201 len: 2340 microversion: 2.10 time: 1.095883
Apr 05 06:30:42.081505 n-d-760456-8 devstack@n-api.service[118608]: [pid: 118608|app: 0|req: 82/129] 10.222.0.13 () {62 vars in 1198 bytes} [Tue Apr 5 06:30:40 2022] POST /compute/v2.1/os-keypairs => generated 2340 bytes in 1107 msecs (HTTP/1.1 201) 9 headers in 365 bytes (1 switches on core 0)
Apr 05 06:30:42.086646 n-d-760456-8 devstack@n-api.service[118608]: DEBUG nova.api.openstack.wsgi [None req-e65764ae-c633-4b25-bc73-d5e43d8c49c2 tempest-KeyPairsV210TestJSON-1794593362 tempest-KeyPairsV210TestJSON-1794593362-project-admin] Calling method '.version_select at 0x7fbf58ab2dc0>' {{(pid=118608) _process_stack /opt/stack/nova/nova/api/openstack/wsgi.py:513}}
Apr 05 06:30:42.109319 n-d-760456-8 devstack@n-api.service[118608]: WARNING oslo_db.sqlalchemy.utils [None req-e65764ae-c633-4b25-bc73-d5e43d8c49c2 tempest-KeyPairsV210TestJSON-1794593362 tempest-KeyPairsV210TestJSON-1794593362-project-admin] Unique keys not in sort_keys. The sorting order may be unstable.
Apr 05 06:30:42.160448 n-d-760456-8 devstack@n-api.service[118608]: INFO nova.api.openstack.requestlog [None req-e65764ae-c633-4b25-bc73-d5e43d8c49c2 tempest-KeyPairsV210TestJSON-1794593362 tempest-KeyPairsV210TestJSON-1794593362-project-admin] 10.222.0.13 "GET /compute/v2.1/os-keypairs?user_id=808e1d1691ae474ebcd0148c7bb85292" status: 200 len: 1113 microversion: 2.10 time: 0.077354
Apr 05 06:30:42.171453 n-d-760456-8 devstack@n-api.service[118608]: [pid: 118608|app: 0|req: 83/130] 10.222.0.13 () {60 vars in 1258 bytes} [Tue Apr 5 06:30:42 2022] GET /compute/v2.1/os-keypairs?user_id=808e1d1691ae474ebcd0148c7bb85292 => generated 1113 bytes in 89 msecs (HTTP/1.1 200) 9 headers in 360 bytes (1 switches on core 0)
Apr 05 06:30:42.191896 n-d-760456-8 devstack@n-api.service[118608]: DEBUG nova.api.openstack.wsgi [None req-6af68316-dd86-41b1-a859-56efe756a589 tempest-KeyPairsV210TestJSON-1794593362 tempest-KeyPairsV210TestJSON-1794593362-project-admin] Calling method '.version_select at 0x7fbf58ab78b0>' {{(pid=118608) _process_stack /opt/stack/nova/nova/api/openstack/wsgi.py:513}}
Apr 05 06:30:42.263199 n-d-760456-8 devstack@n-api.service[118608]: INFO nova.api.openstack.requestlog [None req-6af68316-dd86-41b1-a859-56efe756a589 tempest-KeyPairsV210TestJSON-1794593362 tempest-KeyPairsV210TestJSON-1794593362-project-admin] 10.222.0.13 "DELETE /compute/v2.1/os-keypairs/tempest-KeyPairsV210TestJSON-keypair-576188512" status: 204 len: 0 microversion: 2.10 time: 0.089623
Apr 05 06:30:42.264188 n-d-760456-8 devstack@n-api.service[118608]: [pid: 118608|app: 0|req: 84/131] 10.222.0.13 () {60 vars in 1321 bytes} [Tue Apr 5 06:30:42 2022] DELETE /compute/v2.1/os-keypairs/tempest-KeyPairsV210TestJSON-keypair-576188512 => generated 0 bytes in 92 msecs (HTTP/1.1 204) 9 headers in 365 bytes (1 switches on core 0)
Apr 05 06:30:42.285536 n-d-760456-8 devstack@n-api.service[118608]: DEBUG nova.api.openstack.wsgi [None req-78df4587-aebd-495d-ae5e-18f360007db6 tempest-KeyPairsV210TestJSON-1794593362 tempest-KeyPairsV210TestJSON-1794593362-project-admin] Calling method '.version_select at 0x7fbf58ab7940>' {{(pid=118608) _process_stack /opt/stack/nova/nova/api/openstack/wsgi.py:513}}
Apr 05 06:30:42.345058 n-d-760456-8 devstack@n-api.service[118608]: INFO nova.api.openstack.requestlog [None req-78df4587-aebd-495d-ae5e-18f360007db6 tempest-KeyPairsV210TestJSON-1794593362 tempest-KeyPairsV210TestJSON-1794593362-project-admin] 10.222.0.13 "DELETE /compute/v2.1/os-keypairs/tempest-keypair-2052005121?user_id=808e1d1691ae474ebcd0148c7bb85292" status: 204 len: 0 microversion: 2.10 time: 0.074202
Apr 05 06:30:42.349632 n-d-760456-8 devstack@n-api.service[118608]: [pid: 118608|app: 0|req: 85/132] 10.222.0.13 () {60 vars in 1342 bytes} [Tue Apr 5 06:30:42 2022] DELETE /compute/v2.1/os-keypairs/tempest-keypair-2052005121?user_id=808e1d1691ae474ebcd0148c7bb85292 => generated 0 bytes in 80 msecs (HTTP/1.1 204) 9 headers in 365 bytes (1 switches on core 0)
Apr 05 06:30:42.374258 n-d-760456-8 devstack@n-api.service[118608]: DEBUG nova.api.openstack.wsgi [None req-c4380b3f-52e9-43cc-8561-05fa0672dcab tempest-KeyPairsV210TestJSON-1794593362 tempest-KeyPairsV210TestJSON-1794593362-project-admin] Calling method '.version_select at 0x7fbf58aa0e50>' {{(pid=118608) _process_stack /opt/stack/nova/nova/api/openstack/wsgi.py:513}}
Apr 05 06:30:42.426645 n-d-760456-8 devstack@n-api.service[118608]: INFO nova.api.openstack.requestlog [None req-c4380b3f-52e9-43cc-8561-05fa0672dcab tempest-KeyPairsV210TestJSON-1794593362 tempest-KeyPairsV210TestJSON-1794593362-project-admin] 10.222.0.13 "DELETE /compute/v2.1/os-keypairs/tempest-keypair-357833608?user_id=808e1d1691ae474ebcd0148c7bb85292" status: 204 len: 0 microversion: 2.10 time: 0.071285
Apr 05 06:30:42.428081 n-d-760456-8 devstack@n-api.service[118608]: [pid: 118608|app: 0|req: 86/133] 10.222.0.13 () {60 vars in 1339 bytes} [Tue Apr 5 06:30:42 2022] DELETE /compute/v2.1/os-keypairs/tempest-keypair-357833608?user_id=808e1d1691ae474ebcd0148c7bb85292 => generated 0 bytes in 74 msecs (HTTP/1.1 204) 9 headers in 365 bytes (1 switches on core 0)
Apr 05 06:30:43.184171 n-d-760456-8 devstack@n-api.service[118609]: DEBUG nova.policy [None req-3ab26c15-dfda-4185-82b2-1e546e7b0738 tempest-AggregatesAdminTestJSON-721769371 tempest-AggregatesAdminTestJSON-721769371-project] Policy check for os_compute_api:os-extended-server-attributes failed with credentials {'is_admin': False, 'user_id': '053e4d4c715b43c682e6bb14f097c5c9', 'user_domain_id': 'default', 'system_scope': None, 'domain_id': None, 'project_id': '07107ec8447940ea87186ae7d1f27614', 'project_domain_id': 'default', 'roles': ['reader', 'member'], 'is_admin_project': True, 'service_user_id': None, 'service_user_domain_id': None, 'service_project_id': None, 'service_project_domain_id': None, 'service_roles': []} {{(pid=118609) authorize /opt/stack/nova/nova/policy.py:199}}
Apr 05 06:30:43.220628 n-d-760456-8 devstack@n-api.service[118609]: INFO nova.api.openstack.requestlog [None req-3ab26c15-dfda-4185-82b2-1e546e7b0738 tempest-AggregatesAdminTestJSON-721769371 tempest-AggregatesAdminTestJSON-721769371-project] 10.222.0.13 "GET /compute/v2.1/servers/b0fe4c58-1487-42b0-a8b6-b6d61361c302" status: 200 len: 1337 microversion: 2.1 time: 1.229162
Apr 05 06:30:43.224115 n-d-760456-8 devstack@n-api.service[118609]: [pid: 118609|app: 0|req: 48/134] 10.222.0.13 () {58 vars in 1235 bytes} [Tue Apr 5 06:30:41 2022] GET /compute/v2.1/servers/b0fe4c58-1487-42b0-a8b6-b6d61361c302 => generated 1337 bytes in 1240 msecs (HTTP/1.1 200) 9 headers in 358 bytes (2 switches on core 0)
Apr 05 06:30:44.239383 n-d-760456-8 devstack@n-api.service[118608]: DEBUG nova.api.openstack.wsgi [None req-70c93bf4-da3b-44a6-8f2d-6f01433da3cd tempest-AggregatesAdminTestJSON-721769371 tempest-AggregatesAdminTestJSON-721769371-project] Calling method '>' {{(pid=118608) _process_stack /opt/stack/nova/nova/api/openstack/wsgi.py:513}}
Apr 05 06:30:44.241118 n-d-760456-8 devstack@n-api.service[118608]: DEBUG nova.compute.api [None req-70c93bf4-da3b-44a6-8f2d-6f01433da3cd tempest-AggregatesAdminTestJSON-721769371 tempest-AggregatesAdminTestJSON-721769371-project] [instance: b0fe4c58-1487-42b0-a8b6-b6d61361c302] Fetching instance by UUID {{(pid=118608) get /opt/stack/nova/nova/compute/api.py:2961}}
Apr 05 06:30:44.248233 n-d-760456-8 devstack@n-api.service[118608]: DEBUG oslo_concurrency.lockutils [None req-70c93bf4-da3b-44a6-8f2d-6f01433da3cd tempest-AggregatesAdminTestJSON-721769371 tempest-AggregatesAdminTestJSON-721769371-project] Lock "de2793cd-4d0a-4d2a-9d7e-1f59a8ff8dd4" acquired by "nova.context.set_target_cell..get_or_set_cached_cell_and_set_connections" :: waited 0.000s {{(pid=118608) inner /usr/local/lib/python3.8/dist-packages/oslo_concurrency/lockutils.py:386}}
Apr 05 06:30:44.258980 n-d-760456-8 devstack@n-api.service[118608]: DEBUG oslo_concurrency.lockutils [None req-70c93bf4-da3b-44a6-8f2d-6f01433da3cd tempest-AggregatesAdminTestJSON-721769371 tempest-AggregatesAdminTestJSON-721769371-project] Lock "de2793cd-4d0a-4d2a-9d7e-1f59a8ff8dd4" "released" by "nova.context.set_target_cell..get_or_set_cached_cell_and_set_connections" :: held 0.011s {{(pid=118608) inner /usr/local/lib/python3.8/dist-packages/oslo_concurrency/lockutils.py:400}}
Apr 05 06:30:44.261698 n-d-760456-8 devstack@n-api.service[118608]: DEBUG oslo_concurrency.lockutils [None req-70c93bf4-da3b-44a6-8f2d-6f01433da3cd tempest-AggregatesAdminTestJSON-721769371 tempest-AggregatesAdminTestJSON-721769371-project] Lock "de2793cd-4d0a-4d2a-9d7e-1f59a8ff8dd4" acquired by "nova.context.set_target_cell..get_or_set_cached_cell_and_set_connections" :: waited 0.000s {{(pid=118608) inner /usr/local/lib/python3.8/dist-packages/oslo_concurrency/lockutils.py:386}}
Apr 05 06:30:44.262144 n-d-760456-8 devstack@n-api.service[118608]: DEBUG oslo_concurrency.lockutils [None req-70c93bf4-da3b-44a6-8f2d-6f01433da3cd tempest-AggregatesAdminTestJSON-721769371 tempest-AggregatesAdminTestJSON-721769371-project] Lock "de2793cd-4d0a-4d2a-9d7e-1f59a8ff8dd4" "released" by "nova.context.set_target_cell..get_or_set_cached_cell_and_set_connections" :: held 0.001s {{(pid=118608) inner /usr/local/lib/python3.8/dist-packages/oslo_concurrency/lockutils.py:400}}
