Jul 20 03:51:54.519943 n-d-760456-11 devstack@keystone.service[80683]: DEBUG keystone.server.flask.request_processing.req_logging [None req-fe9d1f5a-44db-4f11-9828-421da88aaec5 None None] PATH_INFO: `/` {{(pid=80683) log_request_info /opt/stack/keystone/keystone/server/flask/request_processing/req_logging.py:29}}
Jul 20 03:51:54.526013 n-d-760456-11 devstack@keystone.service[80683]: [pid: 80683|app: 0|req: 123/234] 10.222.0.59 () {54 vars in 926 bytes} [Wed Jul 20 03:51:54 2022] GET /identity => generated 270 bytes in 3 msecs (HTTP/1.1 300) 6 headers in 234 bytes (1 switches on core 0)
Jul 20 03:51:54.526013 n-d-760456-11 devstack@keystone.service[80683]: DEBUG keystone.server.flask.request_processing.req_logging [None req-e3d42a95-1c6e-4f5e-8d41-c96ca687f9a7 None None] REQUEST_METHOD: `GET` {{(pid=80683) log_request_info /opt/stack/keystone/keystone/server/flask/request_processing/req_logging.py:27}}
Jul 20 03:51:54.526013 n-d-760456-11 devstack@keystone.service[80683]: DEBUG keystone.server.flask.request_processing.req_logging [None req-e3d42a95-1c6e-4f5e-8d41-c96ca687f9a7 None None] SCRIPT_NAME: `/identity` {{(pid=80683) log_request_info /opt/stack/keystone/keystone/server/flask/request_processing/req_logging.py:28}}
Jul 20 03:51:54.526013 n-d-760456-11 devstack@keystone.service[80683]: DEBUG keystone.server.flask.request_processing.req_logging [None req-e3d42a95-1c6e-4f5e-8d41-c96ca687f9a7 None None] PATH_INFO: `/` {{(pid=80683) log_request_info /opt/stack/keystone/keystone/server/flask/request_processing/req_logging.py:29}}
Jul 20 03:51:54.528250 n-d-760456-11 devstack@keystone.service[80682]: DEBUG keystone.common.rbac_enforcer.enforcer [None req-b09a34e7-96d0-44c1-ae31-ac72dcbf07e1 None admin] RBAC: Authorizing `identity:create_grant(project_id=ab0fd173bfc141dea7983892acba085d, user_id=258894e671c945fda45eff2763d3b738, role_id=0c2d323eb31f4e29a2fd445edfd73d43)` {{(pid=80682) enforce_call /opt/stack/keystone/keystone/common/rbac_enforcer/enforcer.py:449}}
Jul 20 03:51:54.529196 n-d-760456-11 devstack@keystone.service[80683]: [pid: 80683|app: 0|req: 124/235] 10.222.0.59 () {54 vars in 926 bytes} [Wed Jul 20 03:51:54 2022] GET /identity => generated 270 bytes in 7 msecs (HTTP/1.1 300) 6 headers in 234 bytes (1 switches on core 0)
Jul 20 03:51:54.530343 n-d-760456-11 devstack@keystone.service[80682]: DEBUG keystone.common.rbac_enforcer.enforcer [None req-b09a34e7-96d0-44c1-ae31-ac72dcbf07e1 None admin] RBAC: Authorization granted {{(pid=80682) enforce_call /opt/stack/keystone/keystone/common/rbac_enforcer/enforcer.py:457}}
Jul 20 03:51:54.530689 n-d-760456-11 devstack@keystone.service[80683]: DEBUG keystone.server.flask.request_processing.req_logging [None req-123e9a53-44a4-48b2-a1e8-71fa5a5a5584 None None] REQUEST_METHOD: `POST` {{(pid=80683) log_request_info /opt/stack/keystone/keystone/server/flask/request_processing/req_logging.py:27}}
Jul 20 03:51:54.530985 n-d-760456-11 devstack@keystone.service[80683]: DEBUG keystone.server.flask.request_processing.req_logging [None req-123e9a53-44a4-48b2-a1e8-71fa5a5a5584 None None] SCRIPT_NAME: `/identity` {{(pid=80683) log_request_info /opt/stack/keystone/keystone/server/flask/request_processing/req_logging.py:28}}
Jul 20 03:51:54.531270 n-d-760456-11 devstack@keystone.service[80683]: DEBUG keystone.server.flask.request_processing.req_logging [None req-123e9a53-44a4-48b2-a1e8-71fa5a5a5584 None None] PATH_INFO: `/v3/auth/tokens` {{(pid=80683) log_request_info /opt/stack/keystone/keystone/server/flask/request_processing/req_logging.py:29}}
Jul 20 03:51:54.550752 n-d-760456-11 devstack@keystone.service[80682]: [pid: 80682|app: 0|req: 112/236] 10.222.0.59 () {58 vars in 1439 bytes} [Wed Jul 20 03:51:54 2022] PUT /identity/v3/projects/ab0fd173bfc141dea7983892acba085d/users/258894e671c945fda45eff2763d3b738/roles/0c2d323eb31f4e29a2fd445edfd73d43 => generated 0 bytes in 299 msecs (HTTP/1.1 204) 3 headers in 132 bytes (0 switches on core 0)
Jul 20 03:51:54.552729 n-d-760456-11 devstack@keystone.service[80682]: DEBUG keystone.server.flask.request_processing.req_logging [None req-81ac0bb0-4c2a-414a-8e26-80c2411be128 None None] REQUEST_METHOD: `POST` {{(pid=80682) log_request_info /opt/stack/keystone/keystone/server/flask/request_processing/req_logging.py:27}}
Jul 20 03:51:54.553284 n-d-760456-11 devstack@keystone.service[80682]: DEBUG keystone.server.flask.request_processing.req_logging [None req-81ac0bb0-4c2a-414a-8e26-80c2411be128 None None] SCRIPT_NAME: `/identity` {{(pid=80682) log_request_info /opt/stack/keystone/keystone/server/flask/request_processing/req_logging.py:28}}
Jul 20 03:51:54.553756 n-d-760456-11 devstack@keystone.service[80682]: DEBUG keystone.server.flask.request_processing.req_logging [None req-81ac0bb0-4c2a-414a-8e26-80c2411be128 None None] PATH_INFO: `/v3/auth/tokens` {{(pid=80682) log_request_info /opt/stack/keystone/keystone/server/flask/request_processing/req_logging.py:29}}
Jul 20 03:51:54.559527 n-d-760456-11 devstack@keystone.service[80683]: DEBUG keystone.auth.core [None req-123e9a53-44a4-48b2-a1e8-71fa5a5a5584 None None] MFA Rules not processed for user `29fc59062d314d4985c75b27c3b6c023`. Rule list: `[]` (Enabled: `True`). {{(pid=80683) check_auth_methods_against_rules /opt/stack/keystone/keystone/auth/core.py:438}}
Jul 20 03:51:54.561676 n-d-760456-11 devstack@keystone.service[80683]: DEBUG keystone.common.fernet_utils [None req-123e9a53-44a4-48b2-a1e8-71fa5a5a5584 None None] Loaded 2 Fernet keys from /etc/keystone/fernet-keys/, but `[fernet_tokens] max_active_keys = 3`; perhaps there have not been enough key rotations to reach `max_active_keys` yet? {{(pid=80683) load_keys /opt/stack/keystone/keystone/common/fernet_utils.py:286}}
Jul 20 03:51:54.574134 n-d-760456-11 devstack@keystone.service[80682]: DEBUG keystone.auth.core [None req-81ac0bb0-4c2a-414a-8e26-80c2411be128 None None] MFA Rules not processed for user `29fc59062d314d4985c75b27c3b6c023`. Rule list: `[]` (Enabled: `True`). {{(pid=80682) check_auth_methods_against_rules /opt/stack/keystone/keystone/auth/core.py:438}}
Jul 20 03:51:54.575673 n-d-760456-11 devstack@keystone.service[80682]: DEBUG keystone.common.fernet_utils [None req-81ac0bb0-4c2a-414a-8e26-80c2411be128 None None] Loaded 2 Fernet keys from /etc/keystone/fernet-keys/, but `[fernet_tokens] max_active_keys = 3`; perhaps there have not been enough key rotations to reach `max_active_keys` yet? {{(pid=80682) load_keys /opt/stack/keystone/keystone/common/fernet_utils.py:286}}
Jul 20 03:51:54.660251 n-d-760456-11 devstack@keystone.service[80682]: [pid: 80682|app: 0|req: 113/237] 10.222.0.59 () {58 vars in 1023 bytes} [Wed Jul 20 03:51:54 2022] POST /identity/v3/auth/tokens => generated 799 bytes in 108 msecs (HTTP/1.1 201) 6 headers in 363 bytes (1 switches on core 0)
Jul 20 03:51:54.684964 n-d-760456-11 devstack@keystone.service[80682]: DEBUG keystone.server.flask.request_processing.middleware.auth_context [None req-81ac0bb0-4c2a-414a-8e26-80c2411be128 None None] Authenticating user token {{(pid=80682) process_request /usr/local/lib/python3.8/dist-packages/keystonemiddleware/auth_token/__init__.py:407}}
Jul 20 03:51:54.720497 n-d-760456-11 devstack@keystone.service[80683]: [pid: 80683|app: 0|req: 125/238] 10.222.0.59 () {58 vars in 1023 bytes} [Wed Jul 20 03:51:54 2022] POST /identity/v3/auth/tokens => generated 799 bytes in 191 msecs (HTTP/1.1 201) 6 headers in 363 bytes (1 switches on core 0)
Jul 20 03:51:54.751117 n-d-760456-11 devstack@keystone.service[80683]: DEBUG keystone.server.flask.request_processing.middleware.auth_context [None req-123e9a53-44a4-48b2-a1e8-71fa5a5a5584 None None] Authenticating user token {{(pid=80683) process_request /usr/local/lib/python3.8/dist-packages/keystonemiddleware/auth_token/__init__.py:407}}
Jul 20 03:51:54.824626 n-d-760456-11 devstack@keystone.service[80682]: DEBUG dbcounter [-] [80682] Writing DB stats keystone:SELECT=99,keystone:INSERT=1 {{(pid=80682) stat_writer /usr/local/lib/python3.8/dist-packages/dbcounter.py:114}}
Jul 20 03:51:54.836384 n-d-760456-11 devstack@keystone.service[80682]: DEBUG keystone.server.flask.request_processing.middleware.auth_context [None req-81ac0bb0-4c2a-414a-8e26-80c2411be128 None None] Validating token access rules against request {{(pid=80682) validate_allowed_request /usr/local/lib/python3.8/dist-packages/keystonemiddleware/auth_token/__init__.py:545}}
Jul 20 03:51:54.856156 n-d-760456-11 devstack@keystone.service[80683]: DEBUG dbcounter [-] [80683] Writing DB stats keystone:SELECT=99,keystone:INSERT=1 {{(pid=80683) stat_writer /usr/local/lib/python3.8/dist-packages/dbcounter.py:114}}
Jul 20 03:51:54.877231 n-d-760456-11 devstack@keystone.service[80683]: DEBUG keystone.server.flask.request_processing.middleware.auth_context [None req-123e9a53-44a4-48b2-a1e8-71fa5a5a5584 None None] Validating token access rules against request {{(pid=80683) validate_allowed_request /usr/local/lib/python3.8/dist-packages/keystonemiddleware/auth_token/__init__.py:545}}
Jul 20 03:51:54.890726 n-d-760456-11 devstack@keystone.service[80682]: DEBUG keystone.server.flask.request_processing.middleware.auth_context [None req-c85efb99-0b20-4615-a41d-5c3ae01a554d None admin] RBAC: auth_context: {'token': , 'domain_id': None, 'trust_id': None, 'trustor_id': None, 'trustee_id': None, 'domain_name': None, 'group_ids': [], 'user_id': '29fc59062d314d4985c75b27c3b6c023', 'user_domain_id': 'default', 'system_scope': 'all', 'project_id': None, 'project_domain_id': None, 'roles': ['admin', 'member', 'reader'], 'is_admin_project': True, 'service_user_id': None, 'service_user_domain_id': None, 'service_project_id': None, 'service_project_domain_id': None, 'service_roles': []} {{(pid=80682) fill_context /opt/stack/keystone/keystone/server/flask/request_processing/middleware/auth_context.py:478}}
Jul 20 03:51:54.891959 n-d-760456-11 devstack@keystone.service[80682]: DEBUG keystone.server.flask.request_processing.req_logging [None req-c85efb99-0b20-4615-a41d-5c3ae01a554d None admin] REQUEST_METHOD: `GET` {{(pid=80682) log_request_info /opt/stack/keystone/keystone/server/flask/request_processing/req_logging.py:27}}
Jul 20 03:51:54.892243 n-d-760456-11 devstack@keystone.service[80682]: DEBUG keystone.server.flask.request_processing.req_logging [None req-c85efb99-0b20-4615-a41d-5c3ae01a554d None admin] SCRIPT_NAME: `/identity` {{(pid=80682) log_request_info /opt/stack/keystone/keystone/server/flask/request_processing/req_logging.py:28}}
Jul 20 03:51:54.892681 n-d-760456-11 devstack@keystone.service[80682]: DEBUG keystone.server.flask.request_processing.req_logging [None req-c85efb99-0b20-4615-a41d-5c3ae01a554d None admin] PATH_INFO: `/v3/roles/reader` {{(pid=80682) log_request_info /opt/stack/keystone/keystone/server/flask/request_processing/req_logging.py:29}}
Jul 20 03:51:54.907886 n-d-760456-11 devstack@keystone.service[80682]: DEBUG keystone.common.rbac_enforcer.enforcer [None req-c85efb99-0b20-4615-a41d-5c3ae01a554d None admin] Extracting inferred target data resulted in "NOT FOUND (404)". {{(pid=80682) enforce_call /opt/stack/keystone/keystone/common/rbac_enforcer/enforcer.py:409}}
Jul 20 03:51:54.918377 n-d-760456-11 devstack@keystone.service[80682]: ERROR keystone.server.flask.application [None req-c85efb99-0b20-4615-a41d-5c3ae01a554d None admin] Could not find role: reader.: keystone.exception.RoleNotFound: Could not find role: reader.
Jul 20 03:51:54.918377 n-d-760456-11 devstack@keystone.service[80682]: ERROR keystone.server.flask.application
Traceback (most recent call last):
Jul 20 03:51:54.918377 n-d-760456-11 devstack@keystone.service[80682]: ERROR keystone.server.flask.application
File "/usr/local/lib/python3.8/dist-packages/flask/app.py", line 1523, in full_dispatch_request
Jul 20 03:51:54.918377 n-d-760456-11 devstack@keystone.service[80682]: ERROR keystone.server.flask.application rv = self.dispatch_request()
Jul 20 03:51:54.918377 n-d-760456-11 devstack@keystone.service[80682]: ERROR keystone.server.flask.application
File "/usr/local/lib/python3.8/dist-packages/flask/app.py", line 1509, in dispatch_request
Jul 20 03:51:54.918377 n-d-760456-11 devstack@keystone.service[80682]: ERROR keystone.server.flask.application return self.ensure_sync(self.view_functions[rule.endpoint])(**req.view_args)
Jul 20 03:51:54.918377 n-d-760456-11 devstack@keystone.service[80682]: ERROR keystone.server.flask.application
File "/usr/local/lib/python3.8/dist-packages/flask_restful/__init__.py", line 467, in wrapper
Jul 20 03:51:54.918377 n-d-760456-11 devstack@keystone.service[80682]: ERROR keystone.server.flask.application resp = resource(*args, **kwargs)
Jul 20 03:51:54.918377 n-d-760456-11 devstack@keystone.service[80682]: ERROR keystone.server.flask.application
File "/usr/local/lib/python3.8/dist-packages/flask/views.py", line 84, in view
Jul 20 03:51:54.918377 n-d-760456-11 devstack@keystone.service[80682]: ERROR keystone.server.flask.application return current_app.ensure_sync(self.dispatch_request)(*args, **kwargs)
Jul 20 03:51:54.918377 n-d-760456-11 devstack@keystone.service[80682]: ERROR keystone.server.flask.application
File "/usr/local/lib/python3.8/dist-packages/flask_restful/__init__.py", line 582, in dispatch_request
Jul 20 03:51:54.918377 n-d-760456-11 devstack@keystone.service[80682]: ERROR keystone.server.flask.application resp = meth(*args, **kwargs)
Jul 20 03:51:54.918377 n-d-760456-11 devstack@keystone.service[80682]: ERROR keystone.server.flask.application
File "/opt/stack/keystone/keystone/api/roles.py", line 50, in get
Jul 20 03:51:54.918377 n-d-760456-11 devstack@keystone.service[80682]: ERROR keystone.server.flask.application return self._get_role(role_id)
Jul 20 03:51:54.918377 n-d-760456-11 devstack@keystone.service[80682]: ERROR keystone.server.flask.application
File "/opt/stack/keystone/keystone/api/roles.py", line 70, in _get_role
Jul 20 03:51:54.918377 n-d-760456-11 devstack@keystone.service[80682]: ERROR keystone.server.flask.application ENFORCER.enforce_call(action='identity:get_role')
Jul 20 03:51:54.919264 n-d-760456-11 devstack@keystone.service[80682]: ERROR keystone.server.flask.application
File "/opt/stack/keystone/keystone/common/rbac_enforcer/enforcer.py", line 402, in enforce_call
Jul 20 03:51:54.919264 n-d-760456-11 devstack@keystone.service[80682]: ERROR keystone.server.flask.application policy_dict.update(cls._extract_member_target_data(
Jul 20 03:51:54.919264 n-d-760456-11 devstack@keystone.service[80682]: ERROR keystone.server.flask.application
File "/opt/stack/keystone/keystone/common/rbac_enforcer/enforcer.py", line 234, in _extract_member_target_data
Jul 20 03:51:54.919264 n-d-760456-11 devstack@keystone.service[80682]: ERROR keystone.server.flask.application member_name: func(flask.request.view_args[key])
Jul 20 03:51:54.919264 n-d-760456-11 devstack@keystone.service[80682]: ERROR keystone.server.flask.application
File "/opt/stack/keystone/keystone/common/manager.py", line 115, in wrapped
Jul 20 03:51:54.919264 n-d-760456-11 devstack@keystone.service[80682]: ERROR keystone.server.flask.application __ret_val = __f(*args, **kwargs)
Jul 20 03:51:54.919264 n-d-760456-11 devstack@keystone.service[80682]: ERROR keystone.server.flask.application
File "/usr/local/lib/python3.8/dist-packages/decorator.py", line 232, in fun
Jul 20 03:51:54.919264 n-d-760456-11 devstack@keystone.service[80682]: ERROR keystone.server.flask.application return caller(func, *(extras + args), **kw)
Jul 20 03:51:54.919264 n-d-760456-11 devstack@keystone.service[80682]: ERROR keystone.server.flask.application
File "/usr/local/lib/python3.8/dist-packages/dogpile/cache/region.py", line 1577, in get_or_create_for_user_func
Jul 20 03:51:54.919264 n-d-760456-11 devstack@keystone.service[80682]: ERROR keystone.server.flask.application return self.get_or_create(
Jul 20 03:51:54.919264 n-d-760456-11 devstack@keystone.service[80682]: ERROR keystone.server.flask.application
File "/usr/local/lib/python3.8/dist-packages/dogpile/cache/region.py", line 1042, in get_or_create
Jul 20 03:51:54.919264 n-d-760456-11 devstack@keystone.service[80682]: ERROR keystone.server.flask.application with Lock(
Jul 20 03:51:54.919264 n-d-760456-11 devstack@keystone.service[80682]: ERROR keystone.server.flask.application
File "/usr/local/lib/python3.8/dist-packages/dogpile/lock.py", line 185, in __enter__
Jul 20 03:51:54.919264 n-d-760456-11 devstack@keystone.service[80682]: ERROR keystone.server.flask.application return self._enter()
Jul 20 03:51:54.919264 n-d-760456-11 devstack@keystone.service[80682]: ERROR keystone.server.flask.application
File "/usr/local/lib/python3.8/dist-packages/dogpile/lock.py", line 94, in _enter
Jul 20 03:51:54.919264 n-d-760456-11 devstack@keystone.service[80682]: ERROR keystone.server.flask.application generated = self._enter_create(value, createdtime)
Jul 20 03:51:54.920045 n-d-760456-11 devstack@keystone.service[80682]: ERROR keystone.server.flask.application
File "/usr/local/lib/python3.8/dist-packages/dogpile/lock.py", line 178, in _enter_create
Jul 20 03:51:54.920045 n-d-760456-11 devstack@keystone.service[80682]: ERROR keystone.server.flask.application return self.creator()
Jul 20 03:51:54.920045 n-d-760456-11 devstack@keystone.service[80682]: ERROR keystone.server.flask.application
File "/usr/local/lib/python3.8/dist-packages/dogpile/cache/region.py", line 995, in gen_value
Jul 20 03:51:54.920045 n-d-760456-11 devstack@keystone.service[80682]: ERROR keystone.server.flask.application created_value = creator(
Jul 20 03:51:54.920045 n-d-760456-11 devstack@keystone.service[80682]: ERROR keystone.server.flask.application
File "/opt/stack/keystone/keystone/assignment/core.py", line 1276, in get_role
Jul 20 03:51:54.920045 n-d-760456-11 devstack@keystone.service[80682]: ERROR keystone.server.flask.application return self.driver.get_role(role_id)
Jul 20 03:51:54.920045 n-d-760456-11 devstack@keystone.service[80682]: ERROR keystone.server.flask.application
File "/opt/stack/keystone/keystone/assignment/role_backends/sql.py", line 70, in get_role
Jul 20 03:51:54.920045 n-d-760456-11 devstack@keystone.service[80682]: ERROR keystone.server.flask.application return self._get_role(session, role_id).to_dict()
Jul 20 03:51:54.920045 n-d-760456-11 devstack@keystone.service[80682]: ERROR keystone.server.flask.application
File "/opt/stack/keystone/keystone/assignment/role_backends/sql.py", line 65, in _get_role
Jul 20 03:51:54.920045 n-d-760456-11 devstack@keystone.service[80682]: ERROR keystone.server.flask.application raise exception.RoleNotFound(role_id=role_id)
Jul 20 03:51:54.920045 n-d-760456-11 devstack@keystone.service[80682]: ERROR keystone.server.flask.application keystone.exception.RoleNotFound: Could not find role: reader.
Jul 20 03:51:54.920045 n-d-760456-11 devstack@keystone.service[80682]: ERROR keystone.server.flask.application
Jul 20 03:51:54.920045 n-d-760456-11 devstack@keystone.service[80682]: [pid: 80682|app: 0|req: 114/239] 10.222.0.59 () {56 vars in 1099 bytes} [Wed Jul 20 03:51:54 2022] GET /identity/v3/roles/reader => generated 84 bytes in 235 msecs (HTTP/1.1 404) 5 headers in 183 bytes (2 switches on core 0)
Jul 20 03:51:54.922417 n-d-760456-11 devstack@keystone.service[80683]: DEBUG keystone.server.flask.request_processing.middleware.auth_context [None req-c0a40d96-342e-4519-b257-a429a7343ce6 None admin] RBAC: auth_context: {'token': , 'domain_id': None, 'trust_id': None, 'trustor_id': None, 'trustee_id': None, 'domain_name': None, 'group_ids': [], 'user_id': '29fc59062d314d4985c75b27c3b6c023', 'user_domain_id': 'default', 'system_scope': 'all', 'project_id': None, 'project_domain_id': None, 'roles': ['admin', 'member', 'reader'], 'is_admin_project': True, 'service_user_id': None, 'service_user_domain_id': None, 'service_project_id': None, 'service_project_domain_id': None, 'service_roles': []} {{(pid=80683) fill_context /opt/stack/keystone/keystone/server/flask/request_processing/middleware/auth_context.py:478}}
Jul 20 03:51:54.924386 n-d-760456-11 devstack@keystone.service[80683]: DEBUG keystone.server.flask.request_processing.req_logging [None req-c0a40d96-342e-4519-b257-a429a7343ce6 None admin] REQUEST_METHOD: `GET` {{(pid=80683) log_request_info /opt/stack/keystone/keystone/server/flask/request_processing/req_logging.py:27}}
Jul 20 03:51:54.924653 n-d-760456-11 devstack@keystone.service[80683]: DEBUG keystone.server.flask.request_processing.req_logging [None req-c0a40d96-342e-4519-b257-a429a7343ce6 None admin] SCRIPT_NAME: `/identity` {{(pid=80683) log_request_info /opt/stack/keystone/keystone/server/flask/request_processing/req_logging.py:28}}
Jul 20 03:51:54.925040 n-d-760456-11 devstack@keystone.service[80683]: DEBUG keystone.server.flask.request_processing.req_logging [None req-c0a40d96-342e-4519-b257-a429a7343ce6 None admin] PATH_INFO: `/v3/domains/default` {{(pid=80683) log_request_info /opt/stack/keystone/keystone/server/flask/request_processing/req_logging.py:29}}
Jul 20 03:51:54.925357 n-d-760456-11 devstack@keystone.service[80682]: DEBUG keystone.server.flask.request_processing.middleware.auth_context [None req-c85efb99-0b20-4615-a41d-5c3ae01a554d None admin] Authenticating user token {{(pid=80682) process_request /usr/local/lib/python3.8/dist-packages/keystonemiddleware/auth_token/__init__.py:407}}
Jul 20 03:51:54.926375 n-d-760456-11 devstack@keystone.service[80683]: DEBUG keystone.common.rbac_enforcer.enforcer [None req-c0a40d96-342e-4519-b257-a429a7343ce6 None admin] RBAC: Authorizing `identity:get_domain(domain_id=default)` {{(pid=80683) enforce_call /opt/stack/keystone/keystone/common/rbac_enforcer/enforcer.py:449}}
Jul 20 03:51:54.928628 n-d-760456-11 devstack@keystone.service[80683]: DEBUG keystone.common.rbac_enforcer.enforcer [None req-c0a40d96-342e-4519-b257-a429a7343ce6 None admin] RBAC: Authorization granted {{(pid=80683) enforce_call /opt/stack/keystone/keystone/common/rbac_enforcer/enforcer.py:457}}
Jul 20 03:51:54.933536 n-d-760456-11 devstack@keystone.service[80683]: [pid: 80683|app: 0|req: 126/240] 10.222.0.59 () {56 vars in 1108 bytes} [Wed Jul 20 03:51:54 2022] GET /identity/v3/domains/default => generated 199 bytes in 180 msecs (HTTP/1.1 200) 5 headers in 177 bytes (1 switches on core 0)
Jul 20 03:51:54.936229 n-d-760456-11 devstack@keystone.service[80683]: DEBUG keystone.server.flask.request_processing.middleware.auth_context [None req-c0a40d96-342e-4519-b257-a429a7343ce6 None admin] Authenticating user token {{(pid=80683) process_request /usr/local/lib/python3.8/dist-packages/keystonemiddleware/auth_token/__init__.py:407}}
Jul 20 03:51:55.057098 n-d-760456-11 devstack@keystone.service[80683]: DEBUG keystone.server.flask.request_processing.middleware.auth_context [None req-c0a40d96-342e-4519-b257-a429a7343ce6 None admin] Validating token access rules against request {{(pid=80683) validate_allowed_request /usr/local/lib/python3.8/dist-packages/keystonemiddleware/auth_token/__init__.py:545}}
Jul 20 03:51:55.062026 n-d-760456-11 devstack@keystone.service[80682]: DEBUG keystone.server.flask.request_processing.middleware.auth_context [None req-c85efb99-0b20-4615-a41d-5c3ae01a554d None admin] Validating token access rules against request {{(pid=80682) validate_allowed_request /usr/local/lib/python3.8/dist-packages/keystonemiddleware/auth_token/__init__.py:545}}
Jul 20 03:51:55.098690 n-d-760456-11 devstack@keystone.service[80683]: DEBUG keystone.server.flask.request_processing.middleware.auth_context [None req-a568cb94-2b14-4e78-b423-ba8df09086a1 None admin] RBAC: auth_context: {'token': , 'domain_id': None, 'trust_id': None, 'trustor_id': None, 'trustee_id': None, 'domain_name': None, 'group_ids': [], 'user_id': '29fc59062d314d4985c75b27c3b6c023', 'user_domain_id': 'default', 'system_scope': 'all', 'project_id': None, 'project_domain_id': None, 'roles': ['admin', 'member', 'reader'], 'is_admin_project': True, 'service_user_id': None, 'service_user_domain_id': None, 'service_project_id': None, 'service_project_domain_id': None, 'service_roles': []} {{(pid=80683) fill_context /opt/stack/keystone/keystone/server/flask/request_processing/middleware/auth_context.py:478}}
Jul 20 03:51:55.099374 n-d-760456-11 devstack@keystone.service[80683]: DEBUG keystone.server.flask.request_processing.req_logging [None req-a568cb94-2b14-4e78-b423-ba8df09086a1 None admin] REQUEST_METHOD: `POST` {{(pid=80683) log_request_info /opt/stack/keystone/keystone/server/flask/request_processing/req_logging.py:27}}
Jul 20 03:51:55.100306 n-d-760456-11 devstack@keystone.service[80683]: DEBUG keystone.server.flask.request_processing.req_logging [None req-a568cb94-2b14-4e78-b423-ba8df09086a1 None admin] SCRIPT_NAME: `/identity` {{(pid=80683) log_request_info /opt/stack/keystone/keystone/server/flask/request_processing/req_logging.py:28}}
Jul 20 03:51:55.100597 n-d-760456-11 devstack@keystone.service[80683]: DEBUG keystone.server.flask.request_processing.req_logging [None req-a568cb94-2b14-4e78-b423-ba8df09086a1 None admin] PATH_INFO: `/v3/users` {{(pid=80683) log_request_info /opt/stack/keystone/keystone/server/flask/request_processing/req_logging.py:29}}
Jul 20 03:51:55.101426 n-d-760456-11 devstack@keystone.service[80683]: DEBUG keystone.common.rbac_enforcer.enforcer [None req-a568cb94-2b14-4e78-b423-ba8df09086a1 None admin] RBAC: Authorizing `identity:create_user()` {{(pid=80683) enforce_call /opt/stack/keystone/keystone/common/rbac_enforcer/enforcer.py:449}}
Jul 20 03:51:55.102946 n-d-760456-11 devstack@keystone.service[80683]: DEBUG keystone.common.rbac_enforcer.enforcer [None req-a568cb94-2b14-4e78-b423-ba8df09086a1 None admin] RBAC: Authorization granted {{(pid=80683) enforce_call /opt/stack/keystone/keystone/common/rbac_enforcer/enforcer.py:457}}
Jul 20 03:51:55.111855 n-d-760456-11 devstack@keystone.service[80682]: DEBUG keystone.server.flask.request_processing.middleware.auth_context [None req-2d880964-e27e-4ba2-a4dd-2ea568a4f574 None admin] RBAC: auth_context: {'token': , 'domain_id': None, 'trust_id': None, 'trustor_id': None, 'trustee_id': None, 'domain_name': None, 'group_ids': [], 'user_id': '29fc59062d314d4985c75b27c3b6c023', 'user_domain_id': 'default', 'system_scope': 'all', 'project_id': None, 'project_domain_id': None, 'roles': ['admin', 'member', 'reader'], 'is_admin_project': True, 'service_user_id': None, 'service_user_domain_id': None, 'service_project_id': None, 'service_project_domain_id': None, 'service_roles': []} {{(pid=80682) fill_context /opt/stack/keystone/keystone/server/flask/request_processing/middleware/auth_context.py:478}}
Jul 20 03:51:55.112847 n-d-760456-11 devstack@keystone.service[80682]: DEBUG keystone.server.flask.request_processing.req_logging [None req-2d880964-e27e-4ba2-a4dd-2ea568a4f574 None admin] REQUEST_METHOD: `GET` {{(pid=80682) log_request_info /opt/stack/keystone/keystone/server/flask/request_processing/req_logging.py:27}}
Jul 20 03:51:55.113134 n-d-760456-11 devstack@keystone.service[80682]: DEBUG keystone.server.flask.request_processing.req_logging [None req-2d880964-e27e-4ba2-a4dd-2ea568a4f574 None admin] SCRIPT_NAME: `/identity` {{(pid=80682) log_request_info /opt/stack/keystone/keystone/server/flask/request_processing/req_logging.py:28}}
Jul 20 03:51:55.113413 n-d-760456-11 devstack@keystone.service[80682]: DEBUG keystone.server.flask.request_processing.req_logging [None req-2d880964-e27e-4ba2-a4dd-2ea568a4f574 None admin] PATH_INFO: `/v3/roles` {{(pid=80682) log_request_info /opt/stack/keystone/keystone/server/flask/request_processing/req_logging.py:29}}
Jul 20 03:51:55.114194 n-d-760456-11 devstack@keystone.service[80682]: DEBUG keystone.common.rbac_enforcer.enforcer [None req-2d880964-e27e-4ba2-a4dd-2ea568a4f574 None admin] RBAC: Adding query filter params (name=reader) {{(pid=80682) _extract_filter_values /opt/stack/keystone/keystone/common/rbac_enforcer/enforcer.py:167}}
Jul 20 03:51:55.115662 n-d-760456-11 devstack@keystone.service[80682]: DEBUG keystone.common.rbac_enforcer.enforcer [None req-2d880964-e27e-4ba2-a4dd-2ea568a4f574 None admin] RBAC: Authorizing `identity:list_roles()` {{(pid=80682) enforce_call /opt/stack/keystone/keystone/common/rbac_enforcer/enforcer.py:449}}
Jul 20 03:51:55.117067 n-d-760456-11 devstack@keystone.service[80682]: DEBUG keystone.common.rbac_enforcer.enforcer [None req-2d880964-e27e-4ba2-a4dd-2ea568a4f574 None admin] RBAC: Authorization granted {{(pid=80682) enforce_call /opt/stack/keystone/keystone/common/rbac_enforcer/enforcer.py:457}}
Jul 20 03:51:55.132930 n-d-760456-11 devstack@keystone.service[80682]: [pid: 80682|app: 0|req: 115/241] 10.222.0.59 () {56 vars in 1101 bytes} [Wed Jul 20 03:51:54 2022] GET /identity/v3/roles?name=reader => generated 341 bytes in 208 msecs (HTTP/1.1 200) 5 headers in 177 bytes (2 switches on core 0)
Jul 20 03:51:55.138744 n-d-760456-11 devstack@keystone.service[80683]: [pid: 80683|app: 0|req: 127/242] 10.222.0.59 () {60 vars in 1132 bytes} [Wed Jul 20 03:51:54 2022] POST /identity/v3/users => generated 293 bytes in 200 msecs (HTTP/1.1 201) 5 headers in 182 bytes (2 switches on core 0)
Jul 20 03:51:55.139241 n-d-760456-11 devstack@keystone.service[80682]: DEBUG keystone.server.flask.request_processing.req_logging [None req-16746471-2472-498b-b93a-65d2c59c373b None None] REQUEST_METHOD: `GET` {{(pid=80682) log_request_info /opt/stack/keystone/keystone/server/flask/request_processing/req_logging.py:27}}
Jul 20 03:51:55.139763 n-d-760456-11 devstack@keystone.service[80682]: DEBUG keystone.server.flask.request_processing.req_logging [None req-16746471-2472-498b-b93a-65d2c59c373b None None] SCRIPT_NAME: `/identity` {{(pid=80682) log_request_info /opt/stack/keystone/keystone/server/flask/request_processing/req_logging.py:28}}
Jul 20 03:51:55.140194 n-d-760456-11 devstack@keystone.service[80682]: DEBUG keystone.server.flask.request_processing.req_logging [None req-16746471-2472-498b-b93a-65d2c59c373b None None] PATH_INFO: `/` {{(pid=80682) log_request_info /opt/stack/keystone/keystone/server/flask/request_processing/req_logging.py:29}}
Jul 20 03:51:55.141927 n-d-760456-11 devstack@keystone.service[80682]: [pid: 80682|app: 0|req: 116/243] 10.222.0.59 () {54 vars in 926 bytes} [Wed Jul 20 03:51:55 2022] GET /identity => generated 270 bytes in 8 msecs (HTTP/1.1 300) 6 headers in 234 bytes (1 switches on core 0)
Jul 20 03:51:55.143346 n-d-760456-11 devstack@keystone.service[80683]: DEBUG keystone.server.flask.request_processing.middleware.auth_context [None req-a568cb94-2b14-4e78-b423-ba8df09086a1 None admin] Authenticating user token {{(pid=80683) process_request /usr/local/lib/python3.8/dist-packages/keystonemiddleware/auth_token/__init__.py:407}}
Jul 20 03:51:55.148400 n-d-760456-11 devstack@keystone.service[80682]: DEBUG keystone.server.flask.request_processing.req_logging [None req-9c426fd9-a501-4bed-b225-4ef808e13fb3 None None] REQUEST_METHOD: `POST` {{(pid=80682) log_request_info /opt/stack/keystone/keystone/server/flask/request_processing/req_logging.py:27}}
Jul 20 03:51:55.149063 n-d-760456-11 devstack@keystone.service[80682]: DEBUG keystone.server.flask.request_processing.req_logging [None req-9c426fd9-a501-4bed-b225-4ef808e13fb3 None None] SCRIPT_NAME: `/identity` {{(pid=80682) log_request_info /opt/stack/keystone/keystone/server/flask/request_processing/req_logging.py:28}}
Jul 20 03:51:55.149519 n-d-760456-11 devstack@keystone.service[80682]: DEBUG keystone.server.flask.request_processing.req_logging [None req-9c426fd9-a501-4bed-b225-4ef808e13fb3 None None] PATH_INFO: `/v3/auth/tokens` {{(pid=80682) log_request_info /opt/stack/keystone/keystone/server/flask/request_processing/req_logging.py:29}}
Jul 20 03:51:55.172891 n-d-760456-11 devstack@keystone.service[80683]: DEBUG dbcounter [-] [80683] Writing DB stats keystone:SELECT=97,keystone:INSERT=3 {{(pid=80683) stat_writer /usr/local/lib/python3.8/dist-packages/dbcounter.py:114}}
Jul 20 03:51:55.173303 n-d-760456-11 devstack@keystone.service[80682]: DEBUG keystone.auth.core [None req-9c426fd9-a501-4bed-b225-4ef808e13fb3 None None] MFA Rules not processed for user `29fc59062d314d4985c75b27c3b6c023`. Rule list: `[]` (Enabled: `True`). {{(pid=80682) check_auth_methods_against_rules /opt/stack/keystone/keystone/auth/core.py:438}}
Jul 20 03:51:55.175615 n-d-760456-11 devstack@keystone.service[80682]: DEBUG keystone.common.fernet_utils [None req-9c426fd9-a501-4bed-b225-4ef808e13fb3 None None] Loaded 2 Fernet keys from /etc/keystone/fernet-keys/, but `[fernet_tokens] max_active_keys = 3`; perhaps there have not been enough key rotations to reach `max_active_keys` yet? {{(pid=80682) load_keys /opt/stack/keystone/keystone/common/fernet_utils.py:286}}
Jul 20 03:51:55.191002 n-d-760456-11 devstack@keystone.service[80682]: DEBUG dbcounter [-] [80682] Writing DB stats keystone:SELECT=100 {{(pid=80682) stat_writer /usr/local/lib/python3.8/dist-packages/dbcounter.py:114}}
Jul 20 03:51:55.258707 n-d-760456-11 devstack@keystone.service[80682]: [pid: 80682|app: 0|req: 117/244] 10.222.0.59 () {58 vars in 1023 bytes} [Wed Jul 20 03:51:55 2022] POST /identity/v3/auth/tokens => generated 799 bytes in 112 msecs (HTTP/1.1 201) 6 headers in 363 bytes (2 switches on core 0)
Jul 20 03:51:55.285149 n-d-760456-11 devstack@keystone.service[80682]: DEBUG keystone.server.flask.request_processing.middleware.auth_context [None req-9c426fd9-a501-4bed-b225-4ef808e13fb3 None None] Authenticating user token {{(pid=80682) process_request /usr/local/lib/python3.8/dist-packages/keystonemiddleware/auth_token/__init__.py:407}}
Jul 20 03:51:55.300715 n-d-760456-11 devstack@keystone.service[80683]: DEBUG keystone.server.flask.request_processing.middleware.auth_context [None req-a568cb94-2b14-4e78-b423-ba8df09086a1 None admin] Validating token access rules against request {{(pid=80683) validate_allowed_request /usr/local/lib/python3.8/dist-packages/keystonemiddleware/auth_token/__init__.py:545}}
Jul 20 03:51:55.351170 n-d-760456-11 devstack@keystone.service[80683]: DEBUG keystone.server.flask.request_processing.middleware.auth_context [None req-f50a0e00-65c0-4fe2-8f62-c7d06e0a8287 None admin] RBAC: auth_context: {'token': , 'domain_id': None, 'trust_id': None, 'trustor_id': None, 'trustee_id': None, 'domain_name': None, 'group_ids': [], 'user_id': '29fc59062d314d4985c75b27c3b6c023', 'user_domain_id': 'default', 'system_scope': 'all', 'project_id': None, 'project_domain_id': None, 'roles': ['admin', 'member', 'reader'], 'is_admin_project': True, 'service_user_id': None, 'service_user_domain_id': None, 'service_project_id': None, 'service_project_domain_id': None, 'service_roles': []} {{(pid=80683) fill_context /opt/stack/keystone/keystone/server/flask/request_processing/middleware/auth_context.py:478}}
Jul 20 03:51:55.352144 n-d-760456-11 devstack@keystone.service[80683]: DEBUG keystone.server.flask.request_processing.req_logging [None req-f50a0e00-65c0-4fe2-8f62-c7d06e0a8287 None admin] REQUEST_METHOD: `GET` {{(pid=80683) log_request_info /opt/stack/keystone/keystone/server/flask/request_processing/req_logging.py:27}}
Jul 20 03:51:55.352435 n-d-760456-11 devstack@keystone.service[80683]: DEBUG keystone.server.flask.request_processing.req_logging [None req-f50a0e00-65c0-4fe2-8f62-c7d06e0a8287 None admin] SCRIPT_NAME: `/identity` {{(pid=80683) log_request_info /opt/stack/keystone/keystone/server/flask/request_processing/req_logging.py:28}}
Jul 20 03:51:55.352716 n-d-760456-11 devstack@keystone.service[80683]: DEBUG keystone.server.flask.request_processing.req_logging [None req-f50a0e00-65c0-4fe2-8f62-c7d06e0a8287 None admin] PATH_INFO: `/v3/users/a77d304d876441d4b3ca350320c63b6e` {{(pid=80683) log_request_info /opt/stack/keystone/keystone/server/flask/request_processing/req_logging.py:29}}
Jul 20 03:51:55.371448 n-d-760456-11 devstack@keystone.service[80683]: DEBUG keystone.common.rbac_enforcer.enforcer [None req-f50a0e00-65c0-4fe2-8f62-c7d06e0a8287 None admin] RBAC: Authorizing `identity:get_user(user_id=a77d304d876441d4b3ca350320c63b6e)` {{(pid=80683) enforce_call /opt/stack/keystone/keystone/common/rbac_enforcer/enforcer.py:449}}
Jul 20 03:51:55.373037 n-d-760456-11 devstack@keystone.service[80683]: DEBUG keystone.common.rbac_enforcer.enforcer [None req-f50a0e00-65c0-4fe2-8f62-c7d06e0a8287 None admin] RBAC: Authorization granted {{(pid=80683) enforce_call /opt/stack/keystone/keystone/common/rbac_enforcer/enforcer.py:457}}
Jul 20 03:51:55.375610 n-d-760456-11 devstack@keystone.service[80683]: [pid: 80683|app: 0|req: 128/245] 10.222.0.59 () {56 vars in 1177 bytes} [Wed Jul 20 03:51:55 2022] GET /identity/v3/users/a77d304d876441d4b3ca350320c63b6e => generated 297 bytes in 233 msecs (HTTP/1.1 200) 5 headers in 177 bytes (1 switches on core 0)
Jul 20 03:51:55.382964 n-d-760456-11 devstack@keystone.service[80683]: DEBUG keystone.server.flask.request_processing.middleware.auth_context [None req-f50a0e00-65c0-4fe2-8f62-c7d06e0a8287 None admin] Authenticating user token {{(pid=80683) process_request /usr/local/lib/python3.8/dist-packages/keystonemiddleware/auth_token/__init__.py:407}}
Jul 20 03:51:55.469392 n-d-760456-11 devstack@keystone.service[80682]: DEBUG keystone.server.flask.request_processing.middleware.auth_context [None req-9c426fd9-a501-4bed-b225-4ef808e13fb3 None None] Validating token access rules against request {{(pid=80682) validate_allowed_request /usr/local/lib/python3.8/dist-packages/keystonemiddleware/auth_token/__init__.py:545}}
Jul 20 03:51:55.476818 n-d-760456-11 devstack@keystone.service[80683]: DEBUG dbcounter [-] [80683] Writing DB stats keystone:SELECT=100 {{(pid=80683) stat_writer /usr/local/lib/python3.8/dist-packages/dbcounter.py:114}}
Jul 20 03:51:55.519122 n-d-760456-11 devstack@keystone.service[80682]: DEBUG keystone.server.flask.request_processing.middleware.auth_context [None req-5d1c7ec1-eb2b-45b8-90a7-68c1580800cd None admin] RBAC: auth_context: {'token': , 'domain_id': None, 'trust_id': None, 'trustor_id': None, 'trustee_id': None, 'domain_name': None, 'group_ids': [], 'user_id': '29fc59062d314d4985c75b27c3b6c023', 'user_domain_id': 'default', 'system_scope': 'all', 'project_id': None, 'project_domain_id': None, 'roles': ['admin', 'member', 'reader'], 'is_admin_project': True, 'service_user_id': None, 'service_user_domain_id': None, 'service_project_id': None, 'service_project_domain_id': None, 'service_roles': []} {{(pid=80682) fill_context /opt/stack/keystone/keystone/server/flask/request_processing/middleware/auth_context.py:478}}
Jul 20 03:51:55.520284 n-d-760456-11 devstack@keystone.service[80682]: DEBUG keystone.server.flask.request_processing.req_logging [None req-5d1c7ec1-eb2b-45b8-90a7-68c1580800cd None admin] REQUEST_METHOD: `GET` {{(pid=80682) log_request_info /opt/stack/keystone/keystone/server/flask/request_processing/req_logging.py:27}}
Jul 20 03:51:55.520797 n-d-760456-11 devstack@keystone.service[80682]: DEBUG keystone.server.flask.request_processing.req_logging [None req-5d1c7ec1-eb2b-45b8-90a7-68c1580800cd None admin] SCRIPT_NAME: `/identity` {{(pid=80682) log_request_info /opt/stack/keystone/keystone/server/flask/request_processing/req_logging.py:28}}
Jul 20 03:51:55.521303 n-d-760456-11 devstack@keystone.service[80682]: DEBUG keystone.server.flask.request_processing.req_logging [None req-5d1c7ec1-eb2b-45b8-90a7-68c1580800cd None admin] PATH_INFO: `/v3/roles/member` {{(pid=80682) log_request_info /opt/stack/keystone/keystone/server/flask/request_processing/req_logging.py:29}}
Jul 20 03:51:55.528305 n-d-760456-11 devstack@keystone.service[80683]: DEBUG keystone.server.flask.request_processing.middleware.auth_context [None req-f50a0e00-65c0-4fe2-8f62-c7d06e0a8287 None admin] Validating token access rules against request {{(pid=80683) validate_allowed_request /usr/local/lib/python3.8/dist-packages/keystonemiddleware/auth_token/__init__.py:545}}
Jul 20 03:51:55.533043 n-d-760456-11 devstack@keystone.service[80682]: DEBUG keystone.common.rbac_enforcer.enforcer [None req-5d1c7ec1-eb2b-45b8-90a7-68c1580800cd None admin] Extracting inferred target data resulted in "NOT FOUND (404)". {{(pid=80682) enforce_call /opt/stack/keystone/keystone/common/rbac_enforcer/enforcer.py:409}}
Jul 20 03:51:55.542957 n-d-760456-11 devstack@keystone.service[80682]: ERROR keystone.server.flask.application [None req-5d1c7ec1-eb2b-45b8-90a7-68c1580800cd None admin] Could not find role: member.: keystone.exception.RoleNotFound: Could not find role: member.
Jul 20 03:51:55.542957 n-d-760456-11 devstack@keystone.service[80682]: ERROR keystone.server.flask.application
Traceback (most recent call last):
Jul 20 03:51:55.542957 n-d-760456-11 devstack@keystone.service[80682]: ERROR keystone.server.flask.application
File "/usr/local/lib/python3.8/dist-packages/flask/app.py", line 1523, in full_dispatch_request
Jul 20 03:51:55.542957 n-d-760456-11 devstack@keystone.service[80682]: ERROR keystone.server.flask.application rv = self.dispatch_request()
Jul 20 03:51:55.542957 n-d-760456-11 devstack@keystone.service[80682]: ERROR keystone.server.flask.application
File "/usr/local/lib/python3.8/dist-packages/flask/app.py", line 1509, in dispatch_request
Jul 20 03:51:55.542957 n-d-760456-11 devstack@keystone.service[80682]: ERROR keystone.server.flask.application return self.ensure_sync(self.view_functions[rule.endpoint])(**req.view_args)
Jul 20 03:51:55.542957 n-d-760456-11 devstack@keystone.service[80682]: ERROR keystone.server.flask.application
File "/usr/local/lib/python3.8/dist-packages/flask_restful/__init__.py", line 467, in wrapper
Jul 20 03:51:55.542957 n-d-760456-11 devstack@keystone.service[80682]: ERROR keystone.server.flask.application resp = resource(*args, **kwargs)
Jul 20 03:51:55.542957 n-d-760456-11 devstack@keystone.service[80682]: ERROR keystone.server.flask.application
File "/usr/local/lib/python3.8/dist-packages/flask/views.py", line 84, in view
Jul 20 03:51:55.542957 n-d-760456-11 devstack@keystone.service[80682]: ERROR keystone.server.flask.application return current_app.ensure_sync(self.dispatch_request)(*args, **kwargs)
Jul 20 03:51:55.542957 n-d-760456-11 devstack@keystone.service[80682]: ERROR keystone.server.flask.application
File "/usr/local/lib/python3.8/dist-packages/flask_restful/__init__.py", line 582, in dispatch_request
Jul 20 03:51:55.542957 n-d-760456-11 devstack@keystone.service[80682]: ERROR keystone.server.flask.application resp = meth(*args, **kwargs)
Jul 20 03:51:55.542957 n-d-760456-11 devstack@keystone.service[80682]: ERROR keystone.server.flask.application
File "/opt/stack/keystone/keystone/api/roles.py", line 50, in get
Jul 20 03:51:55.542957 n-d-760456-11 devstack@keystone.service[80682]: ERROR keystone.server.flask.application return self._get_role(role_id)
Jul 20 03:51:55.542957 n-d-760456-11 devstack@keystone.service[80682]: ERROR keystone.server.flask.application
File "/opt/stack/keystone/keystone/api/roles.py", line 70, in _get_role
Jul 20 03:51:55.542957 n-d-760456-11 devstack@keystone.service[80682]: ERROR keystone.server.flask.application ENFORCER.enforce_call(action='identity:get_role')
Jul 20 03:51:55.543913 n-d-760456-11 devstack@keystone.service[80682]: ERROR keystone.server.flask.application
File "/opt/stack/keystone/keystone/common/rbac_enforcer/enforcer.py", line 402, in enforce_call
Jul 20 03:51:55.543913 n-d-760456-11 devstack@keystone.service[80682]: ERROR keystone.server.flask.application policy_dict.update(cls._extract_member_target_data(
Jul 20 03:51:55.543913 n-d-760456-11 devstack@keystone.service[80682]: ERROR keystone.server.flask.application
File "/opt/stack/keystone/keystone/common/rbac_enforcer/enforcer.py", line 234, in _extract_member_target_data
Jul 20 03:51:55.543913 n-d-760456-11 devstack@keystone.service[80682]: ERROR keystone.server.flask.application member_name: func(flask.request.view_args[key])
Jul 20 03:51:55.543913 n-d-760456-11 devstack@keystone.service[80682]: ERROR keystone.server.flask.application
File "/opt/stack/keystone/keystone/common/manager.py", line 115, in wrapped
Jul 20 03:51:55.543913 n-d-760456-11 devstack@keystone.service[80682]: ERROR keystone.server.flask.application __ret_val = __f(*args, **kwargs)
Jul 20 03:51:55.543913 n-d-760456-11 devstack@keystone.service[80682]: ERROR keystone.server.flask.application
File "/usr/local/lib/python3.8/dist-packages/decorator.py", line 232, in fun
Jul 20 03:51:55.543913 n-d-760456-11 devstack@keystone.service[80682]: ERROR keystone.server.flask.application return caller(func, *(extras + args), **kw)
Jul 20 03:51:55.543913 n-d-760456-11 devstack@keystone.service[80682]: ERROR keystone.server.flask.application
File "/usr/local/lib/python3.8/dist-packages/dogpile/cache/region.py", line 1577, in get_or_create_for_user_func
Jul 20 03:51:55.543913 n-d-760456-11 devstack@keystone.service[80682]: ERROR keystone.server.flask.application return self.get_or_create(
Jul 20 03:51:55.543913 n-d-760456-11 devstack@keystone.service[80682]: ERROR keystone.server.flask.application
File "/usr/local/lib/python3.8/dist-packages/dogpile/cache/region.py", line 1042, in get_or_create
Jul 20 03:51:55.543913 n-d-760456-11 devstack@keystone.service[80682]: ERROR keystone.server.flask.application with Lock(
Jul 20 03:51:55.543913 n-d-760456-11 devstack@keystone.service[80682]: ERROR keystone.server.flask.application
File "/usr/local/lib/python3.8/dist-packages/dogpile/lock.py", line 185, in __enter__
Jul 20 03:51:55.543913 n-d-760456-11 devstack@keystone.service[80682]: ERROR keystone.server.flask.application return self._enter()
Jul 20 03:51:55.543913 n-d-760456-11 devstack@keystone.service[80682]: ERROR keystone.server.flask.application
File "/usr/local/lib/python3.8/dist-packages/dogpile/lock.py", line 94, in _enter
Jul 20 03:51:55.543913 n-d-760456-11 devstack@keystone.service[80682]: ERROR keystone.server.flask.application generated = self._enter_create(value, createdtime)
Jul 20 03:51:55.544794 n-d-760456-11 devstack@keystone.service[80682]: ERROR keystone.server.flask.application
File "/usr/local/lib/python3.8/dist-packages/dogpile/lock.py", line 178, in _enter_create
Jul 20 03:51:55.544794 n-d-760456-11 devstack@keystone.service[80682]: ERROR keystone.server.flask.application return self.creator()
Jul 20 03:51:55.544794 n-d-760456-11 devstack@keystone.service[80682]: ERROR keystone.server.flask.application
File "/usr/local/lib/python3.8/dist-packages/dogpile/cache/region.py", line 995, in gen_value
Jul 20 03:51:55.544794 n-d-760456-11 devstack@keystone.service[80682]: ERROR keystone.server.flask.application created_value = creator(
Jul 20 03:51:55.544794 n-d-760456-11 devstack@keystone.service[80682]: ERROR keystone.server.flask.application
File "/opt/stack/keystone/keystone/assignment/core.py", line 1276, in get_role
Jul 20 03:51:55.544794 n-d-760456-11 devstack@keystone.service[80682]: ERROR keystone.server.flask.application return self.driver.get_role(role_id)
Jul 20 03:51:55.544794 n-d-760456-11 devstack@keystone.service[80682]: ERROR keystone.server.flask.application
File "/opt/stack/keystone/keystone/assignment/role_backends/sql.py", line 70, in get_role
Jul 20 03:51:55.544794 n-d-760456-11 devstack@keystone.service[80682]: ERROR keystone.server.flask.application return self._get_role(session, role_id).to_dict()
Jul 20 03:51:55.544794 n-d-760456-11 devstack@keystone.service[80682]: ERROR keystone.server.flask.application
File "/opt/stack/keystone/keystone/assignment/role_backends/sql.py", line 65, in _get_role
Jul 20 03:51:55.544794 n-d-760456-11 devstack@keystone.service[80682]: ERROR keystone.server.flask.application raise exception.RoleNotFound(role_id=role_id)
Jul 20 03:51:55.544794 n-d-760456-11 devstack@keystone.service[80682]: ERROR keystone.server.flask.application keystone.exception.RoleNotFound: Could not find role: member.
Jul 20 03:51:55.544794 n-d-760456-11 devstack@keystone.service[80682]: ERROR keystone.server.flask.application
Jul 20 03:51:55.547671 n-d-760456-11 devstack@keystone.service[80682]: [pid: 80682|app: 0|req: 118/246] 10.222.0.59 () {56 vars in 1099 bytes} [Wed Jul 20 03:51:55 2022] GET /identity/v3/roles/member => generated 84 bytes in 263 msecs (HTTP/1.1 404) 5 headers in 183 bytes (2 switches on core 0)
Jul 20 03:51:55.555486 n-d-760456-11 devstack@keystone.service[80682]: DEBUG keystone.server.flask.request_processing.middleware.auth_context [None req-5d1c7ec1-eb2b-45b8-90a7-68c1580800cd None admin] Authenticating user token {{(pid=80682) process_request /usr/local/lib/python3.8/dist-packages/keystonemiddleware/auth_token/__init__.py:407}}
Jul 20 03:51:55.559972 n-d-760456-11 devstack@keystone.service[80682]: DEBUG dbcounter [-] [80682] Writing DB stats keystone:SELECT=100 {{(pid=80682) stat_writer /usr/local/lib/python3.8/dist-packages/dbcounter.py:114}}
Jul 20 03:51:55.573578 n-d-760456-11 devstack@keystone.service[80683]: DEBUG keystone.server.flask.request_processing.middleware.auth_context [None req-b4050cf1-a95a-433e-bfd1-dc7f5aeafc87 None admin] RBAC: auth_context: {'token': , 'domain_id': None, 'trust_id': None, 'trustor_id': None, 'trustee_id': None, 'domain_name': None, 'group_ids': [], 'user_id': '29fc59062d314d4985c75b27c3b6c023', 'user_domain_id': 'default', 'system_scope': 'all', 'project_id': None, 'project_domain_id': None, 'roles': ['admin', 'member', 'reader'], 'is_admin_project': True, 'service_user_id': None, 'service_user_domain_id': None, 'service_project_id': None, 'service_project_domain_id': None, 'service_roles': []} {{(pid=80683) fill_context /opt/stack/keystone/keystone/server/flask/request_processing/middleware/auth_context.py:478}}
Jul 20 03:51:55.574347 n-d-760456-11 devstack@keystone.service[80683]: DEBUG keystone.server.flask.request_processing.req_logging [None req-b4050cf1-a95a-433e-bfd1-dc7f5aeafc87 None admin] REQUEST_METHOD: `GET` {{(pid=80683) log_request_info /opt/stack/keystone/keystone/server/flask/request_processing/req_logging.py:27}}
