Mar 24 00:56:42.007441 n-d-760455-9 devstack@placement-api.service[116212]: DEBUG placement.objects.research_context [req-e817dbd3-c1b1-49f7-b9e7-33061aa60056 req-236ba2b3-d8b7-47f7-aa55-09e63723ffd8 service placement] found 2 providers after filtering by previous result {{(pid=116212) get_provider_ids_matching /opt/stack/placement/placement/objects/research_context.py:590}}
Mar 24 00:56:42.023095 n-d-760455-9 devstack@placement-api.service[116212]: DEBUG placement.objects.allocation_candidate [req-e817dbd3-c1b1-49f7-b9e7-33061aa60056 req-236ba2b3-d8b7-47f7-aa55-09e63723ffd8 service placement] RequestGroup(use_same_provider=False, resources={DISK_GB:1, MEMORY_MB:1024, VCPU:1}, traits=(), aggregates=[]) (suffix '') returned 2 matches {{(pid=116212) _get_by_requests /opt/stack/placement/placement/objects/allocation_candidate.py:156}}
Mar 24 00:56:42.023750 n-d-760455-9 devstack@placement-api.service[116212]: DEBUG placement.objects.allocation_candidate [req-e817dbd3-c1b1-49f7-b9e7-33061aa60056 req-236ba2b3-d8b7-47f7-aa55-09e63723ffd8 service placement] Merging candidates yields 2 allocation requests and 2 provider summaries {{(pid=116212) _merge_candidates /opt/stack/placement/placement/objects/allocation_candidate.py:809}}
Mar 24 00:56:42.031462 n-d-760455-9 devstack@placement-api.service[116212]: INFO placement.requestlog [req-e817dbd3-c1b1-49f7-b9e7-33061aa60056 req-236ba2b3-d8b7-47f7-aa55-09e63723ffd8 service placement] 10.222.0.45 "GET /placement/allocation_candidates?limit=1000&resources=DISK_GB%3A1%2CMEMORY_MB%3A1024%2CVCPU%3A1&root_required=%21COMPUTE_STATUS_DISABLED" status: 200 len: 1309 microversion: 1.36
Mar 24 00:56:42.031462 n-d-760455-9 devstack@placement-api.service[116212]: [pid: 116212|app: 0|req: 271/546] 10.222.0.45 () {60 vars in 1506 bytes} [Thu Mar 24 00:56:41 2022] GET /placement/allocation_candidates?limit=1000&resources=DISK_GB%3A1%2CMEMORY_MB%3A1024%2CVCPU%3A1&root_required=%21COMPUTE_STATUS_DISABLED => generated 1309 bytes in 102 msecs (HTTP/1.1 200) 8 headers in 297 bytes (1 switches on core 0)
Mar 24 00:56:42.137302 n-d-760455-9 devstack@placement-api.service[116211]: DEBUG placement.requestlog [req-e817dbd3-c1b1-49f7-b9e7-33061aa60056 req-889e7acb-700e-499b-a3c0-f7b5e680a89b None None] Starting request: 10.222.0.45 "GET /placement/allocations/8e744b53-12fa-43d9-aa4a-a781f7544446" {{(pid=116211) __call__ /opt/stack/placement/placement/requestlog.py:55}}
Mar 24 00:56:42.149916 n-d-760455-9 devstack@placement-api.service[116211]: INFO placement.requestlog [req-e817dbd3-c1b1-49f7-b9e7-33061aa60056 req-889e7acb-700e-499b-a3c0-f7b5e680a89b service placement] 10.222.0.45 "GET /placement/allocations/8e744b53-12fa-43d9-aa4a-a781f7544446" status: 200 len: 19 microversion: 1.28
Mar 24 00:56:42.151422 n-d-760455-9 devstack@placement-api.service[116211]: [pid: 116211|app: 0|req: 276/547] 10.222.0.45 () {60 vars in 1380 bytes} [Thu Mar 24 00:56:42 2022] GET /placement/allocations/8e744b53-12fa-43d9-aa4a-a781f7544446 => generated 19 bytes in 14 msecs (HTTP/1.1 200) 8 headers in 295 bytes (1 switches on core 0)
Mar 24 00:56:42.159994 n-d-760455-9 devstack@placement-api.service[116212]: DEBUG placement.requestlog [req-e817dbd3-c1b1-49f7-b9e7-33061aa60056 req-8a667012-233a-4238-9ec1-ff205cf8a8fb None None] Starting request: 10.222.0.45 "PUT /placement/allocations/8e744b53-12fa-43d9-aa4a-a781f7544446" {{(pid=116212) __call__ /opt/stack/placement/placement/requestlog.py:55}}
Mar 24 00:56:42.233628 n-d-760455-9 devstack@placement-api.service[116212]: DEBUG placement.handlers.allocation [req-e817dbd3-c1b1-49f7-b9e7-33061aa60056 req-8a667012-233a-4238-9ec1-ff205cf8a8fb service placement] Successfully wrote allocations [, , ] {{(pid=116212) _update_consumers_and_create_allocations /opt/stack/placement/placement/handlers/allocation.py:462}}
Mar 24 00:56:42.243745 n-d-760455-9 devstack@placement-api.service[116212]: INFO placement.requestlog [req-e817dbd3-c1b1-49f7-b9e7-33061aa60056 req-8a667012-233a-4238-9ec1-ff205cf8a8fb service placement] 10.222.0.45 "PUT /placement/allocations/8e744b53-12fa-43d9-aa4a-a781f7544446" status: 204 len: 0 microversion: 1.36
Mar 24 00:56:42.256776 n-d-760455-9 devstack@placement-api.service[116212]: [pid: 116212|app: 0|req: 272/548] 10.222.0.45 () {64 vars in 1433 bytes} [Thu Mar 24 00:56:42 2022] PUT /placement/allocations/8e744b53-12fa-43d9-aa4a-a781f7544446 => generated 0 bytes in 85 msecs (HTTP/1.1 204) 5 headers in 199 bytes (1 switches on core 0)
Mar 24 00:56:42.705919 n-d-760455-9 devstack@placement-api.service[116211]: DEBUG placement.requestlog [req-e817dbd3-c1b1-49f7-b9e7-33061aa60056 req-06713882-2d28-4e76-96ff-6047ce120910 None None] Starting request: 10.222.0.57 "GET /placement/allocations/8e744b53-12fa-43d9-aa4a-a781f7544446" {{(pid=116211) __call__ /opt/stack/placement/placement/requestlog.py:55}}
Mar 24 00:56:42.745877 n-d-760455-9 devstack@placement-api.service[116211]: INFO placement.requestlog [req-e817dbd3-c1b1-49f7-b9e7-33061aa60056 req-06713882-2d28-4e76-96ff-6047ce120910 service placement] 10.222.0.57 "GET /placement/allocations/8e744b53-12fa-43d9-aa4a-a781f7544446" status: 200 len: 259 microversion: 1.28
Mar 24 00:56:42.746923 n-d-760455-9 devstack@placement-api.service[116211]: [pid: 116211|app: 0|req: 277/549] 10.222.0.57 () {60 vars in 1377 bytes} [Thu Mar 24 00:56:42 2022] GET /placement/allocations/8e744b53-12fa-43d9-aa4a-a781f7544446 => generated 259 bytes in 41 msecs (HTTP/1.1 200) 8 headers in 296 bytes (1 switches on core 0)
Mar 24 00:56:50.164896 n-d-760455-9 devstack@placement-api.service[116212]: DEBUG placement.requestlog [req-639d661d-7305-4b59-97fb-16d5c764ac79 req-37072215-c92d-4f1c-af79-014e90ef0e59 None None] Starting request: 10.222.0.48 "GET /placement/resource_providers/0129588a-67c4-4f9a-b217-88ce81655a33/allocations" {{(pid=116212) __call__ /opt/stack/placement/placement/requestlog.py:55}}
Mar 24 00:56:50.222402 n-d-760455-9 devstack@placement-api.service[116212]: INFO placement.requestlog [req-639d661d-7305-4b59-97fb-16d5c764ac79 req-37072215-c92d-4f1c-af79-014e90ef0e59 service placement] 10.222.0.48 "GET /placement/resource_providers/0129588a-67c4-4f9a-b217-88ce81655a33/allocations" status: 200 len: 645 microversion: 1.0
Mar 24 00:56:50.223215 n-d-760455-9 devstack@placement-api.service[116212]: [pid: 116212|app: 0|req: 273/550] 10.222.0.48 () {58 vars in 1390 bytes} [Thu Mar 24 00:56:50 2022] GET /placement/resource_providers/0129588a-67c4-4f9a-b217-88ce81655a33/allocations => generated 645 bytes in 59 msecs (HTTP/1.1 200) 6 headers in 224 bytes (1 switches on core 0)
Mar 24 00:56:56.797676 n-d-760455-9 devstack@placement-api.service[116211]: DEBUG placement.requestlog [req-28753ba4-8d79-49a0-9e62-bbba61eeb0c9 req-baf03640-ed61-4265-9a18-12792e5ca8b9 None None] Starting request: 10.222.0.45 "GET /placement/allocation_candidates?limit=1000&resources=MEMORY_MB%3A1024%2CVCPU%3A1&root_required=%21COMPUTE_STATUS_DISABLED" {{(pid=116211) __call__ /opt/stack/placement/placement/requestlog.py:55}}
Mar 24 00:56:56.902132 n-d-760455-9 devstack@placement-api.service[116211]: DEBUG placement.objects.research_context [req-28753ba4-8d79-49a0-9e62-bbba61eeb0c9 req-baf03640-ed61-4265-9a18-12792e5ca8b9 service placement] getting providers with 1024 MEMORY_MB {{(pid=116211) __init__ /opt/stack/placement/placement/objects/research_context.py:136}}
Mar 24 00:56:56.932287 n-d-760455-9 devstack@placement-api.service[116211]: DEBUG placement.objects.research_context [req-28753ba4-8d79-49a0-9e62-bbba61eeb0c9 req-baf03640-ed61-4265-9a18-12792e5ca8b9 service placement] getting providers with 1 VCPU {{(pid=116211) __init__ /opt/stack/placement/placement/objects/research_context.py:136}}
Mar 24 00:56:56.949736 n-d-760455-9 devstack@placement-api.service[116211]: DEBUG placement.objects.research_context [req-28753ba4-8d79-49a0-9e62-bbba61eeb0c9 req-baf03640-ed61-4265-9a18-12792e5ca8b9 service placement] found 2 providers with available 1024 MEMORY_MB {{(pid=116211) get_provider_ids_matching /opt/stack/placement/placement/objects/research_context.py:559}}
Mar 24 00:56:56.950255 n-d-760455-9 devstack@placement-api.service[116211]: DEBUG placement.objects.research_context [req-28753ba4-8d79-49a0-9e62-bbba61eeb0c9 req-baf03640-ed61-4265-9a18-12792e5ca8b9 service placement] found 2 providers with available 1 VCPU {{(pid=116211) get_provider_ids_matching /opt/stack/placement/placement/objects/research_context.py:559}}
Mar 24 00:56:56.951539 n-d-760455-9 devstack@placement-api.service[116211]: DEBUG placement.objects.research_context [req-28753ba4-8d79-49a0-9e62-bbba61eeb0c9 req-baf03640-ed61-4265-9a18-12792e5ca8b9 service placement] found 2 providers after filtering by previous result {{(pid=116211) get_provider_ids_matching /opt/stack/placement/placement/objects/research_context.py:590}}
Mar 24 00:56:56.985067 n-d-760455-9 devstack@placement-api.service[116211]: DEBUG placement.objects.allocation_candidate [req-28753ba4-8d79-49a0-9e62-bbba61eeb0c9 req-baf03640-ed61-4265-9a18-12792e5ca8b9 service placement] RequestGroup(use_same_provider=False, resources={MEMORY_MB:1024, VCPU:1}, traits=(), aggregates=[]) (suffix '') returned 2 matches {{(pid=116211) _get_by_requests /opt/stack/placement/placement/objects/allocation_candidate.py:156}}
Mar 24 00:56:56.985457 n-d-760455-9 devstack@placement-api.service[116211]: DEBUG placement.objects.allocation_candidate [req-28753ba4-8d79-49a0-9e62-bbba61eeb0c9 req-baf03640-ed61-4265-9a18-12792e5ca8b9 service placement] Merging candidates yields 2 allocation requests and 2 provider summaries {{(pid=116211) _merge_candidates /opt/stack/placement/placement/objects/allocation_candidate.py:809}}
Mar 24 00:56:56.993896 n-d-760455-9 devstack@placement-api.service[116211]: INFO placement.requestlog [req-28753ba4-8d79-49a0-9e62-bbba61eeb0c9 req-baf03640-ed61-4265-9a18-12792e5ca8b9 service placement] 10.222.0.45 "GET /placement/allocation_candidates?limit=1000&resources=MEMORY_MB%3A1024%2CVCPU%3A1&root_required=%21COMPUTE_STATUS_DISABLED" status: 200 len: 1281 microversion: 1.36
Mar 24 00:56:57.002733 n-d-760455-9 devstack@placement-api.service[116211]: [pid: 116211|app: 0|req: 278/551] 10.222.0.45 () {60 vars in 1478 bytes} [Thu Mar 24 00:56:56 2022] GET /placement/allocation_candidates?limit=1000&resources=MEMORY_MB%3A1024%2CVCPU%3A1&root_required=%21COMPUTE_STATUS_DISABLED => generated 1281 bytes in 205 msecs (HTTP/1.1 200) 8 headers in 297 bytes (1 switches on core 0)
Mar 24 00:56:57.134851 n-d-760455-9 devstack@placement-api.service[116212]: DEBUG placement.requestlog [req-28753ba4-8d79-49a0-9e62-bbba61eeb0c9 req-fb3b737b-c32d-463f-8eac-9babb0c7169f None None] Starting request: 10.222.0.45 "GET /placement/allocations/9d1b3330-f2dd-4e39-a81e-c006ea1e835e" {{(pid=116212) __call__ /opt/stack/placement/placement/requestlog.py:55}}
Mar 24 00:56:57.150737 n-d-760455-9 devstack@placement-api.service[116212]: INFO placement.requestlog [req-28753ba4-8d79-49a0-9e62-bbba61eeb0c9 req-fb3b737b-c32d-463f-8eac-9babb0c7169f service placement] 10.222.0.45 "GET /placement/allocations/9d1b3330-f2dd-4e39-a81e-c006ea1e835e" status: 200 len: 19 microversion: 1.28
Mar 24 00:56:57.155886 n-d-760455-9 devstack@placement-api.service[116212]: [pid: 116212|app: 0|req: 274/552] 10.222.0.45 () {60 vars in 1380 bytes} [Thu Mar 24 00:56:57 2022] GET /placement/allocations/9d1b3330-f2dd-4e39-a81e-c006ea1e835e => generated 19 bytes in 21 msecs (HTTP/1.1 200) 8 headers in 295 bytes (1 switches on core 0)
Mar 24 00:56:57.163980 n-d-760455-9 devstack@placement-api.service[116211]: DEBUG placement.requestlog [req-28753ba4-8d79-49a0-9e62-bbba61eeb0c9 req-6848a6ef-3aec-4d58-a25f-5305c5dd37c5 None None] Starting request: 10.222.0.45 "PUT /placement/allocations/9d1b3330-f2dd-4e39-a81e-c006ea1e835e" {{(pid=116211) __call__ /opt/stack/placement/placement/requestlog.py:55}}
Mar 24 00:56:57.283633 n-d-760455-9 devstack@placement-api.service[116211]: DEBUG placement.handlers.allocation [req-28753ba4-8d79-49a0-9e62-bbba61eeb0c9 req-6848a6ef-3aec-4d58-a25f-5305c5dd37c5 service placement] Successfully wrote allocations [, ] {{(pid=116211) _update_consumers_and_create_allocations /opt/stack/placement/placement/handlers/allocation.py:462}}
Mar 24 00:56:57.293852 n-d-760455-9 devstack@placement-api.service[116211]: INFO placement.requestlog [req-28753ba4-8d79-49a0-9e62-bbba61eeb0c9 req-6848a6ef-3aec-4d58-a25f-5305c5dd37c5 service placement] 10.222.0.45 "PUT /placement/allocations/9d1b3330-f2dd-4e39-a81e-c006ea1e835e" status: 204 len: 0 microversion: 1.36
Mar 24 00:56:57.301213 n-d-760455-9 devstack@placement-api.service[116211]: [pid: 116211|app: 0|req: 279/553] 10.222.0.45 () {64 vars in 1433 bytes} [Thu Mar 24 00:56:57 2022] PUT /placement/allocations/9d1b3330-f2dd-4e39-a81e-c006ea1e835e => generated 0 bytes in 131 msecs (HTTP/1.1 204) 5 headers in 199 bytes (1 switches on core 0)
Mar 24 00:56:58.033725 n-d-760455-9 devstack@placement-api.service[116212]: DEBUG placement.requestlog [req-28753ba4-8d79-49a0-9e62-bbba61eeb0c9 req-3c73bde9-59b5-40cd-bea1-c56c4ab83b10 None None] Starting request: 10.222.0.48 "GET /placement/allocations/9d1b3330-f2dd-4e39-a81e-c006ea1e835e" {{(pid=116212) __call__ /opt/stack/placement/placement/requestlog.py:55}}
Mar 24 00:56:58.075177 n-d-760455-9 devstack@placement-api.service[116212]: INFO placement.requestlog [req-28753ba4-8d79-49a0-9e62-bbba61eeb0c9 req-3c73bde9-59b5-40cd-bea1-c56c4ab83b10 service placement] 10.222.0.48 "GET /placement/allocations/9d1b3330-f2dd-4e39-a81e-c006ea1e835e" status: 200 len: 245 microversion: 1.28
Mar 24 00:56:58.082256 n-d-760455-9 devstack@placement-api.service[116212]: [pid: 116212|app: 0|req: 275/554] 10.222.0.48 () {60 vars in 1377 bytes} [Thu Mar 24 00:56:58 2022] GET /placement/allocations/9d1b3330-f2dd-4e39-a81e-c006ea1e835e => generated 245 bytes in 47 msecs (HTTP/1.1 200) 8 headers in 296 bytes (1 switches on core 0)
Mar 24 00:56:58.178679 n-d-760455-9 devstack@placement-api.service[116211]: DEBUG placement.requestlog [None req-82455239-6034-4162-8d52-a5aedf180102 None None] Starting request: 10.222.0.45 "GET /placement/" {{(pid=116211) __call__ /opt/stack/placement/placement/requestlog.py:55}}
Mar 24 00:56:58.180229 n-d-760455-9 devstack@placement-api.service[116211]: INFO placement.requestlog [None req-82455239-6034-4162-8d52-a5aedf180102 None None] 10.222.0.45 "GET /placement/" status: 200 len: 136 microversion: 1.0
Mar 24 00:56:58.180704 n-d-760455-9 devstack@placement-api.service[116211]: [pid: 116211|app: 0|req: 280/555] 10.222.0.45 () {54 vars in 916 bytes} [Thu Mar 24 00:56:58 2022] GET /placement => generated 136 bytes in 2 msecs (HTTP/1.1 200) 6 headers in 224 bytes (1 switches on core 0)
Mar 24 00:56:58.190137 n-d-760455-9 devstack@placement-api.service[116212]: DEBUG placement.requestlog [req-05256695-6fcc-45d9-884a-5ae246f8c93f req-6795e303-8fc2-4a85-812b-a4018ff48e7d None None] Starting request: 10.222.0.45 "GET /placement/allocations/31ac49e3-507c-463d-a92d-bd23eff41b61" {{(pid=116212) __call__ /opt/stack/placement/placement/requestlog.py:55}}
Mar 24 00:56:58.359026 n-d-760455-9 devstack@placement-api.service[116212]: INFO placement.requestlog [req-05256695-6fcc-45d9-884a-5ae246f8c93f req-6795e303-8fc2-4a85-812b-a4018ff48e7d service placement] 10.222.0.45 "GET /placement/allocations/31ac49e3-507c-463d-a92d-bd23eff41b61" status: 200 len: 245 microversion: 1.28
Mar 24 00:56:58.366098 n-d-760455-9 devstack@placement-api.service[116211]: DEBUG placement.requestlog [req-05256695-6fcc-45d9-884a-5ae246f8c93f req-90128a8c-511c-49cc-9c0c-46633901f4ec None None] Starting request: 10.222.0.45 "GET /placement/allocations/31ac49e3-507c-463d-a92d-bd23eff41b61" {{(pid=116211) __call__ /opt/stack/placement/placement/requestlog.py:55}}
Mar 24 00:56:58.372957 n-d-760455-9 devstack@placement-api.service[116212]: [pid: 116212|app: 0|req: 276/556] 10.222.0.45 () {60 vars in 1380 bytes} [Thu Mar 24 00:56:58 2022] GET /placement/allocations/31ac49e3-507c-463d-a92d-bd23eff41b61 => generated 245 bytes in 183 msecs (HTTP/1.1 200) 8 headers in 296 bytes (1 switches on core 0)
Mar 24 00:56:58.394371 n-d-760455-9 devstack@placement-api.service[116211]: INFO placement.requestlog [req-05256695-6fcc-45d9-884a-5ae246f8c93f req-90128a8c-511c-49cc-9c0c-46633901f4ec service placement] 10.222.0.45 "GET /placement/allocations/31ac49e3-507c-463d-a92d-bd23eff41b61" status: 200 len: 245 microversion: 1.28
Mar 24 00:56:58.400388 n-d-760455-9 devstack@placement-api.service[116212]: DEBUG placement.requestlog [req-05256695-6fcc-45d9-884a-5ae246f8c93f req-5d3ab0d2-3143-4cc5-adab-921b432ad3f8 None None] Starting request: 10.222.0.45 "GET /placement/allocations/0499f177-9c2a-4462-b60f-28244e914388" {{(pid=116212) __call__ /opt/stack/placement/placement/requestlog.py:55}}
Mar 24 00:56:58.410541 n-d-760455-9 devstack@placement-api.service[116211]: [pid: 116211|app: 0|req: 281/557] 10.222.0.45 () {60 vars in 1380 bytes} [Thu Mar 24 00:56:58 2022] GET /placement/allocations/31ac49e3-507c-463d-a92d-bd23eff41b61 => generated 245 bytes in 44 msecs (HTTP/1.1 200) 8 headers in 296 bytes (1 switches on core 0)
Mar 24 00:56:58.411719 n-d-760455-9 devstack@placement-api.service[116212]: INFO placement.requestlog [req-05256695-6fcc-45d9-884a-5ae246f8c93f req-5d3ab0d2-3143-4cc5-adab-921b432ad3f8 service placement] 10.222.0.45 "GET /placement/allocations/0499f177-9c2a-4462-b60f-28244e914388" status: 200 len: 19 microversion: 1.28
Mar 24 00:56:58.420362 n-d-760455-9 devstack@placement-api.service[116211]: DEBUG placement.requestlog [req-05256695-6fcc-45d9-884a-5ae246f8c93f req-14c01e33-81ae-4369-8522-c0d928c5175a None None] Starting request: 10.222.0.45 "POST /placement/allocations" {{(pid=116211) __call__ /opt/stack/placement/placement/requestlog.py:55}}
Mar 24 00:56:58.426872 n-d-760455-9 devstack@placement-api.service[116212]: [pid: 116212|app: 0|req: 277/558] 10.222.0.45 () {60 vars in 1380 bytes} [Thu Mar 24 00:56:58 2022] GET /placement/allocations/0499f177-9c2a-4462-b60f-28244e914388 => generated 19 bytes in 27 msecs (HTTP/1.1 200) 8 headers in 295 bytes (2 switches on core 0)
Mar 24 00:56:58.575647 n-d-760455-9 devstack@placement-api.service[116211]: DEBUG placement.handlers.allocation [req-05256695-6fcc-45d9-884a-5ae246f8c93f req-14c01e33-81ae-4369-8522-c0d928c5175a service placement] Successfully wrote allocations [, , , ] {{(pid=116211) _update_consumers_and_create_allocations /opt/stack/placement/placement/handlers/allocation.py:572}}
Mar 24 00:56:58.581428 n-d-760455-9 devstack@placement-api.service[116211]: INFO placement.requestlog [req-05256695-6fcc-45d9-884a-5ae246f8c93f req-14c01e33-81ae-4369-8522-c0d928c5175a service placement] 10.222.0.45 "POST /placement/allocations" status: 204 len: 0 microversion: 1.28
Mar 24 00:56:58.582623 n-d-760455-9 devstack@placement-api.service[116211]: [pid: 116211|app: 0|req: 282/559] 10.222.0.45 () {64 vars in 1323 bytes} [Thu Mar 24 00:56:58 2022] POST /placement/allocations => generated 0 bytes in 162 msecs (HTTP/1.1 204) 5 headers in 199 bytes (1 switches on core 0)
Mar 24 00:56:58.662201 n-d-760455-9 devstack@placement-api.service[116212]: DEBUG placement.requestlog [req-05256695-6fcc-45d9-884a-5ae246f8c93f req-45363d60-58cd-4405-9330-4ffdb58ca97c None None] Starting request: 10.222.0.45 "GET /placement/allocations/31ac49e3-507c-463d-a92d-bd23eff41b61" {{(pid=116212) __call__ /opt/stack/placement/placement/requestlog.py:55}}
Mar 24 00:56:58.678060 n-d-760455-9 devstack@placement-api.service[116212]: INFO placement.requestlog [req-05256695-6fcc-45d9-884a-5ae246f8c93f req-45363d60-58cd-4405-9330-4ffdb58ca97c service placement] 10.222.0.45 "GET /placement/allocations/31ac49e3-507c-463d-a92d-bd23eff41b61" status: 200 len: 19 microversion: 1.28
Mar 24 00:56:58.684425 n-d-760455-9 devstack@placement-api.service[116212]: [pid: 116212|app: 0|req: 278/560] 10.222.0.45 () {60 vars in 1380 bytes} [Thu Mar 24 00:56:58 2022] GET /placement/allocations/31ac49e3-507c-463d-a92d-bd23eff41b61 => generated 19 bytes in 22 msecs (HTTP/1.1 200) 8 headers in 295 bytes (1 switches on core 0)
Mar 24 00:56:58.711654 n-d-760455-9 devstack@placement-api.service[116211]: DEBUG placement.requestlog [req-05256695-6fcc-45d9-884a-5ae246f8c93f req-f8bdd10f-a1e2-4ee2-866c-7cd9a768dc1f None None] Starting request: 10.222.0.45 "PUT /placement/allocations/31ac49e3-507c-463d-a92d-bd23eff41b61" {{(pid=116211) __call__ /opt/stack/placement/placement/requestlog.py:55}}
Mar 24 00:56:58.908979 n-d-760455-9 devstack@placement-api.service[116211]: DEBUG placement.handlers.allocation [req-05256695-6fcc-45d9-884a-5ae246f8c93f req-f8bdd10f-a1e2-4ee2-866c-7cd9a768dc1f service placement] Successfully wrote allocations [, ] {{(pid=116211) _update_consumers_and_create_allocations /opt/stack/placement/placement/handlers/allocation.py:462}}
Mar 24 00:56:58.921349 n-d-760455-9 devstack@placement-api.service[116211]: INFO placement.requestlog [req-05256695-6fcc-45d9-884a-5ae246f8c93f req-f8bdd10f-a1e2-4ee2-866c-7cd9a768dc1f service placement] 10.222.0.45 "PUT /placement/allocations/31ac49e3-507c-463d-a92d-bd23eff41b61" status: 204 len: 0 microversion: 1.28
Mar 24 00:56:58.925002 n-d-760455-9 devstack@placement-api.service[116211]: [pid: 116211|app: 0|req: 283/561] 10.222.0.45 () {64 vars in 1433 bytes} [Thu Mar 24 00:56:58 2022] PUT /placement/allocations/31ac49e3-507c-463d-a92d-bd23eff41b61 => generated 0 bytes in 213 msecs (HTTP/1.1 204) 5 headers in 199 bytes (2 switches on core 0)
Mar 24 00:56:59.142295 n-d-760455-9 devstack@placement-api.service[116212]: DEBUG placement.requestlog [req-05256695-6fcc-45d9-884a-5ae246f8c93f req-30a7b2bd-1c4d-4aeb-bc91-7d1540479cf4 None None] Starting request: 10.222.0.57 "GET /placement/allocations/31ac49e3-507c-463d-a92d-bd23eff41b61" {{(pid=116212) __call__ /opt/stack/placement/placement/requestlog.py:55}}
Mar 24 00:56:59.186070 n-d-760455-9 devstack@placement-api.service[116212]: INFO placement.requestlog [req-05256695-6fcc-45d9-884a-5ae246f8c93f req-30a7b2bd-1c4d-4aeb-bc91-7d1540479cf4 service placement] 10.222.0.57 "GET /placement/allocations/31ac49e3-507c-463d-a92d-bd23eff41b61" status: 200 len: 245 microversion: 1.28
Mar 24 00:56:59.186450 n-d-760455-9 devstack@placement-api.service[116212]: [pid: 116212|app: 0|req: 279/562] 10.222.0.57 () {60 vars in 1377 bytes} [Thu Mar 24 00:56:59 2022] GET /placement/allocations/31ac49e3-507c-463d-a92d-bd23eff41b61 => generated 245 bytes in 44 msecs (HTTP/1.1 200) 8 headers in 296 bytes (2 switches on core 0)
Mar 24 00:57:13.348625 n-d-760455-9 devstack@placement-api.service[116211]: DEBUG placement.requestlog [req-98b023b1-b98f-4b12-827e-f856b0928f2c req-47643be1-8253-4aaf-a9cb-fc484f8de14a None None] Starting request: 10.222.0.45 "GET /placement/allocation_candidates?limit=1000&resources=DISK_GB%3A1%2CMEMORY_MB%3A1024%2CVCPU%3A1&root_required=%21COMPUTE_STATUS_DISABLED" {{(pid=116211) __call__ /opt/stack/placement/placement/requestlog.py:55}}
Mar 24 00:57:13.567073 n-d-760455-9 devstack@placement-api.service[116211]: DEBUG placement.objects.research_context [req-98b023b1-b98f-4b12-827e-f856b0928f2c req-47643be1-8253-4aaf-a9cb-fc484f8de14a service placement] getting providers with 1 DISK_GB {{(pid=116211) __init__ /opt/stack/placement/placement/objects/research_context.py:136}}
Mar 24 00:57:13.579349 n-d-760455-9 devstack@placement-api.service[116211]: DEBUG placement.objects.research_context [req-98b023b1-b98f-4b12-827e-f856b0928f2c req-47643be1-8253-4aaf-a9cb-fc484f8de14a service placement] getting providers with 1024 MEMORY_MB {{(pid=116211) __init__ /opt/stack/placement/placement/objects/research_context.py:136}}
Mar 24 00:57:13.587410 n-d-760455-9 devstack@placement-api.service[116211]: DEBUG placement.objects.research_context [req-98b023b1-b98f-4b12-827e-f856b0928f2c req-47643be1-8253-4aaf-a9cb-fc484f8de14a service placement] getting providers with 1 VCPU {{(pid=116211) __init__ /opt/stack/placement/placement/objects/research_context.py:136}}
Mar 24 00:57:13.595382 n-d-760455-9 devstack@placement-api.service[116211]: DEBUG placement.objects.research_context [req-98b023b1-b98f-4b12-827e-f856b0928f2c req-47643be1-8253-4aaf-a9cb-fc484f8de14a service placement] found 2 providers with available 1 DISK_GB {{(pid=116211) get_provider_ids_matching /opt/stack/placement/placement/objects/research_context.py:559}}
Mar 24 00:57:13.596356 n-d-760455-9 devstack@placement-api.service[116211]: DEBUG placement.objects.research_context [req-98b023b1-b98f-4b12-827e-f856b0928f2c req-47643be1-8253-4aaf-a9cb-fc484f8de14a service placement] found 2 providers with available 1024 MEMORY_MB {{(pid=116211) get_provider_ids_matching /opt/stack/placement/placement/objects/research_context.py:559}}
Mar 24 00:57:13.596792 n-d-760455-9 devstack@placement-api.service[116211]: DEBUG placement.objects.research_context [req-98b023b1-b98f-4b12-827e-f856b0928f2c req-47643be1-8253-4aaf-a9cb-fc484f8de14a service placement] found 2 providers after filtering by previous result {{(pid=116211) get_provider_ids_matching /opt/stack/placement/placement/objects/research_context.py:590}}
Mar 24 00:57:13.597401 n-d-760455-9 devstack@placement-api.service[116211]: DEBUG placement.objects.research_context [req-98b023b1-b98f-4b12-827e-f856b0928f2c req-47643be1-8253-4aaf-a9cb-fc484f8de14a service placement] found 2 providers with available 1 VCPU {{(pid=116211) get_provider_ids_matching /opt/stack/placement/placement/objects/research_context.py:559}}
Mar 24 00:57:13.597853 n-d-760455-9 devstack@placement-api.service[116211]: DEBUG placement.objects.research_context [req-98b023b1-b98f-4b12-827e-f856b0928f2c req-47643be1-8253-4aaf-a9cb-fc484f8de14a service placement] found 2 providers after filtering by previous result {{(pid=116211) get_provider_ids_matching /opt/stack/placement/placement/objects/research_context.py:590}}
Mar 24 00:57:13.617954 n-d-760455-9 devstack@placement-api.service[116211]: DEBUG placement.objects.allocation_candidate [req-98b023b1-b98f-4b12-827e-f856b0928f2c req-47643be1-8253-4aaf-a9cb-fc484f8de14a service placement] RequestGroup(use_same_provider=False, resources={DISK_GB:1, MEMORY_MB:1024, VCPU:1}, traits=(), aggregates=[]) (suffix '') returned 2 matches {{(pid=116211) _get_by_requests /opt/stack/placement/placement/objects/allocation_candidate.py:156}}
Mar 24 00:57:13.618676 n-d-760455-9 devstack@placement-api.service[116211]: DEBUG placement.objects.allocation_candidate [req-98b023b1-b98f-4b12-827e-f856b0928f2c req-47643be1-8253-4aaf-a9cb-fc484f8de14a service placement] Merging candidates yields 2 allocation requests and 2 provider summaries {{(pid=116211) _merge_candidates /opt/stack/placement/placement/objects/allocation_candidate.py:809}}
Mar 24 00:57:13.622484 n-d-760455-9 devstack@placement-api.service[116211]: INFO placement.requestlog [req-98b023b1-b98f-4b12-827e-f856b0928f2c req-47643be1-8253-4aaf-a9cb-fc484f8de14a service placement] 10.222.0.45 "GET /placement/allocation_candidates?limit=1000&resources=DISK_GB%3A1%2CMEMORY_MB%3A1024%2CVCPU%3A1&root_required=%21COMPUTE_STATUS_DISABLED" status: 200 len: 1309 microversion: 1.36
Mar 24 00:57:13.651841 n-d-760455-9 devstack@placement-api.service[116211]: [pid: 116211|app: 0|req: 284/563] 10.222.0.45 () {60 vars in 1506 bytes} [Thu Mar 24 00:57:13 2022] GET /placement/allocation_candidates?limit=1000&resources=DISK_GB%3A1%2CMEMORY_MB%3A1024%2CVCPU%3A1&root_required=%21COMPUTE_STATUS_DISABLED => generated 1309 bytes in 303 msecs (HTTP/1.1 200) 8 headers in 297 bytes (1 switches on core 0)
Mar 24 00:57:13.757066 n-d-760455-9 devstack@placement-api.service[116212]: DEBUG placement.requestlog [req-98b023b1-b98f-4b12-827e-f856b0928f2c req-d667a9c6-c8c1-49db-b4bf-88eb8373fbb4 None None] Starting request: 10.222.0.45 "GET /placement/allocations/df130f22-4d68-495f-9e99-7c4861d9328d" {{(pid=116212) __call__ /opt/stack/placement/placement/requestlog.py:55}}
Mar 24 00:57:13.769040 n-d-760455-9 devstack@placement-api.service[116212]: INFO placement.requestlog [req-98b023b1-b98f-4b12-827e-f856b0928f2c req-d667a9c6-c8c1-49db-b4bf-88eb8373fbb4 service placement] 10.222.0.45 "GET /placement/allocations/df130f22-4d68-495f-9e99-7c4861d9328d" status: 200 len: 19 microversion: 1.28
Mar 24 00:57:13.775719 n-d-760455-9 devstack@placement-api.service[116212]: [pid: 116212|app: 0|req: 280/564] 10.222.0.45 () {60 vars in 1380 bytes} [Thu Mar 24 00:57:13 2022] GET /placement/allocations/df130f22-4d68-495f-9e99-7c4861d9328d => generated 19 bytes in 19 msecs (HTTP/1.1 200) 8 headers in 295 bytes (1 switches on core 0)
Mar 24 00:57:13.778609 n-d-760455-9 devstack@placement-api.service[116211]: DEBUG placement.requestlog [req-98b023b1-b98f-4b12-827e-f856b0928f2c req-42ad5c70-5028-486e-bbf3-3ef1d1d0ed6a None None] Starting request: 10.222.0.45 "PUT /placement/allocations/df130f22-4d68-495f-9e99-7c4861d9328d" {{(pid=116211) __call__ /opt/stack/placement/placement/requestlog.py:55}}
Mar 24 00:57:13.861227 n-d-760455-9 devstack@placement-api.service[116211]: DEBUG placement.handlers.allocation [req-98b023b1-b98f-4b12-827e-f856b0928f2c req-42ad5c70-5028-486e-bbf3-3ef1d1d0ed6a service placement] Successfully wrote allocations [, , ] {{(pid=116211) _update_consumers_and_create_allocations /opt/stack/placement/placement/handlers/allocation.py:462}}
Mar 24 00:57:13.870715 n-d-760455-9 devstack@placement-api.service[116211]: INFO placement.requestlog [req-98b023b1-b98f-4b12-827e-f856b0928f2c req-42ad5c70-5028-486e-bbf3-3ef1d1d0ed6a service placement] 10.222.0.45 "PUT /placement/allocations/df130f22-4d68-495f-9e99-7c4861d9328d" status: 204 len: 0 microversion: 1.36
Mar 24 00:57:13.875022 n-d-760455-9 devstack@placement-api.service[116211]: [pid: 116211|app: 0|req: 285/565] 10.222.0.45 () {64 vars in 1433 bytes} [Thu Mar 24 00:57:13 2022] PUT /placement/allocations/df130f22-4d68-495f-9e99-7c4861d9328d => generated 0 bytes in 97 msecs (HTTP/1.1 204) 5 headers in 199 bytes (1 switches on core 0)
Mar 24 00:57:14.329273 n-d-760455-9 devstack@placement-api.service[116212]: DEBUG placement.requestlog [req-98b023b1-b98f-4b12-827e-f856b0928f2c req-48a608d0-9609-4562-b05f-ad1d9657c61e None None] Starting request: 10.222.0.57 "GET /placement/allocations/df130f22-4d68-495f-9e99-7c4861d9328d" {{(pid=116212) __call__ /opt/stack/placement/placement/requestlog.py:55}}
Mar 24 00:57:14.345977 n-d-760455-9 devstack@placement-api.service[116212]: INFO placement.requestlog [req-98b023b1-b98f-4b12-827e-f856b0928f2c req-48a608d0-9609-4562-b05f-ad1d9657c61e service placement] 10.222.0.57 "GET /placement/allocations/df130f22-4d68-495f-9e99-7c4861d9328d" status: 200 len: 259 microversion: 1.28
Mar 24 00:57:14.346823 n-d-760455-9 devstack@placement-api.service[116212]: [pid: 116212|app: 0|req: 281/566] 10.222.0.57 () {60 vars in 1377 bytes} [Thu Mar 24 00:57:14 2022] GET /placement/allocations/df130f22-4d68-495f-9e99-7c4861d9328d => generated 259 bytes in 19 msecs (HTTP/1.1 200) 8 headers in 296 bytes (1 switches on core 0)
Mar 24 00:57:15.963299 n-d-760455-9 devstack@placement-api.service[116211]: DEBUG placement.requestlog [req-95f8fb81-b28f-4fbd-a86f-e53b027f19c5 req-c7ee79e2-d124-480d-80ad-09dadf86b094 None None] Starting request: 10.222.0.48 "DELETE /placement/allocations/af9b6048-def6-44f0-8ee7-17ca72f9158c" {{(pid=116211) __call__ /opt/stack/placement/placement/requestlog.py:55}}
Mar 24 00:57:16.026235 n-d-760455-9 devstack@placement-api.service[116211]: DEBUG placement.handlers.allocation [req-95f8fb81-b28f-4fbd-a86f-e53b027f19c5 req-c7ee79e2-d124-480d-80ad-09dadf86b094 service placement] Successfully deleted allocations [, , ] {{(pid=116211) delete_allocations /opt/stack/placement/placement/handlers/allocation.py:627}}
Mar 24 00:57:16.027209 n-d-760455-9 devstack@placement-api.service[116211]: INFO placement.requestlog [req-95f8fb81-b28f-4fbd-a86f-e53b027f19c5 req-c7ee79e2-d124-480d-80ad-09dadf86b094 service placement] 10.222.0.48 "DELETE /placement/allocations/af9b6048-def6-44f0-8ee7-17ca72f9158c" status: 204 len: 0 microversion: 1.0
Mar 24 00:57:16.030161 n-d-760455-9 devstack@placement-api.service[116211]: [pid: 116211|app: 0|req: 286/567] 10.222.0.48 () {60 vars in 1355 bytes} [Thu Mar 24 00:57:15 2022] DELETE /placement/allocations/af9b6048-def6-44f0-8ee7-17ca72f9158c => generated 0 bytes in 66 msecs (HTTP/1.1 204) 5 headers in 198 bytes (1 switches on core 0)
Mar 24 00:57:40.560746 n-d-760455-9 devstack@placement-api.service[116212]: DEBUG placement.requestlog [req-8c4db93c-ff73-4ed0-a2e9-7efcbe13bad0 req-9913ab2a-47f6-4c88-9ab7-e7cb87f5ecfb None None] Starting request: 10.222.0.57 "GET /placement/resource_providers/ad20b2be-541f-41a9-9ebc-85ba615cd99d/allocations" {{(pid=116212) __call__ /opt/stack/placement/placement/requestlog.py:55}}
Mar 24 00:57:40.610516 n-d-760455-9 devstack@placement-api.service[116212]: INFO placement.requestlog [req-8c4db93c-ff73-4ed0-a2e9-7efcbe13bad0 req-9913ab2a-47f6-4c88-9ab7-e7cb87f5ecfb service placement] 10.222.0.57 "GET /placement/resource_providers/ad20b2be-541f-41a9-9ebc-85ba615cd99d/allocations" status: 200 len: 948 microversion: 1.0
Mar 24 00:57:40.611201 n-d-760455-9 devstack@placement-api.service[116212]: [pid: 116212|app: 0|req: 282/568] 10.222.0.57 () {58 vars in 1390 bytes} [Thu Mar 24 00:57:40 2022] GET /placement/resource_providers/ad20b2be-541f-41a9-9ebc-85ba615cd99d/allocations => generated 948 bytes in 51 msecs (HTTP/1.1 200) 6 headers in 224 bytes (1 switches on core 0)
Mar 24 00:57:42.027400 n-d-760455-9 devstack@placement-api.service[116211]: DEBUG placement.requestlog [req-40463916-5cbb-4c6c-97cb-5a42e4a1387b req-72e6bbe2-9f65-4441-b0b8-1e6158e91a26 None None] Starting request: 10.222.0.57 "DELETE /placement/allocations/8e744b53-12fa-43d9-aa4a-a781f7544446" {{(pid=116211) __call__ /opt/stack/placement/placement/requestlog.py:55}}
Mar 24 00:57:42.132836 n-d-760455-9 devstack@placement-api.service[116211]: DEBUG placement.handlers.allocation [req-40463916-5cbb-4c6c-97cb-5a42e4a1387b req-72e6bbe2-9f65-4441-b0b8-1e6158e91a26 service placement] Successfully deleted allocations [, , ] {{(pid=116211) delete_allocations /opt/stack/placement/placement/handlers/allocation.py:627}}
Mar 24 00:57:42.133806 n-d-760455-9 devstack@placement-api.service[116211]: INFO placement.requestlog [req-40463916-5cbb-4c6c-97cb-5a42e4a1387b req-72e6bbe2-9f65-4441-b0b8-1e6158e91a26 service placement] 10.222.0.57 "DELETE /placement/allocations/8e744b53-12fa-43d9-aa4a-a781f7544446" status: 204 len: 0 microversion: 1.0
Mar 24 00:57:42.134637 n-d-760455-9 devstack@placement-api.service[116211]: [pid: 116211|app: 0|req: 287/569] 10.222.0.57 () {60 vars in 1355 bytes} [Thu Mar 24 00:57:42 2022] DELETE /placement/allocations/8e744b53-12fa-43d9-aa4a-a781f7544446 => generated 0 bytes in 107 msecs (HTTP/1.1 204) 5 headers in 198 bytes (1 switches on core 0)
Mar 24 00:57:42.954825 n-d-760455-9 devstack@placement-api.service[116212]: DEBUG placement.requestlog [req-4c1d34c8-20ab-4685-bf91-526c6d31d639 req-76180322-a2aa-45ee-af75-d03cab00fc7c None None] Starting request: 10.222.0.57 "DELETE /placement/allocations/573286e1-e78f-4614-96b5-de101d70a34a" {{(pid=116212) __call__ /opt/stack/placement/placement/requestlog.py:55}}
Mar 24 00:57:43.039235 n-d-760455-9 devstack@placement-api.service[116212]: DEBUG placement.handlers.allocation [req-4c1d34c8-20ab-4685-bf91-526c6d31d639 req-76180322-a2aa-45ee-af75-d03cab00fc7c service placement] Successfully deleted allocations [, , ] {{(pid=116212) delete_allocations /opt/stack/placement/placement/handlers/allocation.py:627}}
Mar 24 00:57:43.040066 n-d-760455-9 devstack@placement-api.service[116212]: INFO placement.requestlog [req-4c1d34c8-20ab-4685-bf91-526c6d31d639 req-76180322-a2aa-45ee-af75-d03cab00fc7c service placement] 10.222.0.57 "DELETE /placement/allocations/573286e1-e78f-4614-96b5-de101d70a34a" status: 204 len: 0 microversion: 1.0
Mar 24 00:57:43.041317 n-d-760455-9 devstack@placement-api.service[116212]: [pid: 116212|app: 0|req: 283/570] 10.222.0.57 () {60 vars in 1355 bytes} [Thu Mar 24 00:57:42 2022] DELETE /placement/allocations/573286e1-e78f-4614-96b5-de101d70a34a => generated 0 bytes in 87 msecs (HTTP/1.1 204) 5 headers in 198 bytes (1 switches on core 0)
Mar 24 00:57:48.150050 n-d-760455-9 devstack@placement-api.service[116211]: DEBUG placement.requestlog [req-80997ee7-90ee-4f27-b754-1a1f38fdce1a req-9d85c333-fbf7-4b56-9805-f5326bfd4fa5 None None] Starting request: 10.222.0.48 "GET /placement/resource_providers/0129588a-67c4-4f9a-b217-88ce81655a33/allocations" {{(pid=116211) __call__ /opt/stack/placement/placement/requestlog.py:55}}
Mar 24 00:57:48.174091 n-d-760455-9 devstack@placement-api.service[116211]: INFO placement.requestlog [req-80997ee7-90ee-4f27-b754-1a1f38fdce1a req-9d85c333-fbf7-4b56-9805-f5326bfd4fa5 service placement] 10.222.0.48 "GET /placement/resource_providers/0129588a-67c4-4f9a-b217-88ce81655a33/allocations" status: 200 len: 631 microversion: 1.0
Mar 24 00:57:48.175018 n-d-760455-9 devstack@placement-api.service[116211]: [pid: 116211|app: 0|req: 288/571] 10.222.0.48 () {58 vars in 1390 bytes} [Thu Mar 24 00:57:48 2022] GET /placement/resource_providers/0129588a-67c4-4f9a-b217-88ce81655a33/allocations => generated 631 bytes in 25 msecs (HTTP/1.1 200) 6 headers in 224 bytes (2 switches on core 0)
Mar 24 00:57:54.987571 n-d-760455-9 devstack@placement-api.service[116212]: DEBUG placement.requestlog [req-752fddd0-fe12-4879-96ef-4b2c73eebf0d req-8a22a02c-e2f2-4199-b2b1-8197da439f49 None None] Starting request: 10.222.0.57 "GET /placement/allocations/df130f22-4d68-495f-9e99-7c4861d9328d" {{(pid=116212) __call__ /opt/stack/placement/placement/requestlog.py:55}}
Mar 24 00:57:55.013356 n-d-760455-9 devstack@placement-api.service[116212]: INFO placement.requestlog [req-752fddd0-fe12-4879-96ef-4b2c73eebf0d req-8a22a02c-e2f2-4199-b2b1-8197da439f49 service placement] 10.222.0.57 "GET /placement/allocations/df130f22-4d68-495f-9e99-7c4861d9328d" status: 200 len: 259 microversion: 1.28
Mar 24 00:57:55.014434 n-d-760455-9 devstack@placement-api.service[116212]: [pid: 116212|app: 0|req: 284/572] 10.222.0.57 () {60 vars in 1377 bytes} [Thu Mar 24 00:57:54 2022] GET /placement/allocations/df130f22-4d68-495f-9e99-7c4861d9328d => generated 259 bytes in 27 msecs (HTTP/1.1 200) 8 headers in 296 bytes (1 switches on core 0)
Mar 24 00:57:55.554630 n-d-760455-9 devstack@placement-api.service[116211]: DEBUG placement.requestlog [req-472e56bd-3939-4284-9226-a45918cccc2e req-a67d4a74-c77a-4f0f-b05f-b51eaeea03fe None None] Starting request: 10.222.0.45 "GET /placement/allocation_candidates?limit=1000&resources=MEMORY_MB%3A1024%2CVCPU%3A1&root_required=%21COMPUTE_STATUS_DISABLED" {{(pid=116211) __call__ /opt/stack/placement/placement/requestlog.py:55}}
Mar 24 00:57:55.591342 n-d-760455-9 devstack@placement-api.service[116211]: DEBUG placement.objects.research_context [req-472e56bd-3939-4284-9226-a45918cccc2e req-a67d4a74-c77a-4f0f-b05f-b51eaeea03fe service placement] getting providers with 1024 MEMORY_MB {{(pid=116211) __init__ /opt/stack/placement/placement/objects/research_context.py:136}}
Mar 24 00:57:55.597356 n-d-760455-9 devstack@placement-api.service[116211]: DEBUG placement.objects.research_context [req-472e56bd-3939-4284-9226-a45918cccc2e req-a67d4a74-c77a-4f0f-b05f-b51eaeea03fe service placement] getting providers with 1 VCPU {{(pid=116211) __init__ /opt/stack/placement/placement/objects/research_context.py:136}}
Mar 24 00:57:55.613332 n-d-760455-9 devstack@placement-api.service[116211]: DEBUG placement.objects.research_context [req-472e56bd-3939-4284-9226-a45918cccc2e req-a67d4a74-c77a-4f0f-b05f-b51eaeea03fe service placement] found 2 providers with available 1024 MEMORY_MB {{(pid=116211) get_provider_ids_matching /opt/stack/placement/placement/objects/research_context.py:559}}
Mar 24 00:57:55.613998 n-d-760455-9 devstack@placement-api.service[116211]: DEBUG placement.objects.research_context [req-472e56bd-3939-4284-9226-a45918cccc2e req-a67d4a74-c77a-4f0f-b05f-b51eaeea03fe service placement] found 2 providers with available 1 VCPU {{(pid=116211) get_provider_ids_matching /opt/stack/placement/placement/objects/research_context.py:559}}
Mar 24 00:57:55.614498 n-d-760455-9 devstack@placement-api.service[116211]: DEBUG placement.objects.research_context [req-472e56bd-3939-4284-9226-a45918cccc2e req-a67d4a74-c77a-4f0f-b05f-b51eaeea03fe service placement] found 2 providers after filtering by previous result {{(pid=116211) get_provider_ids_matching /opt/stack/placement/placement/objects/research_context.py:590}}
Mar 24 00:57:55.625932 n-d-760455-9 devstack@placement-api.service[116211]: DEBUG placement.objects.allocation_candidate [req-472e56bd-3939-4284-9226-a45918cccc2e req-a67d4a74-c77a-4f0f-b05f-b51eaeea03fe service placement] RequestGroup(use_same_provider=False, resources={MEMORY_MB:1024, VCPU:1}, traits=(), aggregates=[]) (suffix '') returned 2 matches {{(pid=116211) _get_by_requests /opt/stack/placement/placement/objects/allocation_candidate.py:156}}
Mar 24 00:57:55.626614 n-d-760455-9 devstack@placement-api.service[116211]: DEBUG placement.objects.allocation_candidate [req-472e56bd-3939-4284-9226-a45918cccc2e req-a67d4a74-c77a-4f0f-b05f-b51eaeea03fe service placement] Merging candidates yields 2 allocation requests and 2 provider summaries {{(pid=116211) _merge_candidates /opt/stack/placement/placement/objects/allocation_candidate.py:809}}
Mar 24 00:57:55.628476 n-d-760455-9 devstack@placement-api.service[116211]: INFO placement.requestlog [req-472e56bd-3939-4284-9226-a45918cccc2e req-a67d4a74-c77a-4f0f-b05f-b51eaeea03fe service placement] 10.222.0.45 "GET /placement/allocation_candidates?limit=1000&resources=MEMORY_MB%3A1024%2CVCPU%3A1&root_required=%21COMPUTE_STATUS_DISABLED" status: 200 len: 1281 microversion: 1.36
Mar 24 00:57:55.629436 n-d-760455-9 devstack@placement-api.service[116211]: [pid: 116211|app: 0|req: 289/573] 10.222.0.45 () {60 vars in 1478 bytes} [Thu Mar 24 00:57:55 2022] GET /placement/allocation_candidates?limit=1000&resources=MEMORY_MB%3A1024%2CVCPU%3A1&root_required=%21COMPUTE_STATUS_DISABLED => generated 1281 bytes in 75 msecs (HTTP/1.1 200) 8 headers in 297 bytes (1 switches on core 0)
Mar 24 00:57:55.719864 n-d-760455-9 devstack@placement-api.service[116212]: DEBUG placement.requestlog [req-472e56bd-3939-4284-9226-a45918cccc2e req-01fe3c38-088f-482e-8a99-016f5b1f9fef None None] Starting request: 10.222.0.45 "GET /placement/allocations/2daa2090-2ba4-4fc4-aa7e-ef9d967e7088" {{(pid=116212) __call__ /opt/stack/placement/placement/requestlog.py:55}}
Mar 24 00:57:55.731708 n-d-760455-9 devstack@placement-api.service[116212]: INFO placement.requestlog [req-472e56bd-3939-4284-9226-a45918cccc2e req-01fe3c38-088f-482e-8a99-016f5b1f9fef service placement] 10.222.0.45 "GET /placement/allocations/2daa2090-2ba4-4fc4-aa7e-ef9d967e7088" status: 200 len: 19 microversion: 1.28
Mar 24 00:57:55.732713 n-d-760455-9 devstack@placement-api.service[116212]: [pid: 116212|app: 0|req: 285/574] 10.222.0.45 () {60 vars in 1380 bytes} [Thu Mar 24 00:57:55 2022] GET /placement/allocations/2daa2090-2ba4-4fc4-aa7e-ef9d967e7088 => generated 19 bytes in 13 msecs (HTTP/1.1 200) 8 headers in 295 bytes (1 switches on core 0)
Mar 24 00:57:55.740583 n-d-760455-9 devstack@placement-api.service[116211]: DEBUG placement.requestlog [req-472e56bd-3939-4284-9226-a45918cccc2e req-8b252188-c71a-4801-a925-1409d3477d02 None None] Starting request: 10.222.0.45 "PUT /placement/allocations/2daa2090-2ba4-4fc4-aa7e-ef9d967e7088" {{(pid=116211) __call__ /opt/stack/placement/placement/requestlog.py:55}}
Mar 24 00:57:55.834546 n-d-760455-9 devstack@placement-api.service[116211]: DEBUG placement.handlers.allocation [req-472e56bd-3939-4284-9226-a45918cccc2e req-8b252188-c71a-4801-a925-1409d3477d02 service placement] Successfully wrote allocations [, ] {{(pid=116211) _update_consumers_and_create_allocations /opt/stack/placement/placement/handlers/allocation.py:462}}
Mar 24 00:57:55.840904 n-d-760455-9 devstack@placement-api.service[116211]: INFO placement.requestlog [req-472e56bd-3939-4284-9226-a45918cccc2e req-8b252188-c71a-4801-a925-1409d3477d02 service placement] 10.222.0.45 "PUT /placement/allocations/2daa2090-2ba4-4fc4-aa7e-ef9d967e7088" status: 204 len: 0 microversion: 1.36
Mar 24 00:57:55.842010 n-d-760455-9 devstack@placement-api.service[116211]: [pid: 116211|app: 0|req: 290/575] 10.222.0.45 () {64 vars in 1433 bytes} [Thu Mar 24 00:57:55 2022] PUT /placement/allocations/2daa2090-2ba4-4fc4-aa7e-ef9d967e7088 => generated 0 bytes in 102 msecs (HTTP/1.1 204) 5 headers in 199 bytes (1 switches on core 0)
Mar 24 00:57:56.350322 n-d-760455-9 devstack@placement-api.service[116212]: DEBUG placement.requestlog [req-472e56bd-3939-4284-9226-a45918cccc2e req-74e12060-3423-4f8f-a403-219588caab0a None None] Starting request: 10.222.0.57 "GET /placement/allocations/2daa2090-2ba4-4fc4-aa7e-ef9d967e7088" {{(pid=116212) __call__ /opt/stack/placement/placement/requestlog.py:55}}
Mar 24 00:57:56.373062 n-d-760455-9 devstack@placement-api.service[116212]: INFO placement.requestlog [req-472e56bd-3939-4284-9226-a45918cccc2e req-74e12060-3423-4f8f-a403-219588caab0a service placement] 10.222.0.57 "GET /placement/allocations/2daa2090-2ba4-4fc4-aa7e-ef9d967e7088" status: 200 len: 245 microversion: 1.28
Mar 24 00:57:56.375206 n-d-760455-9 devstack@placement-api.service[116212]: [pid: 116212|app: 0|req: 286/576] 10.222.0.57 () {60 vars in 1377 bytes} [Thu Mar 24 00:57:56 2022] GET /placement/allocations/2daa2090-2ba4-4fc4-aa7e-ef9d967e7088 => generated 245 bytes in 25 msecs (HTTP/1.1 200) 8 headers in 296 bytes (1 switches on core 0)
Mar 24 00:58:00.135904 n-d-760455-9 devstack@placement-api.service[116211]: DEBUG placement.requestlog [req-4bcc5c60-d81b-4487-9741-de687cb05f62 req-d10781f0-c14a-441d-8629-6db1a53b590f None None] Starting request: 10.222.0.45 "GET /placement/allocation_candidates?limit=1000&resources=DISK_GB%3A1%2CMEMORY_MB%3A1024%2CVCPU%3A1&root_required=%21COMPUTE_STATUS_DISABLED" {{(pid=116211) __call__ /opt/stack/placement/placement/requestlog.py:55}}
Mar 24 00:58:00.194651 n-d-760455-9 devstack@placement-api.service[116211]: DEBUG placement.objects.research_context [req-4bcc5c60-d81b-4487-9741-de687cb05f62 req-d10781f0-c14a-441d-8629-6db1a53b590f service placement] getting providers with 1 DISK_GB {{(pid=116211) __init__ /opt/stack/placement/placement/objects/research_context.py:136}}
Mar 24 00:58:00.203985 n-d-760455-9 devstack@placement-api.service[116211]: DEBUG placement.objects.research_context [req-4bcc5c60-d81b-4487-9741-de687cb05f62 req-d10781f0-c14a-441d-8629-6db1a53b590f service placement] getting providers with 1024 MEMORY_MB {{(pid=116211) __init__ /opt/stack/placement/placement/objects/research_context.py:136}}
Mar 24 00:58:00.210749 n-d-760455-9 devstack@placement-api.service[116211]: DEBUG placement.objects.research_context [req-4bcc5c60-d81b-4487-9741-de687cb05f62 req-d10781f0-c14a-441d-8629-6db1a53b590f service placement] getting providers with 1 VCPU {{(pid=116211) __init__ /opt/stack/placement/placement/objects/research_context.py:136}}
Mar 24 00:58:00.218772 n-d-760455-9 devstack@placement-api.service[116211]: DEBUG placement.objects.research_context [req-4bcc5c60-d81b-4487-9741-de687cb05f62 req-d10781f0-c14a-441d-8629-6db1a53b590f service placement] found 2 providers with available 1 DISK_GB {{(pid=116211) get_provider_ids_matching /opt/stack/placement/placement/objects/research_context.py:559}}
Mar 24 00:58:00.219033 n-d-760455-9 devstack@placement-api.service[116211]: DEBUG placement.objects.research_context [req-4bcc5c60-d81b-4487-9741-de687cb05f62 req-d10781f0-c14a-441d-8629-6db1a53b590f service placement] found 2 providers with available 1024 MEMORY_MB {{(pid=116211) get_provider_ids_matching /opt/stack/placement/placement/objects/research_context.py:559}}
Mar 24 00:58:00.219290 n-d-760455-9 devstack@placement-api.service[116211]: DEBUG placement.objects.research_context [req-4bcc5c60-d81b-4487-9741-de687cb05f62 req-d10781f0-c14a-441d-8629-6db1a53b590f service placement] found 2 providers after filtering by previous result {{(pid=116211) get_provider_ids_matching /opt/stack/placement/placement/objects/research_context.py:590}}
Mar 24 00:58:00.219794 n-d-760455-9 devstack@placement-api.service[116211]: DEBUG placement.objects.research_context [req-4bcc5c60-d81b-4487-9741-de687cb05f62 req-d10781f0-c14a-441d-8629-6db1a53b590f service placement] found 2 providers with available 1 VCPU {{(pid=116211) get_provider_ids_matching /opt/stack/placement/placement/objects/research_context.py:559}}
Mar 24 00:58:00.220241 n-d-760455-9 devstack@placement-api.service[116211]: DEBUG placement.objects.research_context [req-4bcc5c60-d81b-4487-9741-de687cb05f62 req-d10781f0-c14a-441d-8629-6db1a53b590f service placement] found 2 providers after filtering by previous result {{(pid=116211) get_provider_ids_matching /opt/stack/placement/placement/objects/research_context.py:590}}
Mar 24 00:58:00.233796 n-d-760455-9 devstack@placement-api.service[116211]: DEBUG placement.objects.allocation_candidate [req-4bcc5c60-d81b-4487-9741-de687cb05f62 req-d10781f0-c14a-441d-8629-6db1a53b590f service placement] RequestGroup(use_same_provider=False, resources={DISK_GB:1, MEMORY_MB:1024, VCPU:1}, traits=(), aggregates=[]) (suffix '') returned 2 matches {{(pid=116211) _get_by_requests /opt/stack/placement/placement/objects/allocation_candidate.py:156}}
Mar 24 00:58:00.234167 n-d-760455-9 devstack@placement-api.service[116211]: DEBUG placement.objects.allocation_candidate [req-4bcc5c60-d81b-4487-9741-de687cb05f62 req-d10781f0-c14a-441d-8629-6db1a53b590f service placement] Merging candidates yields 2 allocation requests and 2 provider summaries {{(pid=116211) _merge_candidates /opt/stack/placement/placement/objects/allocation_candidate.py:809}}
