Mar 23 09:34:27.833355 n-d-760455-8 devstack@placement-api.service[104529]: DEBUG placement.requestlog [req-20ac587b-da41-4f38-b0dc-37f8bcf89c95 req-f6091224-cd34-437f-95f3-3401a1506a8e None None] Starting request: 10.222.0.95 "GET /placement/resource_providers/2e158b0c-b4d3-499e-9765-83b9c16fbecf/allocations" {{(pid=104529) __call__ /opt/stack/placement/placement/requestlog.py:55}}
Mar 23 09:34:27.901748 n-d-760455-8 devstack@placement-api.service[104529]: INFO placement.requestlog [req-20ac587b-da41-4f38-b0dc-37f8bcf89c95 req-f6091224-cd34-437f-95f3-3401a1506a8e service placement] 10.222.0.95 "GET /placement/resource_providers/2e158b0c-b4d3-499e-9765-83b9c16fbecf/allocations" status: 200 len: 356 microversion: 1.0
Mar 23 09:34:27.902141 n-d-760455-8 devstack@placement-api.service[104529]: [pid: 104529|app: 0|req: 460/919] 10.222.0.95 () {58 vars in 1390 bytes} [Wed Mar 23 09:34:27 2022] GET /placement/resource_providers/2e158b0c-b4d3-499e-9765-83b9c16fbecf/allocations => generated 356 bytes in 69 msecs (HTTP/1.1 200) 6 headers in 224 bytes (1 switches on core 0)
Mar 23 09:35:05.271992 n-d-760455-8 devstack@placement-api.service[104530]: DEBUG placement.requestlog [req-0fcfb657-438e-4901-b606-150e86485976 req-f716a470-54dc-4914-a192-01f7658bf44a None None] Starting request: 10.222.0.95 "DELETE /placement/allocations/2985f9c1-2fbf-4de9-813c-5e59588290a1" {{(pid=104530) __call__ /opt/stack/placement/placement/requestlog.py:55}}
Mar 23 09:35:05.343086 n-d-760455-8 devstack@placement-api.service[104530]: DEBUG placement.handlers.allocation [req-0fcfb657-438e-4901-b606-150e86485976 req-f716a470-54dc-4914-a192-01f7658bf44a service placement] Successfully deleted allocations [, , ] {{(pid=104530) delete_allocations /opt/stack/placement/placement/handlers/allocation.py:627}}
Mar 23 09:35:05.343960 n-d-760455-8 devstack@placement-api.service[104530]: INFO placement.requestlog [req-0fcfb657-438e-4901-b606-150e86485976 req-f716a470-54dc-4914-a192-01f7658bf44a service placement] 10.222.0.95 "DELETE /placement/allocations/2985f9c1-2fbf-4de9-813c-5e59588290a1" status: 204 len: 0 microversion: 1.0
Mar 23 09:35:05.344848 n-d-760455-8 devstack@placement-api.service[104530]: [pid: 104530|app: 0|req: 460/920] 10.222.0.95 () {60 vars in 1355 bytes} [Wed Mar 23 09:35:05 2022] DELETE /placement/allocations/2985f9c1-2fbf-4de9-813c-5e59588290a1 => generated 0 bytes in 73 msecs (HTTP/1.1 204) 5 headers in 198 bytes (1 switches on core 0)
Mar 23 09:35:12.264878 n-d-760455-8 devstack@placement-api.service[104529]: DEBUG placement.requestlog [req-65ecfe60-2569-4b0a-8d12-6dc5eeb04212 req-5418dfec-3165-4209-a7c4-616572bb79e0 None None] Starting request: 10.222.0.95 "DELETE /placement/allocations/e41b3949-e285-47d7-ae27-1276a61c02b6" {{(pid=104529) __call__ /opt/stack/placement/placement/requestlog.py:55}}
Mar 23 09:35:12.329686 n-d-760455-8 devstack@placement-api.service[104529]: DEBUG placement.handlers.allocation [req-65ecfe60-2569-4b0a-8d12-6dc5eeb04212 req-5418dfec-3165-4209-a7c4-616572bb79e0 service placement] Successfully deleted allocations [, , ] {{(pid=104529) delete_allocations /opt/stack/placement/placement/handlers/allocation.py:627}}
Mar 23 09:35:12.330260 n-d-760455-8 devstack@placement-api.service[104529]: INFO placement.requestlog [req-65ecfe60-2569-4b0a-8d12-6dc5eeb04212 req-5418dfec-3165-4209-a7c4-616572bb79e0 service placement] 10.222.0.95 "DELETE /placement/allocations/e41b3949-e285-47d7-ae27-1276a61c02b6" status: 204 len: 0 microversion: 1.0
Mar 23 09:35:12.331079 n-d-760455-8 devstack@placement-api.service[104529]: [pid: 104529|app: 0|req: 461/921] 10.222.0.95 () {60 vars in 1355 bytes} [Wed Mar 23 09:35:12 2022] DELETE /placement/allocations/e41b3949-e285-47d7-ae27-1276a61c02b6 => generated 0 bytes in 66 msecs (HTTP/1.1 204) 5 headers in 198 bytes (1 switches on core 0)
Mar 23 09:35:14.879822 n-d-760455-8 devstack@placement-api.service[104530]: DEBUG placement.requestlog [req-0357c133-edec-4471-9833-ec86ad7862dd req-0c91c5e8-2932-4a60-90ae-2cc158258221 None None] Starting request: 10.222.0.87 "GET /placement/resource_providers/438b00e1-83f8-4544-8866-a8fb809820dd/allocations" {{(pid=104530) __call__ /opt/stack/placement/placement/requestlog.py:55}}
Mar 23 09:35:14.971295 n-d-760455-8 devstack@placement-api.service[104530]: INFO placement.requestlog [req-0357c133-edec-4471-9833-ec86ad7862dd req-0c91c5e8-2932-4a60-90ae-2cc158258221 service placement] 10.222.0.87 "GET /placement/resource_providers/438b00e1-83f8-4544-8866-a8fb809820dd/allocations" status: 200 len: 155 microversion: 1.0
Mar 23 09:35:14.973287 n-d-760455-8 devstack@placement-api.service[104530]: [pid: 104530|app: 0|req: 461/922] 10.222.0.87 () {58 vars in 1390 bytes} [Wed Mar 23 09:35:14 2022] GET /placement/resource_providers/438b00e1-83f8-4544-8866-a8fb809820dd/allocations => generated 155 bytes in 94 msecs (HTTP/1.1 200) 6 headers in 224 bytes (1 switches on core 0)
Mar 23 09:35:15.700689 n-d-760455-8 devstack@placement-api.service[104529]: DEBUG placement.requestlog [req-a36f25d1-4d39-4ba0-8bf0-32d980e900f8 req-0c38f857-ec25-40fa-8af6-ef3a8b59fa16 None None] Starting request: 10.222.0.95 "DELETE /placement/allocations/2f0a2db8-6fa5-4f9b-80e3-486095d41082" {{(pid=104529) __call__ /opt/stack/placement/placement/requestlog.py:55}}
Mar 23 09:35:15.764130 n-d-760455-8 devstack@placement-api.service[104529]: DEBUG placement.handlers.allocation [req-a36f25d1-4d39-4ba0-8bf0-32d980e900f8 req-0c38f857-ec25-40fa-8af6-ef3a8b59fa16 service placement] Successfully deleted allocations [, , ] {{(pid=104529) delete_allocations /opt/stack/placement/placement/handlers/allocation.py:627}}
Mar 23 09:35:15.765152 n-d-760455-8 devstack@placement-api.service[104529]: INFO placement.requestlog [req-a36f25d1-4d39-4ba0-8bf0-32d980e900f8 req-0c38f857-ec25-40fa-8af6-ef3a8b59fa16 service placement] 10.222.0.95 "DELETE /placement/allocations/2f0a2db8-6fa5-4f9b-80e3-486095d41082" status: 204 len: 0 microversion: 1.0
Mar 23 09:35:15.766095 n-d-760455-8 devstack@placement-api.service[104529]: [pid: 104529|app: 0|req: 462/923] 10.222.0.95 () {60 vars in 1355 bytes} [Wed Mar 23 09:35:15 2022] DELETE /placement/allocations/2f0a2db8-6fa5-4f9b-80e3-486095d41082 => generated 0 bytes in 66 msecs (HTTP/1.1 204) 5 headers in 198 bytes (1 switches on core 0)
Mar 23 09:35:22.179077 n-d-760455-8 devstack@placement-api.service[104530]: DEBUG placement.requestlog [req-94e00305-451a-4612-8063-4912addd5378 req-4185e144-572f-4c67-8deb-9230af27a2c4 None None] Starting request: 10.222.0.85 "GET /placement/allocation_candidates?limit=1000&resources=DISK_GB%3A1%2CMEMORY_MB%3A1024%2CVCPU%3A1&root_required=%21COMPUTE_STATUS_DISABLED" {{(pid=104530) __call__ /opt/stack/placement/placement/requestlog.py:55}}
Mar 23 09:35:22.475460 n-d-760455-8 devstack@placement-api.service[104530]: DEBUG placement.objects.research_context [req-94e00305-451a-4612-8063-4912addd5378 req-4185e144-572f-4c67-8deb-9230af27a2c4 service placement] getting providers with 1 DISK_GB {{(pid=104530) __init__ /opt/stack/placement/placement/objects/research_context.py:136}}
Mar 23 09:35:22.493804 n-d-760455-8 devstack@placement-api.service[104530]: DEBUG placement.objects.research_context [req-94e00305-451a-4612-8063-4912addd5378 req-4185e144-572f-4c67-8deb-9230af27a2c4 service placement] getting providers with 1024 MEMORY_MB {{(pid=104530) __init__ /opt/stack/placement/placement/objects/research_context.py:136}}
Mar 23 09:35:22.511802 n-d-760455-8 devstack@placement-api.service[104530]: DEBUG placement.objects.research_context [req-94e00305-451a-4612-8063-4912addd5378 req-4185e144-572f-4c67-8deb-9230af27a2c4 service placement] getting providers with 1 VCPU {{(pid=104530) __init__ /opt/stack/placement/placement/objects/research_context.py:136}}
Mar 23 09:35:22.531471 n-d-760455-8 devstack@placement-api.service[104530]: DEBUG placement.objects.research_context [req-94e00305-451a-4612-8063-4912addd5378 req-4185e144-572f-4c67-8deb-9230af27a2c4 service placement] found 2 providers with available 1 DISK_GB {{(pid=104530) get_provider_ids_matching /opt/stack/placement/placement/objects/research_context.py:559}}
Mar 23 09:35:22.531751 n-d-760455-8 devstack@placement-api.service[104530]: DEBUG placement.objects.research_context [req-94e00305-451a-4612-8063-4912addd5378 req-4185e144-572f-4c67-8deb-9230af27a2c4 service placement] found 2 providers with available 1024 MEMORY_MB {{(pid=104530) get_provider_ids_matching /opt/stack/placement/placement/objects/research_context.py:559}}
Mar 23 09:35:22.532027 n-d-760455-8 devstack@placement-api.service[104530]: DEBUG placement.objects.research_context [req-94e00305-451a-4612-8063-4912addd5378 req-4185e144-572f-4c67-8deb-9230af27a2c4 service placement] found 2 providers after filtering by previous result {{(pid=104530) get_provider_ids_matching /opt/stack/placement/placement/objects/research_context.py:590}}
Mar 23 09:35:22.532284 n-d-760455-8 devstack@placement-api.service[104530]: DEBUG placement.objects.research_context [req-94e00305-451a-4612-8063-4912addd5378 req-4185e144-572f-4c67-8deb-9230af27a2c4 service placement] found 2 providers with available 1 VCPU {{(pid=104530) get_provider_ids_matching /opt/stack/placement/placement/objects/research_context.py:559}}
Mar 23 09:35:22.532543 n-d-760455-8 devstack@placement-api.service[104530]: DEBUG placement.objects.research_context [req-94e00305-451a-4612-8063-4912addd5378 req-4185e144-572f-4c67-8deb-9230af27a2c4 service placement] found 2 providers after filtering by previous result {{(pid=104530) get_provider_ids_matching /opt/stack/placement/placement/objects/research_context.py:590}}
Mar 23 09:35:22.587876 n-d-760455-8 devstack@placement-api.service[104530]: DEBUG placement.objects.allocation_candidate [req-94e00305-451a-4612-8063-4912addd5378 req-4185e144-572f-4c67-8deb-9230af27a2c4 service placement] RequestGroup(use_same_provider=False, resources={DISK_GB:1, MEMORY_MB:1024, VCPU:1}, traits=(), aggregates=[]) (suffix '') returned 2 matches {{(pid=104530) _get_by_requests /opt/stack/placement/placement/objects/allocation_candidate.py:156}}
Mar 23 09:35:22.588873 n-d-760455-8 devstack@placement-api.service[104530]: DEBUG placement.objects.allocation_candidate [req-94e00305-451a-4612-8063-4912addd5378 req-4185e144-572f-4c67-8deb-9230af27a2c4 service placement] Merging candidates yields 2 allocation requests and 2 provider summaries {{(pid=104530) _merge_candidates /opt/stack/placement/placement/objects/allocation_candidate.py:809}}
Mar 23 09:35:22.594415 n-d-760455-8 devstack@placement-api.service[104530]: INFO placement.requestlog [req-94e00305-451a-4612-8063-4912addd5378 req-4185e144-572f-4c67-8deb-9230af27a2c4 service placement] 10.222.0.85 "GET /placement/allocation_candidates?limit=1000&resources=DISK_GB%3A1%2CMEMORY_MB%3A1024%2CVCPU%3A1&root_required=%21COMPUTE_STATUS_DISABLED" status: 200 len: 1306 microversion: 1.36
Mar 23 09:35:22.598085 n-d-760455-8 devstack@placement-api.service[104530]: [pid: 104530|app: 0|req: 462/924] 10.222.0.85 () {60 vars in 1506 bytes} [Wed Mar 23 09:35:22 2022] GET /placement/allocation_candidates?limit=1000&resources=DISK_GB%3A1%2CMEMORY_MB%3A1024%2CVCPU%3A1&root_required=%21COMPUTE_STATUS_DISABLED => generated 1306 bytes in 419 msecs (HTTP/1.1 200) 8 headers in 297 bytes (1 switches on core 0)
Mar 23 09:35:22.743757 n-d-760455-8 devstack@placement-api.service[104529]: DEBUG placement.requestlog [req-94e00305-451a-4612-8063-4912addd5378 req-0fd3ceb5-5e4a-4b78-88ff-782b48b9ef84 None None] Starting request: 10.222.0.85 "GET /placement/allocations/2f0a2db8-6fa5-4f9b-80e3-486095d41082" {{(pid=104529) __call__ /opt/stack/placement/placement/requestlog.py:55}}
Mar 23 09:35:22.758893 n-d-760455-8 devstack@placement-api.service[104529]: INFO placement.requestlog [req-94e00305-451a-4612-8063-4912addd5378 req-0fd3ceb5-5e4a-4b78-88ff-782b48b9ef84 service placement] 10.222.0.85 "GET /placement/allocations/2f0a2db8-6fa5-4f9b-80e3-486095d41082" status: 200 len: 19 microversion: 1.28
Mar 23 09:35:22.765761 n-d-760455-8 devstack@placement-api.service[104529]: [pid: 104529|app: 0|req: 463/925] 10.222.0.85 () {60 vars in 1380 bytes} [Wed Mar 23 09:35:22 2022] GET /placement/allocations/2f0a2db8-6fa5-4f9b-80e3-486095d41082 => generated 19 bytes in 22 msecs (HTTP/1.1 200) 8 headers in 295 bytes (1 switches on core 0)
Mar 23 09:35:22.779714 n-d-760455-8 devstack@placement-api.service[104530]: DEBUG placement.requestlog [req-94e00305-451a-4612-8063-4912addd5378 req-5d3f00cd-6e79-4bf0-bac1-fce97f48c691 None None] Starting request: 10.222.0.85 "PUT /placement/allocations/2f0a2db8-6fa5-4f9b-80e3-486095d41082" {{(pid=104530) __call__ /opt/stack/placement/placement/requestlog.py:55}}
Mar 23 09:35:22.942014 n-d-760455-8 devstack@placement-api.service[104530]: DEBUG placement.handlers.allocation [req-94e00305-451a-4612-8063-4912addd5378 req-5d3f00cd-6e79-4bf0-bac1-fce97f48c691 service placement] Successfully wrote allocations [, , ] {{(pid=104530) _update_consumers_and_create_allocations /opt/stack/placement/placement/handlers/allocation.py:462}}
Mar 23 09:35:22.950242 n-d-760455-8 devstack@placement-api.service[104530]: INFO placement.requestlog [req-94e00305-451a-4612-8063-4912addd5378 req-5d3f00cd-6e79-4bf0-bac1-fce97f48c691 service placement] 10.222.0.85 "PUT /placement/allocations/2f0a2db8-6fa5-4f9b-80e3-486095d41082" status: 204 len: 0 microversion: 1.36
Mar 23 09:35:22.951156 n-d-760455-8 devstack@placement-api.service[104530]: [pid: 104530|app: 0|req: 463/926] 10.222.0.85 () {64 vars in 1433 bytes} [Wed Mar 23 09:35:22 2022] PUT /placement/allocations/2f0a2db8-6fa5-4f9b-80e3-486095d41082 => generated 0 bytes in 172 msecs (HTTP/1.1 204) 5 headers in 199 bytes (1 switches on core 0)
Mar 23 09:35:23.287675 n-d-760455-8 devstack@placement-api.service[104529]: DEBUG placement.requestlog [req-94e00305-451a-4612-8063-4912addd5378 req-5cf0b832-337d-42d3-93e5-e7272f4c1ac0 None None] Starting request: 10.222.0.95 "GET /placement/allocations/2f0a2db8-6fa5-4f9b-80e3-486095d41082" {{(pid=104529) __call__ /opt/stack/placement/placement/requestlog.py:55}}
Mar 23 09:35:23.326491 n-d-760455-8 devstack@placement-api.service[104529]: INFO placement.requestlog [req-94e00305-451a-4612-8063-4912addd5378 req-5cf0b832-337d-42d3-93e5-e7272f4c1ac0 service placement] 10.222.0.95 "GET /placement/allocations/2f0a2db8-6fa5-4f9b-80e3-486095d41082" status: 200 len: 259 microversion: 1.28
Mar 23 09:35:23.328833 n-d-760455-8 devstack@placement-api.service[104529]: [pid: 104529|app: 0|req: 464/927] 10.222.0.95 () {60 vars in 1377 bytes} [Wed Mar 23 09:35:23 2022] GET /placement/allocations/2f0a2db8-6fa5-4f9b-80e3-486095d41082 => generated 259 bytes in 42 msecs (HTTP/1.1 200) 8 headers in 296 bytes (1 switches on core 0)
Mar 23 09:35:27.835957 n-d-760455-8 devstack@placement-api.service[104530]: DEBUG placement.requestlog [req-283e5395-eebd-4560-a9e7-96b3df3713de req-91d63f80-33a1-4db4-82a6-7c328b5556d1 None None] Starting request: 10.222.0.95 "GET /placement/resource_providers/2e158b0c-b4d3-499e-9765-83b9c16fbecf/allocations" {{(pid=104530) __call__ /opt/stack/placement/placement/requestlog.py:55}}
Mar 23 09:35:27.913923 n-d-760455-8 devstack@placement-api.service[104530]: INFO placement.requestlog [req-283e5395-eebd-4560-a9e7-96b3df3713de req-91d63f80-33a1-4db4-82a6-7c328b5556d1 service placement] 10.222.0.95 "GET /placement/resource_providers/2e158b0c-b4d3-499e-9765-83b9c16fbecf/allocations" status: 200 len: 154 microversion: 1.0
Mar 23 09:35:27.914650 n-d-760455-8 devstack@placement-api.service[104530]: [pid: 104530|app: 0|req: 464/928] 10.222.0.95 () {58 vars in 1390 bytes} [Wed Mar 23 09:35:27 2022] GET /placement/resource_providers/2e158b0c-b4d3-499e-9765-83b9c16fbecf/allocations => generated 154 bytes in 80 msecs (HTTP/1.1 200) 6 headers in 224 bytes (2 switches on core 0)
Mar 23 09:35:48.690481 n-d-760455-8 devstack@placement-api.service[104529]: DEBUG placement.requestlog [req-ee8aacb2-2bf7-4143-b92f-bbd764521c4c req-371b69f5-ca17-4240-bbfb-8bc69cd692ef None None] Starting request: 10.222.0.85 "GET /placement/allocation_candidates?limit=1000&resources=DISK_GB%3A1%2CMEMORY_MB%3A1024%2CVCPU%3A1&root_required=%21COMPUTE_STATUS_DISABLED" {{(pid=104529) __call__ /opt/stack/placement/placement/requestlog.py:55}}
Mar 23 09:35:48.824667 n-d-760455-8 devstack@placement-api.service[104529]: DEBUG placement.objects.research_context [req-ee8aacb2-2bf7-4143-b92f-bbd764521c4c req-371b69f5-ca17-4240-bbfb-8bc69cd692ef service placement] getting providers with 1 DISK_GB {{(pid=104529) __init__ /opt/stack/placement/placement/objects/research_context.py:136}}
Mar 23 09:35:48.833230 n-d-760455-8 devstack@placement-api.service[104529]: DEBUG placement.objects.research_context [req-ee8aacb2-2bf7-4143-b92f-bbd764521c4c req-371b69f5-ca17-4240-bbfb-8bc69cd692ef service placement] getting providers with 1024 MEMORY_MB {{(pid=104529) __init__ /opt/stack/placement/placement/objects/research_context.py:136}}
Mar 23 09:35:48.856973 n-d-760455-8 devstack@placement-api.service[104530]: DEBUG placement.requestlog [req-ba45ead3-74dd-4a69-9243-fd1903b4cc0f req-198d0159-7320-4906-b93b-2a036aa45824 None None] Starting request: 10.222.0.85 "GET /placement/allocation_candidates?limit=1000&resources=DISK_GB%3A1%2CMEMORY_MB%3A1024%2CVCPU%3A1&root_required=%21COMPUTE_STATUS_DISABLED" {{(pid=104530) __call__ /opt/stack/placement/placement/requestlog.py:55}}
Mar 23 09:35:48.862370 n-d-760455-8 devstack@placement-api.service[104529]: DEBUG placement.objects.research_context [req-ee8aacb2-2bf7-4143-b92f-bbd764521c4c req-371b69f5-ca17-4240-bbfb-8bc69cd692ef service placement] getting providers with 1 VCPU {{(pid=104529) __init__ /opt/stack/placement/placement/objects/research_context.py:136}}
Mar 23 09:35:48.887882 n-d-760455-8 devstack@placement-api.service[104529]: DEBUG placement.objects.research_context [req-ee8aacb2-2bf7-4143-b92f-bbd764521c4c req-371b69f5-ca17-4240-bbfb-8bc69cd692ef service placement] found 2 providers with available 1 DISK_GB {{(pid=104529) get_provider_ids_matching /opt/stack/placement/placement/objects/research_context.py:559}}
Mar 23 09:35:48.888810 n-d-760455-8 devstack@placement-api.service[104529]: DEBUG placement.objects.research_context [req-ee8aacb2-2bf7-4143-b92f-bbd764521c4c req-371b69f5-ca17-4240-bbfb-8bc69cd692ef service placement] found 2 providers with available 1024 MEMORY_MB {{(pid=104529) get_provider_ids_matching /opt/stack/placement/placement/objects/research_context.py:559}}
Mar 23 09:35:48.892365 n-d-760455-8 devstack@placement-api.service[104529]: DEBUG placement.objects.research_context [req-ee8aacb2-2bf7-4143-b92f-bbd764521c4c req-371b69f5-ca17-4240-bbfb-8bc69cd692ef service placement] found 2 providers after filtering by previous result {{(pid=104529) get_provider_ids_matching /opt/stack/placement/placement/objects/research_context.py:590}}
Mar 23 09:35:48.892820 n-d-760455-8 devstack@placement-api.service[104529]: DEBUG placement.objects.research_context [req-ee8aacb2-2bf7-4143-b92f-bbd764521c4c req-371b69f5-ca17-4240-bbfb-8bc69cd692ef service placement] found 2 providers with available 1 VCPU {{(pid=104529) get_provider_ids_matching /opt/stack/placement/placement/objects/research_context.py:559}}
Mar 23 09:35:48.893266 n-d-760455-8 devstack@placement-api.service[104529]: DEBUG placement.objects.research_context [req-ee8aacb2-2bf7-4143-b92f-bbd764521c4c req-371b69f5-ca17-4240-bbfb-8bc69cd692ef service placement] found 2 providers after filtering by previous result {{(pid=104529) get_provider_ids_matching /opt/stack/placement/placement/objects/research_context.py:590}}
Mar 23 09:35:48.911935 n-d-760455-8 devstack@placement-api.service[104530]: DEBUG placement.objects.research_context [req-ba45ead3-74dd-4a69-9243-fd1903b4cc0f req-198d0159-7320-4906-b93b-2a036aa45824 service placement] getting providers with 1 DISK_GB {{(pid=104530) __init__ /opt/stack/placement/placement/objects/research_context.py:136}}
Mar 23 09:35:48.922157 n-d-760455-8 devstack@placement-api.service[104530]: DEBUG placement.objects.research_context [req-ba45ead3-74dd-4a69-9243-fd1903b4cc0f req-198d0159-7320-4906-b93b-2a036aa45824 service placement] getting providers with 1024 MEMORY_MB {{(pid=104530) __init__ /opt/stack/placement/placement/objects/research_context.py:136}}
Mar 23 09:35:48.923725 n-d-760455-8 devstack@placement-api.service[104529]: DEBUG placement.objects.allocation_candidate [req-ee8aacb2-2bf7-4143-b92f-bbd764521c4c req-371b69f5-ca17-4240-bbfb-8bc69cd692ef service placement] RequestGroup(use_same_provider=False, resources={DISK_GB:1, MEMORY_MB:1024, VCPU:1}, traits=(), aggregates=[]) (suffix '') returned 2 matches {{(pid=104529) _get_by_requests /opt/stack/placement/placement/objects/allocation_candidate.py:156}}
Mar 23 09:35:48.924730 n-d-760455-8 devstack@placement-api.service[104529]: DEBUG placement.objects.allocation_candidate [req-ee8aacb2-2bf7-4143-b92f-bbd764521c4c req-371b69f5-ca17-4240-bbfb-8bc69cd692ef service placement] Merging candidates yields 2 allocation requests and 2 provider summaries {{(pid=104529) _merge_candidates /opt/stack/placement/placement/objects/allocation_candidate.py:809}}
Mar 23 09:35:48.926365 n-d-760455-8 devstack@placement-api.service[104529]: INFO placement.requestlog [req-ee8aacb2-2bf7-4143-b92f-bbd764521c4c req-371b69f5-ca17-4240-bbfb-8bc69cd692ef service placement] 10.222.0.85 "GET /placement/allocation_candidates?limit=1000&resources=DISK_GB%3A1%2CMEMORY_MB%3A1024%2CVCPU%3A1&root_required=%21COMPUTE_STATUS_DISABLED" status: 200 len: 1309 microversion: 1.36
Mar 23 09:35:48.927740 n-d-760455-8 devstack@placement-api.service[104529]: [pid: 104529|app: 0|req: 465/929] 10.222.0.85 () {60 vars in 1506 bytes} [Wed Mar 23 09:35:48 2022] GET /placement/allocation_candidates?limit=1000&resources=DISK_GB%3A1%2CMEMORY_MB%3A1024%2CVCPU%3A1&root_required=%21COMPUTE_STATUS_DISABLED => generated 1309 bytes in 238 msecs (HTTP/1.1 200) 8 headers in 297 bytes (1 switches on core 0)
Mar 23 09:35:48.974284 n-d-760455-8 devstack@placement-api.service[104530]: DEBUG placement.objects.research_context [req-ba45ead3-74dd-4a69-9243-fd1903b4cc0f req-198d0159-7320-4906-b93b-2a036aa45824 service placement] getting providers with 1 VCPU {{(pid=104530) __init__ /opt/stack/placement/placement/objects/research_context.py:136}}
Mar 23 09:35:48.993719 n-d-760455-8 devstack@placement-api.service[104530]: DEBUG placement.objects.research_context [req-ba45ead3-74dd-4a69-9243-fd1903b4cc0f req-198d0159-7320-4906-b93b-2a036aa45824 service placement] found 2 providers with available 1 DISK_GB {{(pid=104530) get_provider_ids_matching /opt/stack/placement/placement/objects/research_context.py:559}}
Mar 23 09:35:48.993992 n-d-760455-8 devstack@placement-api.service[104530]: DEBUG placement.objects.research_context [req-ba45ead3-74dd-4a69-9243-fd1903b4cc0f req-198d0159-7320-4906-b93b-2a036aa45824 service placement] found 2 providers with available 1024 MEMORY_MB {{(pid=104530) get_provider_ids_matching /opt/stack/placement/placement/objects/research_context.py:559}}
Mar 23 09:35:48.994268 n-d-760455-8 devstack@placement-api.service[104530]: DEBUG placement.objects.research_context [req-ba45ead3-74dd-4a69-9243-fd1903b4cc0f req-198d0159-7320-4906-b93b-2a036aa45824 service placement] found 2 providers after filtering by previous result {{(pid=104530) get_provider_ids_matching /opt/stack/placement/placement/objects/research_context.py:590}}
Mar 23 09:35:48.994524 n-d-760455-8 devstack@placement-api.service[104530]: DEBUG placement.objects.research_context [req-ba45ead3-74dd-4a69-9243-fd1903b4cc0f req-198d0159-7320-4906-b93b-2a036aa45824 service placement] found 2 providers with available 1 VCPU {{(pid=104530) get_provider_ids_matching /opt/stack/placement/placement/objects/research_context.py:559}}
Mar 23 09:35:48.998709 n-d-760455-8 devstack@placement-api.service[104530]: DEBUG placement.objects.research_context [req-ba45ead3-74dd-4a69-9243-fd1903b4cc0f req-198d0159-7320-4906-b93b-2a036aa45824 service placement] found 2 providers after filtering by previous result {{(pid=104530) get_provider_ids_matching /opt/stack/placement/placement/objects/research_context.py:590}}
Mar 23 09:35:49.025866 n-d-760455-8 devstack@placement-api.service[104530]: DEBUG placement.objects.allocation_candidate [req-ba45ead3-74dd-4a69-9243-fd1903b4cc0f req-198d0159-7320-4906-b93b-2a036aa45824 service placement] RequestGroup(use_same_provider=False, resources={DISK_GB:1, MEMORY_MB:1024, VCPU:1}, traits=(), aggregates=[]) (suffix '') returned 2 matches {{(pid=104530) _get_by_requests /opt/stack/placement/placement/objects/allocation_candidate.py:156}}
Mar 23 09:35:49.027258 n-d-760455-8 devstack@placement-api.service[104530]: DEBUG placement.objects.allocation_candidate [req-ba45ead3-74dd-4a69-9243-fd1903b4cc0f req-198d0159-7320-4906-b93b-2a036aa45824 service placement] Merging candidates yields 2 allocation requests and 2 provider summaries {{(pid=104530) _merge_candidates /opt/stack/placement/placement/objects/allocation_candidate.py:809}}
Mar 23 09:35:49.030873 n-d-760455-8 devstack@placement-api.service[104530]: INFO placement.requestlog [req-ba45ead3-74dd-4a69-9243-fd1903b4cc0f req-198d0159-7320-4906-b93b-2a036aa45824 service placement] 10.222.0.85 "GET /placement/allocation_candidates?limit=1000&resources=DISK_GB%3A1%2CMEMORY_MB%3A1024%2CVCPU%3A1&root_required=%21COMPUTE_STATUS_DISABLED" status: 200 len: 1309 microversion: 1.36
Mar 23 09:35:49.038564 n-d-760455-8 devstack@placement-api.service[104530]: [pid: 104530|app: 0|req: 465/930] 10.222.0.85 () {60 vars in 1506 bytes} [Wed Mar 23 09:35:48 2022] GET /placement/allocation_candidates?limit=1000&resources=DISK_GB%3A1%2CMEMORY_MB%3A1024%2CVCPU%3A1&root_required=%21COMPUTE_STATUS_DISABLED => generated 1309 bytes in 187 msecs (HTTP/1.1 200) 8 headers in 297 bytes (2 switches on core 0)
Mar 23 09:35:49.147611 n-d-760455-8 devstack@placement-api.service[104529]: DEBUG placement.requestlog [req-ba45ead3-74dd-4a69-9243-fd1903b4cc0f req-e54b33e5-cccd-4be0-89eb-1079f404e75c None None] Starting request: 10.222.0.85 "GET /placement/allocations/6a9a4181-ea67-479a-9cf5-70cae471d908" {{(pid=104529) __call__ /opt/stack/placement/placement/requestlog.py:55}}
Mar 23 09:35:49.167954 n-d-760455-8 devstack@placement-api.service[104530]: DEBUG placement.requestlog [req-ee8aacb2-2bf7-4143-b92f-bbd764521c4c req-f2db278c-2e2f-496d-8c6a-3455d04a918d None None] Starting request: 10.222.0.85 "GET /placement/allocations/606cfc04-bd57-4e2c-aa51-9de95e86467d" {{(pid=104530) __call__ /opt/stack/placement/placement/requestlog.py:55}}
Mar 23 09:35:49.168694 n-d-760455-8 devstack@placement-api.service[104529]: INFO placement.requestlog [req-ba45ead3-74dd-4a69-9243-fd1903b4cc0f req-e54b33e5-cccd-4be0-89eb-1079f404e75c service placement] 10.222.0.85 "GET /placement/allocations/6a9a4181-ea67-479a-9cf5-70cae471d908" status: 200 len: 19 microversion: 1.28
Mar 23 09:35:49.176256 n-d-760455-8 devstack@placement-api.service[104529]: [pid: 104529|app: 0|req: 466/931] 10.222.0.85 () {60 vars in 1380 bytes} [Wed Mar 23 09:35:49 2022] GET /placement/allocations/6a9a4181-ea67-479a-9cf5-70cae471d908 => generated 19 bytes in 29 msecs (HTTP/1.1 200) 8 headers in 295 bytes (1 switches on core 0)
Mar 23 09:35:49.177195 n-d-760455-8 devstack@placement-api.service[104529]: DEBUG placement.requestlog [req-ba45ead3-74dd-4a69-9243-fd1903b4cc0f req-4ce0d62a-69d6-4ba0-b708-b07f6d224da9 None None] Starting request: 10.222.0.85 "PUT /placement/allocations/6a9a4181-ea67-479a-9cf5-70cae471d908" {{(pid=104529) __call__ /opt/stack/placement/placement/requestlog.py:55}}
Mar 23 09:35:49.218146 n-d-760455-8 devstack@placement-api.service[104530]: INFO placement.requestlog [req-ee8aacb2-2bf7-4143-b92f-bbd764521c4c req-f2db278c-2e2f-496d-8c6a-3455d04a918d service placement] 10.222.0.85 "GET /placement/allocations/606cfc04-bd57-4e2c-aa51-9de95e86467d" status: 200 len: 19 microversion: 1.28
Mar 23 09:35:49.219630 n-d-760455-8 devstack@placement-api.service[104530]: [pid: 104530|app: 0|req: 466/932] 10.222.0.85 () {60 vars in 1380 bytes} [Wed Mar 23 09:35:49 2022] GET /placement/allocations/606cfc04-bd57-4e2c-aa51-9de95e86467d => generated 19 bytes in 53 msecs (HTTP/1.1 200) 8 headers in 295 bytes (2 switches on core 0)
Mar 23 09:35:49.228679 n-d-760455-8 devstack@placement-api.service[104530]: DEBUG placement.requestlog [req-ee8aacb2-2bf7-4143-b92f-bbd764521c4c req-8dd1b58e-8b05-4333-8d73-165ecc89f97c None None] Starting request: 10.222.0.85 "PUT /placement/allocations/606cfc04-bd57-4e2c-aa51-9de95e86467d" {{(pid=104530) __call__ /opt/stack/placement/placement/requestlog.py:55}}
Mar 23 09:35:49.346197 n-d-760455-8 devstack@placement-api.service[104530]: DEBUG oslo_db.api [req-ee8aacb2-2bf7-4143-b92f-bbd764521c4c req-8dd1b58e-8b05-4333-8d73-165ecc89f97c service placement] DB error: (pymysql.err.OperationalError) (1213, 'Deadlock found when trying to get lock; try restarting transaction')
Mar 23 09:35:49.346197 n-d-760455-8 devstack@placement-api.service[104530]: [SQL: INSERT INTO allocations (created_at, resource_provider_id, consumer_id, resource_class_id, used) VALUES (%(created_at)s, %(resource_provider_id)s, %(consumer_id)s, %(resource_class_id)s, %(used)s)]
Mar 23 09:35:49.346197 n-d-760455-8 devstack@placement-api.service[104530]: [parameters: {'created_at': datetime.datetime(2022, 3, 23, 9, 35, 49, 334781), 'resource_provider_id': 2, 'consumer_id': '606cfc04-bd57-4e2c-aa51-9de95e86467d', 'resource_class_id': 2, 'used': 1}]
Mar 23 09:35:49.346197 n-d-760455-8 devstack@placement-api.service[104530]: (Background on this error at: https://sqlalche.me/e/14/e3q8) {{(pid=104530) _is_exception_expected /usr/local/lib/python3.8/dist-packages/oslo_db/api.py:184}}
Mar 23 09:35:49.346710 n-d-760455-8 devstack@placement-api.service[104530]: DEBUG oslo_db.api [req-ee8aacb2-2bf7-4143-b92f-bbd764521c4c req-8dd1b58e-8b05-4333-8d73-165ecc89f97c service placement] Performing DB retry for function placement.objects.allocation._set_allocations {{(pid=104530) wrapper /usr/local/lib/python3.8/dist-packages/oslo_db/api.py:155}}
Mar 23 09:35:49.352396 n-d-760455-8 devstack@placement-api.service[104529]: DEBUG placement.handlers.allocation [req-ba45ead3-74dd-4a69-9243-fd1903b4cc0f req-4ce0d62a-69d6-4ba0-b708-b07f6d224da9 service placement] Successfully wrote allocations [, , ] {{(pid=104529) _update_consumers_and_create_allocations /opt/stack/placement/placement/handlers/allocation.py:462}}
Mar 23 09:35:49.360835 n-d-760455-8 devstack@placement-api.service[104529]: INFO placement.requestlog [req-ba45ead3-74dd-4a69-9243-fd1903b4cc0f req-4ce0d62a-69d6-4ba0-b708-b07f6d224da9 service placement] 10.222.0.85 "PUT /placement/allocations/6a9a4181-ea67-479a-9cf5-70cae471d908" status: 204 len: 0 microversion: 1.36
Mar 23 09:35:49.361508 n-d-760455-8 devstack@placement-api.service[104529]: [pid: 104529|app: 0|req: 467/933] 10.222.0.85 () {64 vars in 1433 bytes} [Wed Mar 23 09:35:49 2022] PUT /placement/allocations/6a9a4181-ea67-479a-9cf5-70cae471d908 => generated 0 bytes in 185 msecs (HTTP/1.1 204) 5 headers in 199 bytes (1 switches on core 0)
Mar 23 09:35:50.030562 n-d-760455-8 devstack@placement-api.service[104529]: DEBUG placement.requestlog [req-ba45ead3-74dd-4a69-9243-fd1903b4cc0f req-c8d1892d-3304-4a5a-a0bb-ac6a831b8f86 None None] Starting request: 10.222.0.95 "GET /placement/allocations/6a9a4181-ea67-479a-9cf5-70cae471d908" {{(pid=104529) __call__ /opt/stack/placement/placement/requestlog.py:55}}
Mar 23 09:35:50.073777 n-d-760455-8 devstack@placement-api.service[104529]: INFO placement.requestlog [req-ba45ead3-74dd-4a69-9243-fd1903b4cc0f req-c8d1892d-3304-4a5a-a0bb-ac6a831b8f86 service placement] 10.222.0.95 "GET /placement/allocations/6a9a4181-ea67-479a-9cf5-70cae471d908" status: 200 len: 259 microversion: 1.28
Mar 23 09:35:50.075223 n-d-760455-8 devstack@placement-api.service[104529]: [pid: 104529|app: 0|req: 468/934] 10.222.0.95 () {60 vars in 1377 bytes} [Wed Mar 23 09:35:50 2022] GET /placement/allocations/6a9a4181-ea67-479a-9cf5-70cae471d908 => generated 259 bytes in 45 msecs (HTTP/1.1 200) 8 headers in 296 bytes (2 switches on core 0)
Mar 23 09:35:50.365947 n-d-760455-8 devstack@placement-api.service[104530]: DEBUG placement.objects.allocation [req-ee8aacb2-2bf7-4143-b92f-bbd764521c4c req-8dd1b58e-8b05-4333-8d73-165ecc89f97c service placement] Retrying allocations write on resource provider generation conflict {{(pid=104530) replace_all /opt/stack/placement/placement/objects/allocation.py:507}}
Mar 23 09:35:50.410904 n-d-760455-8 devstack@placement-api.service[104530]: DEBUG placement.handlers.allocation [req-ee8aacb2-2bf7-4143-b92f-bbd764521c4c req-8dd1b58e-8b05-4333-8d73-165ecc89f97c service placement] Successfully wrote allocations [, , ] {{(pid=104530) _update_consumers_and_create_allocations /opt/stack/placement/placement/handlers/allocation.py:462}}
Mar 23 09:35:50.421951 n-d-760455-8 devstack@placement-api.service[104530]: INFO placement.requestlog [req-ee8aacb2-2bf7-4143-b92f-bbd764521c4c req-8dd1b58e-8b05-4333-8d73-165ecc89f97c service placement] 10.222.0.85 "PUT /placement/allocations/606cfc04-bd57-4e2c-aa51-9de95e86467d" status: 204 len: 0 microversion: 1.36
Mar 23 09:35:50.422819 n-d-760455-8 devstack@placement-api.service[104530]: [pid: 104530|app: 0|req: 467/935] 10.222.0.85 () {64 vars in 1433 bytes} [Wed Mar 23 09:35:49 2022] PUT /placement/allocations/606cfc04-bd57-4e2c-aa51-9de95e86467d => generated 0 bytes in 1196 msecs (HTTP/1.1 204) 5 headers in 199 bytes (1 switches on core 0)
Mar 23 09:35:51.103477 n-d-760455-8 devstack@placement-api.service[104529]: DEBUG placement.requestlog [req-ee8aacb2-2bf7-4143-b92f-bbd764521c4c req-7c619474-b764-46cc-bbf8-881b18b438a6 None None] Starting request: 10.222.0.95 "GET /placement/allocations/606cfc04-bd57-4e2c-aa51-9de95e86467d" {{(pid=104529) __call__ /opt/stack/placement/placement/requestlog.py:55}}
Mar 23 09:35:51.124138 n-d-760455-8 devstack@placement-api.service[104529]: INFO placement.requestlog [req-ee8aacb2-2bf7-4143-b92f-bbd764521c4c req-7c619474-b764-46cc-bbf8-881b18b438a6 service placement] 10.222.0.95 "GET /placement/allocations/606cfc04-bd57-4e2c-aa51-9de95e86467d" status: 200 len: 259 microversion: 1.28
Mar 23 09:35:51.131370 n-d-760455-8 devstack@placement-api.service[104529]: [pid: 104529|app: 0|req: 469/936] 10.222.0.95 () {60 vars in 1377 bytes} [Wed Mar 23 09:35:51 2022] GET /placement/allocations/606cfc04-bd57-4e2c-aa51-9de95e86467d => generated 259 bytes in 28 msecs (HTTP/1.1 200) 8 headers in 296 bytes (1 switches on core 0)
Mar 23 09:35:58.693068 n-d-760455-8 devstack@placement-api.service[104530]: DEBUG placement.requestlog [req-6a4d7007-3b59-4a67-8451-56919dfb09fa req-ad0b75c0-3468-4f8c-8f1a-960aebc12e14 None None] Starting request: 10.222.0.85 "GET /placement/allocation_candidates?limit=1000&resources=MEMORY_MB%3A1024%2CVCPU%3A1&root_required=%21COMPUTE_STATUS_DISABLED" {{(pid=104530) __call__ /opt/stack/placement/placement/requestlog.py:55}}
Mar 23 09:35:58.780939 n-d-760455-8 devstack@placement-api.service[104530]: DEBUG placement.objects.research_context [req-6a4d7007-3b59-4a67-8451-56919dfb09fa req-ad0b75c0-3468-4f8c-8f1a-960aebc12e14 service placement] getting providers with 1024 MEMORY_MB {{(pid=104530) __init__ /opt/stack/placement/placement/objects/research_context.py:136}}
Mar 23 09:35:58.794252 n-d-760455-8 devstack@placement-api.service[104530]: DEBUG placement.objects.research_context [req-6a4d7007-3b59-4a67-8451-56919dfb09fa req-ad0b75c0-3468-4f8c-8f1a-960aebc12e14 service placement] getting providers with 1 VCPU {{(pid=104530) __init__ /opt/stack/placement/placement/objects/research_context.py:136}}
Mar 23 09:35:58.827771 n-d-760455-8 devstack@placement-api.service[104530]: DEBUG placement.objects.research_context [req-6a4d7007-3b59-4a67-8451-56919dfb09fa req-ad0b75c0-3468-4f8c-8f1a-960aebc12e14 service placement] found 2 providers with available 1024 MEMORY_MB {{(pid=104530) get_provider_ids_matching /opt/stack/placement/placement/objects/research_context.py:559}}
Mar 23 09:35:58.830210 n-d-760455-8 devstack@placement-api.service[104530]: DEBUG placement.objects.research_context [req-6a4d7007-3b59-4a67-8451-56919dfb09fa req-ad0b75c0-3468-4f8c-8f1a-960aebc12e14 service placement] found 2 providers with available 1 VCPU {{(pid=104530) get_provider_ids_matching /opt/stack/placement/placement/objects/research_context.py:559}}
Mar 23 09:35:58.830745 n-d-760455-8 devstack@placement-api.service[104530]: DEBUG placement.objects.research_context [req-6a4d7007-3b59-4a67-8451-56919dfb09fa req-ad0b75c0-3468-4f8c-8f1a-960aebc12e14 service placement] found 2 providers after filtering by previous result {{(pid=104530) get_provider_ids_matching /opt/stack/placement/placement/objects/research_context.py:590}}
Mar 23 09:35:58.863429 n-d-760455-8 devstack@placement-api.service[104530]: DEBUG placement.objects.allocation_candidate [req-6a4d7007-3b59-4a67-8451-56919dfb09fa req-ad0b75c0-3468-4f8c-8f1a-960aebc12e14 service placement] RequestGroup(use_same_provider=False, resources={MEMORY_MB:1024, VCPU:1}, traits=(), aggregates=[]) (suffix '') returned 2 matches {{(pid=104530) _get_by_requests /opt/stack/placement/placement/objects/allocation_candidate.py:156}}
Mar 23 09:35:58.871344 n-d-760455-8 devstack@placement-api.service[104530]: DEBUG placement.objects.allocation_candidate [req-6a4d7007-3b59-4a67-8451-56919dfb09fa req-ad0b75c0-3468-4f8c-8f1a-960aebc12e14 service placement] Merging candidates yields 2 allocation requests and 2 provider summaries {{(pid=104530) _merge_candidates /opt/stack/placement/placement/objects/allocation_candidate.py:809}}
Mar 23 09:35:58.874366 n-d-760455-8 devstack@placement-api.service[104530]: INFO placement.requestlog [req-6a4d7007-3b59-4a67-8451-56919dfb09fa req-ad0b75c0-3468-4f8c-8f1a-960aebc12e14 service placement] 10.222.0.85 "GET /placement/allocation_candidates?limit=1000&resources=MEMORY_MB%3A1024%2CVCPU%3A1&root_required=%21COMPUTE_STATUS_DISABLED" status: 200 len: 1281 microversion: 1.36
Mar 23 09:35:58.879533 n-d-760455-8 devstack@placement-api.service[104530]: [pid: 104530|app: 0|req: 468/937] 10.222.0.85 () {60 vars in 1478 bytes} [Wed Mar 23 09:35:58 2022] GET /placement/allocation_candidates?limit=1000&resources=MEMORY_MB%3A1024%2CVCPU%3A1&root_required=%21COMPUTE_STATUS_DISABLED => generated 1281 bytes in 187 msecs (HTTP/1.1 200) 8 headers in 297 bytes (1 switches on core 0)
Mar 23 09:35:59.012624 n-d-760455-8 devstack@placement-api.service[104529]: DEBUG placement.requestlog [req-6a4d7007-3b59-4a67-8451-56919dfb09fa req-259e09ad-ec9f-4bef-9d02-511049530b85 None None] Starting request: 10.222.0.85 "GET /placement/allocations/3916049b-6deb-454e-8c31-75fab93be679" {{(pid=104529) __call__ /opt/stack/placement/placement/requestlog.py:55}}
Mar 23 09:35:59.035046 n-d-760455-8 devstack@placement-api.service[104529]: INFO placement.requestlog [req-6a4d7007-3b59-4a67-8451-56919dfb09fa req-259e09ad-ec9f-4bef-9d02-511049530b85 service placement] 10.222.0.85 "GET /placement/allocations/3916049b-6deb-454e-8c31-75fab93be679" status: 200 len: 19 microversion: 1.28
Mar 23 09:35:59.040630 n-d-760455-8 devstack@placement-api.service[104529]: [pid: 104529|app: 0|req: 470/938] 10.222.0.85 () {60 vars in 1380 bytes} [Wed Mar 23 09:35:59 2022] GET /placement/allocations/3916049b-6deb-454e-8c31-75fab93be679 => generated 19 bytes in 28 msecs (HTTP/1.1 200) 8 headers in 295 bytes (1 switches on core 0)
Mar 23 09:35:59.043227 n-d-760455-8 devstack@placement-api.service[104530]: DEBUG placement.requestlog [req-6a4d7007-3b59-4a67-8451-56919dfb09fa req-a33c4840-4af0-4fef-a8fc-d184434fbd15 None None] Starting request: 10.222.0.85 "PUT /placement/allocations/3916049b-6deb-454e-8c31-75fab93be679" {{(pid=104530) __call__ /opt/stack/placement/placement/requestlog.py:55}}
Mar 23 09:35:59.197267 n-d-760455-8 devstack@placement-api.service[104530]: DEBUG placement.handlers.allocation [req-6a4d7007-3b59-4a67-8451-56919dfb09fa req-a33c4840-4af0-4fef-a8fc-d184434fbd15 service placement] Successfully wrote allocations [, ] {{(pid=104530) _update_consumers_and_create_allocations /opt/stack/placement/placement/handlers/allocation.py:462}}
Mar 23 09:35:59.205375 n-d-760455-8 devstack@placement-api.service[104530]: INFO placement.requestlog [req-6a4d7007-3b59-4a67-8451-56919dfb09fa req-a33c4840-4af0-4fef-a8fc-d184434fbd15 service placement] 10.222.0.85 "PUT /placement/allocations/3916049b-6deb-454e-8c31-75fab93be679" status: 204 len: 0 microversion: 1.36
Mar 23 09:35:59.210393 n-d-760455-8 devstack@placement-api.service[104530]: [pid: 104530|app: 0|req: 469/939] 10.222.0.85 () {64 vars in 1433 bytes} [Wed Mar 23 09:35:59 2022] PUT /placement/allocations/3916049b-6deb-454e-8c31-75fab93be679 => generated 0 bytes in 169 msecs (HTTP/1.1 204) 5 headers in 199 bytes (1 switches on core 0)
Mar 23 09:35:59.889226 n-d-760455-8 devstack@placement-api.service[104529]: DEBUG placement.requestlog [req-6a4d7007-3b59-4a67-8451-56919dfb09fa req-75aba8ac-377b-4179-a52c-4c22763cda0b None None] Starting request: 10.222.0.87 "GET /placement/allocations/3916049b-6deb-454e-8c31-75fab93be679" {{(pid=104529) __call__ /opt/stack/placement/placement/requestlog.py:55}}
Mar 23 09:35:59.910670 n-d-760455-8 devstack@placement-api.service[104529]: INFO placement.requestlog [req-6a4d7007-3b59-4a67-8451-56919dfb09fa req-75aba8ac-377b-4179-a52c-4c22763cda0b service placement] 10.222.0.87 "GET /placement/allocations/3916049b-6deb-454e-8c31-75fab93be679" status: 200 len: 246 microversion: 1.28
Mar 23 09:35:59.915639 n-d-760455-8 devstack@placement-api.service[104529]: [pid: 104529|app: 0|req: 471/940] 10.222.0.87 () {60 vars in 1377 bytes} [Wed Mar 23 09:35:59 2022] GET /placement/allocations/3916049b-6deb-454e-8c31-75fab93be679 => generated 246 bytes in 26 msecs (HTTP/1.1 200) 8 headers in 296 bytes (1 switches on core 0)
Mar 23 09:36:14.903955 n-d-760455-8 devstack@placement-api.service[104530]: DEBUG placement.requestlog [req-8d8af04c-91e4-4fc8-9068-dde41df1248a req-5d4d26ad-5bac-42f4-8004-9f4fa586d4d6 None None] Starting request: 10.222.0.87 "GET /placement/resource_providers/438b00e1-83f8-4544-8866-a8fb809820dd/allocations" {{(pid=104530) __call__ /opt/stack/placement/placement/requestlog.py:55}}
Mar 23 09:36:14.928556 n-d-760455-8 devstack@placement-api.service[104530]: INFO placement.requestlog [req-8d8af04c-91e4-4fc8-9068-dde41df1248a req-5d4d26ad-5bac-42f4-8004-9f4fa586d4d6 service placement] 10.222.0.87 "GET /placement/resource_providers/438b00e1-83f8-4544-8866-a8fb809820dd/allocations" status: 200 len: 242 microversion: 1.0
Mar 23 09:36:14.929020 n-d-760455-8 devstack@placement-api.service[104530]: [pid: 104530|app: 0|req: 470/941] 10.222.0.87 () {58 vars in 1390 bytes} [Wed Mar 23 09:36:14 2022] GET /placement/resource_providers/438b00e1-83f8-4544-8866-a8fb809820dd/allocations => generated 242 bytes in 26 msecs (HTTP/1.1 200) 6 headers in 224 bytes (2 switches on core 0)
Mar 23 09:36:15.995726 n-d-760455-8 devstack@placement-api.service[104529]: DEBUG placement.requestlog [req-6c6ee4d8-291b-47bf-bd94-3338cf1c1b7f req-48909bd3-8712-492a-a27d-acc206820094 None None] Starting request: 10.222.0.95 "DELETE /placement/allocations/6a9a4181-ea67-479a-9cf5-70cae471d908" {{(pid=104529) __call__ /opt/stack/placement/placement/requestlog.py:55}}
Mar 23 09:36:16.038508 n-d-760455-8 devstack@placement-api.service[104529]: DEBUG placement.handlers.allocation [req-6c6ee4d8-291b-47bf-bd94-3338cf1c1b7f req-48909bd3-8712-492a-a27d-acc206820094 service placement] Successfully deleted allocations [, , ] {{(pid=104529) delete_allocations /opt/stack/placement/placement/handlers/allocation.py:627}}
Mar 23 09:36:16.039443 n-d-760455-8 devstack@placement-api.service[104529]: INFO placement.requestlog [req-6c6ee4d8-291b-47bf-bd94-3338cf1c1b7f req-48909bd3-8712-492a-a27d-acc206820094 service placement] 10.222.0.95 "DELETE /placement/allocations/6a9a4181-ea67-479a-9cf5-70cae471d908" status: 204 len: 0 microversion: 1.0
Mar 23 09:36:16.039727 n-d-760455-8 devstack@placement-api.service[104529]: [pid: 104529|app: 0|req: 472/942] 10.222.0.95 () {60 vars in 1355 bytes} [Wed Mar 23 09:36:15 2022] DELETE /placement/allocations/6a9a4181-ea67-479a-9cf5-70cae471d908 => generated 0 bytes in 48 msecs (HTTP/1.1 204) 5 headers in 198 bytes (1 switches on core 0)
Mar 23 09:36:21.745014 n-d-760455-8 devstack@placement-api.service[104530]: DEBUG placement.requestlog [req-37f4a616-249e-4f5e-9fe0-853f4e3f33ee req-d5ec502e-a853-4abe-98b3-ec998ea33abf None None] Starting request: 10.222.0.87 "DELETE /placement/allocations/2dc5b1b2-7e56-4beb-a783-a1e53146b814" {{(pid=104530) __call__ /opt/stack/placement/placement/requestlog.py:55}}
Mar 23 09:36:21.819310 n-d-760455-8 devstack@placement-api.service[104530]: DEBUG placement.handlers.allocation [req-37f4a616-249e-4f5e-9fe0-853f4e3f33ee req-d5ec502e-a853-4abe-98b3-ec998ea33abf service placement] Successfully deleted allocations [, , ] {{(pid=104530) delete_allocations /opt/stack/placement/placement/handlers/allocation.py:627}}
Mar 23 09:36:21.819815 n-d-760455-8 devstack@placement-api.service[104530]: INFO placement.requestlog [req-37f4a616-249e-4f5e-9fe0-853f4e3f33ee req-d5ec502e-a853-4abe-98b3-ec998ea33abf service placement] 10.222.0.87 "DELETE /placement/allocations/2dc5b1b2-7e56-4beb-a783-a1e53146b814" status: 204 len: 0 microversion: 1.0
Mar 23 09:36:21.820194 n-d-760455-8 devstack@placement-api.service[104530]: [pid: 104530|app: 0|req: 471/943] 10.222.0.87 () {60 vars in 1355 bytes} [Wed Mar 23 09:36:21 2022] DELETE /placement/allocations/2dc5b1b2-7e56-4beb-a783-a1e53146b814 => generated 0 bytes in 76 msecs (HTTP/1.1 204) 5 headers in 198 bytes (1 switches on core 0)
Mar 23 09:36:24.373034 n-d-760455-8 devstack@placement-api.service[104529]: DEBUG placement.requestlog [req-36801205-c81e-46ac-adab-2348343945ef req-034aa7a1-dfa0-4436-a639-9f637e2bc1b6 None None] Starting request: 10.222.0.85 "GET /placement/allocation_candidates?limit=1000&resources=DISK_GB%3A1%2CMEMORY_MB%3A1024%2CVCPU%3A1&root_required=%21COMPUTE_STATUS_DISABLED" {{(pid=104529) __call__ /opt/stack/placement/placement/requestlog.py:55}}
Mar 23 09:36:24.539279 n-d-760455-8 devstack@placement-api.service[104529]: DEBUG placement.objects.research_context [req-36801205-c81e-46ac-adab-2348343945ef req-034aa7a1-dfa0-4436-a639-9f637e2bc1b6 service placement] getting providers with 1 DISK_GB {{(pid=104529) __init__ /opt/stack/placement/placement/objects/research_context.py:136}}
Mar 23 09:36:24.575743 n-d-760455-8 devstack@placement-api.service[104529]: DEBUG placement.objects.research_context [req-36801205-c81e-46ac-adab-2348343945ef req-034aa7a1-dfa0-4436-a639-9f637e2bc1b6 service placement] getting providers with 1024 MEMORY_MB {{(pid=104529) __init__ /opt/stack/placement/placement/objects/research_context.py:136}}
Mar 23 09:36:24.591644 n-d-760455-8 devstack@placement-api.service[104529]: DEBUG placement.objects.research_context [req-36801205-c81e-46ac-adab-2348343945ef req-034aa7a1-dfa0-4436-a639-9f637e2bc1b6 service placement] getting providers with 1 VCPU {{(pid=104529) __init__ /opt/stack/placement/placement/objects/research_context.py:136}}
Mar 23 09:36:24.609344 n-d-760455-8 devstack@placement-api.service[104529]: DEBUG placement.objects.research_context [req-36801205-c81e-46ac-adab-2348343945ef req-034aa7a1-dfa0-4436-a639-9f637e2bc1b6 service placement] found 2 providers with available 1 DISK_GB {{(pid=104529) get_provider_ids_matching /opt/stack/placement/placement/objects/research_context.py:559}}
Mar 23 09:36:24.610419 n-d-760455-8 devstack@placement-api.service[104529]: DEBUG placement.objects.research_context [req-36801205-c81e-46ac-adab-2348343945ef req-034aa7a1-dfa0-4436-a639-9f637e2bc1b6 service placement] found 2 providers with available 1024 MEMORY_MB {{(pid=104529) get_provider_ids_matching /opt/stack/placement/placement/objects/research_context.py:559}}
Mar 23 09:36:24.611213 n-d-760455-8 devstack@placement-api.service[104529]: DEBUG placement.objects.research_context [req-36801205-c81e-46ac-adab-2348343945ef req-034aa7a1-dfa0-4436-a639-9f637e2bc1b6 service placement] found 2 providers after filtering by previous result {{(pid=104529) get_provider_ids_matching /opt/stack/placement/placement/objects/research_context.py:590}}
Mar 23 09:36:24.612913 n-d-760455-8 devstack@placement-api.service[104529]: DEBUG placement.objects.research_context [req-36801205-c81e-46ac-adab-2348343945ef req-034aa7a1-dfa0-4436-a639-9f637e2bc1b6 service placement] found 2 providers with available 1 VCPU {{(pid=104529) get_provider_ids_matching /opt/stack/placement/placement/objects/research_context.py:559}}
Mar 23 09:36:24.614813 n-d-760455-8 devstack@placement-api.service[104529]: DEBUG placement.objects.research_context [req-36801205-c81e-46ac-adab-2348343945ef req-034aa7a1-dfa0-4436-a639-9f637e2bc1b6 service placement] found 2 providers after filtering by previous result {{(pid=104529) get_provider_ids_matching /opt/stack/placement/placement/objects/research_context.py:590}}
Mar 23 09:36:24.650661 n-d-760455-8 devstack@placement-api.service[104529]: DEBUG placement.objects.allocation_candidate [req-36801205-c81e-46ac-adab-2348343945ef req-034aa7a1-dfa0-4436-a639-9f637e2bc1b6 service placement] RequestGroup(use_same_provider=False, resources={DISK_GB:1, MEMORY_MB:1024, VCPU:1}, traits=(), aggregates=[]) (suffix '') returned 2 matches {{(pid=104529) _get_by_requests /opt/stack/placement/placement/objects/allocation_candidate.py:156}}
Mar 23 09:36:24.651884 n-d-760455-8 devstack@placement-api.service[104529]: DEBUG placement.objects.allocation_candidate [req-36801205-c81e-46ac-adab-2348343945ef req-034aa7a1-dfa0-4436-a639-9f637e2bc1b6 service placement] Merging candidates yields 2 allocation requests and 2 provider summaries {{(pid=104529) _merge_candidates /opt/stack/placement/placement/objects/allocation_candidate.py:809}}
