Jan 26 21:27:38.189656 n-d-760455-5 devstack@n-api.service[117830]: DEBUG nova.policy [None req-7e775221-74c8-4bab-91df-7d4e689e088d tempest-FlavorsExtraSpecsNegativeTestJSON-783286891 tempest-FlavorsExtraSpecsNegativeTestJSON-783286891-project] Policy check for os_compute_api:os-flavor-extra-specs:create failed with credentials {'is_admin': False, 'user_id': '21ab65eede2c48d691bdec87e696288b', 'user_domain_id': 'default', 'system_scope': None, 'domain_id': None, 'project_id': 'bced91301df94a1a9f5a61f9ca5b557e', 'project_domain_id': 'default', 'roles': ['reader', 'member'], 'is_admin_project': True, 'service_user_id': None, 'service_user_domain_id': None, 'service_project_id': None, 'service_project_domain_id': None, 'service_roles': []} {{(pid=117830) authorize /opt/stack/nova/nova/policy.py:199}}
Jan 26 21:27:38.190341 n-d-760455-5 devstack@n-api.service[117830]: DEBUG nova.api.openstack.wsgi [None req-7e775221-74c8-4bab-91df-7d4e689e088d tempest-FlavorsExtraSpecsNegativeTestJSON-783286891 tempest-FlavorsExtraSpecsNegativeTestJSON-783286891-project] Returning 403 to user: Policy doesn't allow os_compute_api:os-flavor-extra-specs:create to be performed. {{(pid=117830) __call__ /opt/stack/nova/nova/api/openstack/wsgi.py:936}}
Jan 26 21:27:38.191306 n-d-760455-5 devstack@n-api.service[117830]: INFO nova.api.openstack.requestlog [None req-7e775221-74c8-4bab-91df-7d4e689e088d tempest-FlavorsExtraSpecsNegativeTestJSON-783286891 tempest-FlavorsExtraSpecsNegativeTestJSON-783286891-project] 10.222.0.74 "POST /compute/v2.1/flavors/1536008868/os-extra_specs" status: 403 len: 124 microversion: 2.1 time: 0.014119
Jan 26 21:27:38.192072 n-d-760455-5 devstack@n-api.service[117830]: [pid: 117830|app: 0|req: 9/18] 10.222.0.74 () {60 vars in 1223 bytes} [Wed Jan 26 21:27:38 2022] POST /compute/v2.1/flavors/1536008868/os-extra_specs => generated 124 bytes in 15 msecs (HTTP/1.1 403) 9 headers in 379 bytes (1 switches on core 0)
Jan 26 21:27:38.199527 n-d-760455-5 devstack@n-api.service[117831]: INFO nova.api.openstack.requestlog [None req-9088df0d-98e3-444e-99e1-cfa6c062f305 tempest-FlavorsExtraSpecsTestJSON-778317636 tempest-FlavorsExtraSpecsTestJSON-778317636-project-admin] 10.222.0.74 "POST /compute/v2.1/flavors/1834831618/os-extra_specs" status: 200 len: 66 microversion: 2.1 time: 0.051531
Jan 26 21:27:38.199684 n-d-760455-5 devstack@n-api.service[117830]: DEBUG nova.api.openstack.wsgi [None req-f918ae7b-153c-4f7c-a419-7d7ba12c7707 tempest-AggregatesAdminTestV241-1103031695 tempest-AggregatesAdminTestV241-1103031695-project-admin] Action: 'action', calling method: >, body: {"add_host": {"host": "n-h1-760455-5"}} {{(pid=117830) _process_stack /opt/stack/nova/nova/api/openstack/wsgi.py:511}}
Jan 26 21:27:38.200661 n-d-760455-5 devstack@n-api.service[117831]: [pid: 117831|app: 0|req: 10/19] 10.222.0.74 () {60 vars in 1223 bytes} [Wed Jan 26 21:27:38 2022] POST /compute/v2.1/flavors/1834831618/os-extra_specs => generated 66 bytes in 53 msecs (HTTP/1.1 200) 9 headers in 356 bytes (1 switches on core 0)
Jan 26 21:27:38.201676 n-d-760455-5 devstack@n-api.service[117830]: /usr/local/lib/python3.8/dist-packages/oslo_policy/policy.py:1119: UserWarning: Policy "os_compute_api:os-aggregates:add_host": "rule:system_admin_api" failed scope check. The token used to make the request was project scoped but the policy requires ['system'] scope. This behavior may change in the future where using the intended scope is required
Jan 26 21:27:38.201676 n-d-760455-5 devstack@n-api.service[117830]: warnings.warn(msg)
Jan 26 21:27:38.205230 n-d-760455-5 devstack@n-api.service[117831]: DEBUG nova.api.openstack.wsgi [None req-27e9f0f1-50ce-4bd6-b2f9-4fb9e71b4846 tempest-HypervisorAdminNegativeTestJSON-755228555 tempest-HypervisorAdminNegativeTestJSON-755228555-project-admin] Calling method '.version_select at 0x7f45b33d7ca0>' {{(pid=117831) _process_stack /opt/stack/nova/nova/api/openstack/wsgi.py:513}}
Jan 26 21:27:38.207421 n-d-760455-5 devstack@n-api.service[117831]: INFO nova.api.openstack.wsgi [None req-27e9f0f1-50ce-4bd6-b2f9-4fb9e71b4846 tempest-HypervisorAdminNegativeTestJSON-755228555 tempest-HypervisorAdminNegativeTestJSON-755228555-project-admin] HTTP exception thrown: Hypervisor with ID 'df4f5c7b-da47-4b37-afb7-a3854d32f1a9' could not be found.
Jan 26 21:27:38.208051 n-d-760455-5 devstack@n-api.service[117831]: DEBUG nova.api.openstack.wsgi [None req-27e9f0f1-50ce-4bd6-b2f9-4fb9e71b4846 tempest-HypervisorAdminNegativeTestJSON-755228555 tempest-HypervisorAdminNegativeTestJSON-755228555-project-admin] Returning 404 to user: Hypervisor with ID 'df4f5c7b-da47-4b37-afb7-a3854d32f1a9' could not be found. {{(pid=117831) __call__ /opt/stack/nova/nova/api/openstack/wsgi.py:936}}
Jan 26 21:27:38.208907 n-d-760455-5 devstack@n-api.service[117831]: INFO nova.api.openstack.requestlog [None req-27e9f0f1-50ce-4bd6-b2f9-4fb9e71b4846 tempest-HypervisorAdminNegativeTestJSON-755228555 tempest-HypervisorAdminNegativeTestJSON-755228555-project-admin] 10.222.0.74 "GET /compute/v2.1/os-hypervisors/df4f5c7b-da47-4b37-afb7-a3854d32f1a9/uptime" status: 404 len: 123 microversion: 2.1 time: 0.007339
Jan 26 21:27:38.213602 n-d-760455-5 devstack@n-api.service[117831]: [pid: 117831|app: 0|req: 11/20] 10.222.0.74 () {58 vars in 1277 bytes} [Wed Jan 26 21:27:38 2022] GET /compute/v2.1/os-hypervisors/df4f5c7b-da47-4b37-afb7-a3854d32f1a9/uptime => generated 123 bytes in 9 msecs (HTTP/1.1 404) 9 headers in 379 bytes (1 switches on core 0)
Jan 26 21:27:38.215305 n-d-760455-5 devstack@n-api.service[117831]: DEBUG nova.api.openstack.wsgi [None req-a230e4d1-7407-4558-a808-d850b244f64b tempest-KeyPairsV210TestJSON-2124995692 tempest-KeyPairsV210TestJSON-2124995692-project-admin] Calling method '.version_select at 0x7f45b33819d0>' {{(pid=117831) _process_stack /opt/stack/nova/nova/api/openstack/wsgi.py:513}}
Jan 26 21:27:38.215416 n-d-760455-5 devstack@n-api.service[117830]: DEBUG oslo_concurrency.lockutils [None req-f918ae7b-153c-4f7c-a419-7d7ba12c7707 tempest-AggregatesAdminTestV241-1103031695 tempest-AggregatesAdminTestV241-1103031695-project-admin] Lock "817094c4-c939-4d11-b80d-e3d43a27ed3d" acquired by "nova.context.set_target_cell..get_or_set_cached_cell_and_set_connections" :: waited 0.000s {{(pid=117830) inner /usr/local/lib/python3.8/dist-packages/oslo_concurrency/lockutils.py:386}}
Jan 26 21:27:38.215816 n-d-760455-5 devstack@n-api.service[117830]: DEBUG oslo_concurrency.lockutils [None req-f918ae7b-153c-4f7c-a419-7d7ba12c7707 tempest-AggregatesAdminTestV241-1103031695 tempest-AggregatesAdminTestV241-1103031695-project-admin] Lock "817094c4-c939-4d11-b80d-e3d43a27ed3d" "released" by "nova.context.set_target_cell..get_or_set_cached_cell_and_set_connections" :: held 0.001s {{(pid=117830) inner /usr/local/lib/python3.8/dist-packages/oslo_concurrency/lockutils.py:400}}
Jan 26 21:27:38.227625 n-d-760455-5 devstack@n-api.service[117831]: INFO nova.api.openstack.requestlog [None req-a230e4d1-7407-4558-a808-d850b244f64b tempest-KeyPairsV210TestJSON-2124995692 tempest-KeyPairsV210TestJSON-2124995692-project-admin] 10.222.0.74 "GET /compute/v2.1/os-keypairs/tempest-keypair-2131211062?user_id=6591254928d8403880bf5a7bee342988" status: 200 len: 706 microversion: 2.10 time: 0.016716
Jan 26 21:27:38.228276 n-d-760455-5 devstack@n-api.service[117831]: [pid: 117831|app: 0|req: 12/21] 10.222.0.74 () {60 vars in 1339 bytes} [Wed Jan 26 21:27:38 2022] GET /compute/v2.1/os-keypairs/tempest-keypair-2131211062?user_id=6591254928d8403880bf5a7bee342988 => generated 706 bytes in 18 msecs (HTTP/1.1 200) 9 headers in 359 bytes (1 switches on core 0)
Jan 26 21:27:38.241202 n-d-760455-5 devstack@n-api.service[117831]: DEBUG nova.api.openstack.wsgi [None req-c4fca77f-38fa-4318-b429-a2d3eb0f5395 tempest-FlavorsExtraSpecsNegativeTestJSON-1539115968 tempest-FlavorsExtraSpecsNegativeTestJSON-1539115968-project-admin] Action: 'create', calling method: >, body: {"extra_specs": {"hw:numa_nodes": "1", "hw:cpu_policy": "shared"}} {{(pid=117831) _process_stack /opt/stack/nova/nova/api/openstack/wsgi.py:511}}
Jan 26 21:27:38.293431 n-d-760455-5 devstack@n-api.service[117831]: INFO nova.api.openstack.requestlog [None req-c4fca77f-38fa-4318-b429-a2d3eb0f5395 tempest-FlavorsExtraSpecsNegativeTestJSON-1539115968 tempest-FlavorsExtraSpecsNegativeTestJSON-1539115968-project-admin] 10.222.0.74 "POST /compute/v2.1/flavors/1536008868/os-extra_specs" status: 200 len: 66 microversion: 2.1 time: 0.058277
Jan 26 21:27:38.299229 n-d-760455-5 devstack@n-api.service[117831]: [pid: 117831|app: 0|req: 13/22] 10.222.0.74 () {60 vars in 1223 bytes} [Wed Jan 26 21:27:38 2022] POST /compute/v2.1/flavors/1536008868/os-extra_specs => generated 66 bytes in 64 msecs (HTTP/1.1 200) 9 headers in 356 bytes (1 switches on core 0)
Jan 26 21:27:38.517048 n-d-760455-5 devstack@n-api.service[117831]: DEBUG nova.api.openstack.wsgi [None req-007166e7-3646-4236-a2f6-2885bf9781e3 tempest-FlavorsExtraSpecsTestJSON-900594161 tempest-FlavorsExtraSpecsTestJSON-900594161-project] Calling method '>' {{(pid=117831) _process_stack /opt/stack/nova/nova/api/openstack/wsgi.py:513}}
Jan 26 21:27:38.532891 n-d-760455-5 devstack@n-api.service[117831]: INFO nova.api.openstack.requestlog [None req-007166e7-3646-4236-a2f6-2885bf9781e3 tempest-FlavorsExtraSpecsTestJSON-900594161 tempest-FlavorsExtraSpecsTestJSON-900594161-project] 10.222.0.74 "GET /compute/v2.1/flavors/1834831618/os-extra_specs" status: 200 len: 66 microversion: 2.1 time: 0.232667
Jan 26 21:27:38.534165 n-d-760455-5 devstack@n-api.service[117831]: [pid: 117831|app: 0|req: 14/23] 10.222.0.74 () {58 vars in 1202 bytes} [Wed Jan 26 21:27:38 2022] GET /compute/v2.1/flavors/1834831618/os-extra_specs => generated 66 bytes in 235 msecs (HTTP/1.1 200) 9 headers in 356 bytes (1 switches on core 0)
Jan 26 21:27:38.540425 n-d-760455-5 devstack@n-api.service[117831]: DEBUG nova.api.openstack.wsgi [None req-f5720b56-abd8-467a-a260-5716381d97ff tempest-HypervisorAdminNegativeTestJSON-755228555 tempest-HypervisorAdminNegativeTestJSON-755228555-project-admin] Calling method '.version_select at 0x7f45b34e2280>' {{(pid=117831) _process_stack /opt/stack/nova/nova/api/openstack/wsgi.py:513}}
Jan 26 21:27:38.541195 n-d-760455-5 devstack@n-api.service[117831]: /usr/local/lib/python3.8/dist-packages/oslo_policy/policy.py:1119: UserWarning: Policy "os_compute_api:os-hypervisors:list": "rule:system_reader_api" failed scope check. The token used to make the request was project scoped but the policy requires ['system'] scope. This behavior may change in the future where using the intended scope is required
Jan 26 21:27:38.541195 n-d-760455-5 devstack@n-api.service[117831]: warnings.warn(msg)
Jan 26 21:27:38.542792 n-d-760455-5 devstack@n-api.service[117831]: DEBUG oslo_concurrency.lockutils [None req-f5720b56-abd8-467a-a260-5716381d97ff tempest-HypervisorAdminNegativeTestJSON-755228555 tempest-HypervisorAdminNegativeTestJSON-755228555-project-admin] Lock "817094c4-c939-4d11-b80d-e3d43a27ed3d" acquired by "nova.context.set_target_cell..get_or_set_cached_cell_and_set_connections" :: waited 0.000s {{(pid=117831) inner /usr/local/lib/python3.8/dist-packages/oslo_concurrency/lockutils.py:386}}
Jan 26 21:27:38.543412 n-d-760455-5 devstack@n-api.service[117831]: DEBUG oslo_concurrency.lockutils [None req-f5720b56-abd8-467a-a260-5716381d97ff tempest-HypervisorAdminNegativeTestJSON-755228555 tempest-HypervisorAdminNegativeTestJSON-755228555-project-admin] Lock "817094c4-c939-4d11-b80d-e3d43a27ed3d" "released" by "nova.context.set_target_cell..get_or_set_cached_cell_and_set_connections" :: held 0.001s {{(pid=117831) inner /usr/local/lib/python3.8/dist-packages/oslo_concurrency/lockutils.py:400}}
Jan 26 21:27:38.556643 n-d-760455-5 devstack@n-api.service[117831]: DEBUG oslo_concurrency.lockutils [None req-f5720b56-abd8-467a-a260-5716381d97ff tempest-HypervisorAdminNegativeTestJSON-755228555 tempest-HypervisorAdminNegativeTestJSON-755228555-project-admin] Lock "817094c4-c939-4d11-b80d-e3d43a27ed3d" acquired by "nova.context.set_target_cell..get_or_set_cached_cell_and_set_connections" :: waited 0.000s {{(pid=117831) inner /usr/local/lib/python3.8/dist-packages/oslo_concurrency/lockutils.py:386}}
Jan 26 21:27:38.557093 n-d-760455-5 devstack@n-api.service[117831]: DEBUG oslo_concurrency.lockutils [None req-f5720b56-abd8-467a-a260-5716381d97ff tempest-HypervisorAdminNegativeTestJSON-755228555 tempest-HypervisorAdminNegativeTestJSON-755228555-project-admin] Lock "817094c4-c939-4d11-b80d-e3d43a27ed3d" "released" by "nova.context.set_target_cell..get_or_set_cached_cell_and_set_connections" :: held 0.001s {{(pid=117831) inner /usr/local/lib/python3.8/dist-packages/oslo_concurrency/lockutils.py:400}}
Jan 26 21:27:38.568240 n-d-760455-5 devstack@n-api.service[117831]: DEBUG oslo_concurrency.lockutils [None req-f5720b56-abd8-467a-a260-5716381d97ff tempest-HypervisorAdminNegativeTestJSON-755228555 tempest-HypervisorAdminNegativeTestJSON-755228555-project-admin] Lock "817094c4-c939-4d11-b80d-e3d43a27ed3d" acquired by "nova.context.set_target_cell..get_or_set_cached_cell_and_set_connections" :: waited 0.000s {{(pid=117831) inner /usr/local/lib/python3.8/dist-packages/oslo_concurrency/lockutils.py:386}}
Jan 26 21:27:38.568686 n-d-760455-5 devstack@n-api.service[117831]: DEBUG oslo_concurrency.lockutils [None req-f5720b56-abd8-467a-a260-5716381d97ff tempest-HypervisorAdminNegativeTestJSON-755228555 tempest-HypervisorAdminNegativeTestJSON-755228555-project-admin] Lock "817094c4-c939-4d11-b80d-e3d43a27ed3d" "released" by "nova.context.set_target_cell..get_or_set_cached_cell_and_set_connections" :: held 0.001s {{(pid=117831) inner /usr/local/lib/python3.8/dist-packages/oslo_concurrency/lockutils.py:400}}
Jan 26 21:27:38.575810 n-d-760455-5 devstack@n-api.service[117831]: INFO nova.api.openstack.requestlog [None req-f5720b56-abd8-467a-a260-5716381d97ff tempest-HypervisorAdminNegativeTestJSON-755228555 tempest-HypervisorAdminNegativeTestJSON-755228555-project-admin] 10.222.0.74 "GET /compute/v2.1/os-hypervisors" status: 200 len: 191 microversion: 2.1 time: 0.039510
Jan 26 21:27:38.576408 n-d-760455-5 devstack@n-api.service[117831]: [pid: 117831|app: 0|req: 15/24] 10.222.0.74 () {58 vars in 1145 bytes} [Wed Jan 26 21:27:38 2022] GET /compute/v2.1/os-hypervisors => generated 191 bytes in 42 msecs (HTTP/1.1 200) 9 headers in 357 bytes (1 switches on core 0)
Jan 26 21:27:38.581170 n-d-760455-5 devstack@n-api.service[117831]: DEBUG nova.api.openstack.wsgi [None req-82933004-1ccf-4821-be48-da989fb9a7fc tempest-KeyPairsV210TestJSON-2124995692 tempest-KeyPairsV210TestJSON-2124995692-project-admin] Action: 'create', calling method: .version_select at 0x7f45b34e2310>, body: {"keypair": {"name": "tempest-KeyPairsV210TestJSON-keypair-21258117", "type": "ssh"}} {{(pid=117831) _process_stack /opt/stack/nova/nova/api/openstack/wsgi.py:511}}
Jan 26 21:27:38.605997 n-d-760455-5 devstack@n-api.service[117831]: DEBUG nova.quota [None req-82933004-1ccf-4821-be48-da989fb9a7fc tempest-KeyPairsV210TestJSON-2124995692 tempest-KeyPairsV210TestJSON-2124995692-project-admin] Getting quotas for project ee91e397d4d04bbcb0977decd494c773. Resources: {'key_pairs'} {{(pid=117831) _get_quotas /opt/stack/nova/nova/quota.py:387}}
Jan 26 21:27:38.613122 n-d-760455-5 devstack@n-api.service[117831]: DEBUG nova.quota [None req-82933004-1ccf-4821-be48-da989fb9a7fc tempest-KeyPairsV210TestJSON-2124995692 tempest-KeyPairsV210TestJSON-2124995692-project-admin] Getting quotas for user 19dc21af754c4dbcbb8725a26c5461e2 and project ee91e397d4d04bbcb0977decd494c773. Resources: {'key_pairs'} {{(pid=117831) _get_quotas /opt/stack/nova/nova/quota.py:377}}
Jan 26 21:27:38.787333 n-d-760455-5 devstack@n-api.service[117830]: INFO nova.api.openstack.requestlog [None req-f918ae7b-153c-4f7c-a419-7d7ba12c7707 tempest-AggregatesAdminTestV241-1103031695 tempest-AggregatesAdminTestV241-1103031695-project-admin] 10.222.0.74 "POST /compute/v2.1/os-aggregates/1/action" status: 200 len: 314 microversion: 2.41 time: 0.593719
Jan 26 21:27:38.788563 n-d-760455-5 devstack@n-api.service[117830]: [pid: 117830|app: 0|req: 10/25] 10.222.0.74 () {62 vars in 1231 bytes} [Wed Jan 26 21:27:38 2022] POST /compute/v2.1/os-aggregates/1/action => generated 314 bytes in 596 msecs (HTTP/1.1 200) 9 headers in 359 bytes (1 switches on core 0)
Jan 26 21:27:38.794764 n-d-760455-5 devstack@n-api.service[117830]: DEBUG nova.api.openstack.wsgi [None req-ab9cc2ba-70d7-48e8-aac8-7c9bf410bd13 tempest-FlavorsExtraSpecsNegativeTestJSON-783286891 tempest-FlavorsExtraSpecsNegativeTestJSON-783286891-project] Calling method '>' {{(pid=117830) _process_stack /opt/stack/nova/nova/api/openstack/wsgi.py:513}}
Jan 26 21:27:38.796010 n-d-760455-5 devstack@n-api.service[117830]: /usr/local/lib/python3.8/dist-packages/oslo_policy/policy.py:1119: UserWarning: Policy "os_compute_api:os-flavor-extra-specs:delete": "rule:system_admin_api" failed scope check. The token used to make the request was project scoped but the policy requires ['system'] scope. This behavior may change in the future where using the intended scope is required
Jan 26 21:27:38.796010 n-d-760455-5 devstack@n-api.service[117830]: warnings.warn(msg)
Jan 26 21:27:38.797390 n-d-760455-5 devstack@n-api.service[117830]: DEBUG nova.policy [None req-ab9cc2ba-70d7-48e8-aac8-7c9bf410bd13 tempest-FlavorsExtraSpecsNegativeTestJSON-783286891 tempest-FlavorsExtraSpecsNegativeTestJSON-783286891-project] Policy check for os_compute_api:os-flavor-extra-specs:delete failed with credentials {'is_admin': False, 'user_id': '21ab65eede2c48d691bdec87e696288b', 'user_domain_id': 'default', 'system_scope': None, 'domain_id': None, 'project_id': 'bced91301df94a1a9f5a61f9ca5b557e', 'project_domain_id': 'default', 'roles': ['reader', 'member'], 'is_admin_project': True, 'service_user_id': None, 'service_user_domain_id': None, 'service_project_id': None, 'service_project_domain_id': None, 'service_roles': []} {{(pid=117830) authorize /opt/stack/nova/nova/policy.py:199}}
Jan 26 21:27:38.798192 n-d-760455-5 devstack@n-api.service[117830]: DEBUG nova.api.openstack.wsgi [None req-ab9cc2ba-70d7-48e8-aac8-7c9bf410bd13 tempest-FlavorsExtraSpecsNegativeTestJSON-783286891 tempest-FlavorsExtraSpecsNegativeTestJSON-783286891-project] Returning 403 to user: Policy doesn't allow os_compute_api:os-flavor-extra-specs:delete to be performed. {{(pid=117830) __call__ /opt/stack/nova/nova/api/openstack/wsgi.py:936}}
Jan 26 21:27:38.799352 n-d-760455-5 devstack@n-api.service[117830]: INFO nova.api.openstack.requestlog [None req-ab9cc2ba-70d7-48e8-aac8-7c9bf410bd13 tempest-FlavorsExtraSpecsNegativeTestJSON-783286891 tempest-FlavorsExtraSpecsNegativeTestJSON-783286891-project] 10.222.0.74 "DELETE /compute/v2.1/flavors/1536008868/os-extra_specs/hw:numa_nodes" status: 403 len: 124 microversion: 2.1 time: 0.009008
Jan 26 21:27:38.800682 n-d-760455-5 devstack@n-api.service[117830]: [pid: 117830|app: 0|req: 11/26] 10.222.0.74 () {58 vars in 1247 bytes} [Wed Jan 26 21:27:38 2022] DELETE /compute/v2.1/flavors/1536008868/os-extra_specs/hw:numa_nodes => generated 124 bytes in 11 msecs (HTTP/1.1 403) 9 headers in 379 bytes (1 switches on core 0)
Jan 26 21:27:38.805718 n-d-760455-5 devstack@n-api.service[117830]: DEBUG nova.api.openstack.wsgi [None req-58c3867b-ac9b-4322-a8d2-a847d949c6ac tempest-FlavorsExtraSpecsTestJSON-778317636 tempest-FlavorsExtraSpecsTestJSON-778317636-project-admin] Action: 'create', calling method: >, body: {"extra_specs": {"hw:numa_nodes": "1", "hw:cpu_policy": "shared"}} {{(pid=117830) _process_stack /opt/stack/nova/nova/api/openstack/wsgi.py:511}}
Jan 26 21:27:38.807540 n-d-760455-5 devstack@n-api.service[117830]: /usr/local/lib/python3.8/dist-packages/oslo_policy/policy.py:1119: UserWarning: Policy "os_compute_api:os-flavor-extra-specs:create": "rule:system_admin_api" failed scope check. The token used to make the request was project scoped but the policy requires ['system'] scope. This behavior may change in the future where using the intended scope is required
Jan 26 21:27:38.807540 n-d-760455-5 devstack@n-api.service[117830]: warnings.warn(msg)
Jan 26 21:27:38.828948 n-d-760455-5 devstack@n-api.service[117831]: DEBUG nova.quota [None req-82933004-1ccf-4821-be48-da989fb9a7fc tempest-KeyPairsV210TestJSON-2124995692 tempest-KeyPairsV210TestJSON-2124995692-project-admin] Getting quotas for project ee91e397d4d04bbcb0977decd494c773. Resources: {'key_pairs'} {{(pid=117831) _get_quotas /opt/stack/nova/nova/quota.py:387}}
Jan 26 21:27:38.833475 n-d-760455-5 devstack@n-api.service[117831]: DEBUG nova.quota [None req-82933004-1ccf-4821-be48-da989fb9a7fc tempest-KeyPairsV210TestJSON-2124995692 tempest-KeyPairsV210TestJSON-2124995692-project-admin] Getting quotas for user 19dc21af754c4dbcbb8725a26c5461e2 and project ee91e397d4d04bbcb0977decd494c773. Resources: {'key_pairs'} {{(pid=117831) _get_quotas /opt/stack/nova/nova/quota.py:377}}
Jan 26 21:27:38.843012 n-d-760455-5 devstack@n-api.service[117830]: INFO nova.api.openstack.requestlog [None req-58c3867b-ac9b-4322-a8d2-a847d949c6ac tempest-FlavorsExtraSpecsTestJSON-778317636 tempest-FlavorsExtraSpecsTestJSON-778317636-project-admin] 10.222.0.74 "POST /compute/v2.1/flavors/1834831618/os-extra_specs" status: 200 len: 66 microversion: 2.1 time: 0.041023
Jan 26 21:27:38.843921 n-d-760455-5 devstack@n-api.service[117830]: [pid: 117830|app: 0|req: 12/27] 10.222.0.74 () {60 vars in 1223 bytes} [Wed Jan 26 21:27:38 2022] POST /compute/v2.1/flavors/1834831618/os-extra_specs => generated 66 bytes in 42 msecs (HTTP/1.1 200) 9 headers in 356 bytes (1 switches on core 0)
Jan 26 21:27:38.848017 n-d-760455-5 devstack@n-api.service[117831]: INFO nova.api.openstack.requestlog [None req-82933004-1ccf-4821-be48-da989fb9a7fc tempest-KeyPairsV210TestJSON-2124995692 tempest-KeyPairsV210TestJSON-2124995692-project-admin] 10.222.0.74 "POST /compute/v2.1/os-keypairs" status: 201 len: 2339 microversion: 2.10 time: 0.270347
Jan 26 21:27:38.848249 n-d-760455-5 devstack@n-api.service[117830]: DEBUG nova.api.openstack.wsgi [None req-655313fb-6fc8-481c-87ad-b1edd5192314 tempest-HypervisorAdminNegativeTestJSON-161097744 tempest-HypervisorAdminNegativeTestJSON-161097744-project] Calling method '.version_select at 0x7f45b1b4a160>' {{(pid=117830) _process_stack /opt/stack/nova/nova/api/openstack/wsgi.py:513}}
Jan 26 21:27:38.848891 n-d-760455-5 devstack@n-api.service[117830]: /usr/local/lib/python3.8/dist-packages/oslo_policy/policy.py:1119: UserWarning: Policy "os_compute_api:os-hypervisors:show": "rule:system_reader_api" failed scope check. The token used to make the request was project scoped but the policy requires ['system'] scope. This behavior may change in the future where using the intended scope is required
Jan 26 21:27:38.848891 n-d-760455-5 devstack@n-api.service[117830]: warnings.warn(msg)
Jan 26 21:27:38.849730 n-d-760455-5 devstack@n-api.service[117831]: [pid: 117831|app: 0|req: 16/28] 10.222.0.74 () {62 vars in 1198 bytes} [Wed Jan 26 21:27:38 2022] POST /compute/v2.1/os-keypairs => generated 2339 bytes in 273 msecs (HTTP/1.1 201) 9 headers in 365 bytes (1 switches on core 0)
Jan 26 21:27:38.850215 n-d-760455-5 devstack@n-api.service[117830]: DEBUG nova.policy [None req-655313fb-6fc8-481c-87ad-b1edd5192314 tempest-HypervisorAdminNegativeTestJSON-161097744 tempest-HypervisorAdminNegativeTestJSON-161097744-project] Policy check for os_compute_api:os-hypervisors:show failed with credentials {'is_admin': False, 'user_id': 'a0c42e835e0e47458e59808fec406267', 'user_domain_id': 'default', 'system_scope': None, 'domain_id': None, 'project_id': '742ce3ea016340339a495bad4b1405cd', 'project_domain_id': 'default', 'roles': ['reader', 'member'], 'is_admin_project': True, 'service_user_id': None, 'service_user_domain_id': None, 'service_project_id': None, 'service_project_domain_id': None, 'service_roles': []} {{(pid=117830) authorize /opt/stack/nova/nova/policy.py:199}}
Jan 26 21:27:38.850843 n-d-760455-5 devstack@n-api.service[117830]: DEBUG nova.api.openstack.wsgi [None req-655313fb-6fc8-481c-87ad-b1edd5192314 tempest-HypervisorAdminNegativeTestJSON-161097744 tempest-HypervisorAdminNegativeTestJSON-161097744-project] Returning 403 to user: Policy doesn't allow os_compute_api:os-hypervisors:show to be performed. {{(pid=117830) __call__ /opt/stack/nova/nova/api/openstack/wsgi.py:936}}
Jan 26 21:27:38.851888 n-d-760455-5 devstack@n-api.service[117830]: INFO nova.api.openstack.requestlog [None req-655313fb-6fc8-481c-87ad-b1edd5192314 tempest-HypervisorAdminNegativeTestJSON-161097744 tempest-HypervisorAdminNegativeTestJSON-161097744-project] 10.222.0.74 "GET /compute/v2.1/os-hypervisors/1" status: 403 len: 115 microversion: 2.1 time: 0.007044
Jan 26 21:27:38.852379 n-d-760455-5 devstack@n-api.service[117830]: [pid: 117830|app: 0|req: 13/29] 10.222.0.74 () {58 vars in 1151 bytes} [Wed Jan 26 21:27:38 2022] GET /compute/v2.1/os-hypervisors/1 => generated 115 bytes in 8 msecs (HTTP/1.1 403) 9 headers in 379 bytes (1 switches on core 0)
Jan 26 21:27:38.855876 n-d-760455-5 devstack@n-api.service[117831]: DEBUG nova.api.openstack.wsgi [None req-de819682-c0c8-4dc8-a855-6adb290883d5 tempest-AggregatesAdminTestV241-1103031695 tempest-AggregatesAdminTestV241-1103031695-project-admin] Action: 'action', calling method: >, body: {"remove_host": {"host": "n-h1-760455-5"}} {{(pid=117831) _process_stack /opt/stack/nova/nova/api/openstack/wsgi.py:511}}
Jan 26 21:27:38.856563 n-d-760455-5 devstack@n-api.service[117831]: /usr/local/lib/python3.8/dist-packages/oslo_policy/policy.py:1119: UserWarning: Policy "os_compute_api:os-aggregates:remove_host": "rule:system_admin_api" failed scope check. The token used to make the request was project scoped but the policy requires ['system'] scope. This behavior may change in the future where using the intended scope is required
Jan 26 21:27:38.856563 n-d-760455-5 devstack@n-api.service[117831]: warnings.warn(msg)
Jan 26 21:27:38.858639 n-d-760455-5 devstack@n-api.service[117830]: DEBUG nova.api.openstack.wsgi [None req-5e058877-8d81-4245-95ee-5f0505ec4fe7 tempest-FlavorsExtraSpecsNegativeTestJSON-1539115968 tempest-FlavorsExtraSpecsNegativeTestJSON-1539115968-project-admin] Action: 'create', calling method: >, body: {"extra_specs": {"hw:numa_nodes": "1", "hw:cpu_policy": "shared"}} {{(pid=117830) _process_stack /opt/stack/nova/nova/api/openstack/wsgi.py:511}}
Jan 26 21:27:38.865478 n-d-760455-5 devstack@n-api.service[117831]: DEBUG oslo_concurrency.lockutils [None req-de819682-c0c8-4dc8-a855-6adb290883d5 tempest-AggregatesAdminTestV241-1103031695 tempest-AggregatesAdminTestV241-1103031695-project-admin] Lock "817094c4-c939-4d11-b80d-e3d43a27ed3d" acquired by "nova.context.set_target_cell..get_or_set_cached_cell_and_set_connections" :: waited 0.000s {{(pid=117831) inner /usr/local/lib/python3.8/dist-packages/oslo_concurrency/lockutils.py:386}}
Jan 26 21:27:38.865933 n-d-760455-5 devstack@n-api.service[117831]: DEBUG oslo_concurrency.lockutils [None req-de819682-c0c8-4dc8-a855-6adb290883d5 tempest-AggregatesAdminTestV241-1103031695 tempest-AggregatesAdminTestV241-1103031695-project-admin] Lock "817094c4-c939-4d11-b80d-e3d43a27ed3d" "released" by "nova.context.set_target_cell..get_or_set_cached_cell_and_set_connections" :: held 0.001s {{(pid=117831) inner /usr/local/lib/python3.8/dist-packages/oslo_concurrency/lockutils.py:400}}
Jan 26 21:27:38.881240 n-d-760455-5 devstack@n-api.service[117830]: INFO nova.api.openstack.requestlog [None req-5e058877-8d81-4245-95ee-5f0505ec4fe7 tempest-FlavorsExtraSpecsNegativeTestJSON-1539115968 tempest-FlavorsExtraSpecsNegativeTestJSON-1539115968-project-admin] 10.222.0.74 "POST /compute/v2.1/flavors/1536008868/os-extra_specs" status: 200 len: 66 microversion: 2.1 time: 0.027597
Jan 26 21:27:38.882143 n-d-760455-5 devstack@n-api.service[117830]: [pid: 117830|app: 0|req: 14/30] 10.222.0.74 () {60 vars in 1223 bytes} [Wed Jan 26 21:27:38 2022] POST /compute/v2.1/flavors/1536008868/os-extra_specs => generated 66 bytes in 29 msecs (HTTP/1.1 200) 9 headers in 356 bytes (1 switches on core 0)
Jan 26 21:27:39.008284 n-d-760455-5 devstack@n-api.service[117830]: DEBUG nova.api.openstack.wsgi [None req-a9511e76-1347-4779-8d21-fd2ee3c6d72e tempest-FlavorsAdminTestJSON-583408755 tempest-FlavorsAdminTestJSON-583408755-project-admin] Action: 'create', calling method: >, body: {"flavor": {"ram": "1024", "vcpus": 1, "disk": 10, "name": "tempest-FlavorsAdminTestJSON-flavor-895883263", "id": 1222397468, "os-flavor-access:is_public": "True"}} {{(pid=117830) _process_stack /opt/stack/nova/nova/api/openstack/wsgi.py:511}}
Jan 26 21:27:39.010120 n-d-760455-5 devstack@n-api.service[117830]: /usr/local/lib/python3.8/dist-packages/oslo_policy/policy.py:1119: UserWarning: Policy "os_compute_api:os-flavor-manage:create": "rule:system_admin_api" failed scope check. The token used to make the request was project scoped but the policy requires ['system'] scope. This behavior may change in the future where using the intended scope is required
Jan 26 21:27:39.010120 n-d-760455-5 devstack@n-api.service[117830]: warnings.warn(msg)
Jan 26 21:27:39.031688 n-d-760455-5 devstack@n-api.service[117830]: INFO nova.api.openstack.requestlog [None req-a9511e76-1347-4779-8d21-fd2ee3c6d72e tempest-FlavorsAdminTestJSON-583408755 tempest-FlavorsAdminTestJSON-583408755-project-admin] 10.222.0.74 "POST /compute/v2.1/flavors" status: 200 len: 429 microversion: 2.1 time: 0.148597
Jan 26 21:27:39.032755 n-d-760455-5 devstack@n-api.service[117830]: [pid: 117830|app: 0|req: 15/31] 10.222.0.74 () {60 vars in 1146 bytes} [Wed Jan 26 21:27:38 2022] POST /compute/v2.1/flavors => generated 429 bytes in 150 msecs (HTTP/1.1 200) 9 headers in 357 bytes (1 switches on core 0)
Jan 26 21:27:39.037801 n-d-760455-5 devstack@n-api.service[117830]: DEBUG nova.api.openstack.wsgi [None req-58f82233-791b-4ce5-8d64-4490d2c777eb tempest-FlavorsExtraSpecsTestJSON-900594161 tempest-FlavorsExtraSpecsTestJSON-900594161-project] Calling method '>' {{(pid=117830) _process_stack /opt/stack/nova/nova/api/openstack/wsgi.py:513}}
Jan 26 21:27:39.061603 n-d-760455-5 devstack@n-api.service[117830]: INFO nova.api.openstack.requestlog [None req-58f82233-791b-4ce5-8d64-4490d2c777eb tempest-FlavorsExtraSpecsTestJSON-900594161 tempest-FlavorsExtraSpecsTestJSON-900594161-project] 10.222.0.74 "GET /compute/v2.1/flavors/1834831618/os-extra_specs/hw:numa_nodes" status: 200 len: 22 microversion: 2.1 time: 0.027307
Jan 26 21:27:39.062408 n-d-760455-5 devstack@n-api.service[117830]: [pid: 117830|app: 0|req: 16/32] 10.222.0.74 () {58 vars in 1244 bytes} [Wed Jan 26 21:27:39 2022] GET /compute/v2.1/flavors/1834831618/os-extra_specs/hw:numa_nodes => generated 22 bytes in 29 msecs (HTTP/1.1 200) 9 headers in 356 bytes (1 switches on core 0)
Jan 26 21:27:39.068529 n-d-760455-5 devstack@n-api.service[117830]: DEBUG nova.api.openstack.wsgi [None req-c689487f-9324-40fa-8ff6-39fb0cc95dc8 tempest-KeyPairsV210TestJSON-2124995692 tempest-KeyPairsV210TestJSON-2124995692-project-admin] Calling method '.version_select at 0x7f45b1aef4c0>' {{(pid=117830) _process_stack /opt/stack/nova/nova/api/openstack/wsgi.py:513}}
Jan 26 21:27:39.072550 n-d-760455-5 devstack@n-api.service[117830]: WARNING oslo_db.sqlalchemy.utils [None req-c689487f-9324-40fa-8ff6-39fb0cc95dc8 tempest-KeyPairsV210TestJSON-2124995692 tempest-KeyPairsV210TestJSON-2124995692-project-admin] Unique keys not in sort_keys. The sorting order may be unstable.
Jan 26 21:27:39.079706 n-d-760455-5 devstack@n-api.service[117830]: INFO nova.api.openstack.requestlog [None req-c689487f-9324-40fa-8ff6-39fb0cc95dc8 tempest-KeyPairsV210TestJSON-2124995692 tempest-KeyPairsV210TestJSON-2124995692-project-admin] 10.222.0.74 "GET /compute/v2.1/os-keypairs?user_id=6591254928d8403880bf5a7bee342988" status: 200 len: 1113 microversion: 2.10 time: 0.015901
Jan 26 21:27:39.080936 n-d-760455-5 devstack@n-api.service[117830]: [pid: 117830|app: 0|req: 17/33] 10.222.0.74 () {60 vars in 1258 bytes} [Wed Jan 26 21:27:39 2022] GET /compute/v2.1/os-keypairs?user_id=6591254928d8403880bf5a7bee342988 => generated 1113 bytes in 18 msecs (HTTP/1.1 200) 9 headers in 360 bytes (1 switches on core 0)
Jan 26 21:27:39.085498 n-d-760455-5 devstack@n-api.service[117830]: DEBUG nova.api.openstack.wsgi [None req-bb992734-e394-4382-a3a3-0b251199e248 tempest-HypervisorAdminNegativeTestJSON-755228555 tempest-HypervisorAdminNegativeTestJSON-755228555-project-admin] Calling method '.version_select at 0x7f45b1acd820>' {{(pid=117830) _process_stack /opt/stack/nova/nova/api/openstack/wsgi.py:513}}
Jan 26 21:27:39.088721 n-d-760455-5 devstack@n-api.service[117830]: INFO nova.api.openstack.wsgi [None req-bb992734-e394-4382-a3a3-0b251199e248 tempest-HypervisorAdminNegativeTestJSON-755228555 tempest-HypervisorAdminNegativeTestJSON-755228555-project-admin] HTTP exception thrown: Hypervisor with ID 'c77b363c-a649-48ed-bb75-b94169e0152a' could not be found.
Jan 26 21:27:39.089315 n-d-760455-5 devstack@n-api.service[117830]: DEBUG nova.api.openstack.wsgi [None req-bb992734-e394-4382-a3a3-0b251199e248 tempest-HypervisorAdminNegativeTestJSON-755228555 tempest-HypervisorAdminNegativeTestJSON-755228555-project-admin] Returning 404 to user: Hypervisor with ID 'c77b363c-a649-48ed-bb75-b94169e0152a' could not be found. {{(pid=117830) __call__ /opt/stack/nova/nova/api/openstack/wsgi.py:936}}
Jan 26 21:27:39.090269 n-d-760455-5 devstack@n-api.service[117830]: INFO nova.api.openstack.requestlog [None req-bb992734-e394-4382-a3a3-0b251199e248 tempest-HypervisorAdminNegativeTestJSON-755228555 tempest-HypervisorAdminNegativeTestJSON-755228555-project-admin] 10.222.0.74 "GET /compute/v2.1/os-hypervisors/c77b363c-a649-48ed-bb75-b94169e0152a" status: 404 len: 123 microversion: 2.1 time: 0.008128
Jan 26 21:27:39.090775 n-d-760455-5 devstack@n-api.service[117830]: [pid: 117830|app: 0|req: 18/34] 10.222.0.74 () {58 vars in 1256 bytes} [Wed Jan 26 21:27:39 2022] GET /compute/v2.1/os-hypervisors/c77b363c-a649-48ed-bb75-b94169e0152a => generated 123 bytes in 9 msecs (HTTP/1.1 404) 9 headers in 379 bytes (1 switches on core 0)
Jan 26 21:27:39.095386 n-d-760455-5 devstack@n-api.service[117830]: DEBUG nova.api.openstack.wsgi [None req-fe366b98-8e65-44b3-b5ef-e2093f74efcc tempest-FlavorsExtraSpecsNegativeTestJSON-783286891 tempest-FlavorsExtraSpecsNegativeTestJSON-783286891-project] Action: 'update', calling method: >, body: {"hw:numa_nodes": "1"} {{(pid=117830) _process_stack /opt/stack/nova/nova/api/openstack/wsgi.py:511}}
Jan 26 21:27:39.096870 n-d-760455-5 devstack@n-api.service[117830]: /usr/local/lib/python3.8/dist-packages/oslo_policy/policy.py:1119: UserWarning: Policy "os_compute_api:os-flavor-extra-specs:update": "rule:system_admin_api" failed scope check. The token used to make the request was project scoped but the policy requires ['system'] scope. This behavior may change in the future where using the intended scope is required
Jan 26 21:27:39.096870 n-d-760455-5 devstack@n-api.service[117830]: warnings.warn(msg)
Jan 26 21:27:39.098069 n-d-760455-5 devstack@n-api.service[117830]: DEBUG nova.policy [None req-fe366b98-8e65-44b3-b5ef-e2093f74efcc tempest-FlavorsExtraSpecsNegativeTestJSON-783286891 tempest-FlavorsExtraSpecsNegativeTestJSON-783286891-project] Policy check for os_compute_api:os-flavor-extra-specs:update failed with credentials {'is_admin': False, 'user_id': '21ab65eede2c48d691bdec87e696288b', 'user_domain_id': 'default', 'system_scope': None, 'domain_id': None, 'project_id': 'bced91301df94a1a9f5a61f9ca5b557e', 'project_domain_id': 'default', 'roles': ['reader', 'member'], 'is_admin_project': True, 'service_user_id': None, 'service_user_domain_id': None, 'service_project_id': None, 'service_project_domain_id': None, 'service_roles': []} {{(pid=117830) authorize /opt/stack/nova/nova/policy.py:199}}
Jan 26 21:27:39.098832 n-d-760455-5 devstack@n-api.service[117830]: DEBUG nova.api.openstack.wsgi [None req-fe366b98-8e65-44b3-b5ef-e2093f74efcc tempest-FlavorsExtraSpecsNegativeTestJSON-783286891 tempest-FlavorsExtraSpecsNegativeTestJSON-783286891-project] Returning 403 to user: Policy doesn't allow os_compute_api:os-flavor-extra-specs:update to be performed. {{(pid=117830) __call__ /opt/stack/nova/nova/api/openstack/wsgi.py:936}}
Jan 26 21:27:39.099640 n-d-760455-5 devstack@n-api.service[117830]: INFO nova.api.openstack.requestlog [None req-fe366b98-8e65-44b3-b5ef-e2093f74efcc tempest-FlavorsExtraSpecsNegativeTestJSON-783286891 tempest-FlavorsExtraSpecsNegativeTestJSON-783286891-project] 10.222.0.74 "PUT /compute/v2.1/flavors/1536008868/os-extra_specs/hw:numa_nodes" status: 403 len: 124 microversion: 2.1 time: 0.007703
Jan 26 21:27:39.100162 n-d-760455-5 devstack@n-api.service[117830]: [pid: 117830|app: 0|req: 19/35] 10.222.0.74 () {60 vars in 1264 bytes} [Wed Jan 26 21:27:39 2022] PUT /compute/v2.1/flavors/1536008868/os-extra_specs/hw:numa_nodes => generated 124 bytes in 9 msecs (HTTP/1.1 403) 9 headers in 379 bytes (1 switches on core 0)
Jan 26 21:27:39.107854 n-d-760455-5 devstack@n-api.service[117830]: DEBUG nova.api.openstack.wsgi [None req-8d97bcab-bbb4-4093-bfbf-9255eb6d247f tempest-FlavorsAdminTestJSON-583408755 tempest-FlavorsAdminTestJSON-583408755-project-admin] Calling method '>' {{(pid=117830) _process_stack /opt/stack/nova/nova/api/openstack/wsgi.py:513}}
Jan 26 21:27:39.108617 n-d-760455-5 devstack@n-api.service[117830]: /usr/local/lib/python3.8/dist-packages/oslo_policy/policy.py:1119: UserWarning: Policy "os_compute_api:os-flavor-manage:delete": "rule:system_admin_api" failed scope check. The token used to make the request was project scoped but the policy requires ['system'] scope. This behavior may change in the future where using the intended scope is required
Jan 26 21:27:39.108617 n-d-760455-5 devstack@n-api.service[117830]: warnings.warn(msg)
Jan 26 21:27:39.134899 n-d-760455-5 devstack@n-api.service[117830]: INFO nova.api.openstack.requestlog [None req-8d97bcab-bbb4-4093-bfbf-9255eb6d247f tempest-FlavorsAdminTestJSON-583408755 tempest-FlavorsAdminTestJSON-583408755-project-admin] 10.222.0.74 "DELETE /compute/v2.1/flavors/1222397468" status: 202 len: 0 microversion: 2.1 time: 0.033309
Jan 26 21:27:39.135615 n-d-760455-5 devstack@n-api.service[117830]: [pid: 117830|app: 0|req: 20/36] 10.222.0.74 () {58 vars in 1160 bytes} [Wed Jan 26 21:27:39 2022] DELETE /compute/v2.1/flavors/1222397468 => generated 0 bytes in 35 msecs (HTTP/1.1 202) 9 headers in 361 bytes (1 switches on core 0)
Jan 26 21:27:39.144195 n-d-760455-5 devstack@n-api.service[117830]: DEBUG nova.api.openstack.wsgi [None req-fe1ecb53-6053-4920-85d9-fd5ff2fa3e9e tempest-FlavorsExtraSpecsTestJSON-778317636 tempest-FlavorsExtraSpecsTestJSON-778317636-project-admin] Action: 'create', calling method: >, body: {"extra_specs": {"hw:numa_nodes": "1", "hw:cpu_policy": "shared"}} {{(pid=117830) _process_stack /opt/stack/nova/nova/api/openstack/wsgi.py:511}}
Jan 26 21:27:39.171488 n-d-760455-5 devstack@n-api.service[117830]: INFO nova.api.openstack.requestlog [None req-fe1ecb53-6053-4920-85d9-fd5ff2fa3e9e tempest-FlavorsExtraSpecsTestJSON-778317636 tempest-FlavorsExtraSpecsTestJSON-778317636-project-admin] 10.222.0.74 "POST /compute/v2.1/flavors/1834831618/os-extra_specs" status: 200 len: 66 microversion: 2.1 time: 0.033005
Jan 26 21:27:39.172686 n-d-760455-5 devstack@n-api.service[117830]: [pid: 117830|app: 0|req: 21/37] 10.222.0.74 () {60 vars in 1223 bytes} [Wed Jan 26 21:27:39 2022] POST /compute/v2.1/flavors/1834831618/os-extra_specs => generated 66 bytes in 36 msecs (HTTP/1.1 200) 9 headers in 356 bytes (1 switches on core 0)
Jan 26 21:27:39.180817 n-d-760455-5 devstack@n-api.service[117830]: DEBUG nova.api.openstack.wsgi [None req-f7ca2b8a-71d3-4ee2-824b-d8d335536549 tempest-KeyPairsV210TestJSON-2124995692 tempest-KeyPairsV210TestJSON-2124995692-project-admin] Calling method '.version_select at 0x7f45b1ae3d30>' {{(pid=117830) _process_stack /opt/stack/nova/nova/api/openstack/wsgi.py:513}}
Jan 26 21:27:39.206312 n-d-760455-5 devstack@n-api.service[117830]: INFO nova.api.openstack.requestlog [None req-f7ca2b8a-71d3-4ee2-824b-d8d335536549 tempest-KeyPairsV210TestJSON-2124995692 tempest-KeyPairsV210TestJSON-2124995692-project-admin] 10.222.0.74 "DELETE /compute/v2.1/os-keypairs/tempest-KeyPairsV210TestJSON-keypair-21258117" status: 204 len: 0 microversion: 2.10 time: 0.031748
Jan 26 21:27:39.207251 n-d-760455-5 devstack@n-api.service[117830]: [pid: 117830|app: 0|req: 22/38] 10.222.0.74 () {60 vars in 1318 bytes} [Wed Jan 26 21:27:39 2022] DELETE /compute/v2.1/os-keypairs/tempest-KeyPairsV210TestJSON-keypair-21258117 => generated 0 bytes in 34 msecs (HTTP/1.1 204) 9 headers in 365 bytes (1 switches on core 0)
Jan 26 21:27:39.216489 n-d-760455-5 devstack@n-api.service[117830]: DEBUG nova.api.openstack.wsgi [None req-feea6efb-692d-4a7c-bd7b-3cd55649dc24 tempest-FlavorsExtraSpecsNegativeTestJSON-1539115968 tempest-FlavorsExtraSpecsNegativeTestJSON-1539115968-project-admin] Calling method '>' {{(pid=117830) _process_stack /opt/stack/nova/nova/api/openstack/wsgi.py:513}}
Jan 26 21:27:39.228863 n-d-760455-5 devstack@n-api.service[117830]: INFO nova.api.openstack.wsgi [None req-feea6efb-692d-4a7c-bd7b-3cd55649dc24 tempest-FlavorsExtraSpecsNegativeTestJSON-1539115968 tempest-FlavorsExtraSpecsNegativeTestJSON-1539115968-project-admin] HTTP exception thrown: Flavor 1536008868 has no extra specs with key hw:cpu_thread_policy.
Jan 26 21:27:39.230075 n-d-760455-5 devstack@n-api.service[117830]: DEBUG nova.api.openstack.wsgi [None req-feea6efb-692d-4a7c-bd7b-3cd55649dc24 tempest-FlavorsExtraSpecsNegativeTestJSON-1539115968 tempest-FlavorsExtraSpecsNegativeTestJSON-1539115968-project-admin] Returning 404 to user: Flavor 1536008868 has no extra specs with key hw:cpu_thread_policy. {{(pid=117830) __call__ /opt/stack/nova/nova/api/openstack/wsgi.py:936}}
Jan 26 21:27:39.231010 n-d-760455-5 devstack@n-api.service[117830]: INFO nova.api.openstack.requestlog [None req-feea6efb-692d-4a7c-bd7b-3cd55649dc24 tempest-FlavorsExtraSpecsNegativeTestJSON-1539115968 tempest-FlavorsExtraSpecsNegativeTestJSON-1539115968-project-admin] 10.222.0.74 "DELETE /compute/v2.1/flavors/1536008868/os-extra_specs/hw:cpu_thread_policy" status: 404 len: 113 microversion: 2.1 time: 0.023017
Jan 26 21:27:39.236043 n-d-760455-5 devstack@n-api.service[117830]: [pid: 117830|app: 0|req: 23/39] 10.222.0.74 () {58 vars in 1268 bytes} [Wed Jan 26 21:27:39 2022] DELETE /compute/v2.1/flavors/1536008868/os-extra_specs/hw:cpu_thread_policy => generated 113 bytes in 25 msecs (HTTP/1.1 404) 9 headers in 379 bytes (1 switches on core 0)
Jan 26 21:27:39.238333 n-d-760455-5 devstack@n-api.service[117830]: DEBUG nova.api.openstack.wsgi [None req-a345fc2a-25ba-4ac8-b373-7301da29467f tempest-FlavorsAdminTestJSON-583408755 tempest-FlavorsAdminTestJSON-583408755-project-admin] Calling method '>' {{(pid=117830) _process_stack /opt/stack/nova/nova/api/openstack/wsgi.py:513}}
Jan 26 21:27:39.272711 n-d-760455-5 devstack@n-api.service[117830]: INFO nova.api.openstack.requestlog [None req-a345fc2a-25ba-4ac8-b373-7301da29467f tempest-FlavorsAdminTestJSON-583408755 tempest-FlavorsAdminTestJSON-583408755-project-admin] 10.222.0.74 "GET /compute/v2.1/flavors/detail" status: 200 len: 5801 microversion: 2.1 time: 0.039110
Jan 26 21:27:39.273915 n-d-760455-5 devstack@n-api.service[117830]: [pid: 117830|app: 0|req: 24/40] 10.222.0.74 () {58 vars in 1145 bytes} [Wed Jan 26 21:27:39 2022] GET /compute/v2.1/flavors/detail => generated 5801 bytes in 41 msecs (HTTP/1.1 200) 9 headers in 358 bytes (1 switches on core 0)
Jan 26 21:27:39.278912 n-d-760455-5 devstack@n-api.service[117830]: DEBUG nova.api.openstack.wsgi [None req-67889a21-9c9e-4b11-a09b-1abf527a0343 tempest-FlavorsExtraSpecsTestJSON-778317636 tempest-FlavorsExtraSpecsTestJSON-778317636-project-admin] Calling method '>' {{(pid=117830) _process_stack /opt/stack/nova/nova/api/openstack/wsgi.py:513}}
Jan 26 21:27:39.291864 n-d-760455-5 devstack@n-api.service[117830]: INFO nova.api.openstack.requestlog [None req-67889a21-9c9e-4b11-a09b-1abf527a0343 tempest-FlavorsExtraSpecsTestJSON-778317636 tempest-FlavorsExtraSpecsTestJSON-778317636-project-admin] 10.222.0.74 "GET /compute/v2.1/flavors/1834831618/os-extra_specs" status: 200 len: 66 microversion: 2.1 time: 0.016291
Jan 26 21:27:39.292848 n-d-760455-5 devstack@n-api.service[117830]: [pid: 117830|app: 0|req: 25/41] 10.222.0.74 () {58 vars in 1202 bytes} [Wed Jan 26 21:27:39 2022] GET /compute/v2.1/flavors/1834831618/os-extra_specs => generated 66 bytes in 18 msecs (HTTP/1.1 200) 9 headers in 356 bytes (1 switches on core 0)
Jan 26 21:27:39.299165 n-d-760455-5 devstack@n-api.service[117830]: DEBUG nova.api.openstack.wsgi [None req-0bf9f488-778b-4b28-85d6-98b211d0c32a tempest-KeyPairsV210TestJSON-2124995692 tempest-KeyPairsV210TestJSON-2124995692-project-admin] Calling method '.version_select at 0x7f45b1a78790>' {{(pid=117830) _process_stack /opt/stack/nova/nova/api/openstack/wsgi.py:513}}
Jan 26 21:27:39.320111 n-d-760455-5 devstack@n-api.service[117830]: INFO nova.api.openstack.requestlog [None req-0bf9f488-778b-4b28-85d6-98b211d0c32a tempest-KeyPairsV210TestJSON-2124995692 tempest-KeyPairsV210TestJSON-2124995692-project-admin] 10.222.0.74 "DELETE /compute/v2.1/os-keypairs/tempest-keypair-554637826?user_id=6591254928d8403880bf5a7bee342988" status: 204 len: 0 microversion: 2.10 time: 0.025606
Jan 26 21:27:39.321021 n-d-760455-5 devstack@n-api.service[117830]: [pid: 117830|app: 0|req: 26/42] 10.222.0.74 () {60 vars in 1339 bytes} [Wed Jan 26 21:27:39 2022] DELETE /compute/v2.1/os-keypairs/tempest-keypair-554637826?user_id=6591254928d8403880bf5a7bee342988 => generated 0 bytes in 27 msecs (HTTP/1.1 204) 9 headers in 365 bytes (1 switches on core 0)
Jan 26 21:27:39.325858 n-d-760455-5 devstack@n-api.service[117830]: DEBUG nova.api.openstack.wsgi [None req-2900d59e-59a6-41b3-96f7-1c7688d3bf2b tempest-FlavorsExtraSpecsNegativeTestJSON-1539115968 tempest-FlavorsExtraSpecsNegativeTestJSON-1539115968-project-admin] Action: 'update', calling method: >, body: {"hw:cpu_policy": "shared"} {{(pid=117830) _process_stack /opt/stack/nova/nova/api/openstack/wsgi.py:511}}
Jan 26 21:27:39.328936 n-d-760455-5 devstack@n-api.service[117830]: INFO nova.api.openstack.wsgi [None req-2900d59e-59a6-41b3-96f7-1c7688d3bf2b tempest-FlavorsExtraSpecsNegativeTestJSON-1539115968 tempest-FlavorsExtraSpecsNegativeTestJSON-1539115968-project-admin] HTTP exception thrown: Request body and URI mismatch
Jan 26 21:27:39.329579 n-d-760455-5 devstack@n-api.service[117830]: DEBUG nova.api.openstack.wsgi [None req-2900d59e-59a6-41b3-96f7-1c7688d3bf2b tempest-FlavorsExtraSpecsNegativeTestJSON-1539115968 tempest-FlavorsExtraSpecsNegativeTestJSON-1539115968-project-admin] Returning 400 to user: Request body and URI mismatch {{(pid=117830) __call__ /opt/stack/nova/nova/api/openstack/wsgi.py:936}}
Jan 26 21:27:39.331167 n-d-760455-5 devstack@n-api.service[117830]: INFO nova.api.openstack.requestlog [None req-2900d59e-59a6-41b3-96f7-1c7688d3bf2b tempest-FlavorsExtraSpecsNegativeTestJSON-1539115968 tempest-FlavorsExtraSpecsNegativeTestJSON-1539115968-project-admin] 10.222.0.74 "PUT /compute/v2.1/flavors/1536008868/os-extra_specs/hw:numa_nodes" status: 400 len: 73 microversion: 2.1 time: 0.008326
Jan 26 21:27:39.332365 n-d-760455-5 devstack@n-api.service[117830]: [pid: 117830|app: 0|req: 27/43] 10.222.0.74 () {60 vars in 1264 bytes} [Wed Jan 26 21:27:39 2022] PUT /compute/v2.1/flavors/1536008868/os-extra_specs/hw:numa_nodes => generated 73 bytes in 11 msecs (HTTP/1.1 400) 9 headers in 380 bytes (1 switches on core 0)
Jan 26 21:27:39.339644 n-d-760455-5 devstack@n-api.service[117830]: DEBUG nova.api.openstack.wsgi [None req-3a065bec-067c-46ab-a8dd-adf3ba26f6f0 tempest-FlavorsAdminTestJSON-583408755 tempest-FlavorsAdminTestJSON-583408755-project-admin] Action: 'create', calling method: >, body: {"flavor": {"ram": 512, "vcpus": 1, "disk": 10, "name": "tempest-test_flavor_-2125612204", "id": 1620169486, "swap": 1024, "rxtx_factor": 2, "OS-FLV-EXT-DATA:ephemeral": 10, "os-flavor-access:is_public": "True"}} {{(pid=117830) _process_stack /opt/stack/nova/nova/api/openstack/wsgi.py:511}}
Jan 26 21:27:39.379897 n-d-760455-5 devstack@n-api.service[117831]: INFO nova.api.openstack.requestlog [None req-de819682-c0c8-4dc8-a855-6adb290883d5 tempest-AggregatesAdminTestV241-1103031695 tempest-AggregatesAdminTestV241-1103031695-project-admin] 10.222.0.74 "POST /compute/v2.1/os-aggregates/1/action" status: 200 len: 299 microversion: 2.41 time: 0.528736
Jan 26 21:27:39.381590 n-d-760455-5 devstack@n-api.service[117831]: [pid: 117831|app: 0|req: 17/44] 10.222.0.74 () {62 vars in 1231 bytes} [Wed Jan 26 21:27:38 2022] POST /compute/v2.1/os-aggregates/1/action => generated 299 bytes in 531 msecs (HTTP/1.1 200) 9 headers in 359 bytes (1 switches on core 0)
Jan 26 21:27:39.392480 n-d-760455-5 devstack@n-api.service[117830]: INFO nova.api.openstack.requestlog [None req-3a065bec-067c-46ab-a8dd-adf3ba26f6f0 tempest-FlavorsAdminTestJSON-583408755 tempest-FlavorsAdminTestJSON-583408755-project-admin] 10.222.0.74 "POST /compute/v2.1/flavors" status: 200 len: 417 microversion: 2.1 time: 0.058977
Jan 26 21:27:39.399541 n-d-760455-5 devstack@n-api.service[117830]: [pid: 117830|app: 0|req: 28/45] 10.222.0.74 () {60 vars in 1146 bytes} [Wed Jan 26 21:27:39 2022] POST /compute/v2.1/flavors => generated 417 bytes in 66 msecs (HTTP/1.1 200) 9 headers in 357 bytes (1 switches on core 0)
Jan 26 21:27:39.401940 n-d-760455-5 devstack@n-api.service[117831]: DEBUG nova.api.openstack.wsgi [None req-5082013b-7dd2-4c73-96f8-0c4929dc8ae1 tempest-FlavorsExtraSpecsTestJSON-778317636 tempest-FlavorsExtraSpecsTestJSON-778317636-project-admin] Action: 'update', calling method: >, body: {"hw:numa_nodes": "2"} {{(pid=117831) _process_stack /opt/stack/nova/nova/api/openstack/wsgi.py:511}}
