Jan 26 21:18:39.045783 n-d-760455-5 devstack@c-api.service[110150]: DEBUG cinder.api.extensions [-] Ext description: Enable volume unmanage operation. {{(pid=110150) _check_extension /opt/stack/cinder/cinder/api/extensions.py:181}}
Jan 26 21:18:39.046435 n-d-760455-5 devstack@c-api.service[110150]: DEBUG cinder.api.extensions [-] Ext updated: 2014-12-31T00:00:00+00:00 {{(pid=110150) _check_extension /opt/stack/cinder/cinder/api/extensions.py:183}}
Jan 26 21:18:39.046435 n-d-760455-5 devstack@c-api.service[110150]: DEBUG cinder.api.extensions [-] Loaded extension: os-snapshot-unmanage {{(pid=110150) register /opt/stack/cinder/cinder/api/extensions.py:140}}
Jan 26 21:18:39.046435 n-d-760455-5 devstack@c-api.service[110150]: DEBUG cinder.api.extensions [-] Loading extension cinder.api.contrib.volume_type_access.Volume_type_access {{(pid=110150) load_extension /opt/stack/cinder/cinder/api/extensions.py:199}}
Jan 26 21:18:39.046435 n-d-760455-5 devstack@c-api.service[110150]: DEBUG cinder.api.extensions [-] Calling extension factory cinder.api.contrib.volume_type_access.Volume_type_access {{(pid=110150) load_extension /opt/stack/cinder/cinder/api/extensions.py:205}}
Jan 26 21:18:39.047110 n-d-760455-5 devstack@c-api.service[110150]: DEBUG cinder.api.extensions [-] Ext name: VolumeTypeAccess {{(pid=110150) _check_extension /opt/stack/cinder/cinder/api/extensions.py:179}}
Jan 26 21:18:39.047110 n-d-760455-5 devstack@c-api.service[110150]: DEBUG cinder.api.extensions [-] Ext alias: os-volume-type-access {{(pid=110150) _check_extension /opt/stack/cinder/cinder/api/extensions.py:180}}
Jan 26 21:18:39.047110 n-d-760455-5 devstack@c-api.service[110150]: DEBUG cinder.api.extensions [-] Ext description: Volume type access support. {{(pid=110150) _check_extension /opt/stack/cinder/cinder/api/extensions.py:181}}
Jan 26 21:18:39.047110 n-d-760455-5 devstack@c-api.service[110150]: DEBUG cinder.api.extensions [-] Ext updated: 2014-06-26T00:00:00Z {{(pid=110150) _check_extension /opt/stack/cinder/cinder/api/extensions.py:183}}
Jan 26 21:18:39.047669 n-d-760455-5 devstack@c-api.service[110150]: DEBUG cinder.api.extensions [-] Loaded extension: os-volume-type-access {{(pid=110150) register /opt/stack/cinder/cinder/api/extensions.py:140}}
Jan 26 21:18:39.047669 n-d-760455-5 devstack@c-api.service[110150]: DEBUG cinder.api.extensions [-] Loading extension cinder.api.contrib.snapshot_manage.Snapshot_manage {{(pid=110150) load_extension /opt/stack/cinder/cinder/api/extensions.py:199}}
Jan 26 21:18:39.047669 n-d-760455-5 devstack@c-api.service[110150]: DEBUG cinder.api.extensions [-] Calling extension factory cinder.api.contrib.snapshot_manage.Snapshot_manage {{(pid=110150) load_extension /opt/stack/cinder/cinder/api/extensions.py:205}}
Jan 26 21:18:39.048673 n-d-760455-5 devstack@c-api.service[110150]: DEBUG cinder.api.extensions [-] Ext name: SnapshotManage {{(pid=110150) _check_extension /opt/stack/cinder/cinder/api/extensions.py:179}}
Jan 26 21:18:39.048673 n-d-760455-5 devstack@c-api.service[110150]: DEBUG cinder.api.extensions [-] Ext alias: os-snapshot-manage {{(pid=110150) _check_extension /opt/stack/cinder/cinder/api/extensions.py:180}}
Jan 26 21:18:39.048673 n-d-760455-5 devstack@c-api.service[110150]: DEBUG cinder.api.extensions [-] Ext description: Allows existing backend storage to be 'managed' by Cinder. {{(pid=110150) _check_extension /opt/stack/cinder/cinder/api/extensions.py:181}}
Jan 26 21:18:39.048673 n-d-760455-5 devstack@c-api.service[110150]: DEBUG cinder.api.extensions [-] Ext updated: 2014-12-31T00:00:00+00:00 {{(pid=110150) _check_extension /opt/stack/cinder/cinder/api/extensions.py:183}}
Jan 26 21:18:39.048673 n-d-760455-5 devstack@c-api.service[110150]: DEBUG cinder.api.extensions [-] Loaded extension: os-snapshot-manage {{(pid=110150) register /opt/stack/cinder/cinder/api/extensions.py:140}}
Jan 26 21:18:39.048673 n-d-760455-5 devstack@c-api.service[110150]: DEBUG cinder.api.extensions [-] Loading extension cinder.api.contrib.used_limits.Used_limits {{(pid=110150) load_extension /opt/stack/cinder/cinder/api/extensions.py:199}}
Jan 26 21:18:39.049554 n-d-760455-5 devstack@c-api.service[110150]: DEBUG cinder.api.extensions [-] Calling extension factory cinder.api.contrib.used_limits.Used_limits {{(pid=110150) load_extension /opt/stack/cinder/cinder/api/extensions.py:205}}
Jan 26 21:18:39.049554 n-d-760455-5 devstack@c-api.service[110150]: DEBUG cinder.api.extensions [-] Ext name: UsedLimits {{(pid=110150) _check_extension /opt/stack/cinder/cinder/api/extensions.py:179}}
Jan 26 21:18:39.049554 n-d-760455-5 devstack@c-api.service[110150]: DEBUG cinder.api.extensions [-] Ext alias: os-used-limits {{(pid=110150) _check_extension /opt/stack/cinder/cinder/api/extensions.py:180}}
Jan 26 21:18:39.049554 n-d-760455-5 devstack@c-api.service[110150]: DEBUG cinder.api.extensions [-] Ext description: Provide data on limited resources that are being used. {{(pid=110150) _check_extension /opt/stack/cinder/cinder/api/extensions.py:181}}
Jan 26 21:18:39.049554 n-d-760455-5 devstack@c-api.service[110150]: DEBUG cinder.api.extensions [-] Ext updated: 2013-10-03T00:00:00+00:00 {{(pid=110150) _check_extension /opt/stack/cinder/cinder/api/extensions.py:183}}
Jan 26 21:18:39.049554 n-d-760455-5 devstack@c-api.service[110150]: DEBUG cinder.api.extensions [-] Loaded extension: os-used-limits {{(pid=110150) register /opt/stack/cinder/cinder/api/extensions.py:140}}
Jan 26 21:18:39.050344 n-d-760455-5 devstack@c-api.service[110150]: DEBUG cinder.api.extensions [-] Loading extension cinder.api.contrib.availability_zones.Availability_zones {{(pid=110150) load_extension /opt/stack/cinder/cinder/api/extensions.py:199}}
Jan 26 21:18:39.050344 n-d-760455-5 devstack@c-api.service[110150]: DEBUG cinder.api.extensions [-] Calling extension factory cinder.api.contrib.availability_zones.Availability_zones {{(pid=110150) load_extension /opt/stack/cinder/cinder/api/extensions.py:205}}
Jan 26 21:18:39.050344 n-d-760455-5 devstack@c-api.service[110150]: DEBUG cinder.api.extensions [-] Ext name: AvailabilityZones {{(pid=110150) _check_extension /opt/stack/cinder/cinder/api/extensions.py:179}}
Jan 26 21:18:39.050344 n-d-760455-5 devstack@c-api.service[110150]: DEBUG cinder.api.extensions [-] Ext alias: os-availability-zone {{(pid=110150) _check_extension /opt/stack/cinder/cinder/api/extensions.py:180}}
Jan 26 21:18:39.050957 n-d-760455-5 devstack@c-api.service[110150]: DEBUG cinder.api.extensions [-] Ext description: Describe Availability Zones. {{(pid=110150) _check_extension /opt/stack/cinder/cinder/api/extensions.py:181}}
Jan 26 21:18:39.050957 n-d-760455-5 devstack@c-api.service[110150]: DEBUG cinder.api.extensions [-] Ext updated: 2013-06-27T00:00:00+00:00 {{(pid=110150) _check_extension /opt/stack/cinder/cinder/api/extensions.py:183}}
Jan 26 21:18:39.050957 n-d-760455-5 devstack@c-api.service[110150]: DEBUG cinder.api.extensions [-] Loaded extension: os-availability-zone {{(pid=110150) register /opt/stack/cinder/cinder/api/extensions.py:140}}
Jan 26 21:18:39.050957 n-d-760455-5 devstack@c-api.service[110150]: DEBUG cinder.api.extensions [-] Loading extension cinder.api.contrib.cgsnapshots.Cgsnapshots {{(pid=110150) load_extension /opt/stack/cinder/cinder/api/extensions.py:199}}
Jan 26 21:18:39.051482 n-d-760455-5 devstack@c-api.service[110150]: DEBUG cinder.api.extensions [-] Calling extension factory cinder.api.contrib.cgsnapshots.Cgsnapshots {{(pid=110150) load_extension /opt/stack/cinder/cinder/api/extensions.py:205}}
Jan 26 21:18:39.051482 n-d-760455-5 devstack@c-api.service[110150]: DEBUG cinder.api.extensions [-] Ext name: Cgsnapshots {{(pid=110150) _check_extension /opt/stack/cinder/cinder/api/extensions.py:179}}
Jan 26 21:18:39.051482 n-d-760455-5 devstack@c-api.service[110150]: DEBUG cinder.api.extensions [-] Ext alias: cgsnapshots {{(pid=110150) _check_extension /opt/stack/cinder/cinder/api/extensions.py:180}}
Jan 26 21:18:39.051897 n-d-760455-5 devstack@c-api.service[110150]: DEBUG cinder.api.extensions [-] Ext description: cgsnapshots support. {{(pid=110150) _check_extension /opt/stack/cinder/cinder/api/extensions.py:181}}
Jan 26 21:18:39.051897 n-d-760455-5 devstack@c-api.service[110150]: DEBUG cinder.api.extensions [-] Ext updated: 2014-08-18T00:00:00+00:00 {{(pid=110150) _check_extension /opt/stack/cinder/cinder/api/extensions.py:183}}
Jan 26 21:18:39.051897 n-d-760455-5 devstack@c-api.service[110150]: DEBUG cinder.api.extensions [-] Loaded extension: cgsnapshots {{(pid=110150) register /opt/stack/cinder/cinder/api/extensions.py:140}}
Jan 26 21:18:39.052352 n-d-760455-5 devstack@c-api.service[110150]: DEBUG cinder.api.extensions [-] Loading extension cinder.api.contrib.backups.Backups {{(pid=110150) load_extension /opt/stack/cinder/cinder/api/extensions.py:199}}
Jan 26 21:18:39.052352 n-d-760455-5 devstack@c-api.service[110150]: DEBUG cinder.api.extensions [-] Calling extension factory cinder.api.contrib.backups.Backups {{(pid=110150) load_extension /opt/stack/cinder/cinder/api/extensions.py:205}}
Jan 26 21:18:39.052620 n-d-760455-5 devstack@c-api.service[110150]: DEBUG cinder.api.extensions [-] Ext name: Backups {{(pid=110150) _check_extension /opt/stack/cinder/cinder/api/extensions.py:179}}
Jan 26 21:18:39.052620 n-d-760455-5 devstack@c-api.service[110150]: DEBUG cinder.api.extensions [-] Ext alias: backups {{(pid=110150) _check_extension /opt/stack/cinder/cinder/api/extensions.py:180}}
Jan 26 21:18:39.052898 n-d-760455-5 devstack@c-api.service[110150]: DEBUG cinder.api.extensions [-] Ext description: Backups support. {{(pid=110150) _check_extension /opt/stack/cinder/cinder/api/extensions.py:181}}
Jan 26 21:18:39.052898 n-d-760455-5 devstack@c-api.service[110150]: DEBUG cinder.api.extensions [-] Ext updated: 2012-12-12T00:00:00+00:00 {{(pid=110150) _check_extension /opt/stack/cinder/cinder/api/extensions.py:183}}
Jan 26 21:18:39.053877 n-d-760455-5 devstack@c-api.service[110150]: DEBUG cinder.api.extensions [-] Loaded extension: backups {{(pid=110150) register /opt/stack/cinder/cinder/api/extensions.py:140}}
Jan 26 21:18:39.053877 n-d-760455-5 devstack@c-api.service[110150]: DEBUG cinder.api.extensions [-] Loading extension cinder.api.contrib.consistencygroups.Consistencygroups {{(pid=110150) load_extension /opt/stack/cinder/cinder/api/extensions.py:199}}
Jan 26 21:18:39.053877 n-d-760455-5 devstack@c-api.service[110150]: DEBUG cinder.api.extensions [-] Calling extension factory cinder.api.contrib.consistencygroups.Consistencygroups {{(pid=110150) load_extension /opt/stack/cinder/cinder/api/extensions.py:205}}
Jan 26 21:18:39.054293 n-d-760455-5 devstack@c-api.service[110150]: DEBUG cinder.api.extensions [-] Ext name: Consistencygroups {{(pid=110150) _check_extension /opt/stack/cinder/cinder/api/extensions.py:179}}
Jan 26 21:18:39.054293 n-d-760455-5 devstack@c-api.service[110150]: DEBUG cinder.api.extensions [-] Ext alias: consistencygroups {{(pid=110150) _check_extension /opt/stack/cinder/cinder/api/extensions.py:180}}
Jan 26 21:18:39.054293 n-d-760455-5 devstack@c-api.service[110150]: DEBUG cinder.api.extensions [-] Ext description: consistency groups support. {{(pid=110150) _check_extension /opt/stack/cinder/cinder/api/extensions.py:181}}
Jan 26 21:18:39.054688 n-d-760455-5 devstack@c-api.service[110150]: DEBUG cinder.api.extensions [-] Ext updated: 2014-08-18T00:00:00+00:00 {{(pid=110150) _check_extension /opt/stack/cinder/cinder/api/extensions.py:183}}
Jan 26 21:18:39.054942 n-d-760455-5 devstack@c-api.service[110150]: DEBUG cinder.api.extensions [-] Loaded extension: consistencygroups {{(pid=110150) register /opt/stack/cinder/cinder/api/extensions.py:140}}
Jan 26 21:18:39.055249 n-d-760455-5 devstack@c-api.service[110150]: DEBUG cinder.api.extensions [-] Loading extension cinder.api.contrib.volume_host_attribute.Volume_host_attribute {{(pid=110150) load_extension /opt/stack/cinder/cinder/api/extensions.py:199}}
Jan 26 21:18:39.055439 n-d-760455-5 devstack@c-api.service[110150]: DEBUG cinder.api.extensions [-] Calling extension factory cinder.api.contrib.volume_host_attribute.Volume_host_attribute {{(pid=110150) load_extension /opt/stack/cinder/cinder/api/extensions.py:205}}
Jan 26 21:18:39.055619 n-d-760455-5 devstack@c-api.service[110150]: DEBUG cinder.api.extensions [-] Ext name: VolumeHostAttribute {{(pid=110150) _check_extension /opt/stack/cinder/cinder/api/extensions.py:179}}
Jan 26 21:18:39.055793 n-d-760455-5 devstack@c-api.service[110150]: DEBUG cinder.api.extensions [-] Ext alias: os-vol-host-attr {{(pid=110150) _check_extension /opt/stack/cinder/cinder/api/extensions.py:180}}
Jan 26 21:18:39.056031 n-d-760455-5 devstack@c-api.service[110150]: DEBUG cinder.api.extensions [-] Ext description: Expose host as an attribute of a volume. {{(pid=110150) _check_extension /opt/stack/cinder/cinder/api/extensions.py:181}}
Jan 26 21:18:39.056689 n-d-760455-5 devstack@c-api.service[110150]: DEBUG cinder.api.extensions [-] Ext updated: 2011-11-03T00:00:00+00:00 {{(pid=110150) _check_extension /opt/stack/cinder/cinder/api/extensions.py:183}}
Jan 26 21:18:39.056689 n-d-760455-5 devstack@c-api.service[110150]: DEBUG cinder.api.extensions [-] Loaded extension: os-vol-host-attr {{(pid=110150) register /opt/stack/cinder/cinder/api/extensions.py:140}}
Jan 26 21:18:39.056689 n-d-760455-5 devstack@c-api.service[110150]: DEBUG cinder.api.extensions [-] Loading extension cinder.api.contrib.scheduler_stats.Scheduler_stats {{(pid=110150) load_extension /opt/stack/cinder/cinder/api/extensions.py:199}}
Jan 26 21:18:39.056689 n-d-760455-5 devstack@c-api.service[110150]: DEBUG cinder.api.extensions [-] Calling extension factory cinder.api.contrib.scheduler_stats.Scheduler_stats {{(pid=110150) load_extension /opt/stack/cinder/cinder/api/extensions.py:205}}
Jan 26 21:18:39.057371 n-d-760455-5 devstack@c-api.service[110150]: DEBUG cinder.api.extensions [-] Ext name: Scheduler_stats {{(pid=110150) _check_extension /opt/stack/cinder/cinder/api/extensions.py:179}}
Jan 26 21:18:39.057371 n-d-760455-5 devstack@c-api.service[110150]: DEBUG cinder.api.extensions [-] Ext alias: scheduler-stats {{(pid=110150) _check_extension /opt/stack/cinder/cinder/api/extensions.py:180}}
Jan 26 21:18:39.057371 n-d-760455-5 devstack@c-api.service[110150]: DEBUG cinder.api.extensions [-] Ext description: Scheduler stats support. {{(pid=110150) _check_extension /opt/stack/cinder/cinder/api/extensions.py:181}}
Jan 26 21:18:39.057371 n-d-760455-5 devstack@c-api.service[110150]: DEBUG cinder.api.extensions [-] Ext updated: 2014-09-07T00:00:00+00:00 {{(pid=110150) _check_extension /opt/stack/cinder/cinder/api/extensions.py:183}}
Jan 26 21:18:39.057912 n-d-760455-5 devstack@c-api.service[110150]: DEBUG cinder.api.extensions [-] Loaded extension: scheduler-stats {{(pid=110150) register /opt/stack/cinder/cinder/api/extensions.py:140}}
Jan 26 21:18:39.058635 n-d-760455-5 devstack@c-api.service[110150]: /usr/local/lib/python3.8/dist-packages/oslo_db/sqlalchemy/enginefacade.py:355: OsloDBDeprecationWarning: EngineFacade is deprecated; please use oslo_db.sqlalchemy.enginefacade
Jan 26 21:18:39.058635 n-d-760455-5 devstack@c-api.service[110150]: self._legacy_facade = LegacyEngineFacade(None, _factory=self)
Jan 26 21:18:39.063278 n-d-760455-5 devstack@c-api.service[110149]: DEBUG oslo_db.sqlalchemy.engines [None req-b84002aa-f122-4fd3-8924-2cc135c1e869 None None] MySQL server mode set to STRICT_TRANS_TABLES,STRICT_ALL_TABLES,NO_ZERO_IN_DATE,NO_ZERO_DATE,ERROR_FOR_DIVISION_BY_ZERO,TRADITIONAL,NO_ENGINE_SUBSTITUTION {{(pid=110149) _check_effective_sql_mode /usr/local/lib/python3.8/dist-packages/oslo_db/sqlalchemy/engines.py:314}}
Jan 26 21:18:39.086435 n-d-760455-5 devstack@c-api.service[110150]: DEBUG oslo_db.sqlalchemy.engines [None req-bb820a20-8cb7-4ddb-b59b-815070c469ac None None] MySQL server mode set to STRICT_TRANS_TABLES,STRICT_ALL_TABLES,NO_ZERO_IN_DATE,NO_ZERO_DATE,ERROR_FOR_DIVISION_BY_ZERO,TRADITIONAL,NO_ENGINE_SUBSTITUTION {{(pid=110150) _check_effective_sql_mode /usr/local/lib/python3.8/dist-packages/oslo_db/sqlalchemy/engines.py:314}}
Jan 26 21:18:39.389245 n-d-760455-5 devstack@c-api.service[110149]: INFO cinder.rpc [None req-b84002aa-f122-4fd3-8924-2cc135c1e869 None None] Automatically selected cinder-scheduler objects version 1.39 as minimum service version.
Jan 26 21:18:39.393133 n-d-760455-5 devstack@c-api.service[110149]: INFO cinder.rpc [None req-b84002aa-f122-4fd3-8924-2cc135c1e869 None None] Automatically selected cinder-scheduler RPC version 3.12 as minimum service version.
Jan 26 21:18:39.397372 n-d-760455-5 devstack@c-api.service[110149]: INFO cinder.rpc [None req-b84002aa-f122-4fd3-8924-2cc135c1e869 None None] Automatically selected cinder-volume objects version 1.39 as minimum service version.
Jan 26 21:18:39.401125 n-d-760455-5 devstack@c-api.service[110149]: INFO cinder.rpc [None req-b84002aa-f122-4fd3-8924-2cc135c1e869 None None] Automatically selected cinder-volume RPC version 3.16 as minimum service version.
Jan 26 21:18:39.402286 n-d-760455-5 devstack@c-api.service[110149]: WARNING stevedore.named [None req-b84002aa-f122-4fd3-8924-2cc135c1e869 None None] Could not load cinder.keymgr.conf_key_mgr.ConfKeyManager
Jan 26 21:18:39.402705 n-d-760455-5 devstack@c-api.service[110149]: WARNING castellan.key_manager [None req-b84002aa-f122-4fd3-8924-2cc135c1e869 None None] Deprecation Warning : cinder.keymgr.conf_key_mgr.ConfKeyManager is not a stevedore based driver, trying to load it as a class: stevedore.exception.NoMatches: No 'castellan.drivers' driver found, looking for 'cinder.keymgr.conf_key_mgr.ConfKeyManager'
Jan 26 21:18:39.412542 n-d-760455-5 devstack@c-api.service[110150]: INFO cinder.rpc [None req-bb820a20-8cb7-4ddb-b59b-815070c469ac None None] Automatically selected cinder-scheduler objects version 1.39 as minimum service version.
Jan 26 21:18:39.416735 n-d-760455-5 devstack@c-api.service[110150]: INFO cinder.rpc [None req-bb820a20-8cb7-4ddb-b59b-815070c469ac None None] Automatically selected cinder-scheduler RPC version 3.12 as minimum service version.
Jan 26 21:18:39.420830 n-d-760455-5 devstack@c-api.service[110150]: INFO cinder.rpc [None req-bb820a20-8cb7-4ddb-b59b-815070c469ac None None] Automatically selected cinder-volume objects version 1.39 as minimum service version.
Jan 26 21:18:39.423839 n-d-760455-5 devstack@c-api.service[110149]: WARNING cinder.keymgr.conf_key_mgr [None req-b84002aa-f122-4fd3-8924-2cc135c1e869 None None] This key manager is insecure and is not recommended for production deployments: stevedore.exception.NoMatches: No 'castellan.drivers' driver found, looking for 'cinder.keymgr.conf_key_mgr.ConfKeyManager'
Jan 26 21:18:39.424552 n-d-760455-5 devstack@c-api.service[110150]: INFO cinder.rpc [None req-bb820a20-8cb7-4ddb-b59b-815070c469ac None None] Automatically selected cinder-volume RPC version 3.16 as minimum service version.
Jan 26 21:18:39.426466 n-d-760455-5 devstack@c-api.service[110150]: WARNING stevedore.named [None req-bb820a20-8cb7-4ddb-b59b-815070c469ac None None] Could not load cinder.keymgr.conf_key_mgr.ConfKeyManager
Jan 26 21:18:39.426875 n-d-760455-5 devstack@c-api.service[110150]: WARNING castellan.key_manager [None req-bb820a20-8cb7-4ddb-b59b-815070c469ac None None] Deprecation Warning : cinder.keymgr.conf_key_mgr.ConfKeyManager is not a stevedore based driver, trying to load it as a class: stevedore.exception.NoMatches: No 'castellan.drivers' driver found, looking for 'cinder.keymgr.conf_key_mgr.ConfKeyManager'
Jan 26 21:18:39.439281 n-d-760455-5 devstack@c-api.service[110149]: DEBUG oslo_db.sqlalchemy.engines [None req-b84002aa-f122-4fd3-8924-2cc135c1e869 None None] MySQL server mode set to STRICT_TRANS_TABLES,STRICT_ALL_TABLES,NO_ZERO_IN_DATE,NO_ZERO_DATE,ERROR_FOR_DIVISION_BY_ZERO,TRADITIONAL,NO_ENGINE_SUBSTITUTION {{(pid=110149) _check_effective_sql_mode /usr/local/lib/python3.8/dist-packages/oslo_db/sqlalchemy/engines.py:314}}
Jan 26 21:18:39.444706 n-d-760455-5 devstack@c-api.service[110149]: INFO cinder.rpc [None req-b84002aa-f122-4fd3-8924-2cc135c1e869 None None] Automatically selected cinder-backup objects version 1.39 as minimum service version.
Jan 26 21:18:39.447129 n-d-760455-5 devstack@c-api.service[110150]: WARNING cinder.keymgr.conf_key_mgr [None req-bb820a20-8cb7-4ddb-b59b-815070c469ac None None] This key manager is insecure and is not recommended for production deployments: stevedore.exception.NoMatches: No 'castellan.drivers' driver found, looking for 'cinder.keymgr.conf_key_mgr.ConfKeyManager'
Jan 26 21:18:39.448971 n-d-760455-5 devstack@c-api.service[110149]: INFO cinder.rpc [None req-b84002aa-f122-4fd3-8924-2cc135c1e869 None None] Automatically selected cinder-backup RPC version 2.2 as minimum service version.
Jan 26 21:18:39.450009 n-d-760455-5 devstack@c-api.service[110149]: WARNING stevedore.named [None req-b84002aa-f122-4fd3-8924-2cc135c1e869 None None] Could not load cinder.keymgr.conf_key_mgr.ConfKeyManager
Jan 26 21:18:39.450389 n-d-760455-5 devstack@c-api.service[110149]: WARNING castellan.key_manager [None req-b84002aa-f122-4fd3-8924-2cc135c1e869 None None] Deprecation Warning : cinder.keymgr.conf_key_mgr.ConfKeyManager is not a stevedore based driver, trying to load it as a class: stevedore.exception.NoMatches: No 'castellan.drivers' driver found, looking for 'cinder.keymgr.conf_key_mgr.ConfKeyManager'
Jan 26 21:18:39.452830 n-d-760455-5 devstack@c-api.service[110149]: WARNING stevedore.named [None req-b84002aa-f122-4fd3-8924-2cc135c1e869 None None] Could not load cinder.keymgr.conf_key_mgr.ConfKeyManager
Jan 26 21:18:39.453189 n-d-760455-5 devstack@c-api.service[110149]: WARNING castellan.key_manager [None req-b84002aa-f122-4fd3-8924-2cc135c1e869 None None] Deprecation Warning : cinder.keymgr.conf_key_mgr.ConfKeyManager is not a stevedore based driver, trying to load it as a class: stevedore.exception.NoMatches: No 'castellan.drivers' driver found, looking for 'cinder.keymgr.conf_key_mgr.ConfKeyManager'
Jan 26 21:18:39.453917 n-d-760455-5 devstack@c-api.service[110150]: DEBUG oslo_db.sqlalchemy.engines [None req-bb820a20-8cb7-4ddb-b59b-815070c469ac None None] MySQL server mode set to STRICT_TRANS_TABLES,STRICT_ALL_TABLES,NO_ZERO_IN_DATE,NO_ZERO_DATE,ERROR_FOR_DIVISION_BY_ZERO,TRADITIONAL,NO_ENGINE_SUBSTITUTION {{(pid=110150) _check_effective_sql_mode /usr/local/lib/python3.8/dist-packages/oslo_db/sqlalchemy/engines.py:314}}
Jan 26 21:18:39.454731 n-d-760455-5 devstack@c-api.service[110149]: WARNING stevedore.named [None req-b84002aa-f122-4fd3-8924-2cc135c1e869 None None] Could not load cinder.keymgr.conf_key_mgr.ConfKeyManager
Jan 26 21:18:39.455108 n-d-760455-5 devstack@c-api.service[110149]: WARNING castellan.key_manager [None req-b84002aa-f122-4fd3-8924-2cc135c1e869 None None] Deprecation Warning : cinder.keymgr.conf_key_mgr.ConfKeyManager is not a stevedore based driver, trying to load it as a class: stevedore.exception.NoMatches: No 'castellan.drivers' driver found, looking for 'cinder.keymgr.conf_key_mgr.ConfKeyManager'
Jan 26 21:18:39.458185 n-d-760455-5 devstack@c-api.service[110150]: INFO cinder.rpc [None req-bb820a20-8cb7-4ddb-b59b-815070c469ac None None] Automatically selected cinder-backup objects version 1.39 as minimum service version.
Jan 26 21:18:39.461990 n-d-760455-5 devstack@c-api.service[110150]: INFO cinder.rpc [None req-bb820a20-8cb7-4ddb-b59b-815070c469ac None None] Automatically selected cinder-backup RPC version 2.2 as minimum service version.
Jan 26 21:18:39.462891 n-d-760455-5 devstack@c-api.service[110150]: WARNING stevedore.named [None req-bb820a20-8cb7-4ddb-b59b-815070c469ac None None] Could not load cinder.keymgr.conf_key_mgr.ConfKeyManager
Jan 26 21:18:39.463265 n-d-760455-5 devstack@c-api.service[110150]: WARNING castellan.key_manager [None req-bb820a20-8cb7-4ddb-b59b-815070c469ac None None] Deprecation Warning : cinder.keymgr.conf_key_mgr.ConfKeyManager is not a stevedore based driver, trying to load it as a class: stevedore.exception.NoMatches: No 'castellan.drivers' driver found, looking for 'cinder.keymgr.conf_key_mgr.ConfKeyManager'
Jan 26 21:18:39.465465 n-d-760455-5 devstack@c-api.service[110150]: WARNING stevedore.named [None req-bb820a20-8cb7-4ddb-b59b-815070c469ac None None] Could not load cinder.keymgr.conf_key_mgr.ConfKeyManager
Jan 26 21:18:39.465822 n-d-760455-5 devstack@c-api.service[110150]: WARNING castellan.key_manager [None req-bb820a20-8cb7-4ddb-b59b-815070c469ac None None] Deprecation Warning : cinder.keymgr.conf_key_mgr.ConfKeyManager is not a stevedore based driver, trying to load it as a class: stevedore.exception.NoMatches: No 'castellan.drivers' driver found, looking for 'cinder.keymgr.conf_key_mgr.ConfKeyManager'
Jan 26 21:18:39.467333 n-d-760455-5 devstack@c-api.service[110150]: WARNING stevedore.named [None req-bb820a20-8cb7-4ddb-b59b-815070c469ac None None] Could not load cinder.keymgr.conf_key_mgr.ConfKeyManager
Jan 26 21:18:39.467687 n-d-760455-5 devstack@c-api.service[110150]: WARNING castellan.key_manager [None req-bb820a20-8cb7-4ddb-b59b-815070c469ac None None] Deprecation Warning : cinder.keymgr.conf_key_mgr.ConfKeyManager is not a stevedore based driver, trying to load it as a class: stevedore.exception.NoMatches: No 'castellan.drivers' driver found, looking for 'cinder.keymgr.conf_key_mgr.ConfKeyManager'
Jan 26 21:18:39.468025 n-d-760455-5 devstack@c-api.service[110149]: WARNING stevedore.named [None req-b84002aa-f122-4fd3-8924-2cc135c1e869 None None] Could not load cinder.keymgr.conf_key_mgr.ConfKeyManager
Jan 26 21:18:39.468403 n-d-760455-5 devstack@c-api.service[110149]: WARNING castellan.key_manager [None req-b84002aa-f122-4fd3-8924-2cc135c1e869 None None] Deprecation Warning : cinder.keymgr.conf_key_mgr.ConfKeyManager is not a stevedore based driver, trying to load it as a class: stevedore.exception.NoMatches: No 'castellan.drivers' driver found, looking for 'cinder.keymgr.conf_key_mgr.ConfKeyManager'
Jan 26 21:18:39.472389 n-d-760455-5 devstack@c-api.service[110149]: WARNING stevedore.named [None req-b84002aa-f122-4fd3-8924-2cc135c1e869 None None] Could not load cinder.keymgr.conf_key_mgr.ConfKeyManager
Jan 26 21:18:39.472753 n-d-760455-5 devstack@c-api.service[110149]: WARNING castellan.key_manager [None req-b84002aa-f122-4fd3-8924-2cc135c1e869 None None] Deprecation Warning : cinder.keymgr.conf_key_mgr.ConfKeyManager is not a stevedore based driver, trying to load it as a class: stevedore.exception.NoMatches: No 'castellan.drivers' driver found, looking for 'cinder.keymgr.conf_key_mgr.ConfKeyManager'
Jan 26 21:18:39.476865 n-d-760455-5 devstack@c-api.service[110149]: WARNING stevedore.named [None req-b84002aa-f122-4fd3-8924-2cc135c1e869 None None] Could not load cinder.keymgr.conf_key_mgr.ConfKeyManager
Jan 26 21:18:39.477241 n-d-760455-5 devstack@c-api.service[110149]: WARNING castellan.key_manager [None req-b84002aa-f122-4fd3-8924-2cc135c1e869 None None] Deprecation Warning : cinder.keymgr.conf_key_mgr.ConfKeyManager is not a stevedore based driver, trying to load it as a class: stevedore.exception.NoMatches: No 'castellan.drivers' driver found, looking for 'cinder.keymgr.conf_key_mgr.ConfKeyManager'
Jan 26 21:18:39.482063 n-d-760455-5 devstack@c-api.service[110149]: WARNING stevedore.named [None req-b84002aa-f122-4fd3-8924-2cc135c1e869 None None] Could not load cinder.keymgr.conf_key_mgr.ConfKeyManager
Jan 26 21:18:39.482517 n-d-760455-5 devstack@c-api.service[110149]: WARNING castellan.key_manager [None req-b84002aa-f122-4fd3-8924-2cc135c1e869 None None] Deprecation Warning : cinder.keymgr.conf_key_mgr.ConfKeyManager is not a stevedore based driver, trying to load it as a class: stevedore.exception.NoMatches: No 'castellan.drivers' driver found, looking for 'cinder.keymgr.conf_key_mgr.ConfKeyManager'
Jan 26 21:18:39.482636 n-d-760455-5 devstack@c-api.service[110150]: WARNING stevedore.named [None req-bb820a20-8cb7-4ddb-b59b-815070c469ac None None] Could not load cinder.keymgr.conf_key_mgr.ConfKeyManager
Jan 26 21:18:39.483182 n-d-760455-5 devstack@c-api.service[110150]: WARNING castellan.key_manager [None req-bb820a20-8cb7-4ddb-b59b-815070c469ac None None] Deprecation Warning : cinder.keymgr.conf_key_mgr.ConfKeyManager is not a stevedore based driver, trying to load it as a class: stevedore.exception.NoMatches: No 'castellan.drivers' driver found, looking for 'cinder.keymgr.conf_key_mgr.ConfKeyManager'
Jan 26 21:18:39.485988 n-d-760455-5 devstack@c-api.service[110149]: WARNING stevedore.named [None req-b84002aa-f122-4fd3-8924-2cc135c1e869 None None] Could not load cinder.keymgr.conf_key_mgr.ConfKeyManager
Jan 26 21:18:39.486356 n-d-760455-5 devstack@c-api.service[110149]: WARNING castellan.key_manager [None req-b84002aa-f122-4fd3-8924-2cc135c1e869 None None] Deprecation Warning : cinder.keymgr.conf_key_mgr.ConfKeyManager is not a stevedore based driver, trying to load it as a class: stevedore.exception.NoMatches: No 'castellan.drivers' driver found, looking for 'cinder.keymgr.conf_key_mgr.ConfKeyManager'
Jan 26 21:18:39.487580 n-d-760455-5 devstack@c-api.service[110150]: WARNING stevedore.named [None req-bb820a20-8cb7-4ddb-b59b-815070c469ac None None] Could not load cinder.keymgr.conf_key_mgr.ConfKeyManager
Jan 26 21:18:39.487939 n-d-760455-5 devstack@c-api.service[110150]: WARNING castellan.key_manager [None req-bb820a20-8cb7-4ddb-b59b-815070c469ac None None] Deprecation Warning : cinder.keymgr.conf_key_mgr.ConfKeyManager is not a stevedore based driver, trying to load it as a class: stevedore.exception.NoMatches: No 'castellan.drivers' driver found, looking for 'cinder.keymgr.conf_key_mgr.ConfKeyManager'
Jan 26 21:18:39.489716 n-d-760455-5 devstack@c-api.service[110149]: WARNING stevedore.named [None req-b84002aa-f122-4fd3-8924-2cc135c1e869 None None] Could not load cinder.keymgr.conf_key_mgr.ConfKeyManager
Jan 26 21:18:39.490086 n-d-760455-5 devstack@c-api.service[110149]: WARNING castellan.key_manager [None req-b84002aa-f122-4fd3-8924-2cc135c1e869 None None] Deprecation Warning : cinder.keymgr.conf_key_mgr.ConfKeyManager is not a stevedore based driver, trying to load it as a class: stevedore.exception.NoMatches: No 'castellan.drivers' driver found, looking for 'cinder.keymgr.conf_key_mgr.ConfKeyManager'
Jan 26 21:18:39.493757 n-d-760455-5 devstack@c-api.service[110150]: WARNING stevedore.named [None req-bb820a20-8cb7-4ddb-b59b-815070c469ac None None] Could not load cinder.keymgr.conf_key_mgr.ConfKeyManager
Jan 26 21:18:39.494243 n-d-760455-5 devstack@c-api.service[110150]: WARNING castellan.key_manager [None req-bb820a20-8cb7-4ddb-b59b-815070c469ac None None] Deprecation Warning : cinder.keymgr.conf_key_mgr.ConfKeyManager is not a stevedore based driver, trying to load it as a class: stevedore.exception.NoMatches: No 'castellan.drivers' driver found, looking for 'cinder.keymgr.conf_key_mgr.ConfKeyManager'
Jan 26 21:18:39.494340 n-d-760455-5 devstack@c-api.service[110149]: WARNING stevedore.named [None req-b84002aa-f122-4fd3-8924-2cc135c1e869 None None] Could not load cinder.keymgr.conf_key_mgr.ConfKeyManager
Jan 26 21:18:39.494738 n-d-760455-5 devstack@c-api.service[110149]: WARNING castellan.key_manager [None req-b84002aa-f122-4fd3-8924-2cc135c1e869 None None] Deprecation Warning : cinder.keymgr.conf_key_mgr.ConfKeyManager is not a stevedore based driver, trying to load it as a class: stevedore.exception.NoMatches: No 'castellan.drivers' driver found, looking for 'cinder.keymgr.conf_key_mgr.ConfKeyManager'
Jan 26 21:18:39.498045 n-d-760455-5 devstack@c-api.service[110149]: WARNING stevedore.named [None req-b84002aa-f122-4fd3-8924-2cc135c1e869 None None] Could not load cinder.keymgr.conf_key_mgr.ConfKeyManager
Jan 26 21:18:39.498416 n-d-760455-5 devstack@c-api.service[110149]: WARNING castellan.key_manager [None req-b84002aa-f122-4fd3-8924-2cc135c1e869 None None] Deprecation Warning : cinder.keymgr.conf_key_mgr.ConfKeyManager is not a stevedore based driver, trying to load it as a class: stevedore.exception.NoMatches: No 'castellan.drivers' driver found, looking for 'cinder.keymgr.conf_key_mgr.ConfKeyManager'
Jan 26 21:18:39.499603 n-d-760455-5 devstack@c-api.service[110150]: WARNING stevedore.named [None req-bb820a20-8cb7-4ddb-b59b-815070c469ac None None] Could not load cinder.keymgr.conf_key_mgr.ConfKeyManager
Jan 26 21:18:39.500147 n-d-760455-5 devstack@c-api.service[110150]: WARNING castellan.key_manager [None req-bb820a20-8cb7-4ddb-b59b-815070c469ac None None] Deprecation Warning : cinder.keymgr.conf_key_mgr.ConfKeyManager is not a stevedore based driver, trying to load it as a class: stevedore.exception.NoMatches: No 'castellan.drivers' driver found, looking for 'cinder.keymgr.conf_key_mgr.ConfKeyManager'
Jan 26 21:18:39.502164 n-d-760455-5 devstack@c-api.service[110149]: WARNING stevedore.named [None req-b84002aa-f122-4fd3-8924-2cc135c1e869 None None] Could not load cinder.keymgr.conf_key_mgr.ConfKeyManager
Jan 26 21:18:39.502523 n-d-760455-5 devstack@c-api.service[110149]: WARNING castellan.key_manager [None req-b84002aa-f122-4fd3-8924-2cc135c1e869 None None] Deprecation Warning : cinder.keymgr.conf_key_mgr.ConfKeyManager is not a stevedore based driver, trying to load it as a class: stevedore.exception.NoMatches: No 'castellan.drivers' driver found, looking for 'cinder.keymgr.conf_key_mgr.ConfKeyManager'
Jan 26 21:18:39.504352 n-d-760455-5 devstack@c-api.service[110149]: WARNING stevedore.named [None req-b84002aa-f122-4fd3-8924-2cc135c1e869 None None] Could not load cinder.keymgr.conf_key_mgr.ConfKeyManager
Jan 26 21:18:39.504706 n-d-760455-5 devstack@c-api.service[110149]: WARNING castellan.key_manager [None req-b84002aa-f122-4fd3-8924-2cc135c1e869 None None] Deprecation Warning : cinder.keymgr.conf_key_mgr.ConfKeyManager is not a stevedore based driver, trying to load it as a class: stevedore.exception.NoMatches: No 'castellan.drivers' driver found, looking for 'cinder.keymgr.conf_key_mgr.ConfKeyManager'
Jan 26 21:18:39.505275 n-d-760455-5 devstack@c-api.service[110150]: WARNING stevedore.named [None req-bb820a20-8cb7-4ddb-b59b-815070c469ac None None] Could not load cinder.keymgr.conf_key_mgr.ConfKeyManager
Jan 26 21:18:39.505678 n-d-760455-5 devstack@c-api.service[110150]: WARNING castellan.key_manager [None req-bb820a20-8cb7-4ddb-b59b-815070c469ac None None] Deprecation Warning : cinder.keymgr.conf_key_mgr.ConfKeyManager is not a stevedore based driver, trying to load it as a class: stevedore.exception.NoMatches: No 'castellan.drivers' driver found, looking for 'cinder.keymgr.conf_key_mgr.ConfKeyManager'
Jan 26 21:18:39.507957 n-d-760455-5 devstack@c-api.service[110149]: WARNING stevedore.named [None req-b84002aa-f122-4fd3-8924-2cc135c1e869 None None] Could not load cinder.keymgr.conf_key_mgr.ConfKeyManager
Jan 26 21:18:39.508322 n-d-760455-5 devstack@c-api.service[110149]: WARNING castellan.key_manager [None req-b84002aa-f122-4fd3-8924-2cc135c1e869 None None] Deprecation Warning : cinder.keymgr.conf_key_mgr.ConfKeyManager is not a stevedore based driver, trying to load it as a class: stevedore.exception.NoMatches: No 'castellan.drivers' driver found, looking for 'cinder.keymgr.conf_key_mgr.ConfKeyManager'
Jan 26 21:18:39.509856 n-d-760455-5 devstack@c-api.service[110150]: WARNING stevedore.named [None req-bb820a20-8cb7-4ddb-b59b-815070c469ac None None] Could not load cinder.keymgr.conf_key_mgr.ConfKeyManager
Jan 26 21:18:39.510437 n-d-760455-5 devstack@c-api.service[110150]: WARNING castellan.key_manager [None req-bb820a20-8cb7-4ddb-b59b-815070c469ac None None] Deprecation Warning : cinder.keymgr.conf_key_mgr.ConfKeyManager is not a stevedore based driver, trying to load it as a class: stevedore.exception.NoMatches: No 'castellan.drivers' driver found, looking for 'cinder.keymgr.conf_key_mgr.ConfKeyManager'
Jan 26 21:18:39.515159 n-d-760455-5 devstack@c-api.service[110149]: WARNING stevedore.named [None req-b84002aa-f122-4fd3-8924-2cc135c1e869 None None] Could not load cinder.keymgr.conf_key_mgr.ConfKeyManager
Jan 26 21:18:39.515430 n-d-760455-5 devstack@c-api.service[110150]: WARNING stevedore.named [None req-bb820a20-8cb7-4ddb-b59b-815070c469ac None None] Could not load cinder.keymgr.conf_key_mgr.ConfKeyManager
Jan 26 21:18:39.515526 n-d-760455-5 devstack@c-api.service[110149]: WARNING castellan.key_manager [None req-b84002aa-f122-4fd3-8924-2cc135c1e869 None None] Deprecation Warning : cinder.keymgr.conf_key_mgr.ConfKeyManager is not a stevedore based driver, trying to load it as a class: stevedore.exception.NoMatches: No 'castellan.drivers' driver found, looking for 'cinder.keymgr.conf_key_mgr.ConfKeyManager'
Jan 26 21:18:39.515899 n-d-760455-5 devstack@c-api.service[110150]: WARNING castellan.key_manager [None req-bb820a20-8cb7-4ddb-b59b-815070c469ac None None] Deprecation Warning : cinder.keymgr.conf_key_mgr.ConfKeyManager is not a stevedore based driver, trying to load it as a class: stevedore.exception.NoMatches: No 'castellan.drivers' driver found, looking for 'cinder.keymgr.conf_key_mgr.ConfKeyManager'
Jan 26 21:18:39.519760 n-d-760455-5 devstack@c-api.service[110150]: WARNING stevedore.named [None req-bb820a20-8cb7-4ddb-b59b-815070c469ac None None] Could not load cinder.keymgr.conf_key_mgr.ConfKeyManager
Jan 26 21:18:39.520130 n-d-760455-5 devstack@c-api.service[110150]: WARNING castellan.key_manager [None req-bb820a20-8cb7-4ddb-b59b-815070c469ac None None] Deprecation Warning : cinder.keymgr.conf_key_mgr.ConfKeyManager is not a stevedore based driver, trying to load it as a class: stevedore.exception.NoMatches: No 'castellan.drivers' driver found, looking for 'cinder.keymgr.conf_key_mgr.ConfKeyManager'
Jan 26 21:18:39.521348 n-d-760455-5 devstack@c-api.service[110149]: WARNING stevedore.named [None req-b84002aa-f122-4fd3-8924-2cc135c1e869 None None] Could not load cinder.keymgr.conf_key_mgr.ConfKeyManager
Jan 26 21:18:39.521750 n-d-760455-5 devstack@c-api.service[110149]: WARNING castellan.key_manager [None req-b84002aa-f122-4fd3-8924-2cc135c1e869 None None] Deprecation Warning : cinder.keymgr.conf_key_mgr.ConfKeyManager is not a stevedore based driver, trying to load it as a class: stevedore.exception.NoMatches: No 'castellan.drivers' driver found, looking for 'cinder.keymgr.conf_key_mgr.ConfKeyManager'
Jan 26 21:18:39.523671 n-d-760455-5 devstack@c-api.service[110150]: WARNING stevedore.named [None req-bb820a20-8cb7-4ddb-b59b-815070c469ac None None] Could not load cinder.keymgr.conf_key_mgr.ConfKeyManager
Jan 26 21:18:39.523861 n-d-760455-5 devstack@c-api.service[110149]: WARNING cinder.api.contrib.hosts [None req-b84002aa-f122-4fd3-8924-2cc135c1e869 None None] Deprecated: The Host API is deprecated and will be be removed in a future version.
Jan 26 21:18:39.524054 n-d-760455-5 devstack@c-api.service[110150]: WARNING castellan.key_manager [None req-bb820a20-8cb7-4ddb-b59b-815070c469ac None None] Deprecation Warning : cinder.keymgr.conf_key_mgr.ConfKeyManager is not a stevedore based driver, trying to load it as a class: stevedore.exception.NoMatches: No 'castellan.drivers' driver found, looking for 'cinder.keymgr.conf_key_mgr.ConfKeyManager'
Jan 26 21:18:39.524588 n-d-760455-5 devstack@c-api.service[110149]: WARNING stevedore.named [None req-b84002aa-f122-4fd3-8924-2cc135c1e869 None None] Could not load cinder.keymgr.conf_key_mgr.ConfKeyManager
Jan 26 21:18:39.524940 n-d-760455-5 devstack@c-api.service[110149]: WARNING castellan.key_manager [None req-b84002aa-f122-4fd3-8924-2cc135c1e869 None None] Deprecation Warning : cinder.keymgr.conf_key_mgr.ConfKeyManager is not a stevedore based driver, trying to load it as a class: stevedore.exception.NoMatches: No 'castellan.drivers' driver found, looking for 'cinder.keymgr.conf_key_mgr.ConfKeyManager'
Jan 26 21:18:39.525881 n-d-760455-5 devstack@c-api.service[110150]: WARNING stevedore.named [None req-bb820a20-8cb7-4ddb-b59b-815070c469ac None None] Could not load cinder.keymgr.conf_key_mgr.ConfKeyManager
Jan 26 21:18:39.526236 n-d-760455-5 devstack@c-api.service[110150]: WARNING castellan.key_manager [None req-bb820a20-8cb7-4ddb-b59b-815070c469ac None None] Deprecation Warning : cinder.keymgr.conf_key_mgr.ConfKeyManager is not a stevedore based driver, trying to load it as a class: stevedore.exception.NoMatches: No 'castellan.drivers' driver found, looking for 'cinder.keymgr.conf_key_mgr.ConfKeyManager'
Jan 26 21:18:39.527168 n-d-760455-5 devstack@c-api.service[110149]: WARNING stevedore.named [None req-b84002aa-f122-4fd3-8924-2cc135c1e869 None None] Could not load cinder.keymgr.conf_key_mgr.ConfKeyManager
Jan 26 21:18:39.527514 n-d-760455-5 devstack@c-api.service[110149]: WARNING castellan.key_manager [None req-b84002aa-f122-4fd3-8924-2cc135c1e869 None None] Deprecation Warning : cinder.keymgr.conf_key_mgr.ConfKeyManager is not a stevedore based driver, trying to load it as a class: stevedore.exception.NoMatches: No 'castellan.drivers' driver found, looking for 'cinder.keymgr.conf_key_mgr.ConfKeyManager'
Jan 26 21:18:39.529153 n-d-760455-5 devstack@c-api.service[110149]: WARNING stevedore.named [None req-b84002aa-f122-4fd3-8924-2cc135c1e869 None None] Could not load cinder.keymgr.conf_key_mgr.ConfKeyManager
Jan 26 21:18:39.529547 n-d-760455-5 devstack@c-api.service[110149]: WARNING castellan.key_manager [None req-b84002aa-f122-4fd3-8924-2cc135c1e869 None None] Deprecation Warning : cinder.keymgr.conf_key_mgr.ConfKeyManager is not a stevedore based driver, trying to load it as a class: stevedore.exception.NoMatches: No 'castellan.drivers' driver found, looking for 'cinder.keymgr.conf_key_mgr.ConfKeyManager'
Jan 26 21:18:39.529860 n-d-760455-5 devstack@c-api.service[110150]: WARNING stevedore.named [None req-bb820a20-8cb7-4ddb-b59b-815070c469ac None None] Could not load cinder.keymgr.conf_key_mgr.ConfKeyManager
Jan 26 21:18:39.530217 n-d-760455-5 devstack@c-api.service[110150]: WARNING castellan.key_manager [None req-bb820a20-8cb7-4ddb-b59b-815070c469ac None None] Deprecation Warning : cinder.keymgr.conf_key_mgr.ConfKeyManager is not a stevedore based driver, trying to load it as a class: stevedore.exception.NoMatches: No 'castellan.drivers' driver found, looking for 'cinder.keymgr.conf_key_mgr.ConfKeyManager'
Jan 26 21:18:39.531014 n-d-760455-5 devstack@c-api.service[110149]: WARNING stevedore.named [None req-b84002aa-f122-4fd3-8924-2cc135c1e869 None None] Could not load cinder.keymgr.conf_key_mgr.ConfKeyManager
Jan 26 21:18:39.531368 n-d-760455-5 devstack@c-api.service[110149]: WARNING castellan.key_manager [None req-b84002aa-f122-4fd3-8924-2cc135c1e869 None None] Deprecation Warning : cinder.keymgr.conf_key_mgr.ConfKeyManager is not a stevedore based driver, trying to load it as a class: stevedore.exception.NoMatches: No 'castellan.drivers' driver found, looking for 'cinder.keymgr.conf_key_mgr.ConfKeyManager'
Jan 26 21:18:39.532937 n-d-760455-5 devstack@c-api.service[110149]: WARNING stevedore.named [None req-b84002aa-f122-4fd3-8924-2cc135c1e869 None None] Could not load cinder.keymgr.conf_key_mgr.ConfKeyManager
Jan 26 21:18:39.533332 n-d-760455-5 devstack@c-api.service[110149]: WARNING castellan.key_manager [None req-b84002aa-f122-4fd3-8924-2cc135c1e869 None None] Deprecation Warning : cinder.keymgr.conf_key_mgr.ConfKeyManager is not a stevedore based driver, trying to load it as a class: stevedore.exception.NoMatches: No 'castellan.drivers' driver found, looking for 'cinder.keymgr.conf_key_mgr.ConfKeyManager'
Jan 26 21:18:39.535417 n-d-760455-5 devstack@c-api.service[110149]: WARNING stevedore.named [None req-b84002aa-f122-4fd3-8924-2cc135c1e869 None None] Could not load cinder.keymgr.conf_key_mgr.ConfKeyManager
Jan 26 21:18:39.535776 n-d-760455-5 devstack@c-api.service[110149]: WARNING castellan.key_manager [None req-b84002aa-f122-4fd3-8924-2cc135c1e869 None None] Deprecation Warning : cinder.keymgr.conf_key_mgr.ConfKeyManager is not a stevedore based driver, trying to load it as a class: stevedore.exception.NoMatches: No 'castellan.drivers' driver found, looking for 'cinder.keymgr.conf_key_mgr.ConfKeyManager'
Jan 26 21:18:39.536875 n-d-760455-5 devstack@c-api.service[110150]: WARNING stevedore.named [None req-bb820a20-8cb7-4ddb-b59b-815070c469ac None None] Could not load cinder.keymgr.conf_key_mgr.ConfKeyManager
Jan 26 21:18:39.537252 n-d-760455-5 devstack@c-api.service[110150]: WARNING castellan.key_manager [None req-bb820a20-8cb7-4ddb-b59b-815070c469ac None None] Deprecation Warning : cinder.keymgr.conf_key_mgr.ConfKeyManager is not a stevedore based driver, trying to load it as a class: stevedore.exception.NoMatches: No 'castellan.drivers' driver found, looking for 'cinder.keymgr.conf_key_mgr.ConfKeyManager'
Jan 26 21:18:39.537604 n-d-760455-5 devstack@c-api.service[110149]: WARNING stevedore.named [None req-b84002aa-f122-4fd3-8924-2cc135c1e869 None None] Could not load cinder.keymgr.conf_key_mgr.ConfKeyManager
Jan 26 21:18:39.538012 n-d-760455-5 devstack@c-api.service[110149]: WARNING castellan.key_manager [None req-b84002aa-f122-4fd3-8924-2cc135c1e869 None None] Deprecation Warning : cinder.keymgr.conf_key_mgr.ConfKeyManager is not a stevedore based driver, trying to load it as a class: stevedore.exception.NoMatches: No 'castellan.drivers' driver found, looking for 'cinder.keymgr.conf_key_mgr.ConfKeyManager'
Jan 26 21:18:39.539614 n-d-760455-5 devstack@c-api.service[110149]: WARNING stevedore.named [None req-b84002aa-f122-4fd3-8924-2cc135c1e869 None None] Could not load cinder.keymgr.conf_key_mgr.ConfKeyManager
Jan 26 21:18:39.539967 n-d-760455-5 devstack@c-api.service[110149]: WARNING castellan.key_manager [None req-b84002aa-f122-4fd3-8924-2cc135c1e869 None None] Deprecation Warning : cinder.keymgr.conf_key_mgr.ConfKeyManager is not a stevedore based driver, trying to load it as a class: stevedore.exception.NoMatches: No 'castellan.drivers' driver found, looking for 'cinder.keymgr.conf_key_mgr.ConfKeyManager'
Jan 26 21:18:39.541651 n-d-760455-5 devstack@c-api.service[110149]: DEBUG cinder.api.openstack [None req-b84002aa-f122-4fd3-8924-2cc135c1e869 None None] Extended resource: extensions {{(pid=110149) _setup_ext_routes /opt/stack/cinder/cinder/api/openstack/__init__.py:90}}
Jan 26 21:18:39.542928 n-d-760455-5 devstack@c-api.service[110150]: WARNING stevedore.named [None req-bb820a20-8cb7-4ddb-b59b-815070c469ac None None] Could not load cinder.keymgr.conf_key_mgr.ConfKeyManager
Jan 26 21:18:39.543295 n-d-760455-5 devstack@c-api.service[110150]: WARNING castellan.key_manager [None req-bb820a20-8cb7-4ddb-b59b-815070c469ac None None] Deprecation Warning : cinder.keymgr.conf_key_mgr.ConfKeyManager is not a stevedore based driver, trying to load it as a class: stevedore.exception.NoMatches: No 'castellan.drivers' driver found, looking for 'cinder.keymgr.conf_key_mgr.ConfKeyManager'
Jan 26 21:18:39.543389 n-d-760455-5 devstack@c-api.service[110149]: DEBUG cinder.api.openstack [None req-b84002aa-f122-4fd3-8924-2cc135c1e869 None None] Extended resource: os-services {{(pid=110149) _setup_ext_routes /opt/stack/cinder/cinder/api/openstack/__init__.py:90}}
Jan 26 21:18:39.545235 n-d-760455-5 devstack@c-api.service[110149]: DEBUG cinder.api.openstack [None req-b84002aa-f122-4fd3-8924-2cc135c1e869 None None] Extended resource: os-quota-sets {{(pid=110149) _setup_ext_routes /opt/stack/cinder/cinder/api/openstack/__init__.py:90}}
Jan 26 21:18:39.545445 n-d-760455-5 devstack@c-api.service[110150]: WARNING cinder.api.contrib.hosts [None req-bb820a20-8cb7-4ddb-b59b-815070c469ac None None] Deprecated: The Host API is deprecated and will be be removed in a future version.
Jan 26 21:18:39.546158 n-d-760455-5 devstack@c-api.service[110150]: WARNING stevedore.named [None req-bb820a20-8cb7-4ddb-b59b-815070c469ac None None] Could not load cinder.keymgr.conf_key_mgr.ConfKeyManager
Jan 26 21:18:39.546507 n-d-760455-5 devstack@c-api.service[110150]: WARNING castellan.key_manager [None req-bb820a20-8cb7-4ddb-b59b-815070c469ac None None] Deprecation Warning : cinder.keymgr.conf_key_mgr.ConfKeyManager is not a stevedore based driver, trying to load it as a class: stevedore.exception.NoMatches: No 'castellan.drivers' driver found, looking for 'cinder.keymgr.conf_key_mgr.ConfKeyManager'
Jan 26 21:18:39.547386 n-d-760455-5 devstack@c-api.service[110149]: DEBUG cinder.api.openstack [None req-b84002aa-f122-4fd3-8924-2cc135c1e869 None None] Extended resource: extra_specs {{(pid=110149) _setup_ext_routes /opt/stack/cinder/cinder/api/openstack/__init__.py:90}}
Jan 26 21:18:39.548350 n-d-760455-5 devstack@c-api.service[110150]: WARNING stevedore.named [None req-bb820a20-8cb7-4ddb-b59b-815070c469ac None None] Could not load cinder.keymgr.conf_key_mgr.ConfKeyManager
Jan 26 21:18:39.548682 n-d-760455-5 devstack@c-api.service[110150]: WARNING castellan.key_manager [None req-bb820a20-8cb7-4ddb-b59b-815070c469ac None None] Deprecation Warning : cinder.keymgr.conf_key_mgr.ConfKeyManager is not a stevedore based driver, trying to load it as a class: stevedore.exception.NoMatches: No 'castellan.drivers' driver found, looking for 'cinder.keymgr.conf_key_mgr.ConfKeyManager'
Jan 26 21:18:39.549392 n-d-760455-5 devstack@c-api.service[110149]: DEBUG cinder.api.openstack [None req-b84002aa-f122-4fd3-8924-2cc135c1e869 None None] Extended resource: os-hosts {{(pid=110149) _setup_ext_routes /opt/stack/cinder/cinder/api/openstack/__init__.py:90}}
Jan 26 21:18:39.550357 n-d-760455-5 devstack@c-api.service[110150]: WARNING stevedore.named [None req-bb820a20-8cb7-4ddb-b59b-815070c469ac None None] Could not load cinder.keymgr.conf_key_mgr.ConfKeyManager
Jan 26 21:18:39.550703 n-d-760455-5 devstack@c-api.service[110150]: WARNING castellan.key_manager [None req-bb820a20-8cb7-4ddb-b59b-815070c469ac None None] Deprecation Warning : cinder.keymgr.conf_key_mgr.ConfKeyManager is not a stevedore based driver, trying to load it as a class: stevedore.exception.NoMatches: No 'castellan.drivers' driver found, looking for 'cinder.keymgr.conf_key_mgr.ConfKeyManager'
