Jul 20 04:29:08.065785 n-d-760455-12 devstack@placement-api.service[105987]: [pid: 105987|app: 0|req: 254/511] 10.222.0.48 () {64 vars in 1433 bytes} [Wed Jul 20 04:29:07 2022] PUT /placement/allocations/fcefd62f-5a3b-4629-9760-ea0a5ccb2168 => generated 0 bytes in 501 msecs (HTTP/1.1 204) 5 headers in 199 bytes (1 switches on core 0)
Jul 20 04:29:11.759440 n-d-760455-12 devstack@placement-api.service[105986]: DEBUG placement.requestlog [None req-a1db7c68-85b2-4a7f-bfd1-24132eb17175 None None] Starting request: 10.222.0.48 "GET /placement/" {{(pid=105986) __call__ /opt/stack/placement/placement/requestlog.py:55}}
Jul 20 04:29:11.762160 n-d-760455-12 devstack@placement-api.service[105986]: INFO placement.requestlog [None req-a1db7c68-85b2-4a7f-bfd1-24132eb17175 None None] 10.222.0.48 "GET /placement/" status: 200 len: 136 microversion: 1.0
Jul 20 04:29:11.762919 n-d-760455-12 devstack@placement-api.service[105986]: [pid: 105986|app: 0|req: 258/512] 10.222.0.48 () {54 vars in 916 bytes} [Wed Jul 20 04:29:11 2022] GET /placement => generated 136 bytes in 3 msecs (HTTP/1.1 200) 6 headers in 224 bytes (1 switches on core 0)
Jul 20 04:29:11.772906 n-d-760455-12 devstack@placement-api.service[105987]: DEBUG placement.requestlog [req-7ce29fb8-b97f-4f84-bddc-e8f5b9a0ca0d req-07f88050-2d8e-4da7-b3e0-44cde4ee549b None None] Starting request: 10.222.0.48 "GET /placement/allocations/5847c5f8-9cf0-47d1-be61-01453f3e1dfa" {{(pid=105987) __call__ /opt/stack/placement/placement/requestlog.py:55}}
Jul 20 04:29:11.850575 n-d-760455-12 devstack@placement-api.service[105987]: INFO placement.requestlog [req-7ce29fb8-b97f-4f84-bddc-e8f5b9a0ca0d req-07f88050-2d8e-4da7-b3e0-44cde4ee549b service placement] 10.222.0.48 "GET /placement/allocations/5847c5f8-9cf0-47d1-be61-01453f3e1dfa" status: 200 len: 259 microversion: 1.28
Jul 20 04:29:11.851271 n-d-760455-12 devstack@placement-api.service[105987]: [pid: 105987|app: 0|req: 255/513] 10.222.0.48 () {60 vars in 1380 bytes} [Wed Jul 20 04:29:11 2022] GET /placement/allocations/5847c5f8-9cf0-47d1-be61-01453f3e1dfa => generated 259 bytes in 79 msecs (HTTP/1.1 200) 8 headers in 296 bytes (1 switches on core 0)
Jul 20 04:29:11.858272 n-d-760455-12 devstack@placement-api.service[105986]: DEBUG placement.requestlog [req-7ce29fb8-b97f-4f84-bddc-e8f5b9a0ca0d req-ac89cee4-f905-4b44-8700-ae98a37e054b None None] Starting request: 10.222.0.48 "GET /placement/allocations/5847c5f8-9cf0-47d1-be61-01453f3e1dfa" {{(pid=105986) __call__ /opt/stack/placement/placement/requestlog.py:55}}
Jul 20 04:29:11.877589 n-d-760455-12 devstack@placement-api.service[105986]: INFO placement.requestlog [req-7ce29fb8-b97f-4f84-bddc-e8f5b9a0ca0d req-ac89cee4-f905-4b44-8700-ae98a37e054b service placement] 10.222.0.48 "GET /placement/allocations/5847c5f8-9cf0-47d1-be61-01453f3e1dfa" status: 200 len: 259 microversion: 1.28
Jul 20 04:29:11.878348 n-d-760455-12 devstack@placement-api.service[105986]: [pid: 105986|app: 0|req: 259/514] 10.222.0.48 () {60 vars in 1380 bytes} [Wed Jul 20 04:29:11 2022] GET /placement/allocations/5847c5f8-9cf0-47d1-be61-01453f3e1dfa => generated 259 bytes in 20 msecs (HTTP/1.1 200) 8 headers in 296 bytes (1 switches on core 0)
Jul 20 04:29:11.891824 n-d-760455-12 devstack@placement-api.service[105987]: DEBUG placement.requestlog [req-7ce29fb8-b97f-4f84-bddc-e8f5b9a0ca0d req-ec5b30f9-e4eb-4213-86f5-3746e90a1680 None None] Starting request: 10.222.0.48 "GET /placement/allocations/4170cdc0-4a7d-4bc3-b338-0c73f4fe2941" {{(pid=105987) __call__ /opt/stack/placement/placement/requestlog.py:55}}
Jul 20 04:29:11.912837 n-d-760455-12 devstack@placement-api.service[105986]: DEBUG placement.requestlog [req-b7379038-e622-426e-b0cc-4e048746534e req-237dfa54-c433-4747-ac65-0b981bc92f96 None None] Starting request: 10.222.0.27 "GET /placement/allocations/fcefd62f-5a3b-4629-9760-ea0a5ccb2168" {{(pid=105986) __call__ /opt/stack/placement/placement/requestlog.py:55}}
Jul 20 04:29:11.915236 n-d-760455-12 devstack@placement-api.service[105987]: INFO placement.requestlog [req-7ce29fb8-b97f-4f84-bddc-e8f5b9a0ca0d req-ec5b30f9-e4eb-4213-86f5-3746e90a1680 service placement] 10.222.0.48 "GET /placement/allocations/4170cdc0-4a7d-4bc3-b338-0c73f4fe2941" status: 200 len: 19 microversion: 1.28
Jul 20 04:29:11.915844 n-d-760455-12 devstack@placement-api.service[105987]: [pid: 105987|app: 0|req: 256/515] 10.222.0.48 () {60 vars in 1380 bytes} [Wed Jul 20 04:29:11 2022] GET /placement/allocations/4170cdc0-4a7d-4bc3-b338-0c73f4fe2941 => generated 19 bytes in 25 msecs (HTTP/1.1 200) 8 headers in 295 bytes (1 switches on core 0)
Jul 20 04:29:11.923461 n-d-760455-12 devstack@placement-api.service[105987]: DEBUG placement.requestlog [req-7ce29fb8-b97f-4f84-bddc-e8f5b9a0ca0d req-f30bf7ac-6b82-4cba-a052-d8b92327f475 None None] Starting request: 10.222.0.48 "POST /placement/allocations" {{(pid=105987) __call__ /opt/stack/placement/placement/requestlog.py:55}}
Jul 20 04:29:11.981380 n-d-760455-12 devstack@placement-api.service[105986]: INFO placement.requestlog [req-b7379038-e622-426e-b0cc-4e048746534e req-237dfa54-c433-4747-ac65-0b981bc92f96 service placement] 10.222.0.27 "GET /placement/allocations/fcefd62f-5a3b-4629-9760-ea0a5ccb2168" status: 200 len: 259 microversion: 1.28
Jul 20 04:29:11.981380 n-d-760455-12 devstack@placement-api.service[105986]: [pid: 105986|app: 0|req: 260/516] 10.222.0.27 () {60 vars in 1377 bytes} [Wed Jul 20 04:29:11 2022] GET /placement/allocations/fcefd62f-5a3b-4629-9760-ea0a5ccb2168 => generated 259 bytes in 38 msecs (HTTP/1.1 200) 8 headers in 296 bytes (1 switches on core 0)
Jul 20 04:29:12.451926 n-d-760455-12 devstack@placement-api.service[105987]: DEBUG placement.handlers.allocation [req-7ce29fb8-b97f-4f84-bddc-e8f5b9a0ca0d req-f30bf7ac-6b82-4cba-a052-d8b92327f475 service placement] Successfully wrote allocations [, , , , , ] {{(pid=105987) _update_consumers_and_create_allocations /opt/stack/placement/placement/handlers/allocation.py:572}}
Jul 20 04:29:12.681161 n-d-760455-12 devstack@placement-api.service[105987]: INFO placement.requestlog [req-7ce29fb8-b97f-4f84-bddc-e8f5b9a0ca0d req-f30bf7ac-6b82-4cba-a052-d8b92327f475 service placement] 10.222.0.48 "POST /placement/allocations" status: 204 len: 0 microversion: 1.28
Jul 20 04:29:12.681657 n-d-760455-12 devstack@placement-api.service[105987]: [pid: 105987|app: 0|req: 257/517] 10.222.0.48 () {64 vars in 1323 bytes} [Wed Jul 20 04:29:11 2022] POST /placement/allocations => generated 0 bytes in 758 msecs (HTTP/1.1 204) 5 headers in 199 bytes (1 switches on core 0)
Jul 20 04:29:12.738630 n-d-760455-12 devstack@placement-api.service[105986]: DEBUG placement.requestlog [req-7ce29fb8-b97f-4f84-bddc-e8f5b9a0ca0d req-eba9c173-c209-40c8-b9e5-fe357d72a070 None None] Starting request: 10.222.0.48 "GET /placement/allocations/5847c5f8-9cf0-47d1-be61-01453f3e1dfa" {{(pid=105986) __call__ /opt/stack/placement/placement/requestlog.py:55}}
Jul 20 04:29:12.757408 n-d-760455-12 devstack@placement-api.service[105986]: INFO placement.requestlog [req-7ce29fb8-b97f-4f84-bddc-e8f5b9a0ca0d req-eba9c173-c209-40c8-b9e5-fe357d72a070 service placement] 10.222.0.48 "GET /placement/allocations/5847c5f8-9cf0-47d1-be61-01453f3e1dfa" status: 200 len: 19 microversion: 1.28
Jul 20 04:29:12.767855 n-d-760455-12 devstack@placement-api.service[105986]: [pid: 105986|app: 0|req: 261/518] 10.222.0.48 () {60 vars in 1380 bytes} [Wed Jul 20 04:29:12 2022] GET /placement/allocations/5847c5f8-9cf0-47d1-be61-01453f3e1dfa => generated 19 bytes in 29 msecs (HTTP/1.1 200) 8 headers in 295 bytes (1 switches on core 0)
Jul 20 04:29:12.770771 n-d-760455-12 devstack@placement-api.service[105987]: DEBUG placement.requestlog [req-7ce29fb8-b97f-4f84-bddc-e8f5b9a0ca0d req-583e5eab-1bdc-4053-a16e-0d18c5168756 None None] Starting request: 10.222.0.48 "PUT /placement/allocations/5847c5f8-9cf0-47d1-be61-01453f3e1dfa" {{(pid=105987) __call__ /opt/stack/placement/placement/requestlog.py:55}}
Jul 20 04:29:12.788354 n-d-760455-12 devstack@placement-api.service[105987]: DEBUG dbcounter [-] [105987] Writing DB stats placement:SELECT=70,placement:INSERT=12,placement:DELETE=11,placement:UPDATE=7 {{(pid=105987) stat_writer /usr/local/lib/python3.8/dist-packages/dbcounter.py:114}}
Jul 20 04:29:12.974609 n-d-760455-12 devstack@placement-api.service[105987]: DEBUG placement.handlers.allocation [req-7ce29fb8-b97f-4f84-bddc-e8f5b9a0ca0d req-583e5eab-1bdc-4053-a16e-0d18c5168756 service placement] Successfully wrote allocations [, , ] {{(pid=105987) _update_consumers_and_create_allocations /opt/stack/placement/placement/handlers/allocation.py:462}}
Jul 20 04:29:13.105514 n-d-760455-12 devstack@placement-api.service[105987]: INFO placement.requestlog [req-7ce29fb8-b97f-4f84-bddc-e8f5b9a0ca0d req-583e5eab-1bdc-4053-a16e-0d18c5168756 service placement] 10.222.0.48 "PUT /placement/allocations/5847c5f8-9cf0-47d1-be61-01453f3e1dfa" status: 204 len: 0 microversion: 1.28
Jul 20 04:29:13.109302 n-d-760455-12 devstack@placement-api.service[105987]: [pid: 105987|app: 0|req: 258/519] 10.222.0.48 () {64 vars in 1433 bytes} [Wed Jul 20 04:29:12 2022] PUT /placement/allocations/5847c5f8-9cf0-47d1-be61-01453f3e1dfa => generated 0 bytes in 336 msecs (HTTP/1.1 204) 5 headers in 199 bytes (2 switches on core 0)
Jul 20 04:29:13.481409 n-d-760455-12 devstack@placement-api.service[105986]: DEBUG placement.requestlog [req-7ce29fb8-b97f-4f84-bddc-e8f5b9a0ca0d req-595c0905-8407-4f3f-9c11-78745fa91919 None None] Starting request: 10.222.0.39 "GET /placement/allocations/5847c5f8-9cf0-47d1-be61-01453f3e1dfa" {{(pid=105986) __call__ /opt/stack/placement/placement/requestlog.py:55}}
Jul 20 04:29:13.518802 n-d-760455-12 devstack@placement-api.service[105986]: INFO placement.requestlog [req-7ce29fb8-b97f-4f84-bddc-e8f5b9a0ca0d req-595c0905-8407-4f3f-9c11-78745fa91919 service placement] 10.222.0.39 "GET /placement/allocations/5847c5f8-9cf0-47d1-be61-01453f3e1dfa" status: 200 len: 259 microversion: 1.28
Jul 20 04:29:13.520592 n-d-760455-12 devstack@placement-api.service[105986]: [pid: 105986|app: 0|req: 262/520] 10.222.0.39 () {60 vars in 1377 bytes} [Wed Jul 20 04:29:13 2022] GET /placement/allocations/5847c5f8-9cf0-47d1-be61-01453f3e1dfa => generated 259 bytes in 39 msecs (HTTP/1.1 200) 8 headers in 296 bytes (1 switches on core 0)
Jul 20 04:29:13.910990 n-d-760455-12 devstack@placement-api.service[105987]: DEBUG placement.requestlog [req-6e2bd515-bc58-4a87-b5e5-51d4bcb331dd req-d132cc98-c98f-424f-82ea-c8f07e2ceb04 None None] Starting request: 10.222.0.27 "DELETE /placement/allocations/4ab73538-9eda-4101-8bb3-7b7fe71a1e79" {{(pid=105987) __call__ /opt/stack/placement/placement/requestlog.py:55}}
Jul 20 04:29:14.308233 n-d-760455-12 devstack@placement-api.service[105987]: DEBUG placement.handlers.allocation [req-6e2bd515-bc58-4a87-b5e5-51d4bcb331dd req-d132cc98-c98f-424f-82ea-c8f07e2ceb04 service placement] Successfully deleted allocations [, , ] {{(pid=105987) delete_allocations /opt/stack/placement/placement/handlers/allocation.py:627}}
Jul 20 04:29:14.308753 n-d-760455-12 devstack@placement-api.service[105987]: INFO placement.requestlog [req-6e2bd515-bc58-4a87-b5e5-51d4bcb331dd req-d132cc98-c98f-424f-82ea-c8f07e2ceb04 service placement] 10.222.0.27 "DELETE /placement/allocations/4ab73538-9eda-4101-8bb3-7b7fe71a1e79" status: 204 len: 0 microversion: 1.0
Jul 20 04:29:14.311398 n-d-760455-12 devstack@placement-api.service[105987]: [pid: 105987|app: 0|req: 259/521] 10.222.0.27 () {60 vars in 1355 bytes} [Wed Jul 20 04:29:13 2022] DELETE /placement/allocations/4ab73538-9eda-4101-8bb3-7b7fe71a1e79 => generated 0 bytes in 399 msecs (HTTP/1.1 204) 5 headers in 198 bytes (1 switches on core 0)
Jul 20 04:29:14.753215 n-d-760455-12 devstack@placement-api.service[105986]: DEBUG placement.requestlog [req-b35ee27b-49f9-4004-a2be-f4aba0621af7 req-3847e07c-ff9f-4d86-b798-023d55329fde None None] Starting request: 10.222.0.39 "GET /placement/resource_providers/64bbbeeb-0e57-406d-9643-8eb0d2395792/allocations" {{(pid=105986) __call__ /opt/stack/placement/placement/requestlog.py:55}}
Jul 20 04:29:14.818781 n-d-760455-12 devstack@placement-api.service[105986]: INFO placement.requestlog [req-b35ee27b-49f9-4004-a2be-f4aba0621af7 req-3847e07c-ff9f-4d86-b798-023d55329fde service placement] 10.222.0.39 "GET /placement/resource_providers/64bbbeeb-0e57-406d-9643-8eb0d2395792/allocations" status: 200 len: 746 microversion: 1.0
Jul 20 04:29:14.820115 n-d-760455-12 devstack@placement-api.service[105986]: [pid: 105986|app: 0|req: 263/522] 10.222.0.39 () {58 vars in 1390 bytes} [Wed Jul 20 04:29:14 2022] GET /placement/resource_providers/64bbbeeb-0e57-406d-9643-8eb0d2395792/allocations => generated 746 bytes in 67 msecs (HTTP/1.1 200) 6 headers in 224 bytes (1 switches on core 0)
Jul 20 04:29:16.229727 n-d-760455-12 devstack@placement-api.service[105987]: DEBUG placement.requestlog [req-b35ee27b-49f9-4004-a2be-f4aba0621af7 req-0353c6f3-a189-4d77-9062-0c917aa5e7cc None None] Starting request: 10.222.0.39 "GET /placement/allocations/0074c85f-9878-4f20-9e18-3522536937e4" {{(pid=105987) __call__ /opt/stack/placement/placement/requestlog.py:55}}
Jul 20 04:29:16.274966 n-d-760455-12 devstack@placement-api.service[105987]: INFO placement.requestlog [req-b35ee27b-49f9-4004-a2be-f4aba0621af7 req-0353c6f3-a189-4d77-9062-0c917aa5e7cc service placement] 10.222.0.39 "GET /placement/allocations/0074c85f-9878-4f20-9e18-3522536937e4" status: 200 len: 245 microversion: 1.28
Jul 20 04:29:16.275358 n-d-760455-12 devstack@placement-api.service[105987]: [pid: 105987|app: 0|req: 260/523] 10.222.0.39 () {60 vars in 1377 bytes} [Wed Jul 20 04:29:16 2022] GET /placement/allocations/0074c85f-9878-4f20-9e18-3522536937e4 => generated 245 bytes in 46 msecs (HTTP/1.1 200) 8 headers in 296 bytes (1 switches on core 0)
Jul 20 04:29:16.288954 n-d-760455-12 devstack@placement-api.service[105986]: DEBUG placement.requestlog [req-b35ee27b-49f9-4004-a2be-f4aba0621af7 req-f7d2f4e3-6cb7-4fee-ac6f-3a0370cc456b None None] Starting request: 10.222.0.39 "PUT /placement/allocations/0074c85f-9878-4f20-9e18-3522536937e4" {{(pid=105986) __call__ /opt/stack/placement/placement/requestlog.py:55}}
Jul 20 04:29:16.361045 n-d-760455-12 devstack@placement-api.service[105986]: DEBUG placement.handlers.allocation [req-b35ee27b-49f9-4004-a2be-f4aba0621af7 req-f7d2f4e3-6cb7-4fee-ac6f-3a0370cc456b service placement] Successfully wrote allocations [, ] {{(pid=105986) _update_consumers_and_create_allocations /opt/stack/placement/placement/handlers/allocation.py:462}}
Jul 20 04:29:16.446595 n-d-760455-12 devstack@placement-api.service[105987]: DEBUG placement.requestlog [req-f45a4e57-3458-4269-a46e-0c6dbdcbf2b5 req-d3cdd2fc-07d5-48a0-a3ef-d3d85efe395c None None] Starting request: 10.222.0.27 "DELETE /placement/allocations/0f446156-aae4-4592-90b0-0c075528487b" {{(pid=105987) __call__ /opt/stack/placement/placement/requestlog.py:55}}
Jul 20 04:29:16.509651 n-d-760455-12 devstack@placement-api.service[105986]: INFO placement.requestlog [req-b35ee27b-49f9-4004-a2be-f4aba0621af7 req-f7d2f4e3-6cb7-4fee-ac6f-3a0370cc456b service placement] 10.222.0.39 "PUT /placement/allocations/0074c85f-9878-4f20-9e18-3522536937e4" status: 204 len: 0 microversion: 1.28
Jul 20 04:29:16.509651 n-d-760455-12 devstack@placement-api.service[105986]: [pid: 105986|app: 0|req: 264/524] 10.222.0.39 () {64 vars in 1430 bytes} [Wed Jul 20 04:29:16 2022] PUT /placement/allocations/0074c85f-9878-4f20-9e18-3522536937e4 => generated 0 bytes in 215 msecs (HTTP/1.1 204) 5 headers in 199 bytes (1 switches on core 0)
Jul 20 04:29:16.738081 n-d-760455-12 devstack@placement-api.service[105987]: DEBUG placement.handlers.allocation [req-f45a4e57-3458-4269-a46e-0c6dbdcbf2b5 req-d3cdd2fc-07d5-48a0-a3ef-d3d85efe395c service placement] Successfully deleted allocations [, , ] {{(pid=105987) delete_allocations /opt/stack/placement/placement/handlers/allocation.py:627}}
Jul 20 04:29:16.738750 n-d-760455-12 devstack@placement-api.service[105987]: INFO placement.requestlog [req-f45a4e57-3458-4269-a46e-0c6dbdcbf2b5 req-d3cdd2fc-07d5-48a0-a3ef-d3d85efe395c service placement] 10.222.0.27 "DELETE /placement/allocations/0f446156-aae4-4592-90b0-0c075528487b" status: 204 len: 0 microversion: 1.0
Jul 20 04:29:16.739624 n-d-760455-12 devstack@placement-api.service[105987]: [pid: 105987|app: 0|req: 261/525] 10.222.0.27 () {60 vars in 1355 bytes} [Wed Jul 20 04:29:16 2022] DELETE /placement/allocations/0f446156-aae4-4592-90b0-0c075528487b => generated 0 bytes in 293 msecs (HTTP/1.1 204) 5 headers in 198 bytes (2 switches on core 0)
Jul 20 04:29:25.929317 n-d-760455-12 devstack@placement-api.service[105986]: DEBUG placement.requestlog [req-6c2341e2-337e-4195-ae69-60ff75a4bc70 req-f5a29123-0636-4232-a0f1-060d852ff123 None None] Starting request: 10.222.0.27 "DELETE /placement/allocations/5c506ddf-c04f-418b-bfd9-cda92f299893" {{(pid=105986) __call__ /opt/stack/placement/placement/requestlog.py:55}}
Jul 20 04:29:26.293717 n-d-760455-12 devstack@placement-api.service[105986]: DEBUG placement.handlers.allocation [req-6c2341e2-337e-4195-ae69-60ff75a4bc70 req-f5a29123-0636-4232-a0f1-060d852ff123 service placement] Successfully deleted allocations [, , ] {{(pid=105986) delete_allocations /opt/stack/placement/placement/handlers/allocation.py:627}}
Jul 20 04:29:26.301191 n-d-760455-12 devstack@placement-api.service[105986]: INFO placement.requestlog [req-6c2341e2-337e-4195-ae69-60ff75a4bc70 req-f5a29123-0636-4232-a0f1-060d852ff123 service placement] 10.222.0.27 "DELETE /placement/allocations/5c506ddf-c04f-418b-bfd9-cda92f299893" status: 204 len: 0 microversion: 1.0
Jul 20 04:29:26.301191 n-d-760455-12 devstack@placement-api.service[105986]: [pid: 105986|app: 0|req: 265/526] 10.222.0.27 () {60 vars in 1355 bytes} [Wed Jul 20 04:29:25 2022] DELETE /placement/allocations/5c506ddf-c04f-418b-bfd9-cda92f299893 => generated 0 bytes in 366 msecs (HTTP/1.1 204) 5 headers in 198 bytes (1 switches on core 0)
Jul 20 04:29:27.743772 n-d-760455-12 devstack@placement-api.service[105987]: DEBUG placement.requestlog [req-58adc39f-467f-46dc-9a3b-451b5a2f150c req-e57772df-18b5-4be1-8e97-627d424ea74a None None] Starting request: 10.222.0.27 "DELETE /placement/allocations/281b7746-21e6-48d4-8b92-a3d6dfced361" {{(pid=105987) __call__ /opt/stack/placement/placement/requestlog.py:55}}
Jul 20 04:29:27.966196 n-d-760455-12 devstack@placement-api.service[105987]: DEBUG placement.handlers.allocation [req-58adc39f-467f-46dc-9a3b-451b5a2f150c req-e57772df-18b5-4be1-8e97-627d424ea74a service placement] Successfully deleted allocations [, ] {{(pid=105987) delete_allocations /opt/stack/placement/placement/handlers/allocation.py:627}}
Jul 20 04:29:27.966847 n-d-760455-12 devstack@placement-api.service[105987]: INFO placement.requestlog [req-58adc39f-467f-46dc-9a3b-451b5a2f150c req-e57772df-18b5-4be1-8e97-627d424ea74a service placement] 10.222.0.27 "DELETE /placement/allocations/281b7746-21e6-48d4-8b92-a3d6dfced361" status: 204 len: 0 microversion: 1.0
Jul 20 04:29:27.972065 n-d-760455-12 devstack@placement-api.service[105987]: [pid: 105987|app: 0|req: 262/527] 10.222.0.27 () {60 vars in 1355 bytes} [Wed Jul 20 04:29:27 2022] DELETE /placement/allocations/281b7746-21e6-48d4-8b92-a3d6dfced361 => generated 0 bytes in 224 msecs (HTTP/1.1 204) 5 headers in 198 bytes (1 switches on core 0)
Jul 20 04:29:31.233843 n-d-760455-12 devstack@placement-api.service[105986]: DEBUG placement.requestlog [req-76408f95-e25f-4598-81c5-ae59c0030820 req-63ff0f1a-40e3-47f2-a938-5e0bca065c05 None None] Starting request: 10.222.0.27 "GET /placement/resource_providers/bb83290e-1dfc-4787-970d-2f68defc2955/allocations" {{(pid=105986) __call__ /opt/stack/placement/placement/requestlog.py:55}}
Jul 20 04:29:31.297442 n-d-760455-12 devstack@placement-api.service[105986]: INFO placement.requestlog [req-76408f95-e25f-4598-81c5-ae59c0030820 req-63ff0f1a-40e3-47f2-a938-5e0bca065c05 service placement] 10.222.0.27 "GET /placement/resource_providers/bb83290e-1dfc-4787-970d-2f68defc2955/allocations" status: 200 len: 457 microversion: 1.0
Jul 20 04:29:31.300693 n-d-760455-12 devstack@placement-api.service[105986]: [pid: 105986|app: 0|req: 266/528] 10.222.0.27 () {58 vars in 1390 bytes} [Wed Jul 20 04:29:31 2022] GET /placement/resource_providers/bb83290e-1dfc-4787-970d-2f68defc2955/allocations => generated 457 bytes in 67 msecs (HTTP/1.1 200) 6 headers in 224 bytes (1 switches on core 0)
Jul 20 04:29:32.172884 n-d-760455-12 devstack@placement-api.service[105987]: DEBUG placement.requestlog [req-1c334a7b-4939-4373-b12a-165c76d17336 req-fe74b996-19aa-49a7-b5e1-0503cb3d3338 None None] Starting request: 10.222.0.39 "DELETE /placement/allocations/0accd58e-e6ef-494c-b859-f7c923694244" {{(pid=105987) __call__ /opt/stack/placement/placement/requestlog.py:55}}
Jul 20 04:29:32.506678 n-d-760455-12 devstack@placement-api.service[105986]: DEBUG placement.requestlog [req-7ce29fb8-b97f-4f84-bddc-e8f5b9a0ca0d req-9bc795db-2b93-45f4-a4cf-b83a43ddf5ce None None] Starting request: 10.222.0.27 "GET /placement/resource_providers/bb83290e-1dfc-4787-970d-2f68defc2955/allocations" {{(pid=105986) __call__ /opt/stack/placement/placement/requestlog.py:55}}
Jul 20 04:29:32.514521 n-d-760455-12 devstack@placement-api.service[105987]: DEBUG placement.handlers.allocation [req-1c334a7b-4939-4373-b12a-165c76d17336 req-fe74b996-19aa-49a7-b5e1-0503cb3d3338 service placement] Successfully deleted allocations [, , ] {{(pid=105987) delete_allocations /opt/stack/placement/placement/handlers/allocation.py:627}}
Jul 20 04:29:32.515181 n-d-760455-12 devstack@placement-api.service[105987]: INFO placement.requestlog [req-1c334a7b-4939-4373-b12a-165c76d17336 req-fe74b996-19aa-49a7-b5e1-0503cb3d3338 service placement] 10.222.0.39 "DELETE /placement/allocations/0accd58e-e6ef-494c-b859-f7c923694244" status: 204 len: 0 microversion: 1.0
Jul 20 04:29:32.515797 n-d-760455-12 devstack@placement-api.service[105987]: [pid: 105987|app: 0|req: 263/529] 10.222.0.39 () {60 vars in 1355 bytes} [Wed Jul 20 04:29:32 2022] DELETE /placement/allocations/0accd58e-e6ef-494c-b859-f7c923694244 => generated 0 bytes in 343 msecs (HTTP/1.1 204) 5 headers in 198 bytes (2 switches on core 0)
Jul 20 04:29:32.546181 n-d-760455-12 devstack@placement-api.service[105986]: INFO placement.requestlog [req-7ce29fb8-b97f-4f84-bddc-e8f5b9a0ca0d req-9bc795db-2b93-45f4-a4cf-b83a43ddf5ce service placement] 10.222.0.27 "GET /placement/resource_providers/bb83290e-1dfc-4787-970d-2f68defc2955/allocations" status: 200 len: 457 microversion: 1.0
Jul 20 04:29:32.547560 n-d-760455-12 devstack@placement-api.service[105986]: [pid: 105986|app: 0|req: 267/530] 10.222.0.27 () {58 vars in 1390 bytes} [Wed Jul 20 04:29:32 2022] GET /placement/resource_providers/bb83290e-1dfc-4787-970d-2f68defc2955/allocations => generated 457 bytes in 41 msecs (HTTP/1.1 200) 6 headers in 224 bytes (2 switches on core 0)
Jul 20 04:29:33.209852 n-d-760455-12 devstack@placement-api.service[105987]: DEBUG placement.requestlog [req-7ce29fb8-b97f-4f84-bddc-e8f5b9a0ca0d req-85a3a6db-d15f-4243-9f6b-490be2684a19 None None] Starting request: 10.222.0.27 "GET /placement/allocations/4170cdc0-4a7d-4bc3-b338-0c73f4fe2941" {{(pid=105987) __call__ /opt/stack/placement/placement/requestlog.py:55}}
Jul 20 04:29:33.239980 n-d-760455-12 devstack@placement-api.service[105987]: INFO placement.requestlog [req-7ce29fb8-b97f-4f84-bddc-e8f5b9a0ca0d req-85a3a6db-d15f-4243-9f6b-490be2684a19 service placement] 10.222.0.27 "GET /placement/allocations/4170cdc0-4a7d-4bc3-b338-0c73f4fe2941" status: 200 len: 259 microversion: 1.28
Jul 20 04:29:33.241792 n-d-760455-12 devstack@placement-api.service[105987]: [pid: 105987|app: 0|req: 264/531] 10.222.0.27 () {60 vars in 1377 bytes} [Wed Jul 20 04:29:33 2022] GET /placement/allocations/4170cdc0-4a7d-4bc3-b338-0c73f4fe2941 => generated 259 bytes in 31 msecs (HTTP/1.1 200) 8 headers in 296 bytes (1 switches on core 0)
Jul 20 04:29:33.247943 n-d-760455-12 devstack@placement-api.service[105986]: DEBUG placement.requestlog [req-7ce29fb8-b97f-4f84-bddc-e8f5b9a0ca0d req-5c749fad-0aed-434e-a2bc-155cc7ee1ac6 None None] Starting request: 10.222.0.27 "PUT /placement/allocations/4170cdc0-4a7d-4bc3-b338-0c73f4fe2941" {{(pid=105986) __call__ /opt/stack/placement/placement/requestlog.py:55}}
Jul 20 04:29:33.314843 n-d-760455-12 devstack@placement-api.service[105986]: DEBUG placement.handlers.allocation [req-7ce29fb8-b97f-4f84-bddc-e8f5b9a0ca0d req-5c749fad-0aed-434e-a2bc-155cc7ee1ac6 service placement] Successfully wrote allocations [, , ] {{(pid=105986) _update_consumers_and_create_allocations /opt/stack/placement/placement/handlers/allocation.py:462}}
Jul 20 04:29:33.533033 n-d-760455-12 devstack@placement-api.service[105986]: INFO placement.requestlog [req-7ce29fb8-b97f-4f84-bddc-e8f5b9a0ca0d req-5c749fad-0aed-434e-a2bc-155cc7ee1ac6 service placement] 10.222.0.27 "PUT /placement/allocations/4170cdc0-4a7d-4bc3-b338-0c73f4fe2941" status: 204 len: 0 microversion: 1.28
Jul 20 04:29:33.533033 n-d-760455-12 devstack@placement-api.service[105986]: [pid: 105986|app: 0|req: 268/532] 10.222.0.27 () {64 vars in 1430 bytes} [Wed Jul 20 04:29:33 2022] PUT /placement/allocations/4170cdc0-4a7d-4bc3-b338-0c73f4fe2941 => generated 0 bytes in 285 msecs (HTTP/1.1 204) 5 headers in 199 bytes (2 switches on core 0)
Jul 20 04:29:37.881018 n-d-760455-12 devstack@placement-api.service[105987]: DEBUG placement.requestlog [req-4110aee5-43ca-4beb-9167-3c3ababdefd2 req-e6371633-4aa3-4d23-9947-dd7d5753a5e6 None None] Starting request: 10.222.0.39 "GET /placement/resource_providers/64bbbeeb-0e57-406d-9643-8eb0d2395792/allocations" {{(pid=105987) __call__ /opt/stack/placement/placement/requestlog.py:55}}
Jul 20 04:29:37.942892 n-d-760455-12 devstack@placement-api.service[105987]: INFO placement.requestlog [req-4110aee5-43ca-4beb-9167-3c3ababdefd2 req-e6371633-4aa3-4d23-9947-dd7d5753a5e6 service placement] 10.222.0.39 "GET /placement/resource_providers/64bbbeeb-0e57-406d-9643-8eb0d2395792/allocations" status: 200 len: 558 microversion: 1.0
Jul 20 04:29:37.966447 n-d-760455-12 devstack@placement-api.service[105987]: [pid: 105987|app: 0|req: 265/533] 10.222.0.39 () {58 vars in 1390 bytes} [Wed Jul 20 04:29:37 2022] GET /placement/resource_providers/64bbbeeb-0e57-406d-9643-8eb0d2395792/allocations => generated 558 bytes in 69 msecs (HTTP/1.1 200) 6 headers in 224 bytes (2 switches on core 0)
Jul 20 04:29:39.357361 n-d-760455-12 devstack@placement-api.service[105986]: DEBUG placement.requestlog [req-f9ef996c-683b-442f-9935-2bb42063721f req-54446aa7-a8e0-4c57-8dd7-d97f700ac7e7 None None] Starting request: 10.222.0.27 "DELETE /placement/allocations/fcefd62f-5a3b-4629-9760-ea0a5ccb2168" {{(pid=105986) __call__ /opt/stack/placement/placement/requestlog.py:55}}
Jul 20 04:29:39.379443 n-d-760455-12 devstack@placement-api.service[105986]: DEBUG dbcounter [-] [105986] Writing DB stats placement:SELECT=88,placement:DELETE=8,placement:UPDATE=4 {{(pid=105986) stat_writer /usr/local/lib/python3.8/dist-packages/dbcounter.py:114}}
Jul 20 04:29:39.595072 n-d-760455-12 devstack@placement-api.service[105986]: DEBUG placement.handlers.allocation [req-f9ef996c-683b-442f-9935-2bb42063721f req-54446aa7-a8e0-4c57-8dd7-d97f700ac7e7 service placement] Successfully deleted allocations [, , ] {{(pid=105986) delete_allocations /opt/stack/placement/placement/handlers/allocation.py:627}}
Jul 20 04:29:39.595569 n-d-760455-12 devstack@placement-api.service[105986]: INFO placement.requestlog [req-f9ef996c-683b-442f-9935-2bb42063721f req-54446aa7-a8e0-4c57-8dd7-d97f700ac7e7 service placement] 10.222.0.27 "DELETE /placement/allocations/fcefd62f-5a3b-4629-9760-ea0a5ccb2168" status: 204 len: 0 microversion: 1.0
Jul 20 04:29:39.596008 n-d-760455-12 devstack@placement-api.service[105986]: [pid: 105986|app: 0|req: 269/534] 10.222.0.27 () {60 vars in 1355 bytes} [Wed Jul 20 04:29:39 2022] DELETE /placement/allocations/fcefd62f-5a3b-4629-9760-ea0a5ccb2168 => generated 0 bytes in 239 msecs (HTTP/1.1 204) 5 headers in 198 bytes (1 switches on core 0)
Jul 20 04:29:43.097251 n-d-760455-12 devstack@placement-api.service[105987]: DEBUG placement.requestlog [req-9dcdf94a-ba0d-4f87-a033-570db871917f req-e61afb20-5dd2-4a25-a183-e62a689f355f None None] Starting request: 10.222.0.27 "DELETE /placement/allocations/bff4a137-3daf-47d0-a413-e855f7a8ed02" {{(pid=105987) __call__ /opt/stack/placement/placement/requestlog.py:55}}
Jul 20 04:29:43.537814 n-d-760455-12 devstack@placement-api.service[105987]: DEBUG placement.handlers.allocation [req-9dcdf94a-ba0d-4f87-a033-570db871917f req-e61afb20-5dd2-4a25-a183-e62a689f355f service placement] Successfully deleted allocations [, , ] {{(pid=105987) delete_allocations /opt/stack/placement/placement/handlers/allocation.py:627}}
Jul 20 04:29:43.539971 n-d-760455-12 devstack@placement-api.service[105987]: INFO placement.requestlog [req-9dcdf94a-ba0d-4f87-a033-570db871917f req-e61afb20-5dd2-4a25-a183-e62a689f355f service placement] 10.222.0.27 "DELETE /placement/allocations/bff4a137-3daf-47d0-a413-e855f7a8ed02" status: 204 len: 0 microversion: 1.0
Jul 20 04:29:43.540615 n-d-760455-12 devstack@placement-api.service[105987]: [pid: 105987|app: 0|req: 266/535] 10.222.0.27 () {60 vars in 1355 bytes} [Wed Jul 20 04:29:43 2022] DELETE /placement/allocations/bff4a137-3daf-47d0-a413-e855f7a8ed02 => generated 0 bytes in 444 msecs (HTTP/1.1 204) 5 headers in 198 bytes (1 switches on core 0)
Jul 20 04:29:43.726335 n-d-760455-12 devstack@placement-api.service[105986]: DEBUG placement.requestlog [req-386a1538-791f-4657-99f2-f0c9b5ceddc4 req-767ed7da-8c32-491f-a794-66263933342b None None] Starting request: 10.222.0.48 "GET /placement/allocation_candidates?limit=1000&resources=DISK_GB%3A1%2CMEMORY_MB%3A1024%2CVCPU%3A1&root_required=%21COMPUTE_STATUS_DISABLED" {{(pid=105986) __call__ /opt/stack/placement/placement/requestlog.py:55}}
Jul 20 04:29:44.290391 n-d-760455-12 devstack@placement-api.service[105986]: DEBUG placement.objects.research_context [req-386a1538-791f-4657-99f2-f0c9b5ceddc4 req-767ed7da-8c32-491f-a794-66263933342b service placement] getting providers with 1 DISK_GB {{(pid=105986) __init__ /opt/stack/placement/placement/objects/research_context.py:136}}
Jul 20 04:29:44.298127 n-d-760455-12 devstack@placement-api.service[105987]: DEBUG placement.requestlog [req-323bb8df-4d58-4974-a140-95bbda158a5e req-cb7f7a3c-5beb-4bea-9cc1-a1a4296e23b4 None None] Starting request: 10.222.0.39 "DELETE /placement/allocations/6be64758-b082-47f5-9d18-100147a22d2f" {{(pid=105987) __call__ /opt/stack/placement/placement/requestlog.py:55}}
Jul 20 04:29:44.310069 n-d-760455-12 devstack@placement-api.service[105986]: DEBUG placement.objects.research_context [req-386a1538-791f-4657-99f2-f0c9b5ceddc4 req-767ed7da-8c32-491f-a794-66263933342b service placement] getting providers with 1024 MEMORY_MB {{(pid=105986) __init__ /opt/stack/placement/placement/objects/research_context.py:136}}
Jul 20 04:29:44.326012 n-d-760455-12 devstack@placement-api.service[105986]: DEBUG placement.objects.research_context [req-386a1538-791f-4657-99f2-f0c9b5ceddc4 req-767ed7da-8c32-491f-a794-66263933342b service placement] getting providers with 1 VCPU {{(pid=105986) __init__ /opt/stack/placement/placement/objects/research_context.py:136}}
Jul 20 04:29:44.351495 n-d-760455-12 devstack@placement-api.service[105986]: DEBUG placement.objects.research_context [req-386a1538-791f-4657-99f2-f0c9b5ceddc4 req-767ed7da-8c32-491f-a794-66263933342b service placement] found 2 providers with available 1 DISK_GB {{(pid=105986) get_provider_ids_matching /opt/stack/placement/placement/objects/research_context.py:563}}
Jul 20 04:29:44.351711 n-d-760455-12 devstack@placement-api.service[105986]: DEBUG placement.objects.research_context [req-386a1538-791f-4657-99f2-f0c9b5ceddc4 req-767ed7da-8c32-491f-a794-66263933342b service placement] found 2 providers with available 1024 MEMORY_MB {{(pid=105986) get_provider_ids_matching /opt/stack/placement/placement/objects/research_context.py:563}}
Jul 20 04:29:44.351988 n-d-760455-12 devstack@placement-api.service[105986]: DEBUG placement.objects.research_context [req-386a1538-791f-4657-99f2-f0c9b5ceddc4 req-767ed7da-8c32-491f-a794-66263933342b service placement] found 2 providers after filtering by previous result {{(pid=105986) get_provider_ids_matching /opt/stack/placement/placement/objects/research_context.py:594}}
Jul 20 04:29:44.352247 n-d-760455-12 devstack@placement-api.service[105986]: DEBUG placement.objects.research_context [req-386a1538-791f-4657-99f2-f0c9b5ceddc4 req-767ed7da-8c32-491f-a794-66263933342b service placement] found 2 providers with available 1 VCPU {{(pid=105986) get_provider_ids_matching /opt/stack/placement/placement/objects/research_context.py:563}}
Jul 20 04:29:44.352513 n-d-760455-12 devstack@placement-api.service[105986]: DEBUG placement.objects.research_context [req-386a1538-791f-4657-99f2-f0c9b5ceddc4 req-767ed7da-8c32-491f-a794-66263933342b service placement] found 2 providers after filtering by previous result {{(pid=105986) get_provider_ids_matching /opt/stack/placement/placement/objects/research_context.py:594}}
Jul 20 04:29:44.370006 n-d-760455-12 devstack@placement-api.service[105986]: DEBUG placement.objects.allocation_candidate [req-386a1538-791f-4657-99f2-f0c9b5ceddc4 req-767ed7da-8c32-491f-a794-66263933342b service placement] RequestGroup(use_same_provider=False, resources={DISK_GB:1, MEMORY_MB:1024, VCPU:1}, traits=(), aggregates=[]) (suffix '') returned 2 matches {{(pid=105986) _get_by_requests /opt/stack/placement/placement/objects/allocation_candidate.py:156}}
Jul 20 04:29:44.370383 n-d-760455-12 devstack@placement-api.service[105986]: DEBUG placement.objects.allocation_candidate [req-386a1538-791f-4657-99f2-f0c9b5ceddc4 req-767ed7da-8c32-491f-a794-66263933342b service placement] Merging candidates yields 2 allocation requests and 2 provider summaries {{(pid=105986) _merge_candidates /opt/stack/placement/placement/objects/allocation_candidate.py:809}}
Jul 20 04:29:44.372212 n-d-760455-12 devstack@placement-api.service[105986]: INFO placement.requestlog [req-386a1538-791f-4657-99f2-f0c9b5ceddc4 req-767ed7da-8c32-491f-a794-66263933342b service placement] 10.222.0.48 "GET /placement/allocation_candidates?limit=1000&resources=DISK_GB%3A1%2CMEMORY_MB%3A1024%2CVCPU%3A1&root_required=%21COMPUTE_STATUS_DISABLED" status: 200 len: 1309 microversion: 1.36
Jul 20 04:29:44.373083 n-d-760455-12 devstack@placement-api.service[105986]: [pid: 105986|app: 0|req: 270/536] 10.222.0.48 () {60 vars in 1506 bytes} [Wed Jul 20 04:29:43 2022] GET /placement/allocation_candidates?limit=1000&resources=DISK_GB%3A1%2CMEMORY_MB%3A1024%2CVCPU%3A1&root_required=%21COMPUTE_STATUS_DISABLED => generated 1309 bytes in 647 msecs (HTTP/1.1 200) 8 headers in 297 bytes (1 switches on core 0)
Jul 20 04:29:44.477332 n-d-760455-12 devstack@placement-api.service[105986]: DEBUG placement.requestlog [req-386a1538-791f-4657-99f2-f0c9b5ceddc4 req-25af0e09-f878-4567-80c1-63a726a878ff None None] Starting request: 10.222.0.48 "GET /placement/allocations/e7766136-73c5-45fe-822c-2e4043100da6" {{(pid=105986) __call__ /opt/stack/placement/placement/requestlog.py:55}}
Jul 20 04:29:44.488750 n-d-760455-12 devstack@placement-api.service[105986]: INFO placement.requestlog [req-386a1538-791f-4657-99f2-f0c9b5ceddc4 req-25af0e09-f878-4567-80c1-63a726a878ff service placement] 10.222.0.48 "GET /placement/allocations/e7766136-73c5-45fe-822c-2e4043100da6" status: 200 len: 19 microversion: 1.28
Jul 20 04:29:44.489457 n-d-760455-12 devstack@placement-api.service[105986]: [pid: 105986|app: 0|req: 271/537] 10.222.0.48 () {60 vars in 1380 bytes} [Wed Jul 20 04:29:44 2022] GET /placement/allocations/e7766136-73c5-45fe-822c-2e4043100da6 => generated 19 bytes in 12 msecs (HTTP/1.1 200) 8 headers in 295 bytes (1 switches on core 0)
Jul 20 04:29:44.497294 n-d-760455-12 devstack@placement-api.service[105986]: DEBUG placement.requestlog [req-386a1538-791f-4657-99f2-f0c9b5ceddc4 req-f8b0c4bd-766f-4ad1-9508-7a73eb4312b1 None None] Starting request: 10.222.0.48 "PUT /placement/allocations/e7766136-73c5-45fe-822c-2e4043100da6" {{(pid=105986) __call__ /opt/stack/placement/placement/requestlog.py:55}}
Jul 20 04:29:44.749291 n-d-760455-12 devstack@placement-api.service[105987]: DEBUG placement.handlers.allocation [req-323bb8df-4d58-4974-a140-95bbda158a5e req-cb7f7a3c-5beb-4bea-9cc1-a1a4296e23b4 service placement] Successfully deleted allocations [, , ] {{(pid=105987) delete_allocations /opt/stack/placement/placement/handlers/allocation.py:627}}
Jul 20 04:29:44.750713 n-d-760455-12 devstack@placement-api.service[105987]: INFO placement.requestlog [req-323bb8df-4d58-4974-a140-95bbda158a5e req-cb7f7a3c-5beb-4bea-9cc1-a1a4296e23b4 service placement] 10.222.0.39 "DELETE /placement/allocations/6be64758-b082-47f5-9d18-100147a22d2f" status: 204 len: 0 microversion: 1.0
Jul 20 04:29:44.751219 n-d-760455-12 devstack@placement-api.service[105987]: [pid: 105987|app: 0|req: 267/538] 10.222.0.39 () {60 vars in 1355 bytes} [Wed Jul 20 04:29:44 2022] DELETE /placement/allocations/6be64758-b082-47f5-9d18-100147a22d2f => generated 0 bytes in 454 msecs (HTTP/1.1 204) 5 headers in 198 bytes (2 switches on core 0)
Jul 20 04:29:44.758392 n-d-760455-12 devstack@placement-api.service[105986]: DEBUG placement.handlers.allocation [req-386a1538-791f-4657-99f2-f0c9b5ceddc4 req-f8b0c4bd-766f-4ad1-9508-7a73eb4312b1 service placement] Successfully wrote allocations [, , ] {{(pid=105986) _update_consumers_and_create_allocations /opt/stack/placement/placement/handlers/allocation.py:462}}
Jul 20 04:29:44.841070 n-d-760455-12 devstack@placement-api.service[105986]: INFO placement.requestlog [req-386a1538-791f-4657-99f2-f0c9b5ceddc4 req-f8b0c4bd-766f-4ad1-9508-7a73eb4312b1 service placement] 10.222.0.48 "PUT /placement/allocations/e7766136-73c5-45fe-822c-2e4043100da6" status: 204 len: 0 microversion: 1.36
Jul 20 04:29:44.845112 n-d-760455-12 devstack@placement-api.service[105986]: [pid: 105986|app: 0|req: 272/539] 10.222.0.48 () {64 vars in 1433 bytes} [Wed Jul 20 04:29:44 2022] PUT /placement/allocations/e7766136-73c5-45fe-822c-2e4043100da6 => generated 0 bytes in 345 msecs (HTTP/1.1 204) 5 headers in 199 bytes (1 switches on core 0)
Jul 20 04:29:44.969720 n-d-760455-12 devstack@placement-api.service[105987]: DEBUG placement.requestlog [req-e99f7e91-e61e-4572-b054-21e9a0cc7abd req-8d498931-e67c-49e9-8cc7-1d1f6857d96d None None] Starting request: 10.222.0.48 "GET /placement/allocation_candidates?limit=1000&resources=MEMORY_MB%3A1024%2CVCPU%3A1&root_required=%21COMPUTE_STATUS_DISABLED" {{(pid=105987) __call__ /opt/stack/placement/placement/requestlog.py:55}}
Jul 20 04:29:45.117491 n-d-760455-12 devstack@placement-api.service[105987]: DEBUG placement.objects.research_context [req-e99f7e91-e61e-4572-b054-21e9a0cc7abd req-8d498931-e67c-49e9-8cc7-1d1f6857d96d service placement] getting providers with 1024 MEMORY_MB {{(pid=105987) __init__ /opt/stack/placement/placement/objects/research_context.py:136}}
Jul 20 04:29:45.141640 n-d-760455-12 devstack@placement-api.service[105987]: DEBUG placement.objects.research_context [req-e99f7e91-e61e-4572-b054-21e9a0cc7abd req-8d498931-e67c-49e9-8cc7-1d1f6857d96d service placement] getting providers with 1 VCPU {{(pid=105987) __init__ /opt/stack/placement/placement/objects/research_context.py:136}}
Jul 20 04:29:45.154484 n-d-760455-12 devstack@placement-api.service[105987]: DEBUG placement.objects.research_context [req-e99f7e91-e61e-4572-b054-21e9a0cc7abd req-8d498931-e67c-49e9-8cc7-1d1f6857d96d service placement] found 2 providers with available 1024 MEMORY_MB {{(pid=105987) get_provider_ids_matching /opt/stack/placement/placement/objects/research_context.py:563}}
Jul 20 04:29:45.154946 n-d-760455-12 devstack@placement-api.service[105987]: DEBUG placement.objects.research_context [req-e99f7e91-e61e-4572-b054-21e9a0cc7abd req-8d498931-e67c-49e9-8cc7-1d1f6857d96d service placement] found 2 providers with available 1 VCPU {{(pid=105987) get_provider_ids_matching /opt/stack/placement/placement/objects/research_context.py:563}}
Jul 20 04:29:45.155319 n-d-760455-12 devstack@placement-api.service[105987]: DEBUG placement.objects.research_context [req-e99f7e91-e61e-4572-b054-21e9a0cc7abd req-8d498931-e67c-49e9-8cc7-1d1f6857d96d service placement] found 2 providers after filtering by previous result {{(pid=105987) get_provider_ids_matching /opt/stack/placement/placement/objects/research_context.py:594}}
Jul 20 04:29:45.182813 n-d-760455-12 devstack@placement-api.service[105987]: DEBUG placement.objects.allocation_candidate [req-e99f7e91-e61e-4572-b054-21e9a0cc7abd req-8d498931-e67c-49e9-8cc7-1d1f6857d96d service placement] RequestGroup(use_same_provider=False, resources={MEMORY_MB:1024, VCPU:1}, traits=(), aggregates=[]) (suffix '') returned 2 matches {{(pid=105987) _get_by_requests /opt/stack/placement/placement/objects/allocation_candidate.py:156}}
Jul 20 04:29:45.184065 n-d-760455-12 devstack@placement-api.service[105987]: DEBUG placement.objects.allocation_candidate [req-e99f7e91-e61e-4572-b054-21e9a0cc7abd req-8d498931-e67c-49e9-8cc7-1d1f6857d96d service placement] Merging candidates yields 2 allocation requests and 2 provider summaries {{(pid=105987) _merge_candidates /opt/stack/placement/placement/objects/allocation_candidate.py:809}}
Jul 20 04:29:45.195295 n-d-760455-12 devstack@placement-api.service[105987]: INFO placement.requestlog [req-e99f7e91-e61e-4572-b054-21e9a0cc7abd req-8d498931-e67c-49e9-8cc7-1d1f6857d96d service placement] 10.222.0.48 "GET /placement/allocation_candidates?limit=1000&resources=MEMORY_MB%3A1024%2CVCPU%3A1&root_required=%21COMPUTE_STATUS_DISABLED" status: 200 len: 1281 microversion: 1.36
Jul 20 04:29:45.210333 n-d-760455-12 devstack@placement-api.service[105987]: [pid: 105987|app: 0|req: 268/540] 10.222.0.48 () {60 vars in 1478 bytes} [Wed Jul 20 04:29:44 2022] GET /placement/allocation_candidates?limit=1000&resources=MEMORY_MB%3A1024%2CVCPU%3A1&root_required=%21COMPUTE_STATUS_DISABLED => generated 1281 bytes in 233 msecs (HTTP/1.1 200) 8 headers in 297 bytes (1 switches on core 0)
Jul 20 04:29:45.330716 n-d-760455-12 devstack@placement-api.service[105986]: DEBUG placement.requestlog [req-e99f7e91-e61e-4572-b054-21e9a0cc7abd req-57da9357-dcd2-4ccc-9c9a-f28ce7672676 None None] Starting request: 10.222.0.48 "GET /placement/allocations/09e82761-3e3c-4a7b-9292-5ecf93f88289" {{(pid=105986) __call__ /opt/stack/placement/placement/requestlog.py:55}}
Jul 20 04:29:45.344761 n-d-760455-12 devstack@placement-api.service[105986]: INFO placement.requestlog [req-e99f7e91-e61e-4572-b054-21e9a0cc7abd req-57da9357-dcd2-4ccc-9c9a-f28ce7672676 service placement] 10.222.0.48 "GET /placement/allocations/09e82761-3e3c-4a7b-9292-5ecf93f88289" status: 200 len: 19 microversion: 1.28
Jul 20 04:29:45.345327 n-d-760455-12 devstack@placement-api.service[105986]: [pid: 105986|app: 0|req: 273/541] 10.222.0.48 () {60 vars in 1380 bytes} [Wed Jul 20 04:29:45 2022] GET /placement/allocations/09e82761-3e3c-4a7b-9292-5ecf93f88289 => generated 19 bytes in 15 msecs (HTTP/1.1 200) 8 headers in 295 bytes (1 switches on core 0)
Jul 20 04:29:45.375749 n-d-760455-12 devstack@placement-api.service[105987]: DEBUG placement.requestlog [req-e99f7e91-e61e-4572-b054-21e9a0cc7abd req-e36a56ae-bc96-4a19-9772-2d4b70b93d26 None None] Starting request: 10.222.0.48 "PUT /placement/allocations/09e82761-3e3c-4a7b-9292-5ecf93f88289" {{(pid=105987) __call__ /opt/stack/placement/placement/requestlog.py:55}}
Jul 20 04:29:45.379295 n-d-760455-12 devstack@placement-api.service[105987]: DEBUG dbcounter [-] [105987] Writing DB stats placement:SELECT=79,placement:INSERT=5,placement:DELETE=14,placement:UPDATE=2 {{(pid=105987) stat_writer /usr/local/lib/python3.8/dist-packages/dbcounter.py:114}}
Jul 20 04:29:45.504113 n-d-760455-12 devstack@placement-api.service[105986]: DEBUG placement.requestlog [req-d5fb26c8-2bfb-4af2-8df9-1ba0a57cf833 req-cec3121b-9bad-4bb4-bbc4-1e62eaefcf21 None None] Starting request: 10.222.0.48 "GET /placement/allocation_candidates?limit=1000&resources=DISK_GB%3A1%2CMEMORY_MB%3A1024%2CVCPU%3A1&root_required=%21COMPUTE_STATUS_DISABLED" {{(pid=105986) __call__ /opt/stack/placement/placement/requestlog.py:55}}
Jul 20 04:29:45.608470 n-d-760455-12 devstack@placement-api.service[105986]: DEBUG placement.objects.research_context [req-d5fb26c8-2bfb-4af2-8df9-1ba0a57cf833 req-cec3121b-9bad-4bb4-bbc4-1e62eaefcf21 service placement] getting providers with 1 DISK_GB {{(pid=105986) __init__ /opt/stack/placement/placement/objects/research_context.py:136}}
Jul 20 04:29:45.614893 n-d-760455-12 devstack@placement-api.service[105986]: DEBUG placement.objects.research_context [req-d5fb26c8-2bfb-4af2-8df9-1ba0a57cf833 req-cec3121b-9bad-4bb4-bbc4-1e62eaefcf21 service placement] getting providers with 1024 MEMORY_MB {{(pid=105986) __init__ /opt/stack/placement/placement/objects/research_context.py:136}}
Jul 20 04:29:45.620916 n-d-760455-12 devstack@placement-api.service[105986]: DEBUG placement.objects.research_context [req-d5fb26c8-2bfb-4af2-8df9-1ba0a57cf833 req-cec3121b-9bad-4bb4-bbc4-1e62eaefcf21 service placement] getting providers with 1 VCPU {{(pid=105986) __init__ /opt/stack/placement/placement/objects/research_context.py:136}}
Jul 20 04:29:45.644875 n-d-760455-12 devstack@placement-api.service[105986]: DEBUG placement.objects.research_context [req-d5fb26c8-2bfb-4af2-8df9-1ba0a57cf833 req-cec3121b-9bad-4bb4-bbc4-1e62eaefcf21 service placement] found 2 providers with available 1 DISK_GB {{(pid=105986) get_provider_ids_matching /opt/stack/placement/placement/objects/research_context.py:563}}
Jul 20 04:29:45.645385 n-d-760455-12 devstack@placement-api.service[105986]: DEBUG placement.objects.research_context [req-d5fb26c8-2bfb-4af2-8df9-1ba0a57cf833 req-cec3121b-9bad-4bb4-bbc4-1e62eaefcf21 service placement] found 2 providers with available 1024 MEMORY_MB {{(pid=105986) get_provider_ids_matching /opt/stack/placement/placement/objects/research_context.py:563}}
Jul 20 04:29:45.645876 n-d-760455-12 devstack@placement-api.service[105986]: DEBUG placement.objects.research_context [req-d5fb26c8-2bfb-4af2-8df9-1ba0a57cf833 req-cec3121b-9bad-4bb4-bbc4-1e62eaefcf21 service placement] found 2 providers after filtering by previous result {{(pid=105986) get_provider_ids_matching /opt/stack/placement/placement/objects/research_context.py:594}}
Jul 20 04:29:45.646341 n-d-760455-12 devstack@placement-api.service[105986]: DEBUG placement.objects.research_context [req-d5fb26c8-2bfb-4af2-8df9-1ba0a57cf833 req-cec3121b-9bad-4bb4-bbc4-1e62eaefcf21 service placement] found 2 providers with available 1 VCPU {{(pid=105986) get_provider_ids_matching /opt/stack/placement/placement/objects/research_context.py:563}}
Jul 20 04:29:45.647043 n-d-760455-12 devstack@placement-api.service[105986]: DEBUG placement.objects.research_context [req-d5fb26c8-2bfb-4af2-8df9-1ba0a57cf833 req-cec3121b-9bad-4bb4-bbc4-1e62eaefcf21 service placement] found 2 providers after filtering by previous result {{(pid=105986) get_provider_ids_matching /opt/stack/placement/placement/objects/research_context.py:594}}
Jul 20 04:29:45.668903 n-d-760455-12 devstack@placement-api.service[105986]: DEBUG placement.objects.allocation_candidate [req-d5fb26c8-2bfb-4af2-8df9-1ba0a57cf833 req-cec3121b-9bad-4bb4-bbc4-1e62eaefcf21 service placement] RequestGroup(use_same_provider=False, resources={DISK_GB:1, MEMORY_MB:1024, VCPU:1}, traits=(), aggregates=[]) (suffix '') returned 2 matches {{(pid=105986) _get_by_requests /opt/stack/placement/placement/objects/allocation_candidate.py:156}}
Jul 20 04:29:45.669400 n-d-760455-12 devstack@placement-api.service[105986]: DEBUG placement.objects.allocation_candidate [req-d5fb26c8-2bfb-4af2-8df9-1ba0a57cf833 req-cec3121b-9bad-4bb4-bbc4-1e62eaefcf21 service placement] Merging candidates yields 2 allocation requests and 2 provider summaries {{(pid=105986) _merge_candidates /opt/stack/placement/placement/objects/allocation_candidate.py:809}}
Jul 20 04:29:45.672653 n-d-760455-12 devstack@placement-api.service[105986]: INFO placement.requestlog [req-d5fb26c8-2bfb-4af2-8df9-1ba0a57cf833 req-cec3121b-9bad-4bb4-bbc4-1e62eaefcf21 service placement] 10.222.0.48 "GET /placement/allocation_candidates?limit=1000&resources=DISK_GB%3A1%2CMEMORY_MB%3A1024%2CVCPU%3A1&root_required=%21COMPUTE_STATUS_DISABLED" status: 200 len: 1309 microversion: 1.36
Jul 20 04:29:45.681138 n-d-760455-12 devstack@placement-api.service[105986]: [pid: 105986|app: 0|req: 274/542] 10.222.0.48 () {60 vars in 1506 bytes} [Wed Jul 20 04:29:45 2022] GET /placement/allocation_candidates?limit=1000&resources=DISK_GB%3A1%2CMEMORY_MB%3A1024%2CVCPU%3A1&root_required=%21COMPUTE_STATUS_DISABLED => generated 1309 bytes in 178 msecs (HTTP/1.1 200) 8 headers in 297 bytes (1 switches on core 0)
Jul 20 04:29:45.859716 n-d-760455-12 devstack@placement-api.service[105986]: DEBUG placement.requestlog [req-d5fb26c8-2bfb-4af2-8df9-1ba0a57cf833 req-89ecec1d-561e-4ad4-9452-f272cf0b5da0 None None] Starting request: 10.222.0.48 "GET /placement/allocations/2fa49f07-213e-4c02-913a-b6c45e5ec1c1" {{(pid=105986) __call__ /opt/stack/placement/placement/requestlog.py:55}}
Jul 20 04:29:45.897578 n-d-760455-12 devstack@placement-api.service[105986]: INFO placement.requestlog [req-d5fb26c8-2bfb-4af2-8df9-1ba0a57cf833 req-89ecec1d-561e-4ad4-9452-f272cf0b5da0 service placement] 10.222.0.48 "GET /placement/allocations/2fa49f07-213e-4c02-913a-b6c45e5ec1c1" status: 200 len: 19 microversion: 1.28
Jul 20 04:29:45.898691 n-d-760455-12 devstack@placement-api.service[105986]: [pid: 105986|app: 0|req: 275/543] 10.222.0.48 () {60 vars in 1380 bytes} [Wed Jul 20 04:29:45 2022] GET /placement/allocations/2fa49f07-213e-4c02-913a-b6c45e5ec1c1 => generated 19 bytes in 45 msecs (HTTP/1.1 200) 8 headers in 295 bytes (1 switches on core 0)
