Feb 18 22:05:29.862825 n-d-760454-7 devstack@placement-api.service[103931]: [pid: 103931|app: 0|req: 137/271] 10.222.0.102 () {60 vars in 1378 bytes} [Fri Feb 18 22:05:29 2022] GET /placement/allocations/a0fd5269-bb49-4a4c-9671-830038308d5a => generated 259 bytes in 53 msecs (HTTP/1.1 200) 8 headers in 296 bytes (1 switches on core 0)
Feb 18 22:05:31.018325 n-d-760454-7 devstack@placement-api.service[103932]: DEBUG placement.requestlog [req-aa18b01f-7041-4df7-9b78-2a792cbe3fea req-630347ce-9edd-4f35-8edd-9f0fb43cab49 None None] Starting request: 10.222.0.102 "GET /placement/resource_providers/49a33324-2bf2-488f-8be7-b16a9a6a46f6/allocations" {{(pid=103932) __call__ /opt/stack/placement/placement/requestlog.py:55}}
Feb 18 22:05:31.081830 n-d-760454-7 devstack@placement-api.service[103932]: INFO placement.requestlog [req-aa18b01f-7041-4df7-9b78-2a792cbe3fea req-630347ce-9edd-4f35-8edd-9f0fb43cab49 service placement] 10.222.0.102 "GET /placement/resource_providers/49a33324-2bf2-488f-8be7-b16a9a6a46f6/allocations" status: 200 len: 457 microversion: 1.0
Feb 18 22:05:31.083271 n-d-760454-7 devstack@placement-api.service[103932]: [pid: 103932|app: 0|req: 135/272] 10.222.0.102 () {58 vars in 1391 bytes} [Fri Feb 18 22:05:31 2022] GET /placement/resource_providers/49a33324-2bf2-488f-8be7-b16a9a6a46f6/allocations => generated 457 bytes in 65 msecs (HTTP/1.1 200) 6 headers in 224 bytes (1 switches on core 0)
Feb 18 22:05:39.214044 n-d-760454-7 devstack@placement-api.service[103931]: DEBUG placement.requestlog [None req-ff5511fa-354f-4aa4-8e7d-2c6af88e3e37 None None] Starting request: 10.222.0.93 "GET /placement/" {{(pid=103931) __call__ /opt/stack/placement/placement/requestlog.py:55}}
Feb 18 22:05:39.215015 n-d-760454-7 devstack@placement-api.service[103931]: INFO placement.requestlog [None req-ff5511fa-354f-4aa4-8e7d-2c6af88e3e37 None None] 10.222.0.93 "GET /placement/" status: 200 len: 136 microversion: 1.0
Feb 18 22:05:39.215338 n-d-760454-7 devstack@placement-api.service[103931]: [pid: 103931|app: 0|req: 138/273] 10.222.0.93 () {54 vars in 916 bytes} [Fri Feb 18 22:05:39 2022] GET /placement => generated 136 bytes in 2 msecs (HTTP/1.1 200) 6 headers in 224 bytes (1 switches on core 0)
Feb 18 22:05:39.225795 n-d-760454-7 devstack@placement-api.service[103932]: DEBUG placement.requestlog [req-e83410df-646d-4a32-a234-f32e14543036 req-4e897fe2-1dc3-4844-ac9b-f0bbb842ec62 None None] Starting request: 10.222.0.93 "GET /placement/allocations/b49b01e5-58a7-42df-b7f1-6c06f48501e4" {{(pid=103932) __call__ /opt/stack/placement/placement/requestlog.py:55}}
Feb 18 22:05:39.400505 n-d-760454-7 devstack@placement-api.service[103932]: INFO placement.requestlog [req-e83410df-646d-4a32-a234-f32e14543036 req-4e897fe2-1dc3-4844-ac9b-f0bbb842ec62 service placement] 10.222.0.93 "GET /placement/allocations/b49b01e5-58a7-42df-b7f1-6c06f48501e4" status: 200 len: 259 microversion: 1.28
Feb 18 22:05:39.401439 n-d-760454-7 devstack@placement-api.service[103932]: [pid: 103932|app: 0|req: 136/274] 10.222.0.93 () {60 vars in 1380 bytes} [Fri Feb 18 22:05:39 2022] GET /placement/allocations/b49b01e5-58a7-42df-b7f1-6c06f48501e4 => generated 259 bytes in 176 msecs (HTTP/1.1 200) 8 headers in 296 bytes (1 switches on core 0)
Feb 18 22:05:39.407233 n-d-760454-7 devstack@placement-api.service[103931]: DEBUG placement.requestlog [req-e83410df-646d-4a32-a234-f32e14543036 req-351af1e3-c697-48a4-bac9-ec87f8036216 None None] Starting request: 10.222.0.93 "GET /placement/allocations/b49b01e5-58a7-42df-b7f1-6c06f48501e4" {{(pid=103931) __call__ /opt/stack/placement/placement/requestlog.py:55}}
Feb 18 22:05:39.434324 n-d-760454-7 devstack@placement-api.service[103931]: INFO placement.requestlog [req-e83410df-646d-4a32-a234-f32e14543036 req-351af1e3-c697-48a4-bac9-ec87f8036216 service placement] 10.222.0.93 "GET /placement/allocations/b49b01e5-58a7-42df-b7f1-6c06f48501e4" status: 200 len: 259 microversion: 1.28
Feb 18 22:05:39.441950 n-d-760454-7 devstack@placement-api.service[103931]: [pid: 103931|app: 0|req: 139/275] 10.222.0.93 () {60 vars in 1380 bytes} [Fri Feb 18 22:05:39 2022] GET /placement/allocations/b49b01e5-58a7-42df-b7f1-6c06f48501e4 => generated 259 bytes in 35 msecs (HTTP/1.1 200) 8 headers in 296 bytes (1 switches on core 0)
Feb 18 22:05:39.448675 n-d-760454-7 devstack@placement-api.service[103932]: DEBUG placement.requestlog [req-e83410df-646d-4a32-a234-f32e14543036 req-1555abba-68c3-4662-98ba-8efb2a23591c None None] Starting request: 10.222.0.93 "GET /placement/allocations/06ef7c4e-0ab4-4cab-b60a-828bc0bff129" {{(pid=103932) __call__ /opt/stack/placement/placement/requestlog.py:55}}
Feb 18 22:05:39.488354 n-d-760454-7 devstack@placement-api.service[103932]: INFO placement.requestlog [req-e83410df-646d-4a32-a234-f32e14543036 req-1555abba-68c3-4662-98ba-8efb2a23591c service placement] 10.222.0.93 "GET /placement/allocations/06ef7c4e-0ab4-4cab-b60a-828bc0bff129" status: 200 len: 19 microversion: 1.28
Feb 18 22:05:39.489847 n-d-760454-7 devstack@placement-api.service[103932]: [pid: 103932|app: 0|req: 137/276] 10.222.0.93 () {60 vars in 1380 bytes} [Fri Feb 18 22:05:39 2022] GET /placement/allocations/06ef7c4e-0ab4-4cab-b60a-828bc0bff129 => generated 19 bytes in 42 msecs (HTTP/1.1 200) 8 headers in 295 bytes (1 switches on core 0)
Feb 18 22:05:39.498051 n-d-760454-7 devstack@placement-api.service[103931]: DEBUG placement.requestlog [req-e83410df-646d-4a32-a234-f32e14543036 req-86a87988-167b-4cc7-aaca-75d6ef4cf992 None None] Starting request: 10.222.0.93 "POST /placement/allocations" {{(pid=103931) __call__ /opt/stack/placement/placement/requestlog.py:55}}
Feb 18 22:05:39.728086 n-d-760454-7 devstack@placement-api.service[103931]: DEBUG placement.handlers.allocation [req-e83410df-646d-4a32-a234-f32e14543036 req-86a87988-167b-4cc7-aaca-75d6ef4cf992 service placement] Successfully wrote allocations [, , , , , ] {{(pid=103931) _update_consumers_and_create_allocations /opt/stack/placement/placement/handlers/allocation.py:572}}
Feb 18 22:05:39.741658 n-d-760454-7 devstack@placement-api.service[103931]: INFO placement.requestlog [req-e83410df-646d-4a32-a234-f32e14543036 req-86a87988-167b-4cc7-aaca-75d6ef4cf992 service placement] 10.222.0.93 "POST /placement/allocations" status: 204 len: 0 microversion: 1.28
Feb 18 22:05:39.742587 n-d-760454-7 devstack@placement-api.service[103931]: [pid: 103931|app: 0|req: 140/277] 10.222.0.93 () {64 vars in 1323 bytes} [Fri Feb 18 22:05:39 2022] POST /placement/allocations => generated 0 bytes in 245 msecs (HTTP/1.1 204) 5 headers in 199 bytes (1 switches on core 0)
Feb 18 22:05:39.839114 n-d-760454-7 devstack@placement-api.service[103932]: DEBUG placement.requestlog [req-e83410df-646d-4a32-a234-f32e14543036 req-3bd4b80d-d7d4-4ffd-a8e1-9df282d0401d None None] Starting request: 10.222.0.93 "GET /placement/allocations/b49b01e5-58a7-42df-b7f1-6c06f48501e4" {{(pid=103932) __call__ /opt/stack/placement/placement/requestlog.py:55}}
Feb 18 22:05:39.857731 n-d-760454-7 devstack@placement-api.service[103932]: INFO placement.requestlog [req-e83410df-646d-4a32-a234-f32e14543036 req-3bd4b80d-d7d4-4ffd-a8e1-9df282d0401d service placement] 10.222.0.93 "GET /placement/allocations/b49b01e5-58a7-42df-b7f1-6c06f48501e4" status: 200 len: 19 microversion: 1.28
Feb 18 22:05:39.860281 n-d-760454-7 devstack@placement-api.service[103932]: [pid: 103932|app: 0|req: 138/278] 10.222.0.93 () {60 vars in 1380 bytes} [Fri Feb 18 22:05:39 2022] GET /placement/allocations/b49b01e5-58a7-42df-b7f1-6c06f48501e4 => generated 19 bytes in 21 msecs (HTTP/1.1 200) 8 headers in 295 bytes (1 switches on core 0)
Feb 18 22:05:39.889053 n-d-760454-7 devstack@placement-api.service[103931]: DEBUG placement.requestlog [req-e83410df-646d-4a32-a234-f32e14543036 req-7a6472ab-e73a-4f15-a00f-269ec6fb87ec None None] Starting request: 10.222.0.93 "PUT /placement/allocations/b49b01e5-58a7-42df-b7f1-6c06f48501e4" {{(pid=103931) __call__ /opt/stack/placement/placement/requestlog.py:55}}
Feb 18 22:05:39.983206 n-d-760454-7 devstack@placement-api.service[103931]: DEBUG placement.handlers.allocation [req-e83410df-646d-4a32-a234-f32e14543036 req-7a6472ab-e73a-4f15-a00f-269ec6fb87ec service placement] Successfully wrote allocations [, , ] {{(pid=103931) _update_consumers_and_create_allocations /opt/stack/placement/placement/handlers/allocation.py:462}}
Feb 18 22:05:39.988222 n-d-760454-7 devstack@placement-api.service[103931]: INFO placement.requestlog [req-e83410df-646d-4a32-a234-f32e14543036 req-7a6472ab-e73a-4f15-a00f-269ec6fb87ec service placement] 10.222.0.93 "PUT /placement/allocations/b49b01e5-58a7-42df-b7f1-6c06f48501e4" status: 204 len: 0 microversion: 1.28
Feb 18 22:05:39.989455 n-d-760454-7 devstack@placement-api.service[103931]: [pid: 103931|app: 0|req: 141/279] 10.222.0.93 () {64 vars in 1433 bytes} [Fri Feb 18 22:05:39 2022] PUT /placement/allocations/b49b01e5-58a7-42df-b7f1-6c06f48501e4 => generated 0 bytes in 100 msecs (HTTP/1.1 204) 5 headers in 199 bytes (1 switches on core 0)
Feb 18 22:05:40.199680 n-d-760454-7 devstack@placement-api.service[103932]: DEBUG placement.requestlog [req-e83410df-646d-4a32-a234-f32e14543036 req-58cd562d-6e88-4251-8c4a-a9391e221c25 None None] Starting request: 10.222.0.102 "GET /placement/allocations/b49b01e5-58a7-42df-b7f1-6c06f48501e4" {{(pid=103932) __call__ /opt/stack/placement/placement/requestlog.py:55}}
Feb 18 22:05:40.236508 n-d-760454-7 devstack@placement-api.service[103932]: INFO placement.requestlog [req-e83410df-646d-4a32-a234-f32e14543036 req-58cd562d-6e88-4251-8c4a-a9391e221c25 service placement] 10.222.0.102 "GET /placement/allocations/b49b01e5-58a7-42df-b7f1-6c06f48501e4" status: 200 len: 259 microversion: 1.28
Feb 18 22:05:40.239617 n-d-760454-7 devstack@placement-api.service[103932]: [pid: 103932|app: 0|req: 139/280] 10.222.0.102 () {60 vars in 1378 bytes} [Fri Feb 18 22:05:40 2022] GET /placement/allocations/b49b01e5-58a7-42df-b7f1-6c06f48501e4 => generated 259 bytes in 40 msecs (HTTP/1.1 200) 8 headers in 296 bytes (1 switches on core 0)
Feb 18 22:05:51.690234 n-d-760454-7 devstack@placement-api.service[103931]: DEBUG placement.requestlog [req-f32f921e-0f52-4b26-82d0-ff2e0b5f06bf req-660dc46a-595a-4fe7-b287-eeff0e3521fa None None] Starting request: 10.222.0.93 "GET /placement/allocation_candidates?limit=1000&resources=DISK_GB%3A1%2CMEMORY_MB%3A1024%2CVCPU%3A1&root_required=%21COMPUTE_STATUS_DISABLED" {{(pid=103931) __call__ /opt/stack/placement/placement/requestlog.py:55}}
Feb 18 22:05:51.802836 n-d-760454-7 devstack@placement-api.service[103931]: DEBUG placement.objects.research_context [req-f32f921e-0f52-4b26-82d0-ff2e0b5f06bf req-660dc46a-595a-4fe7-b287-eeff0e3521fa service placement] getting providers with 1 DISK_GB {{(pid=103931) __init__ /opt/stack/placement/placement/objects/research_context.py:126}}
Feb 18 22:05:51.824305 n-d-760454-7 devstack@placement-api.service[103931]: DEBUG placement.objects.research_context [req-f32f921e-0f52-4b26-82d0-ff2e0b5f06bf req-660dc46a-595a-4fe7-b287-eeff0e3521fa service placement] getting providers with 1024 MEMORY_MB {{(pid=103931) __init__ /opt/stack/placement/placement/objects/research_context.py:126}}
Feb 18 22:05:51.836818 n-d-760454-7 devstack@placement-api.service[103931]: DEBUG placement.objects.research_context [req-f32f921e-0f52-4b26-82d0-ff2e0b5f06bf req-660dc46a-595a-4fe7-b287-eeff0e3521fa service placement] getting providers with 1 VCPU {{(pid=103931) __init__ /opt/stack/placement/placement/objects/research_context.py:126}}
Feb 18 22:05:51.855200 n-d-760454-7 devstack@placement-api.service[103931]: DEBUG placement.objects.research_context [req-f32f921e-0f52-4b26-82d0-ff2e0b5f06bf req-660dc46a-595a-4fe7-b287-eeff0e3521fa service placement] found 2 providers with available 1 DISK_GB {{(pid=103931) get_provider_ids_matching /opt/stack/placement/placement/objects/research_context.py:549}}
Feb 18 22:05:51.855670 n-d-760454-7 devstack@placement-api.service[103931]: DEBUG placement.objects.research_context [req-f32f921e-0f52-4b26-82d0-ff2e0b5f06bf req-660dc46a-595a-4fe7-b287-eeff0e3521fa service placement] found 2 providers with available 1024 MEMORY_MB {{(pid=103931) get_provider_ids_matching /opt/stack/placement/placement/objects/research_context.py:549}}
Feb 18 22:05:51.856140 n-d-760454-7 devstack@placement-api.service[103931]: DEBUG placement.objects.research_context [req-f32f921e-0f52-4b26-82d0-ff2e0b5f06bf req-660dc46a-595a-4fe7-b287-eeff0e3521fa service placement] found 2 providers after filtering by previous result {{(pid=103931) get_provider_ids_matching /opt/stack/placement/placement/objects/research_context.py:580}}
Feb 18 22:05:51.856552 n-d-760454-7 devstack@placement-api.service[103931]: DEBUG placement.objects.research_context [req-f32f921e-0f52-4b26-82d0-ff2e0b5f06bf req-660dc46a-595a-4fe7-b287-eeff0e3521fa service placement] found 2 providers with available 1 VCPU {{(pid=103931) get_provider_ids_matching /opt/stack/placement/placement/objects/research_context.py:549}}
Feb 18 22:05:51.856970 n-d-760454-7 devstack@placement-api.service[103931]: DEBUG placement.objects.research_context [req-f32f921e-0f52-4b26-82d0-ff2e0b5f06bf req-660dc46a-595a-4fe7-b287-eeff0e3521fa service placement] found 2 providers after filtering by previous result {{(pid=103931) get_provider_ids_matching /opt/stack/placement/placement/objects/research_context.py:580}}
Feb 18 22:05:51.879832 n-d-760454-7 devstack@placement-api.service[103931]: DEBUG placement.objects.allocation_candidate [req-f32f921e-0f52-4b26-82d0-ff2e0b5f06bf req-660dc46a-595a-4fe7-b287-eeff0e3521fa service placement] RequestGroup(use_same_provider=False, resources={DISK_GB:1, MEMORY_MB:1024, VCPU:1}, traits=[], aggregates=[]) (suffix '') returned 2 matches {{(pid=103931) _get_by_requests /opt/stack/placement/placement/objects/allocation_candidate.py:145}}
Feb 18 22:05:51.882096 n-d-760454-7 devstack@placement-api.service[103931]: DEBUG placement.objects.allocation_candidate [req-f32f921e-0f52-4b26-82d0-ff2e0b5f06bf req-660dc46a-595a-4fe7-b287-eeff0e3521fa service placement] Merging candidates yields 2 allocation requests and 2 provider summaries {{(pid=103931) _merge_candidates /opt/stack/placement/placement/objects/allocation_candidate.py:783}}
Feb 18 22:05:51.885300 n-d-760454-7 devstack@placement-api.service[103931]: INFO placement.requestlog [req-f32f921e-0f52-4b26-82d0-ff2e0b5f06bf req-660dc46a-595a-4fe7-b287-eeff0e3521fa service placement] 10.222.0.93 "GET /placement/allocation_candidates?limit=1000&resources=DISK_GB%3A1%2CMEMORY_MB%3A1024%2CVCPU%3A1&root_required=%21COMPUTE_STATUS_DISABLED" status: 200 len: 1309 microversion: 1.36
Feb 18 22:05:51.887981 n-d-760454-7 devstack@placement-api.service[103931]: [pid: 103931|app: 0|req: 142/281] 10.222.0.93 () {60 vars in 1506 bytes} [Fri Feb 18 22:05:51 2022] GET /placement/allocation_candidates?limit=1000&resources=DISK_GB%3A1%2CMEMORY_MB%3A1024%2CVCPU%3A1&root_required=%21COMPUTE_STATUS_DISABLED => generated 1309 bytes in 198 msecs (HTTP/1.1 200) 8 headers in 297 bytes (1 switches on core 0)
Feb 18 22:05:52.089965 n-d-760454-7 devstack@placement-api.service[103932]: DEBUG placement.requestlog [req-f32f921e-0f52-4b26-82d0-ff2e0b5f06bf req-d470ae72-cb2e-4184-96b2-ab951ddfd6f5 None None] Starting request: 10.222.0.93 "GET /placement/allocations/9341e30f-5ce2-4fbc-9634-9f7b2277b69d" {{(pid=103932) __call__ /opt/stack/placement/placement/requestlog.py:55}}
Feb 18 22:05:52.109677 n-d-760454-7 devstack@placement-api.service[103932]: INFO placement.requestlog [req-f32f921e-0f52-4b26-82d0-ff2e0b5f06bf req-d470ae72-cb2e-4184-96b2-ab951ddfd6f5 service placement] 10.222.0.93 "GET /placement/allocations/9341e30f-5ce2-4fbc-9634-9f7b2277b69d" status: 200 len: 19 microversion: 1.28
Feb 18 22:05:52.110075 n-d-760454-7 devstack@placement-api.service[103932]: [pid: 103932|app: 0|req: 140/282] 10.222.0.93 () {60 vars in 1380 bytes} [Fri Feb 18 22:05:52 2022] GET /placement/allocations/9341e30f-5ce2-4fbc-9634-9f7b2277b69d => generated 19 bytes in 20 msecs (HTTP/1.1 200) 8 headers in 295 bytes (1 switches on core 0)
Feb 18 22:05:52.121162 n-d-760454-7 devstack@placement-api.service[103931]: DEBUG placement.requestlog [req-f32f921e-0f52-4b26-82d0-ff2e0b5f06bf req-8b8b3177-49d6-491c-8ec1-3561a49ec294 None None] Starting request: 10.222.0.93 "PUT /placement/allocations/9341e30f-5ce2-4fbc-9634-9f7b2277b69d" {{(pid=103931) __call__ /opt/stack/placement/placement/requestlog.py:55}}
Feb 18 22:05:52.293643 n-d-760454-7 devstack@placement-api.service[103931]: DEBUG placement.handlers.allocation [req-f32f921e-0f52-4b26-82d0-ff2e0b5f06bf req-8b8b3177-49d6-491c-8ec1-3561a49ec294 service placement] Successfully wrote allocations [, , ] {{(pid=103931) _update_consumers_and_create_allocations /opt/stack/placement/placement/handlers/allocation.py:462}}
Feb 18 22:05:52.300371 n-d-760454-7 devstack@placement-api.service[103931]: INFO placement.requestlog [req-f32f921e-0f52-4b26-82d0-ff2e0b5f06bf req-8b8b3177-49d6-491c-8ec1-3561a49ec294 service placement] 10.222.0.93 "PUT /placement/allocations/9341e30f-5ce2-4fbc-9634-9f7b2277b69d" status: 204 len: 0 microversion: 1.36
Feb 18 22:05:52.302060 n-d-760454-7 devstack@placement-api.service[103931]: [pid: 103931|app: 0|req: 143/283] 10.222.0.93 () {64 vars in 1433 bytes} [Fri Feb 18 22:05:52 2022] PUT /placement/allocations/9341e30f-5ce2-4fbc-9634-9f7b2277b69d => generated 0 bytes in 181 msecs (HTTP/1.1 204) 5 headers in 199 bytes (1 switches on core 0)
Feb 18 22:05:52.916898 n-d-760454-7 devstack@placement-api.service[103932]: DEBUG placement.requestlog [req-f32f921e-0f52-4b26-82d0-ff2e0b5f06bf req-2a769c0d-e0de-4815-a8a7-8566ef1ae356 None None] Starting request: 10.222.0.102 "GET /placement/allocations/9341e30f-5ce2-4fbc-9634-9f7b2277b69d" {{(pid=103932) __call__ /opt/stack/placement/placement/requestlog.py:55}}
Feb 18 22:05:52.966017 n-d-760454-7 devstack@placement-api.service[103932]: INFO placement.requestlog [req-f32f921e-0f52-4b26-82d0-ff2e0b5f06bf req-2a769c0d-e0de-4815-a8a7-8566ef1ae356 service placement] 10.222.0.102 "GET /placement/allocations/9341e30f-5ce2-4fbc-9634-9f7b2277b69d" status: 200 len: 259 microversion: 1.28
Feb 18 22:05:52.967353 n-d-760454-7 devstack@placement-api.service[103932]: [pid: 103932|app: 0|req: 141/284] 10.222.0.102 () {60 vars in 1378 bytes} [Fri Feb 18 22:05:52 2022] GET /placement/allocations/9341e30f-5ce2-4fbc-9634-9f7b2277b69d => generated 259 bytes in 51 msecs (HTTP/1.1 200) 8 headers in 296 bytes (1 switches on core 0)
Feb 18 22:06:05.223238 n-d-760454-7 devstack@placement-api.service[103931]: DEBUG placement.requestlog [req-5e4f31eb-3c7b-44ba-9839-ea2361c63f62 req-98d967a3-0b68-44ed-8869-67104352dbb4 None None] Starting request: 10.222.0.93 "GET /placement/allocation_candidates?limit=1000&resources=DISK_GB%3A1%2CMEMORY_MB%3A1024%2CVCPU%3A1&root_required=%21COMPUTE_STATUS_DISABLED" {{(pid=103931) __call__ /opt/stack/placement/placement/requestlog.py:55}}
Feb 18 22:06:05.325254 n-d-760454-7 devstack@placement-api.service[103931]: DEBUG placement.objects.research_context [req-5e4f31eb-3c7b-44ba-9839-ea2361c63f62 req-98d967a3-0b68-44ed-8869-67104352dbb4 service placement] getting providers with 1 DISK_GB {{(pid=103931) __init__ /opt/stack/placement/placement/objects/research_context.py:126}}
Feb 18 22:06:05.353181 n-d-760454-7 devstack@placement-api.service[103931]: DEBUG placement.objects.research_context [req-5e4f31eb-3c7b-44ba-9839-ea2361c63f62 req-98d967a3-0b68-44ed-8869-67104352dbb4 service placement] getting providers with 1024 MEMORY_MB {{(pid=103931) __init__ /opt/stack/placement/placement/objects/research_context.py:126}}
Feb 18 22:06:05.377175 n-d-760454-7 devstack@placement-api.service[103931]: DEBUG placement.objects.research_context [req-5e4f31eb-3c7b-44ba-9839-ea2361c63f62 req-98d967a3-0b68-44ed-8869-67104352dbb4 service placement] getting providers with 1 VCPU {{(pid=103931) __init__ /opt/stack/placement/placement/objects/research_context.py:126}}
Feb 18 22:06:05.410119 n-d-760454-7 devstack@placement-api.service[103931]: DEBUG placement.objects.research_context [req-5e4f31eb-3c7b-44ba-9839-ea2361c63f62 req-98d967a3-0b68-44ed-8869-67104352dbb4 service placement] found 2 providers with available 1 DISK_GB {{(pid=103931) get_provider_ids_matching /opt/stack/placement/placement/objects/research_context.py:549}}
Feb 18 22:06:05.410395 n-d-760454-7 devstack@placement-api.service[103931]: DEBUG placement.objects.research_context [req-5e4f31eb-3c7b-44ba-9839-ea2361c63f62 req-98d967a3-0b68-44ed-8869-67104352dbb4 service placement] found 2 providers with available 1024 MEMORY_MB {{(pid=103931) get_provider_ids_matching /opt/stack/placement/placement/objects/research_context.py:549}}
Feb 18 22:06:05.410754 n-d-760454-7 devstack@placement-api.service[103931]: DEBUG placement.objects.research_context [req-5e4f31eb-3c7b-44ba-9839-ea2361c63f62 req-98d967a3-0b68-44ed-8869-67104352dbb4 service placement] found 2 providers after filtering by previous result {{(pid=103931) get_provider_ids_matching /opt/stack/placement/placement/objects/research_context.py:580}}
Feb 18 22:06:05.420105 n-d-760454-7 devstack@placement-api.service[103931]: DEBUG placement.objects.research_context [req-5e4f31eb-3c7b-44ba-9839-ea2361c63f62 req-98d967a3-0b68-44ed-8869-67104352dbb4 service placement] found 2 providers with available 1 VCPU {{(pid=103931) get_provider_ids_matching /opt/stack/placement/placement/objects/research_context.py:549}}
Feb 18 22:06:05.420661 n-d-760454-7 devstack@placement-api.service[103931]: DEBUG placement.objects.research_context [req-5e4f31eb-3c7b-44ba-9839-ea2361c63f62 req-98d967a3-0b68-44ed-8869-67104352dbb4 service placement] found 2 providers after filtering by previous result {{(pid=103931) get_provider_ids_matching /opt/stack/placement/placement/objects/research_context.py:580}}
Feb 18 22:06:05.477764 n-d-760454-7 devstack@placement-api.service[103931]: DEBUG placement.objects.allocation_candidate [req-5e4f31eb-3c7b-44ba-9839-ea2361c63f62 req-98d967a3-0b68-44ed-8869-67104352dbb4 service placement] RequestGroup(use_same_provider=False, resources={DISK_GB:1, MEMORY_MB:1024, VCPU:1}, traits=[], aggregates=[]) (suffix '') returned 2 matches {{(pid=103931) _get_by_requests /opt/stack/placement/placement/objects/allocation_candidate.py:145}}
Feb 18 22:06:05.483770 n-d-760454-7 devstack@placement-api.service[103931]: DEBUG placement.objects.allocation_candidate [req-5e4f31eb-3c7b-44ba-9839-ea2361c63f62 req-98d967a3-0b68-44ed-8869-67104352dbb4 service placement] Merging candidates yields 2 allocation requests and 2 provider summaries {{(pid=103931) _merge_candidates /opt/stack/placement/placement/objects/allocation_candidate.py:783}}
Feb 18 22:06:05.523927 n-d-760454-7 devstack@placement-api.service[103931]: INFO placement.requestlog [req-5e4f31eb-3c7b-44ba-9839-ea2361c63f62 req-98d967a3-0b68-44ed-8869-67104352dbb4 service placement] 10.222.0.93 "GET /placement/allocation_candidates?limit=1000&resources=DISK_GB%3A1%2CMEMORY_MB%3A1024%2CVCPU%3A1&root_required=%21COMPUTE_STATUS_DISABLED" status: 200 len: 1309 microversion: 1.36
Feb 18 22:06:05.525562 n-d-760454-7 devstack@placement-api.service[103931]: [pid: 103931|app: 0|req: 144/285] 10.222.0.93 () {60 vars in 1506 bytes} [Fri Feb 18 22:06:05 2022] GET /placement/allocation_candidates?limit=1000&resources=DISK_GB%3A1%2CMEMORY_MB%3A1024%2CVCPU%3A1&root_required=%21COMPUTE_STATUS_DISABLED => generated 1309 bytes in 302 msecs (HTTP/1.1 200) 8 headers in 297 bytes (1 switches on core 0)
Feb 18 22:06:05.742661 n-d-760454-7 devstack@placement-api.service[103932]: DEBUG placement.requestlog [req-5e4f31eb-3c7b-44ba-9839-ea2361c63f62 req-85aaa602-d42b-4cbc-b6e3-c2f0c0d08d54 None None] Starting request: 10.222.0.93 "GET /placement/allocations/882ee2bc-3384-4959-ac12-4a664ac9bea1" {{(pid=103932) __call__ /opt/stack/placement/placement/requestlog.py:55}}
Feb 18 22:06:05.786106 n-d-760454-7 devstack@placement-api.service[103932]: INFO placement.requestlog [req-5e4f31eb-3c7b-44ba-9839-ea2361c63f62 req-85aaa602-d42b-4cbc-b6e3-c2f0c0d08d54 service placement] 10.222.0.93 "GET /placement/allocations/882ee2bc-3384-4959-ac12-4a664ac9bea1" status: 200 len: 19 microversion: 1.28
Feb 18 22:06:05.787964 n-d-760454-7 devstack@placement-api.service[103932]: [pid: 103932|app: 0|req: 142/286] 10.222.0.93 () {60 vars in 1380 bytes} [Fri Feb 18 22:06:05 2022] GET /placement/allocations/882ee2bc-3384-4959-ac12-4a664ac9bea1 => generated 19 bytes in 46 msecs (HTTP/1.1 200) 8 headers in 295 bytes (1 switches on core 0)
Feb 18 22:06:05.798407 n-d-760454-7 devstack@placement-api.service[103931]: DEBUG placement.requestlog [req-5e4f31eb-3c7b-44ba-9839-ea2361c63f62 req-00b3d69f-31d5-464a-a394-7407749b9a3c None None] Starting request: 10.222.0.93 "PUT /placement/allocations/882ee2bc-3384-4959-ac12-4a664ac9bea1" {{(pid=103931) __call__ /opt/stack/placement/placement/requestlog.py:55}}
Feb 18 22:06:06.008315 n-d-760454-7 devstack@placement-api.service[103931]: DEBUG placement.handlers.allocation [req-5e4f31eb-3c7b-44ba-9839-ea2361c63f62 req-00b3d69f-31d5-464a-a394-7407749b9a3c service placement] Successfully wrote allocations [, , ] {{(pid=103931) _update_consumers_and_create_allocations /opt/stack/placement/placement/handlers/allocation.py:462}}
Feb 18 22:06:06.015768 n-d-760454-7 devstack@placement-api.service[103931]: INFO placement.requestlog [req-5e4f31eb-3c7b-44ba-9839-ea2361c63f62 req-00b3d69f-31d5-464a-a394-7407749b9a3c service placement] 10.222.0.93 "PUT /placement/allocations/882ee2bc-3384-4959-ac12-4a664ac9bea1" status: 204 len: 0 microversion: 1.36
Feb 18 22:06:06.019271 n-d-760454-7 devstack@placement-api.service[103931]: [pid: 103931|app: 0|req: 145/287] 10.222.0.93 () {64 vars in 1433 bytes} [Fri Feb 18 22:06:05 2022] PUT /placement/allocations/882ee2bc-3384-4959-ac12-4a664ac9bea1 => generated 0 bytes in 221 msecs (HTTP/1.1 204) 5 headers in 199 bytes (1 switches on core 0)
Feb 18 22:06:06.916221 n-d-760454-7 devstack@placement-api.service[103932]: DEBUG placement.requestlog [req-44d16e98-2faf-4570-bc36-77582529cb14 req-d6f406dc-0aba-4798-8982-4dce02748ab2 None None] Starting request: 10.222.0.102 "DELETE /placement/allocations/a0fd5269-bb49-4a4c-9671-830038308d5a" {{(pid=103932) __call__ /opt/stack/placement/placement/requestlog.py:55}}
Feb 18 22:06:06.966343 n-d-760454-7 devstack@placement-api.service[103931]: DEBUG placement.requestlog [req-a68ed0a6-4e60-4c53-90fc-5addcdc9955b req-1c3592ea-0a71-48b0-b65a-91f2b9a436ea None None] Starting request: 10.222.0.73 "DELETE /placement/allocations/597245c2-1844-4163-8fea-6e7ca9693ce2" {{(pid=103931) __call__ /opt/stack/placement/placement/requestlog.py:55}}
Feb 18 22:06:07.040646 n-d-760454-7 devstack@placement-api.service[103932]: DEBUG placement.handlers.allocation [req-44d16e98-2faf-4570-bc36-77582529cb14 req-d6f406dc-0aba-4798-8982-4dce02748ab2 service placement] Successfully deleted allocations [, , ] {{(pid=103932) delete_allocations /opt/stack/placement/placement/handlers/allocation.py:627}}
Feb 18 22:06:07.043750 n-d-760454-7 devstack@placement-api.service[103932]: INFO placement.requestlog [req-44d16e98-2faf-4570-bc36-77582529cb14 req-d6f406dc-0aba-4798-8982-4dce02748ab2 service placement] 10.222.0.102 "DELETE /placement/allocations/a0fd5269-bb49-4a4c-9671-830038308d5a" status: 204 len: 0 microversion: 1.0
Feb 18 22:06:07.045999 n-d-760454-7 devstack@placement-api.service[103932]: [pid: 103932|app: 0|req: 143/288] 10.222.0.102 () {60 vars in 1356 bytes} [Fri Feb 18 22:06:06 2022] DELETE /placement/allocations/a0fd5269-bb49-4a4c-9671-830038308d5a => generated 0 bytes in 129 msecs (HTTP/1.1 204) 5 headers in 198 bytes (1 switches on core 0)
Feb 18 22:06:07.048845 n-d-760454-7 devstack@placement-api.service[103931]: DEBUG placement.handlers.allocation [req-a68ed0a6-4e60-4c53-90fc-5addcdc9955b req-1c3592ea-0a71-48b0-b65a-91f2b9a436ea service placement] Successfully deleted allocations [, , ] {{(pid=103931) delete_allocations /opt/stack/placement/placement/handlers/allocation.py:627}}
Feb 18 22:06:07.049742 n-d-760454-7 devstack@placement-api.service[103931]: INFO placement.requestlog [req-a68ed0a6-4e60-4c53-90fc-5addcdc9955b req-1c3592ea-0a71-48b0-b65a-91f2b9a436ea service placement] 10.222.0.73 "DELETE /placement/allocations/597245c2-1844-4163-8fea-6e7ca9693ce2" status: 204 len: 0 microversion: 1.0
Feb 18 22:06:07.050709 n-d-760454-7 devstack@placement-api.service[103931]: [pid: 103931|app: 0|req: 146/289] 10.222.0.73 () {60 vars in 1355 bytes} [Fri Feb 18 22:06:06 2022] DELETE /placement/allocations/597245c2-1844-4163-8fea-6e7ca9693ce2 => generated 0 bytes in 85 msecs (HTTP/1.1 204) 5 headers in 198 bytes (1 switches on core 0)
Feb 18 22:06:07.054864 n-d-760454-7 devstack@placement-api.service[103932]: DEBUG placement.requestlog [req-5e4f31eb-3c7b-44ba-9839-ea2361c63f62 req-2875c197-4e94-46fb-9c3b-d591b56488a0 None None] Starting request: 10.222.0.73 "GET /placement/allocations/882ee2bc-3384-4959-ac12-4a664ac9bea1" {{(pid=103932) __call__ /opt/stack/placement/placement/requestlog.py:55}}
Feb 18 22:06:07.141321 n-d-760454-7 devstack@placement-api.service[103932]: INFO placement.requestlog [req-5e4f31eb-3c7b-44ba-9839-ea2361c63f62 req-2875c197-4e94-46fb-9c3b-d591b56488a0 service placement] 10.222.0.73 "GET /placement/allocations/882ee2bc-3384-4959-ac12-4a664ac9bea1" status: 200 len: 259 microversion: 1.28
Feb 18 22:06:07.141769 n-d-760454-7 devstack@placement-api.service[103932]: [pid: 103932|app: 0|req: 144/290] 10.222.0.73 () {60 vars in 1377 bytes} [Fri Feb 18 22:06:07 2022] GET /placement/allocations/882ee2bc-3384-4959-ac12-4a664ac9bea1 => generated 259 bytes in 94 msecs (HTTP/1.1 200) 8 headers in 296 bytes (1 switches on core 0)
Feb 18 22:06:19.750924 n-d-760454-7 devstack@placement-api.service[103931]: DEBUG placement.requestlog [None req-4169da6b-d988-48ca-8ea2-da40d21d7ab5 None None] Starting request: 10.222.0.93 "GET /placement/" {{(pid=103931) __call__ /opt/stack/placement/placement/requestlog.py:55}}
Feb 18 22:06:19.752512 n-d-760454-7 devstack@placement-api.service[103931]: INFO placement.requestlog [None req-4169da6b-d988-48ca-8ea2-da40d21d7ab5 None None] 10.222.0.93 "GET /placement/" status: 200 len: 136 microversion: 1.0
Feb 18 22:06:19.752999 n-d-760454-7 devstack@placement-api.service[103931]: [pid: 103931|app: 0|req: 147/291] 10.222.0.93 () {54 vars in 916 bytes} [Fri Feb 18 22:06:19 2022] GET /placement => generated 136 bytes in 2 msecs (HTTP/1.1 200) 6 headers in 224 bytes (1 switches on core 0)
Feb 18 22:06:19.763676 n-d-760454-7 devstack@placement-api.service[103932]: DEBUG placement.requestlog [req-0ea99907-c834-42dd-a54b-4c69cf3cafd6 req-dea451d9-64fa-46e0-a32b-89e05bbfa492 None None] Starting request: 10.222.0.93 "GET /placement/allocations/a3e55558-4afe-43e6-b10d-c184284fce99" {{(pid=103932) __call__ /opt/stack/placement/placement/requestlog.py:55}}
Feb 18 22:06:20.009209 n-d-760454-7 devstack@placement-api.service[103932]: INFO placement.requestlog [req-0ea99907-c834-42dd-a54b-4c69cf3cafd6 req-dea451d9-64fa-46e0-a32b-89e05bbfa492 service placement] 10.222.0.93 "GET /placement/allocations/a3e55558-4afe-43e6-b10d-c184284fce99" status: 200 len: 259 microversion: 1.28
Feb 18 22:06:20.009917 n-d-760454-7 devstack@placement-api.service[103932]: [pid: 103932|app: 0|req: 145/292] 10.222.0.93 () {60 vars in 1380 bytes} [Fri Feb 18 22:06:19 2022] GET /placement/allocations/a3e55558-4afe-43e6-b10d-c184284fce99 => generated 259 bytes in 247 msecs (HTTP/1.1 200) 8 headers in 296 bytes (1 switches on core 0)
Feb 18 22:06:20.032428 n-d-760454-7 devstack@placement-api.service[103931]: DEBUG placement.requestlog [req-0ea99907-c834-42dd-a54b-4c69cf3cafd6 req-132c8646-3381-4be7-8fac-efd32b3eb7b1 None None] Starting request: 10.222.0.93 "GET /placement/allocations/a3e55558-4afe-43e6-b10d-c184284fce99" {{(pid=103931) __call__ /opt/stack/placement/placement/requestlog.py:55}}
Feb 18 22:06:20.076259 n-d-760454-7 devstack@placement-api.service[103931]: INFO placement.requestlog [req-0ea99907-c834-42dd-a54b-4c69cf3cafd6 req-132c8646-3381-4be7-8fac-efd32b3eb7b1 service placement] 10.222.0.93 "GET /placement/allocations/a3e55558-4afe-43e6-b10d-c184284fce99" status: 200 len: 259 microversion: 1.28
Feb 18 22:06:20.076994 n-d-760454-7 devstack@placement-api.service[103931]: [pid: 103931|app: 0|req: 148/293] 10.222.0.93 () {60 vars in 1380 bytes} [Fri Feb 18 22:06:20 2022] GET /placement/allocations/a3e55558-4afe-43e6-b10d-c184284fce99 => generated 259 bytes in 45 msecs (HTTP/1.1 200) 8 headers in 296 bytes (1 switches on core 0)
Feb 18 22:06:20.088871 n-d-760454-7 devstack@placement-api.service[103932]: DEBUG placement.requestlog [req-0ea99907-c834-42dd-a54b-4c69cf3cafd6 req-11c4880c-3a1a-4800-992e-92e2586b132b None None] Starting request: 10.222.0.93 "GET /placement/allocations/21a4e0e1-f85c-4270-9fe3-0528171bb9fb" {{(pid=103932) __call__ /opt/stack/placement/placement/requestlog.py:55}}
Feb 18 22:06:20.109836 n-d-760454-7 devstack@placement-api.service[103932]: INFO placement.requestlog [req-0ea99907-c834-42dd-a54b-4c69cf3cafd6 req-11c4880c-3a1a-4800-992e-92e2586b132b service placement] 10.222.0.93 "GET /placement/allocations/21a4e0e1-f85c-4270-9fe3-0528171bb9fb" status: 200 len: 19 microversion: 1.28
Feb 18 22:06:20.132055 n-d-760454-7 devstack@placement-api.service[103931]: DEBUG placement.requestlog [req-0ea99907-c834-42dd-a54b-4c69cf3cafd6 req-f24cb800-90c9-4df7-96a8-8671317818f9 None None] Starting request: 10.222.0.93 "POST /placement/allocations" {{(pid=103931) __call__ /opt/stack/placement/placement/requestlog.py:55}}
Feb 18 22:06:20.133028 n-d-760454-7 devstack@placement-api.service[103932]: [pid: 103932|app: 0|req: 146/294] 10.222.0.93 () {60 vars in 1380 bytes} [Fri Feb 18 22:06:20 2022] GET /placement/allocations/21a4e0e1-f85c-4270-9fe3-0528171bb9fb => generated 19 bytes in 44 msecs (HTTP/1.1 200) 8 headers in 295 bytes (1 switches on core 0)
Feb 18 22:06:20.324762 n-d-760454-7 devstack@placement-api.service[103931]: DEBUG placement.handlers.allocation [req-0ea99907-c834-42dd-a54b-4c69cf3cafd6 req-f24cb800-90c9-4df7-96a8-8671317818f9 service placement] Successfully wrote allocations [, , , , , ] {{(pid=103931) _update_consumers_and_create_allocations /opt/stack/placement/placement/handlers/allocation.py:572}}
Feb 18 22:06:20.334275 n-d-760454-7 devstack@placement-api.service[103931]: INFO placement.requestlog [req-0ea99907-c834-42dd-a54b-4c69cf3cafd6 req-f24cb800-90c9-4df7-96a8-8671317818f9 service placement] 10.222.0.93 "POST /placement/allocations" status: 204 len: 0 microversion: 1.28
Feb 18 22:06:20.334673 n-d-760454-7 devstack@placement-api.service[103931]: [pid: 103931|app: 0|req: 149/295] 10.222.0.93 () {64 vars in 1323 bytes} [Fri Feb 18 22:06:20 2022] POST /placement/allocations => generated 0 bytes in 203 msecs (HTTP/1.1 204) 5 headers in 199 bytes (2 switches on core 0)
Feb 18 22:06:20.423962 n-d-760454-7 devstack@placement-api.service[103932]: DEBUG placement.requestlog [req-0ea99907-c834-42dd-a54b-4c69cf3cafd6 req-8fbda0e1-7465-4dfb-88e2-e28baaf386fc None None] Starting request: 10.222.0.93 "GET /placement/allocations/a3e55558-4afe-43e6-b10d-c184284fce99" {{(pid=103932) __call__ /opt/stack/placement/placement/requestlog.py:55}}
Feb 18 22:06:20.483456 n-d-760454-7 devstack@placement-api.service[103932]: INFO placement.requestlog [req-0ea99907-c834-42dd-a54b-4c69cf3cafd6 req-8fbda0e1-7465-4dfb-88e2-e28baaf386fc service placement] 10.222.0.93 "GET /placement/allocations/a3e55558-4afe-43e6-b10d-c184284fce99" status: 200 len: 19 microversion: 1.28
Feb 18 22:06:20.484489 n-d-760454-7 devstack@placement-api.service[103932]: [pid: 103932|app: 0|req: 147/296] 10.222.0.93 () {60 vars in 1380 bytes} [Fri Feb 18 22:06:20 2022] GET /placement/allocations/a3e55558-4afe-43e6-b10d-c184284fce99 => generated 19 bytes in 61 msecs (HTTP/1.1 200) 8 headers in 295 bytes (1 switches on core 0)
Feb 18 22:06:20.513391 n-d-760454-7 devstack@placement-api.service[103931]: DEBUG placement.requestlog [req-0ea99907-c834-42dd-a54b-4c69cf3cafd6 req-4ac5188c-89f4-4fe2-abc2-3ea08e78b5fe None None] Starting request: 10.222.0.93 "PUT /placement/allocations/a3e55558-4afe-43e6-b10d-c184284fce99" {{(pid=103931) __call__ /opt/stack/placement/placement/requestlog.py:55}}
Feb 18 22:06:20.652359 n-d-760454-7 devstack@placement-api.service[103931]: DEBUG placement.handlers.allocation [req-0ea99907-c834-42dd-a54b-4c69cf3cafd6 req-4ac5188c-89f4-4fe2-abc2-3ea08e78b5fe service placement] Successfully wrote allocations [, , ] {{(pid=103931) _update_consumers_and_create_allocations /opt/stack/placement/placement/handlers/allocation.py:462}}
Feb 18 22:06:20.662805 n-d-760454-7 devstack@placement-api.service[103931]: INFO placement.requestlog [req-0ea99907-c834-42dd-a54b-4c69cf3cafd6 req-4ac5188c-89f4-4fe2-abc2-3ea08e78b5fe service placement] 10.222.0.93 "PUT /placement/allocations/a3e55558-4afe-43e6-b10d-c184284fce99" status: 204 len: 0 microversion: 1.28
Feb 18 22:06:20.678366 n-d-760454-7 devstack@placement-api.service[103931]: [pid: 103931|app: 0|req: 150/297] 10.222.0.93 () {64 vars in 1433 bytes} [Fri Feb 18 22:06:20 2022] PUT /placement/allocations/a3e55558-4afe-43e6-b10d-c184284fce99 => generated 0 bytes in 151 msecs (HTTP/1.1 204) 5 headers in 199 bytes (1 switches on core 0)
Feb 18 22:06:20.890215 n-d-760454-7 devstack@placement-api.service[103932]: DEBUG placement.requestlog [req-0ea99907-c834-42dd-a54b-4c69cf3cafd6 req-d5e87d99-7ca1-49ed-b26e-739fc44f80fa None None] Starting request: 10.222.0.102 "GET /placement/allocations/a3e55558-4afe-43e6-b10d-c184284fce99" {{(pid=103932) __call__ /opt/stack/placement/placement/requestlog.py:55}}
Feb 18 22:06:20.914094 n-d-760454-7 devstack@placement-api.service[103932]: INFO placement.requestlog [req-0ea99907-c834-42dd-a54b-4c69cf3cafd6 req-d5e87d99-7ca1-49ed-b26e-739fc44f80fa service placement] 10.222.0.102 "GET /placement/allocations/a3e55558-4afe-43e6-b10d-c184284fce99" status: 200 len: 259 microversion: 1.28
Feb 18 22:06:20.916527 n-d-760454-7 devstack@placement-api.service[103932]: [pid: 103932|app: 0|req: 148/298] 10.222.0.102 () {60 vars in 1378 bytes} [Fri Feb 18 22:06:20 2022] GET /placement/allocations/a3e55558-4afe-43e6-b10d-c184284fce99 => generated 259 bytes in 27 msecs (HTTP/1.1 200) 8 headers in 296 bytes (1 switches on core 0)
Feb 18 22:06:26.406941 n-d-760454-7 devstack@placement-api.service[103931]: DEBUG placement.requestlog [req-162d77bf-9e70-46a5-ae36-3934515d6be8 req-6977fca5-2f8c-4e12-80ae-09fdd3ad132f None None] Starting request: 10.222.0.93 "GET /placement/allocation_candidates?limit=1000&resources=DISK_GB%3A1%2CMEMORY_MB%3A1024%2CVCPU%3A1&root_required=%21COMPUTE_STATUS_DISABLED" {{(pid=103931) __call__ /opt/stack/placement/placement/requestlog.py:55}}
Feb 18 22:06:26.462163 n-d-760454-7 devstack@placement-api.service[103931]: DEBUG placement.objects.research_context [req-162d77bf-9e70-46a5-ae36-3934515d6be8 req-6977fca5-2f8c-4e12-80ae-09fdd3ad132f service placement] getting providers with 1 DISK_GB {{(pid=103931) __init__ /opt/stack/placement/placement/objects/research_context.py:126}}
Feb 18 22:06:26.475032 n-d-760454-7 devstack@placement-api.service[103931]: DEBUG placement.objects.research_context [req-162d77bf-9e70-46a5-ae36-3934515d6be8 req-6977fca5-2f8c-4e12-80ae-09fdd3ad132f service placement] getting providers with 1024 MEMORY_MB {{(pid=103931) __init__ /opt/stack/placement/placement/objects/research_context.py:126}}
Feb 18 22:06:26.484026 n-d-760454-7 devstack@placement-api.service[103931]: DEBUG placement.objects.research_context [req-162d77bf-9e70-46a5-ae36-3934515d6be8 req-6977fca5-2f8c-4e12-80ae-09fdd3ad132f service placement] getting providers with 1 VCPU {{(pid=103931) __init__ /opt/stack/placement/placement/objects/research_context.py:126}}
Feb 18 22:06:26.504000 n-d-760454-7 devstack@placement-api.service[103931]: DEBUG placement.objects.research_context [req-162d77bf-9e70-46a5-ae36-3934515d6be8 req-6977fca5-2f8c-4e12-80ae-09fdd3ad132f service placement] found 2 providers with available 1 DISK_GB {{(pid=103931) get_provider_ids_matching /opt/stack/placement/placement/objects/research_context.py:549}}
Feb 18 22:06:26.504335 n-d-760454-7 devstack@placement-api.service[103931]: DEBUG placement.objects.research_context [req-162d77bf-9e70-46a5-ae36-3934515d6be8 req-6977fca5-2f8c-4e12-80ae-09fdd3ad132f service placement] found 2 providers with available 1024 MEMORY_MB {{(pid=103931) get_provider_ids_matching /opt/stack/placement/placement/objects/research_context.py:549}}
Feb 18 22:06:26.504786 n-d-760454-7 devstack@placement-api.service[103931]: DEBUG placement.objects.research_context [req-162d77bf-9e70-46a5-ae36-3934515d6be8 req-6977fca5-2f8c-4e12-80ae-09fdd3ad132f service placement] found 2 providers after filtering by previous result {{(pid=103931) get_provider_ids_matching /opt/stack/placement/placement/objects/research_context.py:580}}
Feb 18 22:06:26.504992 n-d-760454-7 devstack@placement-api.service[103931]: DEBUG placement.objects.research_context [req-162d77bf-9e70-46a5-ae36-3934515d6be8 req-6977fca5-2f8c-4e12-80ae-09fdd3ad132f service placement] found 2 providers with available 1 VCPU {{(pid=103931) get_provider_ids_matching /opt/stack/placement/placement/objects/research_context.py:549}}
Feb 18 22:06:26.505162 n-d-760454-7 devstack@placement-api.service[103931]: DEBUG placement.objects.research_context [req-162d77bf-9e70-46a5-ae36-3934515d6be8 req-6977fca5-2f8c-4e12-80ae-09fdd3ad132f service placement] found 2 providers after filtering by previous result {{(pid=103931) get_provider_ids_matching /opt/stack/placement/placement/objects/research_context.py:580}}
Feb 18 22:06:26.517881 n-d-760454-7 devstack@placement-api.service[103931]: DEBUG placement.objects.allocation_candidate [req-162d77bf-9e70-46a5-ae36-3934515d6be8 req-6977fca5-2f8c-4e12-80ae-09fdd3ad132f service placement] RequestGroup(use_same_provider=False, resources={DISK_GB:1, MEMORY_MB:1024, VCPU:1}, traits=[], aggregates=[]) (suffix '') returned 2 matches {{(pid=103931) _get_by_requests /opt/stack/placement/placement/objects/allocation_candidate.py:145}}
Feb 18 22:06:26.519470 n-d-760454-7 devstack@placement-api.service[103931]: DEBUG placement.objects.allocation_candidate [req-162d77bf-9e70-46a5-ae36-3934515d6be8 req-6977fca5-2f8c-4e12-80ae-09fdd3ad132f service placement] Merging candidates yields 2 allocation requests and 2 provider summaries {{(pid=103931) _merge_candidates /opt/stack/placement/placement/objects/allocation_candidate.py:783}}
Feb 18 22:06:26.521504 n-d-760454-7 devstack@placement-api.service[103931]: INFO placement.requestlog [req-162d77bf-9e70-46a5-ae36-3934515d6be8 req-6977fca5-2f8c-4e12-80ae-09fdd3ad132f service placement] 10.222.0.93 "GET /placement/allocation_candidates?limit=1000&resources=DISK_GB%3A1%2CMEMORY_MB%3A1024%2CVCPU%3A1&root_required=%21COMPUTE_STATUS_DISABLED" status: 200 len: 1309 microversion: 1.36
Feb 18 22:06:26.522442 n-d-760454-7 devstack@placement-api.service[103931]: [pid: 103931|app: 0|req: 151/299] 10.222.0.93 () {60 vars in 1506 bytes} [Fri Feb 18 22:06:26 2022] GET /placement/allocation_candidates?limit=1000&resources=DISK_GB%3A1%2CMEMORY_MB%3A1024%2CVCPU%3A1&root_required=%21COMPUTE_STATUS_DISABLED => generated 1309 bytes in 116 msecs (HTTP/1.1 200) 8 headers in 297 bytes (1 switches on core 0)
Feb 18 22:06:26.630937 n-d-760454-7 devstack@placement-api.service[103932]: DEBUG placement.requestlog [req-162d77bf-9e70-46a5-ae36-3934515d6be8 req-a81a66c6-c744-42be-9914-a0a6011c9a42 None None] Starting request: 10.222.0.93 "GET /placement/allocations/3bc698c3-47b8-4178-9a00-48769f97174d" {{(pid=103932) __call__ /opt/stack/placement/placement/requestlog.py:55}}
Feb 18 22:06:26.654177 n-d-760454-7 devstack@placement-api.service[103932]: INFO placement.requestlog [req-162d77bf-9e70-46a5-ae36-3934515d6be8 req-a81a66c6-c744-42be-9914-a0a6011c9a42 service placement] 10.222.0.93 "GET /placement/allocations/3bc698c3-47b8-4178-9a00-48769f97174d" status: 200 len: 19 microversion: 1.28
Feb 18 22:06:26.655058 n-d-760454-7 devstack@placement-api.service[103932]: [pid: 103932|app: 0|req: 149/300] 10.222.0.93 () {60 vars in 1380 bytes} [Fri Feb 18 22:06:26 2022] GET /placement/allocations/3bc698c3-47b8-4178-9a00-48769f97174d => generated 19 bytes in 24 msecs (HTTP/1.1 200) 8 headers in 295 bytes (1 switches on core 0)
Feb 18 22:06:26.656059 n-d-760454-7 devstack@placement-api.service[103931]: DEBUG placement.requestlog [req-dc50983a-1717-4b43-8602-765212f221a9 req-f360a37a-5b85-4eb7-af66-9a8184b353f6 None None] Starting request: 10.222.0.73 "GET /placement/resource_providers/47033ab7-2083-4599-bd9b-5b8d831fc0d5/allocations" {{(pid=103931) __call__ /opt/stack/placement/placement/requestlog.py:55}}
Feb 18 22:06:26.662522 n-d-760454-7 devstack@placement-api.service[103932]: DEBUG placement.requestlog [req-162d77bf-9e70-46a5-ae36-3934515d6be8 req-577620de-7183-4d3a-b564-c31df93c6dd5 None None] Starting request: 10.222.0.93 "PUT /placement/allocations/3bc698c3-47b8-4178-9a00-48769f97174d" {{(pid=103932) __call__ /opt/stack/placement/placement/requestlog.py:55}}
Feb 18 22:06:26.699776 n-d-760454-7 devstack@placement-api.service[103931]: INFO placement.requestlog [req-dc50983a-1717-4b43-8602-765212f221a9 req-f360a37a-5b85-4eb7-af66-9a8184b353f6 service placement] 10.222.0.73 "GET /placement/resource_providers/47033ab7-2083-4599-bd9b-5b8d831fc0d5/allocations" status: 200 len: 746 microversion: 1.0
Feb 18 22:06:26.700483 n-d-760454-7 devstack@placement-api.service[103931]: [pid: 103931|app: 0|req: 152/301] 10.222.0.73 () {58 vars in 1390 bytes} [Fri Feb 18 22:06:26 2022] GET /placement/resource_providers/47033ab7-2083-4599-bd9b-5b8d831fc0d5/allocations => generated 746 bytes in 45 msecs (HTTP/1.1 200) 6 headers in 224 bytes (1 switches on core 0)
Feb 18 22:06:26.788979 n-d-760454-7 devstack@placement-api.service[103932]: DEBUG placement.handlers.allocation [req-162d77bf-9e70-46a5-ae36-3934515d6be8 req-577620de-7183-4d3a-b564-c31df93c6dd5 service placement] Successfully wrote allocations [, , ] {{(pid=103932) _update_consumers_and_create_allocations /opt/stack/placement/placement/handlers/allocation.py:462}}
Feb 18 22:06:26.794647 n-d-760454-7 devstack@placement-api.service[103932]: INFO placement.requestlog [req-162d77bf-9e70-46a5-ae36-3934515d6be8 req-577620de-7183-4d3a-b564-c31df93c6dd5 service placement] 10.222.0.93 "PUT /placement/allocations/3bc698c3-47b8-4178-9a00-48769f97174d" status: 204 len: 0 microversion: 1.36
Feb 18 22:06:26.795536 n-d-760454-7 devstack@placement-api.service[103932]: [pid: 103932|app: 0|req: 150/302] 10.222.0.93 () {64 vars in 1433 bytes} [Fri Feb 18 22:06:26 2022] PUT /placement/allocations/3bc698c3-47b8-4178-9a00-48769f97174d => generated 0 bytes in 133 msecs (HTTP/1.1 204) 5 headers in 199 bytes (1 switches on core 0)
Feb 18 22:06:27.177039 n-d-760454-7 devstack@placement-api.service[103931]: DEBUG placement.requestlog [req-162d77bf-9e70-46a5-ae36-3934515d6be8 req-8e5baab3-2425-4e9e-a40c-4e12095591ab None None] Starting request: 10.222.0.102 "GET /placement/allocations/3bc698c3-47b8-4178-9a00-48769f97174d" {{(pid=103931) __call__ /opt/stack/placement/placement/requestlog.py:55}}
Feb 18 22:06:27.194522 n-d-760454-7 devstack@placement-api.service[103931]: INFO placement.requestlog [req-162d77bf-9e70-46a5-ae36-3934515d6be8 req-8e5baab3-2425-4e9e-a40c-4e12095591ab service placement] 10.222.0.102 "GET /placement/allocations/3bc698c3-47b8-4178-9a00-48769f97174d" status: 200 len: 259 microversion: 1.28
Feb 18 22:06:27.195295 n-d-760454-7 devstack@placement-api.service[103931]: [pid: 103931|app: 0|req: 153/303] 10.222.0.102 () {60 vars in 1378 bytes} [Fri Feb 18 22:06:27 2022] GET /placement/allocations/3bc698c3-47b8-4178-9a00-48769f97174d => generated 259 bytes in 19 msecs (HTTP/1.1 200) 8 headers in 296 bytes (2 switches on core 0)
Feb 18 22:06:31.849753 n-d-760454-7 devstack@placement-api.service[103932]: DEBUG placement.requestlog [req-e848f846-14f8-451f-93e7-aa7232c79e79 req-55843729-52b2-42e4-b20f-4348fb9b0ad4 None None] Starting request: 10.222.0.102 "GET /placement/resource_providers/49a33324-2bf2-488f-8be7-b16a9a6a46f6/allocations" {{(pid=103932) __call__ /opt/stack/placement/placement/requestlog.py:55}}
Feb 18 22:06:31.876878 n-d-760454-7 devstack@placement-api.service[103932]: INFO placement.requestlog [req-e848f846-14f8-451f-93e7-aa7232c79e79 req-55843729-52b2-42e4-b20f-4348fb9b0ad4 service placement] 10.222.0.102 "GET /placement/resource_providers/49a33324-2bf2-488f-8be7-b16a9a6a46f6/allocations" status: 200 len: 760 microversion: 1.0
Feb 18 22:06:31.877807 n-d-760454-7 devstack@placement-api.service[103932]: [pid: 103932|app: 0|req: 151/304] 10.222.0.102 () {58 vars in 1391 bytes} [Fri Feb 18 22:06:31 2022] GET /placement/resource_providers/49a33324-2bf2-488f-8be7-b16a9a6a46f6/allocations => generated 760 bytes in 28 msecs (HTTP/1.1 200) 6 headers in 224 bytes (1 switches on core 0)
Feb 18 22:06:50.285341 n-d-760454-7 devstack@placement-api.service[103931]: DEBUG placement.requestlog [req-137c4f80-3c41-413c-9be4-3935f79fdfef req-75d44599-c8c9-4165-ad05-c446785ee79d None None] Starting request: 10.222.0.102 "DELETE /placement/allocations/3bc698c3-47b8-4178-9a00-48769f97174d" {{(pid=103931) __call__ /opt/stack/placement/placement/requestlog.py:55}}
Feb 18 22:06:50.332734 n-d-760454-7 devstack@placement-api.service[103931]: DEBUG placement.handlers.allocation [req-137c4f80-3c41-413c-9be4-3935f79fdfef req-75d44599-c8c9-4165-ad05-c446785ee79d service placement] Successfully deleted allocations [, , ] {{(pid=103931) delete_allocations /opt/stack/placement/placement/handlers/allocation.py:627}}
Feb 18 22:06:50.333290 n-d-760454-7 devstack@placement-api.service[103931]: INFO placement.requestlog [req-137c4f80-3c41-413c-9be4-3935f79fdfef req-75d44599-c8c9-4165-ad05-c446785ee79d service placement] 10.222.0.102 "DELETE /placement/allocations/3bc698c3-47b8-4178-9a00-48769f97174d" status: 204 len: 0 microversion: 1.0
