Aug 18 09:49:13.921908 n-d-760454-11 devstack@placement-api.service[107791]: [pid: 107791|app: 0|req: 302/605] 10.222.0.52 () {60 vars in 1377 bytes} [Thu Aug 18 09:49:13 2022] GET /placement/allocations/463d001c-c290-4a3c-8694-3a9f61961158 => generated 259 bytes in 28 msecs (HTTP/1.1 200) 8 headers in 296 bytes (1 switches on core 0)
Aug 18 09:49:13.966311 n-d-760454-11 devstack@placement-api.service[107790]: DEBUG placement.requestlog [req-ea093f67-4338-4a6a-b92a-c9c83fda2a01 req-e0e554d1-c24c-4371-bc5f-b71bf2fe0b44 None None] Starting request: 10.222.0.43 "GET /placement/allocations/612323c0-6bd4-498a-a389-7a5457da0033" {{(pid=107790) __call__ /opt/stack/placement/placement/requestlog.py:55}}
Aug 18 09:49:13.996632 n-d-760454-11 devstack@placement-api.service[107790]: INFO placement.requestlog [req-ea093f67-4338-4a6a-b92a-c9c83fda2a01 req-e0e554d1-c24c-4371-bc5f-b71bf2fe0b44 service placement] 10.222.0.43 "GET /placement/allocations/612323c0-6bd4-498a-a389-7a5457da0033" status: 200 len: 259 microversion: 1.28
Aug 18 09:49:13.999767 n-d-760454-11 devstack@placement-api.service[107790]: [pid: 107790|app: 0|req: 304/606] 10.222.0.43 () {60 vars in 1377 bytes} [Thu Aug 18 09:49:13 2022] GET /placement/allocations/612323c0-6bd4-498a-a389-7a5457da0033 => generated 259 bytes in 32 msecs (HTTP/1.1 200) 8 headers in 296 bytes (1 switches on core 0)
Aug 18 09:49:14.540280 n-d-760454-11 devstack@placement-api.service[107791]: DEBUG placement.requestlog [req-385de6f0-40e3-42ca-bbd3-222a622e6e31 req-130aadbc-b788-423f-ad2e-d80876cc2d04 None None] Starting request: 10.222.0.52 "GET /placement/allocations/f8bef503-ef0d-42a8-9616-37d10ed0e739" {{(pid=107791) __call__ /opt/stack/placement/placement/requestlog.py:55}}
Aug 18 09:49:14.559458 n-d-760454-11 devstack@placement-api.service[107791]: INFO placement.requestlog [req-385de6f0-40e3-42ca-bbd3-222a622e6e31 req-130aadbc-b788-423f-ad2e-d80876cc2d04 service placement] 10.222.0.52 "GET /placement/allocations/f8bef503-ef0d-42a8-9616-37d10ed0e739" status: 200 len: 259 microversion: 1.28
Aug 18 09:49:14.560417 n-d-760454-11 devstack@placement-api.service[107791]: [pid: 107791|app: 0|req: 303/607] 10.222.0.52 () {60 vars in 1377 bytes} [Thu Aug 18 09:49:14 2022] GET /placement/allocations/f8bef503-ef0d-42a8-9616-37d10ed0e739 => generated 259 bytes in 20 msecs (HTTP/1.1 200) 8 headers in 296 bytes (1 switches on core 0)
Aug 18 09:49:15.845903 n-d-760454-11 devstack@placement-api.service[107790]: DEBUG placement.requestlog [req-614c2444-7278-4385-b255-6b7dce8a00bc req-9db88f0e-6a17-42e9-9956-7d847dd3b642 None None] Starting request: 10.222.0.43 "GET /placement/resource_providers/61f16203-ea83-4ce2-8ad8-646decf3ef29/allocations" {{(pid=107790) __call__ /opt/stack/placement/placement/requestlog.py:55}}
Aug 18 09:49:15.909392 n-d-760454-11 devstack@placement-api.service[107790]: INFO placement.requestlog [req-614c2444-7278-4385-b255-6b7dce8a00bc req-9db88f0e-6a17-42e9-9956-7d847dd3b642 service placement] 10.222.0.43 "GET /placement/resource_providers/61f16203-ea83-4ce2-8ad8-646decf3ef29/allocations" status: 200 len: 558 microversion: 1.0
Aug 18 09:49:15.909815 n-d-760454-11 devstack@placement-api.service[107790]: [pid: 107790|app: 0|req: 305/608] 10.222.0.43 () {58 vars in 1390 bytes} [Thu Aug 18 09:49:15 2022] GET /placement/resource_providers/61f16203-ea83-4ce2-8ad8-646decf3ef29/allocations => generated 558 bytes in 66 msecs (HTTP/1.1 200) 6 headers in 224 bytes (1 switches on core 0)
Aug 18 09:49:16.880054 n-d-760454-11 devstack@placement-api.service[107791]: DEBUG placement.requestlog [None req-579bd118-369a-4b5e-9d6c-37d91c7209d4 None None] Starting request: 10.222.0.49 "GET /placement/resource_providers/446a766f-caef-4368-b0c2-4b600232f0f9/aggregates" {{(pid=107791) __call__ /opt/stack/placement/placement/requestlog.py:55}}
Aug 18 09:49:16.913857 n-d-760454-11 devstack@placement-api.service[107791]: INFO placement.requestlog [None req-579bd118-369a-4b5e-9d6c-37d91c7209d4 service placement] 10.222.0.49 "GET /placement/resource_providers/446a766f-caef-4368-b0c2-4b600232f0f9/aggregates" status: 404 len: 235 microversion: 1.1
Aug 18 09:49:16.913857 n-d-760454-11 devstack@placement-api.service[107791]: [pid: 107791|app: 0|req: 304/609] 10.222.0.49 () {58 vars in 1362 bytes} [Thu Aug 18 09:49:16 2022] GET /placement/resource_providers/446a766f-caef-4368-b0c2-4b600232f0f9/aggregates => generated 235 bytes in 24 msecs (HTTP/1.1 404) 5 headers in 202 bytes (1 switches on core 0)
Aug 18 09:49:16.914028 n-d-760454-11 devstack@placement-api.service[107790]: DEBUG placement.requestlog [None req-722f6022-cc81-47b9-b5fc-7ef71a68454f None None] Starting request: 10.222.0.49 "DELETE /placement/resource_providers/446a766f-caef-4368-b0c2-4b600232f0f9" {{(pid=107790) __call__ /opt/stack/placement/placement/requestlog.py:55}}
Aug 18 09:49:16.931323 n-d-760454-11 devstack@placement-api.service[107790]: DEBUG placement.wsgi_wrapper [None req-722f6022-cc81-47b9-b5fc-7ef71a68454f service placement] Placement API returning an error response: No resource provider with uuid 446a766f-caef-4368-b0c2-4b600232f0f9 found for delete {{(pid=107790) call_func /opt/stack/placement/placement/wsgi_wrapper.py:31}}
Aug 18 09:49:16.932087 n-d-760454-11 devstack@placement-api.service[107790]: INFO placement.requestlog [None req-722f6022-cc81-47b9-b5fc-7ef71a68454f service placement] 10.222.0.49 "DELETE /placement/resource_providers/446a766f-caef-4368-b0c2-4b600232f0f9" status: 404 len: 246 microversion: 1.1
Aug 18 09:49:16.932777 n-d-760454-11 devstack@placement-api.service[107790]: [pid: 107790|app: 0|req: 306/610] 10.222.0.49 () {60 vars in 1351 bytes} [Thu Aug 18 09:49:16 2022] DELETE /placement/resource_providers/446a766f-caef-4368-b0c2-4b600232f0f9 => generated 246 bytes in 19 msecs (HTTP/1.1 404) 6 headers in 231 bytes (1 switches on core 0)
Aug 18 09:49:19.184546 n-d-760454-11 devstack@placement-api.service[107791]: DEBUG placement.requestlog [req-b20c4b4b-2ca8-4be2-8470-0e35cd07450c req-ea93a519-6857-46cc-a9fe-e347d7b052eb None None] Starting request: 10.222.0.52 "GET /placement/allocations/f8bef503-ef0d-42a8-9616-37d10ed0e739" {{(pid=107791) __call__ /opt/stack/placement/placement/requestlog.py:55}}
Aug 18 09:49:19.237036 n-d-760454-11 devstack@placement-api.service[107791]: INFO placement.requestlog [req-b20c4b4b-2ca8-4be2-8470-0e35cd07450c req-ea93a519-6857-46cc-a9fe-e347d7b052eb service placement] 10.222.0.52 "GET /placement/allocations/f8bef503-ef0d-42a8-9616-37d10ed0e739" status: 200 len: 259 microversion: 1.28
Aug 18 09:49:19.238379 n-d-760454-11 devstack@placement-api.service[107791]: [pid: 107791|app: 0|req: 305/611] 10.222.0.52 () {60 vars in 1377 bytes} [Thu Aug 18 09:49:19 2022] GET /placement/allocations/f8bef503-ef0d-42a8-9616-37d10ed0e739 => generated 259 bytes in 54 msecs (HTTP/1.1 200) 8 headers in 296 bytes (2 switches on core 0)
Aug 18 09:49:21.785893 n-d-760454-11 devstack@placement-api.service[107790]: DEBUG placement.requestlog [req-60d9cd6a-bf12-4bca-b299-9b7f766afb31 req-d1461473-8ca3-4503-ab28-86813b428374 None None] Starting request: 10.222.0.49 "GET /placement/allocation_candidates?limit=1000&resources=DISK_GB%3A1%2CMEMORY_MB%3A1024%2CVCPU%3A1&root_required=%21COMPUTE_STATUS_DISABLED" {{(pid=107790) __call__ /opt/stack/placement/placement/requestlog.py:55}}
Aug 18 09:49:21.855604 n-d-760454-11 devstack@placement-api.service[107790]: DEBUG placement.objects.research_context [req-60d9cd6a-bf12-4bca-b299-9b7f766afb31 req-d1461473-8ca3-4503-ab28-86813b428374 service placement] getting providers with 1 DISK_GB {{(pid=107790) __init__ /opt/stack/placement/placement/objects/research_context.py:136}}
Aug 18 09:49:21.861706 n-d-760454-11 devstack@placement-api.service[107790]: DEBUG placement.objects.research_context [req-60d9cd6a-bf12-4bca-b299-9b7f766afb31 req-d1461473-8ca3-4503-ab28-86813b428374 service placement] getting providers with 1024 MEMORY_MB {{(pid=107790) __init__ /opt/stack/placement/placement/objects/research_context.py:136}}
Aug 18 09:49:21.867847 n-d-760454-11 devstack@placement-api.service[107790]: DEBUG placement.objects.research_context [req-60d9cd6a-bf12-4bca-b299-9b7f766afb31 req-d1461473-8ca3-4503-ab28-86813b428374 service placement] getting providers with 1 VCPU {{(pid=107790) __init__ /opt/stack/placement/placement/objects/research_context.py:136}}
Aug 18 09:49:21.873587 n-d-760454-11 devstack@placement-api.service[107790]: DEBUG placement.objects.research_context [req-60d9cd6a-bf12-4bca-b299-9b7f766afb31 req-d1461473-8ca3-4503-ab28-86813b428374 service placement] found 2 providers with available 1 DISK_GB {{(pid=107790) get_provider_ids_matching /opt/stack/placement/placement/objects/research_context.py:563}}
Aug 18 09:49:21.874100 n-d-760454-11 devstack@placement-api.service[107790]: DEBUG placement.objects.research_context [req-60d9cd6a-bf12-4bca-b299-9b7f766afb31 req-d1461473-8ca3-4503-ab28-86813b428374 service placement] found 2 providers with available 1024 MEMORY_MB {{(pid=107790) get_provider_ids_matching /opt/stack/placement/placement/objects/research_context.py:563}}
Aug 18 09:49:21.874815 n-d-760454-11 devstack@placement-api.service[107790]: DEBUG placement.objects.research_context [req-60d9cd6a-bf12-4bca-b299-9b7f766afb31 req-d1461473-8ca3-4503-ab28-86813b428374 service placement] found 2 providers after filtering by previous result {{(pid=107790) get_provider_ids_matching /opt/stack/placement/placement/objects/research_context.py:594}}
Aug 18 09:49:21.875221 n-d-760454-11 devstack@placement-api.service[107790]: DEBUG placement.objects.research_context [req-60d9cd6a-bf12-4bca-b299-9b7f766afb31 req-d1461473-8ca3-4503-ab28-86813b428374 service placement] found 2 providers with available 1 VCPU {{(pid=107790) get_provider_ids_matching /opt/stack/placement/placement/objects/research_context.py:563}}
Aug 18 09:49:21.875639 n-d-760454-11 devstack@placement-api.service[107790]: DEBUG placement.objects.research_context [req-60d9cd6a-bf12-4bca-b299-9b7f766afb31 req-d1461473-8ca3-4503-ab28-86813b428374 service placement] found 2 providers after filtering by previous result {{(pid=107790) get_provider_ids_matching /opt/stack/placement/placement/objects/research_context.py:594}}
Aug 18 09:49:21.890919 n-d-760454-11 devstack@placement-api.service[107790]: DEBUG placement.objects.allocation_candidate [req-60d9cd6a-bf12-4bca-b299-9b7f766afb31 req-d1461473-8ca3-4503-ab28-86813b428374 service placement] RequestGroup(use_same_provider=False, resources={DISK_GB:1, MEMORY_MB:1024, VCPU:1}, traits=(), aggregates=[]) (suffix '') returned 2 matches {{(pid=107790) _get_by_requests /opt/stack/placement/placement/objects/allocation_candidate.py:156}}
Aug 18 09:49:21.892145 n-d-760454-11 devstack@placement-api.service[107790]: DEBUG placement.objects.allocation_candidate [req-60d9cd6a-bf12-4bca-b299-9b7f766afb31 req-d1461473-8ca3-4503-ab28-86813b428374 service placement] Merging candidates yields 2 allocation requests and 2 provider summaries {{(pid=107790) _merge_candidates /opt/stack/placement/placement/objects/allocation_candidate.py:809}}
Aug 18 09:49:21.894425 n-d-760454-11 devstack@placement-api.service[107790]: INFO placement.requestlog [req-60d9cd6a-bf12-4bca-b299-9b7f766afb31 req-d1461473-8ca3-4503-ab28-86813b428374 service placement] 10.222.0.49 "GET /placement/allocation_candidates?limit=1000&resources=DISK_GB%3A1%2CMEMORY_MB%3A1024%2CVCPU%3A1&root_required=%21COMPUTE_STATUS_DISABLED" status: 200 len: 1309 microversion: 1.36
Aug 18 09:49:21.895344 n-d-760454-11 devstack@placement-api.service[107790]: [pid: 107790|app: 0|req: 307/612] 10.222.0.49 () {60 vars in 1506 bytes} [Thu Aug 18 09:49:21 2022] GET /placement/allocation_candidates?limit=1000&resources=DISK_GB%3A1%2CMEMORY_MB%3A1024%2CVCPU%3A1&root_required=%21COMPUTE_STATUS_DISABLED => generated 1309 bytes in 110 msecs (HTTP/1.1 200) 8 headers in 297 bytes (1 switches on core 0)
Aug 18 09:49:21.997970 n-d-760454-11 devstack@placement-api.service[107791]: DEBUG placement.requestlog [req-60d9cd6a-bf12-4bca-b299-9b7f766afb31 req-c8531b85-0f61-4f61-9939-482861a622e2 None None] Starting request: 10.222.0.49 "GET /placement/allocations/911e733b-17b9-42b3-a0bd-3458241c5bdd" {{(pid=107791) __call__ /opt/stack/placement/placement/requestlog.py:55}}
Aug 18 09:49:22.010122 n-d-760454-11 devstack@placement-api.service[107791]: INFO placement.requestlog [req-60d9cd6a-bf12-4bca-b299-9b7f766afb31 req-c8531b85-0f61-4f61-9939-482861a622e2 service placement] 10.222.0.49 "GET /placement/allocations/911e733b-17b9-42b3-a0bd-3458241c5bdd" status: 200 len: 19 microversion: 1.28
Aug 18 09:49:22.011062 n-d-760454-11 devstack@placement-api.service[107791]: [pid: 107791|app: 0|req: 306/613] 10.222.0.49 () {60 vars in 1380 bytes} [Thu Aug 18 09:49:21 2022] GET /placement/allocations/911e733b-17b9-42b3-a0bd-3458241c5bdd => generated 19 bytes in 14 msecs (HTTP/1.1 200) 8 headers in 295 bytes (1 switches on core 0)
Aug 18 09:49:22.017002 n-d-760454-11 devstack@placement-api.service[107790]: DEBUG placement.requestlog [req-60d9cd6a-bf12-4bca-b299-9b7f766afb31 req-2765cb19-9937-4ce7-97fb-e567784d5e77 None None] Starting request: 10.222.0.49 "PUT /placement/allocations/911e733b-17b9-42b3-a0bd-3458241c5bdd" {{(pid=107790) __call__ /opt/stack/placement/placement/requestlog.py:55}}
Aug 18 09:49:22.069582 n-d-760454-11 devstack@placement-api.service[107790]: DEBUG dbcounter [-] [107790] Writing DB stats placement:SELECT=85,placement:DELETE=6,placement:INSERT=7,placement:UPDATE=2 {{(pid=107790) stat_writer /usr/local/lib/python3.8/dist-packages/dbcounter.py:114}}
Aug 18 09:49:22.132683 n-d-760454-11 devstack@placement-api.service[107790]: DEBUG placement.handlers.allocation [req-60d9cd6a-bf12-4bca-b299-9b7f766afb31 req-2765cb19-9937-4ce7-97fb-e567784d5e77 service placement] Successfully wrote allocations [, , ] {{(pid=107790) _update_consumers_and_create_allocations /opt/stack/placement/placement/handlers/allocation.py:462}}
Aug 18 09:49:22.139964 n-d-760454-11 devstack@placement-api.service[107790]: INFO placement.requestlog [req-60d9cd6a-bf12-4bca-b299-9b7f766afb31 req-2765cb19-9937-4ce7-97fb-e567784d5e77 service placement] 10.222.0.49 "PUT /placement/allocations/911e733b-17b9-42b3-a0bd-3458241c5bdd" status: 204 len: 0 microversion: 1.36
Aug 18 09:49:22.142286 n-d-760454-11 devstack@placement-api.service[107790]: [pid: 107790|app: 0|req: 308/614] 10.222.0.49 () {64 vars in 1433 bytes} [Thu Aug 18 09:49:22 2022] PUT /placement/allocations/911e733b-17b9-42b3-a0bd-3458241c5bdd => generated 0 bytes in 125 msecs (HTTP/1.1 204) 5 headers in 199 bytes (1 switches on core 0)
Aug 18 09:49:23.838167 n-d-760454-11 devstack@placement-api.service[107791]: DEBUG placement.requestlog [req-60d9cd6a-bf12-4bca-b299-9b7f766afb31 req-6f224567-fbe4-47e9-a6cf-66ad79c50c85 None None] Starting request: 10.222.0.43 "GET /placement/allocations/911e733b-17b9-42b3-a0bd-3458241c5bdd" {{(pid=107791) __call__ /opt/stack/placement/placement/requestlog.py:55}}
Aug 18 09:49:23.863609 n-d-760454-11 devstack@placement-api.service[107791]: INFO placement.requestlog [req-60d9cd6a-bf12-4bca-b299-9b7f766afb31 req-6f224567-fbe4-47e9-a6cf-66ad79c50c85 service placement] 10.222.0.43 "GET /placement/allocations/911e733b-17b9-42b3-a0bd-3458241c5bdd" status: 200 len: 259 microversion: 1.28
Aug 18 09:49:23.864273 n-d-760454-11 devstack@placement-api.service[107791]: [pid: 107791|app: 0|req: 307/615] 10.222.0.43 () {60 vars in 1377 bytes} [Thu Aug 18 09:49:23 2022] GET /placement/allocations/911e733b-17b9-42b3-a0bd-3458241c5bdd => generated 259 bytes in 26 msecs (HTTP/1.1 200) 8 headers in 296 bytes (1 switches on core 0)
Aug 18 09:49:28.882427 n-d-760454-11 devstack@placement-api.service[107790]: DEBUG placement.requestlog [req-b6eb4f67-75ac-483e-918e-9a48d89558cd req-0e8a2bed-fabe-4d98-a194-3b0eee16860e None None] Starting request: 10.222.0.52 "DELETE /placement/allocations/3711da5e-0d57-4765-ab79-c8ba8938752d" {{(pid=107790) __call__ /opt/stack/placement/placement/requestlog.py:55}}
Aug 18 09:49:28.956983 n-d-760454-11 devstack@placement-api.service[107790]: DEBUG placement.handlers.allocation [req-b6eb4f67-75ac-483e-918e-9a48d89558cd req-0e8a2bed-fabe-4d98-a194-3b0eee16860e service placement] Successfully deleted allocations [, , ] {{(pid=107790) delete_allocations /opt/stack/placement/placement/handlers/allocation.py:627}}
Aug 18 09:49:28.958724 n-d-760454-11 devstack@placement-api.service[107790]: INFO placement.requestlog [req-b6eb4f67-75ac-483e-918e-9a48d89558cd req-0e8a2bed-fabe-4d98-a194-3b0eee16860e service placement] 10.222.0.52 "DELETE /placement/allocations/3711da5e-0d57-4765-ab79-c8ba8938752d" status: 204 len: 0 microversion: 1.0
Aug 18 09:49:28.959244 n-d-760454-11 devstack@placement-api.service[107790]: [pid: 107790|app: 0|req: 309/616] 10.222.0.52 () {60 vars in 1355 bytes} [Thu Aug 18 09:49:28 2022] DELETE /placement/allocations/3711da5e-0d57-4765-ab79-c8ba8938752d => generated 0 bytes in 77 msecs (HTTP/1.1 204) 5 headers in 198 bytes (1 switches on core 0)
Aug 18 09:49:28.980696 n-d-760454-11 devstack@placement-api.service[107791]: DEBUG placement.requestlog [req-ea045e8c-7950-4108-83fd-568203881586 req-8a404ba2-7813-42c7-b2e4-d4b2d9b0642d None None] Starting request: 10.222.0.43 "DELETE /placement/allocations/f74cdcae-15de-459c-acb2-038c3088d2a4" {{(pid=107791) __call__ /opt/stack/placement/placement/requestlog.py:55}}
Aug 18 09:49:29.023149 n-d-760454-11 devstack@placement-api.service[107791]: DEBUG placement.handlers.allocation [req-ea045e8c-7950-4108-83fd-568203881586 req-8a404ba2-7813-42c7-b2e4-d4b2d9b0642d service placement] Successfully deleted allocations [, , ] {{(pid=107791) delete_allocations /opt/stack/placement/placement/handlers/allocation.py:627}}
Aug 18 09:49:29.024281 n-d-760454-11 devstack@placement-api.service[107791]: INFO placement.requestlog [req-ea045e8c-7950-4108-83fd-568203881586 req-8a404ba2-7813-42c7-b2e4-d4b2d9b0642d service placement] 10.222.0.43 "DELETE /placement/allocations/f74cdcae-15de-459c-acb2-038c3088d2a4" status: 204 len: 0 microversion: 1.0
Aug 18 09:49:29.026344 n-d-760454-11 devstack@placement-api.service[107791]: [pid: 107791|app: 0|req: 308/617] 10.222.0.43 () {60 vars in 1355 bytes} [Thu Aug 18 09:49:28 2022] DELETE /placement/allocations/f74cdcae-15de-459c-acb2-038c3088d2a4 => generated 0 bytes in 45 msecs (HTTP/1.1 204) 5 headers in 198 bytes (1 switches on core 0)
Aug 18 09:49:33.150875 n-d-760454-11 devstack@placement-api.service[107790]: DEBUG placement.requestlog [req-9c08bbfa-4481-4cc5-a9c7-0e7aa3f0ba94 req-caee1ceb-9cd1-4b70-853e-eb07444ffd5e None None] Starting request: 10.222.0.49 "GET /placement/allocation_candidates?resources=DISK_GB%3A1%2CMEMORY_MB%3A1024%2CVCPU%3A1&root_required=%21COMPUTE_STATUS_DISABLED" {{(pid=107790) __call__ /opt/stack/placement/placement/requestlog.py:55}}
Aug 18 09:49:33.217989 n-d-760454-11 devstack@placement-api.service[107790]: DEBUG placement.objects.research_context [req-9c08bbfa-4481-4cc5-a9c7-0e7aa3f0ba94 req-caee1ceb-9cd1-4b70-853e-eb07444ffd5e service placement] getting providers with 1 DISK_GB {{(pid=107790) __init__ /opt/stack/placement/placement/objects/research_context.py:136}}
Aug 18 09:49:33.230719 n-d-760454-11 devstack@placement-api.service[107790]: DEBUG placement.objects.research_context [req-9c08bbfa-4481-4cc5-a9c7-0e7aa3f0ba94 req-caee1ceb-9cd1-4b70-853e-eb07444ffd5e service placement] getting providers with 1024 MEMORY_MB {{(pid=107790) __init__ /opt/stack/placement/placement/objects/research_context.py:136}}
Aug 18 09:49:33.239580 n-d-760454-11 devstack@placement-api.service[107790]: DEBUG placement.objects.research_context [req-9c08bbfa-4481-4cc5-a9c7-0e7aa3f0ba94 req-caee1ceb-9cd1-4b70-853e-eb07444ffd5e service placement] getting providers with 1 VCPU {{(pid=107790) __init__ /opt/stack/placement/placement/objects/research_context.py:136}}
Aug 18 09:49:33.251619 n-d-760454-11 devstack@placement-api.service[107790]: DEBUG placement.objects.research_context [req-9c08bbfa-4481-4cc5-a9c7-0e7aa3f0ba94 req-caee1ceb-9cd1-4b70-853e-eb07444ffd5e service placement] found 2 providers with available 1 DISK_GB {{(pid=107790) get_provider_ids_matching /opt/stack/placement/placement/objects/research_context.py:563}}
Aug 18 09:49:33.255184 n-d-760454-11 devstack@placement-api.service[107790]: DEBUG placement.objects.research_context [req-9c08bbfa-4481-4cc5-a9c7-0e7aa3f0ba94 req-caee1ceb-9cd1-4b70-853e-eb07444ffd5e service placement] found 2 providers with available 1024 MEMORY_MB {{(pid=107790) get_provider_ids_matching /opt/stack/placement/placement/objects/research_context.py:563}}
Aug 18 09:49:33.255474 n-d-760454-11 devstack@placement-api.service[107790]: DEBUG placement.objects.research_context [req-9c08bbfa-4481-4cc5-a9c7-0e7aa3f0ba94 req-caee1ceb-9cd1-4b70-853e-eb07444ffd5e service placement] found 2 providers after filtering by previous result {{(pid=107790) get_provider_ids_matching /opt/stack/placement/placement/objects/research_context.py:594}}
Aug 18 09:49:33.258095 n-d-760454-11 devstack@placement-api.service[107790]: DEBUG placement.objects.research_context [req-9c08bbfa-4481-4cc5-a9c7-0e7aa3f0ba94 req-caee1ceb-9cd1-4b70-853e-eb07444ffd5e service placement] found 2 providers with available 1 VCPU {{(pid=107790) get_provider_ids_matching /opt/stack/placement/placement/objects/research_context.py:563}}
Aug 18 09:49:33.258189 n-d-760454-11 devstack@placement-api.service[107790]: DEBUG placement.objects.research_context [req-9c08bbfa-4481-4cc5-a9c7-0e7aa3f0ba94 req-caee1ceb-9cd1-4b70-853e-eb07444ffd5e service placement] found 2 providers after filtering by previous result {{(pid=107790) get_provider_ids_matching /opt/stack/placement/placement/objects/research_context.py:594}}
Aug 18 09:49:33.312207 n-d-760454-11 devstack@placement-api.service[107790]: DEBUG placement.objects.allocation_candidate [req-9c08bbfa-4481-4cc5-a9c7-0e7aa3f0ba94 req-caee1ceb-9cd1-4b70-853e-eb07444ffd5e service placement] RequestGroup(use_same_provider=False, resources={DISK_GB:1, MEMORY_MB:1024, VCPU:1}, traits=(), aggregates=[]) (suffix '') returned 2 matches {{(pid=107790) _get_by_requests /opt/stack/placement/placement/objects/allocation_candidate.py:156}}
Aug 18 09:49:33.312348 n-d-760454-11 devstack@placement-api.service[107790]: DEBUG placement.objects.allocation_candidate [req-9c08bbfa-4481-4cc5-a9c7-0e7aa3f0ba94 req-caee1ceb-9cd1-4b70-853e-eb07444ffd5e service placement] Merging candidates yields 2 allocation requests and 2 provider summaries {{(pid=107790) _merge_candidates /opt/stack/placement/placement/objects/allocation_candidate.py:809}}
Aug 18 09:49:33.323722 n-d-760454-11 devstack@placement-api.service[107790]: INFO placement.requestlog [req-9c08bbfa-4481-4cc5-a9c7-0e7aa3f0ba94 req-caee1ceb-9cd1-4b70-853e-eb07444ffd5e service placement] 10.222.0.49 "GET /placement/allocation_candidates?resources=DISK_GB%3A1%2CMEMORY_MB%3A1024%2CVCPU%3A1&root_required=%21COMPUTE_STATUS_DISABLED" status: 200 len: 1309 microversion: 1.36
Aug 18 09:49:33.324350 n-d-760454-11 devstack@placement-api.service[107790]: [pid: 107790|app: 0|req: 310/618] 10.222.0.49 () {60 vars in 1484 bytes} [Thu Aug 18 09:49:33 2022] GET /placement/allocation_candidates?resources=DISK_GB%3A1%2CMEMORY_MB%3A1024%2CVCPU%3A1&root_required=%21COMPUTE_STATUS_DISABLED => generated 1309 bytes in 174 msecs (HTTP/1.1 200) 8 headers in 297 bytes (2 switches on core 0)
Aug 18 09:49:33.419320 n-d-760454-11 devstack@placement-api.service[107791]: DEBUG placement.requestlog [req-9c08bbfa-4481-4cc5-a9c7-0e7aa3f0ba94 req-648c301d-c6cf-4f5c-8110-7173f325a181 None None] Starting request: 10.222.0.49 "GET /placement/allocations/0e498530-ac8c-444f-925a-342d6d11df30" {{(pid=107791) __call__ /opt/stack/placement/placement/requestlog.py:55}}
Aug 18 09:49:33.432034 n-d-760454-11 devstack@placement-api.service[107791]: INFO placement.requestlog [req-9c08bbfa-4481-4cc5-a9c7-0e7aa3f0ba94 req-648c301d-c6cf-4f5c-8110-7173f325a181 service placement] 10.222.0.49 "GET /placement/allocations/0e498530-ac8c-444f-925a-342d6d11df30" status: 200 len: 19 microversion: 1.28
Aug 18 09:49:33.432639 n-d-760454-11 devstack@placement-api.service[107791]: [pid: 107791|app: 0|req: 309/619] 10.222.0.49 () {60 vars in 1380 bytes} [Thu Aug 18 09:49:33 2022] GET /placement/allocations/0e498530-ac8c-444f-925a-342d6d11df30 => generated 19 bytes in 14 msecs (HTTP/1.1 200) 8 headers in 295 bytes (1 switches on core 0)
Aug 18 09:49:33.438852 n-d-760454-11 devstack@placement-api.service[107790]: DEBUG placement.requestlog [req-9c08bbfa-4481-4cc5-a9c7-0e7aa3f0ba94 req-77238f85-1bcf-4272-804b-7f0ac4feb6dd None None] Starting request: 10.222.0.49 "PUT /placement/allocations/0e498530-ac8c-444f-925a-342d6d11df30" {{(pid=107790) __call__ /opt/stack/placement/placement/requestlog.py:55}}
Aug 18 09:49:33.587331 n-d-760454-11 devstack@placement-api.service[107790]: DEBUG placement.handlers.allocation [req-9c08bbfa-4481-4cc5-a9c7-0e7aa3f0ba94 req-77238f85-1bcf-4272-804b-7f0ac4feb6dd service placement] Successfully wrote allocations [, , ] {{(pid=107790) _update_consumers_and_create_allocations /opt/stack/placement/placement/handlers/allocation.py:462}}
Aug 18 09:49:33.595261 n-d-760454-11 devstack@placement-api.service[107790]: INFO placement.requestlog [req-9c08bbfa-4481-4cc5-a9c7-0e7aa3f0ba94 req-77238f85-1bcf-4272-804b-7f0ac4feb6dd service placement] 10.222.0.49 "PUT /placement/allocations/0e498530-ac8c-444f-925a-342d6d11df30" status: 204 len: 0 microversion: 1.36
Aug 18 09:49:33.595875 n-d-760454-11 devstack@placement-api.service[107790]: [pid: 107790|app: 0|req: 311/620] 10.222.0.49 () {64 vars in 1433 bytes} [Thu Aug 18 09:49:33 2022] PUT /placement/allocations/0e498530-ac8c-444f-925a-342d6d11df30 => generated 0 bytes in 157 msecs (HTTP/1.1 204) 5 headers in 199 bytes (1 switches on core 0)
Aug 18 09:49:33.957867 n-d-760454-11 devstack@placement-api.service[107791]: DEBUG placement.requestlog [req-fd74a0a0-c988-4b98-a9bd-06ba562093f3 req-6c929f39-b144-4e24-85df-9659cce58d66 None None] Starting request: 10.222.0.49 "GET /placement/allocation_candidates?limit=1000&resources=DISK_GB%3A1%2CMEMORY_MB%3A1024%2CVCPU%3A1&root_required=%21COMPUTE_STATUS_DISABLED" {{(pid=107791) __call__ /opt/stack/placement/placement/requestlog.py:55}}
Aug 18 09:49:34.030805 n-d-760454-11 devstack@placement-api.service[107791]: DEBUG placement.objects.research_context [req-fd74a0a0-c988-4b98-a9bd-06ba562093f3 req-6c929f39-b144-4e24-85df-9659cce58d66 service placement] getting providers with 1 DISK_GB {{(pid=107791) __init__ /opt/stack/placement/placement/objects/research_context.py:136}}
Aug 18 09:49:34.048131 n-d-760454-11 devstack@placement-api.service[107791]: DEBUG placement.objects.research_context [req-fd74a0a0-c988-4b98-a9bd-06ba562093f3 req-6c929f39-b144-4e24-85df-9659cce58d66 service placement] getting providers with 1024 MEMORY_MB {{(pid=107791) __init__ /opt/stack/placement/placement/objects/research_context.py:136}}
Aug 18 09:49:34.061917 n-d-760454-11 devstack@placement-api.service[107791]: DEBUG dbcounter [-] [107791] Writing DB stats placement:SELECT=80,placement:INSERT=10,placement:DELETE=6,placement:UPDATE=4 {{(pid=107791) stat_writer /usr/local/lib/python3.8/dist-packages/dbcounter.py:114}}
Aug 18 09:49:34.079386 n-d-760454-11 devstack@placement-api.service[107791]: DEBUG placement.objects.research_context [req-fd74a0a0-c988-4b98-a9bd-06ba562093f3 req-6c929f39-b144-4e24-85df-9659cce58d66 service placement] getting providers with 1 VCPU {{(pid=107791) __init__ /opt/stack/placement/placement/objects/research_context.py:136}}
Aug 18 09:49:34.088703 n-d-760454-11 devstack@placement-api.service[107791]: DEBUG placement.objects.research_context [req-fd74a0a0-c988-4b98-a9bd-06ba562093f3 req-6c929f39-b144-4e24-85df-9659cce58d66 service placement] found 2 providers with available 1 DISK_GB {{(pid=107791) get_provider_ids_matching /opt/stack/placement/placement/objects/research_context.py:563}}
Aug 18 09:49:34.089179 n-d-760454-11 devstack@placement-api.service[107791]: DEBUG placement.objects.research_context [req-fd74a0a0-c988-4b98-a9bd-06ba562093f3 req-6c929f39-b144-4e24-85df-9659cce58d66 service placement] found 2 providers with available 1024 MEMORY_MB {{(pid=107791) get_provider_ids_matching /opt/stack/placement/placement/objects/research_context.py:563}}
Aug 18 09:49:34.089689 n-d-760454-11 devstack@placement-api.service[107791]: DEBUG placement.objects.research_context [req-fd74a0a0-c988-4b98-a9bd-06ba562093f3 req-6c929f39-b144-4e24-85df-9659cce58d66 service placement] found 2 providers after filtering by previous result {{(pid=107791) get_provider_ids_matching /opt/stack/placement/placement/objects/research_context.py:594}}
Aug 18 09:49:34.090739 n-d-760454-11 devstack@placement-api.service[107791]: DEBUG placement.objects.research_context [req-fd74a0a0-c988-4b98-a9bd-06ba562093f3 req-6c929f39-b144-4e24-85df-9659cce58d66 service placement] found 2 providers with available 1 VCPU {{(pid=107791) get_provider_ids_matching /opt/stack/placement/placement/objects/research_context.py:563}}
Aug 18 09:49:34.091355 n-d-760454-11 devstack@placement-api.service[107791]: DEBUG placement.objects.research_context [req-fd74a0a0-c988-4b98-a9bd-06ba562093f3 req-6c929f39-b144-4e24-85df-9659cce58d66 service placement] found 2 providers after filtering by previous result {{(pid=107791) get_provider_ids_matching /opt/stack/placement/placement/objects/research_context.py:594}}
Aug 18 09:49:34.111065 n-d-760454-11 devstack@placement-api.service[107791]: DEBUG placement.objects.allocation_candidate [req-fd74a0a0-c988-4b98-a9bd-06ba562093f3 req-6c929f39-b144-4e24-85df-9659cce58d66 service placement] RequestGroup(use_same_provider=False, resources={DISK_GB:1, MEMORY_MB:1024, VCPU:1}, traits=(), aggregates=[]) (suffix '') returned 2 matches {{(pid=107791) _get_by_requests /opt/stack/placement/placement/objects/allocation_candidate.py:156}}
Aug 18 09:49:34.111573 n-d-760454-11 devstack@placement-api.service[107791]: DEBUG placement.objects.allocation_candidate [req-fd74a0a0-c988-4b98-a9bd-06ba562093f3 req-6c929f39-b144-4e24-85df-9659cce58d66 service placement] Merging candidates yields 2 allocation requests and 2 provider summaries {{(pid=107791) _merge_candidates /opt/stack/placement/placement/objects/allocation_candidate.py:809}}
Aug 18 09:49:34.117768 n-d-760454-11 devstack@placement-api.service[107791]: INFO placement.requestlog [req-fd74a0a0-c988-4b98-a9bd-06ba562093f3 req-6c929f39-b144-4e24-85df-9659cce58d66 service placement] 10.222.0.49 "GET /placement/allocation_candidates?limit=1000&resources=DISK_GB%3A1%2CMEMORY_MB%3A1024%2CVCPU%3A1&root_required=%21COMPUTE_STATUS_DISABLED" status: 200 len: 1309 microversion: 1.36
Aug 18 09:49:34.130948 n-d-760454-11 devstack@placement-api.service[107791]: [pid: 107791|app: 0|req: 310/621] 10.222.0.49 () {60 vars in 1506 bytes} [Thu Aug 18 09:49:33 2022] GET /placement/allocation_candidates?limit=1000&resources=DISK_GB%3A1%2CMEMORY_MB%3A1024%2CVCPU%3A1&root_required=%21COMPUTE_STATUS_DISABLED => generated 1309 bytes in 172 msecs (HTTP/1.1 200) 8 headers in 297 bytes (1 switches on core 0)
Aug 18 09:49:34.195197 n-d-760454-11 devstack@placement-api.service[107790]: DEBUG placement.requestlog [req-fd74a0a0-c988-4b98-a9bd-06ba562093f3 req-25ef1d85-5ad5-4b3d-a29b-86f5a82f487b None None] Starting request: 10.222.0.49 "GET /placement/allocations/50451cf1-29eb-4192-b592-fc1238d2c864" {{(pid=107790) __call__ /opt/stack/placement/placement/requestlog.py:55}}
Aug 18 09:49:34.214057 n-d-760454-11 devstack@placement-api.service[107790]: INFO placement.requestlog [req-fd74a0a0-c988-4b98-a9bd-06ba562093f3 req-25ef1d85-5ad5-4b3d-a29b-86f5a82f487b service placement] 10.222.0.49 "GET /placement/allocations/50451cf1-29eb-4192-b592-fc1238d2c864" status: 200 len: 19 microversion: 1.28
Aug 18 09:49:34.214868 n-d-760454-11 devstack@placement-api.service[107790]: [pid: 107790|app: 0|req: 312/622] 10.222.0.49 () {60 vars in 1380 bytes} [Thu Aug 18 09:49:34 2022] GET /placement/allocations/50451cf1-29eb-4192-b592-fc1238d2c864 => generated 19 bytes in 20 msecs (HTTP/1.1 200) 8 headers in 295 bytes (1 switches on core 0)
Aug 18 09:49:34.221666 n-d-760454-11 devstack@placement-api.service[107791]: DEBUG placement.requestlog [req-fd74a0a0-c988-4b98-a9bd-06ba562093f3 req-0bc90972-ceeb-4b79-ab91-27616a8d1174 None None] Starting request: 10.222.0.49 "PUT /placement/allocations/50451cf1-29eb-4192-b592-fc1238d2c864" {{(pid=107791) __call__ /opt/stack/placement/placement/requestlog.py:55}}
Aug 18 09:49:34.334980 n-d-760454-11 devstack@placement-api.service[107791]: DEBUG placement.handlers.allocation [req-fd74a0a0-c988-4b98-a9bd-06ba562093f3 req-0bc90972-ceeb-4b79-ab91-27616a8d1174 service placement] Successfully wrote allocations [, , ] {{(pid=107791) _update_consumers_and_create_allocations /opt/stack/placement/placement/handlers/allocation.py:462}}
Aug 18 09:49:34.341116 n-d-760454-11 devstack@placement-api.service[107791]: INFO placement.requestlog [req-fd74a0a0-c988-4b98-a9bd-06ba562093f3 req-0bc90972-ceeb-4b79-ab91-27616a8d1174 service placement] 10.222.0.49 "PUT /placement/allocations/50451cf1-29eb-4192-b592-fc1238d2c864" status: 204 len: 0 microversion: 1.36
Aug 18 09:49:34.341661 n-d-760454-11 devstack@placement-api.service[107791]: [pid: 107791|app: 0|req: 311/623] 10.222.0.49 () {64 vars in 1433 bytes} [Thu Aug 18 09:49:34 2022] PUT /placement/allocations/50451cf1-29eb-4192-b592-fc1238d2c864 => generated 0 bytes in 120 msecs (HTTP/1.1 204) 5 headers in 199 bytes (1 switches on core 0)
Aug 18 09:49:34.383541 n-d-760454-11 devstack@placement-api.service[107790]: DEBUG placement.requestlog [req-fd74a0a0-c988-4b98-a9bd-06ba562093f3 req-872fe1c2-3dc0-4014-8a33-8384630bd344 None None] Starting request: 10.222.0.49 "GET /placement/allocations/9f0cbcda-0241-4919-b8d6-b599729a8666" {{(pid=107790) __call__ /opt/stack/placement/placement/requestlog.py:55}}
Aug 18 09:49:34.399308 n-d-760454-11 devstack@placement-api.service[107790]: INFO placement.requestlog [req-fd74a0a0-c988-4b98-a9bd-06ba562093f3 req-872fe1c2-3dc0-4014-8a33-8384630bd344 service placement] 10.222.0.49 "GET /placement/allocations/9f0cbcda-0241-4919-b8d6-b599729a8666" status: 200 len: 19 microversion: 1.28
Aug 18 09:49:34.407930 n-d-760454-11 devstack@placement-api.service[107791]: DEBUG placement.requestlog [req-fd74a0a0-c988-4b98-a9bd-06ba562093f3 req-5569024f-451e-4eb3-a2f5-52d8eedb94a6 None None] Starting request: 10.222.0.49 "PUT /placement/allocations/9f0cbcda-0241-4919-b8d6-b599729a8666" {{(pid=107791) __call__ /opt/stack/placement/placement/requestlog.py:55}}
Aug 18 09:49:34.411796 n-d-760454-11 devstack@placement-api.service[107790]: [pid: 107790|app: 0|req: 313/624] 10.222.0.49 () {60 vars in 1380 bytes} [Thu Aug 18 09:49:34 2022] GET /placement/allocations/9f0cbcda-0241-4919-b8d6-b599729a8666 => generated 19 bytes in 23 msecs (HTTP/1.1 200) 8 headers in 295 bytes (1 switches on core 0)
Aug 18 09:49:34.480099 n-d-760454-11 devstack@placement-api.service[107791]: DEBUG placement.handlers.allocation [req-fd74a0a0-c988-4b98-a9bd-06ba562093f3 req-5569024f-451e-4eb3-a2f5-52d8eedb94a6 service placement] Successfully wrote allocations [, , ] {{(pid=107791) _update_consumers_and_create_allocations /opt/stack/placement/placement/handlers/allocation.py:462}}
Aug 18 09:49:34.484626 n-d-760454-11 devstack@placement-api.service[107791]: INFO placement.requestlog [req-fd74a0a0-c988-4b98-a9bd-06ba562093f3 req-5569024f-451e-4eb3-a2f5-52d8eedb94a6 service placement] 10.222.0.49 "PUT /placement/allocations/9f0cbcda-0241-4919-b8d6-b599729a8666" status: 204 len: 0 microversion: 1.36
Aug 18 09:49:34.486294 n-d-760454-11 devstack@placement-api.service[107791]: [pid: 107791|app: 0|req: 312/625] 10.222.0.49 () {64 vars in 1433 bytes} [Thu Aug 18 09:49:34 2022] PUT /placement/allocations/9f0cbcda-0241-4919-b8d6-b599729a8666 => generated 0 bytes in 79 msecs (HTTP/1.1 204) 5 headers in 199 bytes (2 switches on core 0)
Aug 18 09:49:35.071610 n-d-760454-11 devstack@placement-api.service[107790]: DEBUG placement.requestlog [req-4a720015-28ee-4b94-881d-9e28f216ee16 req-6714ceeb-2949-4826-a651-cc2f6a7b9154 None None] Starting request: 10.222.0.52 "DELETE /placement/allocations/463d001c-c290-4a3c-8694-3a9f61961158" {{(pid=107790) __call__ /opt/stack/placement/placement/requestlog.py:55}}
Aug 18 09:49:35.136212 n-d-760454-11 devstack@placement-api.service[107790]: DEBUG placement.handlers.allocation [req-4a720015-28ee-4b94-881d-9e28f216ee16 req-6714ceeb-2949-4826-a651-cc2f6a7b9154 service placement] Successfully deleted allocations [, , ] {{(pid=107790) delete_allocations /opt/stack/placement/placement/handlers/allocation.py:627}}
Aug 18 09:49:35.137194 n-d-760454-11 devstack@placement-api.service[107790]: INFO placement.requestlog [req-4a720015-28ee-4b94-881d-9e28f216ee16 req-6714ceeb-2949-4826-a651-cc2f6a7b9154 service placement] 10.222.0.52 "DELETE /placement/allocations/463d001c-c290-4a3c-8694-3a9f61961158" status: 204 len: 0 microversion: 1.0
Aug 18 09:49:35.138305 n-d-760454-11 devstack@placement-api.service[107790]: [pid: 107790|app: 0|req: 314/626] 10.222.0.52 () {60 vars in 1355 bytes} [Thu Aug 18 09:49:35 2022] DELETE /placement/allocations/463d001c-c290-4a3c-8694-3a9f61961158 => generated 0 bytes in 67 msecs (HTTP/1.1 204) 5 headers in 198 bytes (1 switches on core 0)
Aug 18 09:49:35.204670 n-d-760454-11 devstack@placement-api.service[107791]: DEBUG placement.requestlog [req-fd74a0a0-c988-4b98-a9bd-06ba562093f3 req-94506483-0979-4ff2-9189-76be24855b3d None None] Starting request: 10.222.0.52 "GET /placement/allocations/9f0cbcda-0241-4919-b8d6-b599729a8666" {{(pid=107791) __call__ /opt/stack/placement/placement/requestlog.py:55}}
Aug 18 09:49:35.225991 n-d-760454-11 devstack@placement-api.service[107791]: INFO placement.requestlog [req-fd74a0a0-c988-4b98-a9bd-06ba562093f3 req-94506483-0979-4ff2-9189-76be24855b3d service placement] 10.222.0.52 "GET /placement/allocations/9f0cbcda-0241-4919-b8d6-b599729a8666" status: 200 len: 259 microversion: 1.28
Aug 18 09:49:35.227058 n-d-760454-11 devstack@placement-api.service[107791]: [pid: 107791|app: 0|req: 313/627] 10.222.0.52 () {60 vars in 1377 bytes} [Thu Aug 18 09:49:35 2022] GET /placement/allocations/9f0cbcda-0241-4919-b8d6-b599729a8666 => generated 259 bytes in 22 msecs (HTTP/1.1 200) 8 headers in 296 bytes (1 switches on core 0)
Aug 18 09:49:35.622967 n-d-760454-11 devstack@placement-api.service[107790]: DEBUG placement.requestlog [req-9c08bbfa-4481-4cc5-a9c7-0e7aa3f0ba94 req-56e7d187-8a3d-456a-b030-aa6ed4f84484 None None] Starting request: 10.222.0.43 "GET /placement/allocations/0e498530-ac8c-444f-925a-342d6d11df30" {{(pid=107790) __call__ /opt/stack/placement/placement/requestlog.py:55}}
Aug 18 09:49:35.624240 n-d-760454-11 devstack@placement-api.service[107791]: DEBUG placement.requestlog [req-fd74a0a0-c988-4b98-a9bd-06ba562093f3 req-c9a5faf9-dcd3-4ced-b6f1-2574815d18f9 None None] Starting request: 10.222.0.43 "GET /placement/allocations/50451cf1-29eb-4192-b592-fc1238d2c864" {{(pid=107791) __call__ /opt/stack/placement/placement/requestlog.py:55}}
Aug 18 09:49:35.656821 n-d-760454-11 devstack@placement-api.service[107791]: INFO placement.requestlog [req-fd74a0a0-c988-4b98-a9bd-06ba562093f3 req-c9a5faf9-dcd3-4ced-b6f1-2574815d18f9 service placement] 10.222.0.43 "GET /placement/allocations/50451cf1-29eb-4192-b592-fc1238d2c864" status: 200 len: 259 microversion: 1.28
Aug 18 09:49:35.658649 n-d-760454-11 devstack@placement-api.service[107790]: INFO placement.requestlog [req-9c08bbfa-4481-4cc5-a9c7-0e7aa3f0ba94 req-56e7d187-8a3d-456a-b030-aa6ed4f84484 service placement] 10.222.0.43 "GET /placement/allocations/0e498530-ac8c-444f-925a-342d6d11df30" status: 200 len: 259 microversion: 1.28
Aug 18 09:49:35.659779 n-d-760454-11 devstack@placement-api.service[107791]: [pid: 107791|app: 0|req: 314/628] 10.222.0.43 () {60 vars in 1377 bytes} [Thu Aug 18 09:49:35 2022] GET /placement/allocations/50451cf1-29eb-4192-b592-fc1238d2c864 => generated 259 bytes in 36 msecs (HTTP/1.1 200) 8 headers in 296 bytes (1 switches on core 0)
Aug 18 09:49:35.660171 n-d-760454-11 devstack@placement-api.service[107790]: [pid: 107790|app: 0|req: 315/629] 10.222.0.43 () {60 vars in 1377 bytes} [Thu Aug 18 09:49:35 2022] GET /placement/allocations/0e498530-ac8c-444f-925a-342d6d11df30 => generated 259 bytes in 37 msecs (HTTP/1.1 200) 8 headers in 296 bytes (1 switches on core 0)
Aug 18 09:49:38.237351 n-d-760454-11 devstack@placement-api.service[107791]: DEBUG placement.requestlog [req-25ff3b58-2a41-4f4d-987c-277d4a6d5a83 req-f4fdb6cb-b412-48b8-9598-7304c62c748c None None] Starting request: 10.222.0.43 "DELETE /placement/allocations/612323c0-6bd4-498a-a389-7a5457da0033" {{(pid=107791) __call__ /opt/stack/placement/placement/requestlog.py:55}}
Aug 18 09:49:38.319888 n-d-760454-11 devstack@placement-api.service[107791]: DEBUG placement.handlers.allocation [req-25ff3b58-2a41-4f4d-987c-277d4a6d5a83 req-f4fdb6cb-b412-48b8-9598-7304c62c748c service placement] Successfully deleted allocations [, , ] {{(pid=107791) delete_allocations /opt/stack/placement/placement/handlers/allocation.py:627}}
Aug 18 09:49:38.320551 n-d-760454-11 devstack@placement-api.service[107791]: INFO placement.requestlog [req-25ff3b58-2a41-4f4d-987c-277d4a6d5a83 req-f4fdb6cb-b412-48b8-9598-7304c62c748c service placement] 10.222.0.43 "DELETE /placement/allocations/612323c0-6bd4-498a-a389-7a5457da0033" status: 204 len: 0 microversion: 1.0
Aug 18 09:49:38.321089 n-d-760454-11 devstack@placement-api.service[107791]: [pid: 107791|app: 0|req: 315/630] 10.222.0.43 () {60 vars in 1355 bytes} [Thu Aug 18 09:49:38 2022] DELETE /placement/allocations/612323c0-6bd4-498a-a389-7a5457da0033 => generated 0 bytes in 84 msecs (HTTP/1.1 204) 5 headers in 198 bytes (1 switches on core 0)
Aug 18 09:49:39.638784 n-d-760454-11 devstack@placement-api.service[107790]: DEBUG placement.requestlog [None req-92ed583f-5f3b-4f0e-a9a0-514de8666e10 None None] Starting request: 10.222.0.49 "GET /placement/resource_providers/8eae375d-1a47-4e61-a35f-8aaf1b0fd049/aggregates" {{(pid=107790) __call__ /opt/stack/placement/placement/requestlog.py:55}}
Aug 18 09:49:39.653252 n-d-760454-11 devstack@placement-api.service[107790]: INFO placement.requestlog [None req-92ed583f-5f3b-4f0e-a9a0-514de8666e10 service placement] 10.222.0.49 "GET /placement/resource_providers/8eae375d-1a47-4e61-a35f-8aaf1b0fd049/aggregates" status: 404 len: 235 microversion: 1.1
Aug 18 09:49:39.653724 n-d-760454-11 devstack@placement-api.service[107790]: [pid: 107790|app: 0|req: 316/631] 10.222.0.49 () {58 vars in 1362 bytes} [Thu Aug 18 09:49:39 2022] GET /placement/resource_providers/8eae375d-1a47-4e61-a35f-8aaf1b0fd049/aggregates => generated 235 bytes in 15 msecs (HTTP/1.1 404) 5 headers in 202 bytes (1 switches on core 0)
Aug 18 09:49:39.830263 n-d-760454-11 devstack@placement-api.service[107791]: DEBUG placement.requestlog [None req-20aeb3a1-170c-462f-8138-c681ca380b4d None None] Starting request: 10.222.0.49 "DELETE /placement/resource_providers/8eae375d-1a47-4e61-a35f-8aaf1b0fd049" {{(pid=107791) __call__ /opt/stack/placement/placement/requestlog.py:55}}
Aug 18 09:49:39.852990 n-d-760454-11 devstack@placement-api.service[107791]: DEBUG placement.wsgi_wrapper [None req-20aeb3a1-170c-462f-8138-c681ca380b4d service placement] Placement API returning an error response: No resource provider with uuid 8eae375d-1a47-4e61-a35f-8aaf1b0fd049 found for delete {{(pid=107791) call_func /opt/stack/placement/placement/wsgi_wrapper.py:31}}
Aug 18 09:49:39.857217 n-d-760454-11 devstack@placement-api.service[107791]: INFO placement.requestlog [None req-20aeb3a1-170c-462f-8138-c681ca380b4d service placement] 10.222.0.49 "DELETE /placement/resource_providers/8eae375d-1a47-4e61-a35f-8aaf1b0fd049" status: 404 len: 246 microversion: 1.1
Aug 18 09:49:39.860151 n-d-760454-11 devstack@placement-api.service[107791]: [pid: 107791|app: 0|req: 316/632] 10.222.0.49 () {60 vars in 1351 bytes} [Thu Aug 18 09:49:39 2022] DELETE /placement/resource_providers/8eae375d-1a47-4e61-a35f-8aaf1b0fd049 => generated 246 bytes in 30 msecs (HTTP/1.1 404) 6 headers in 231 bytes (1 switches on core 0)
Aug 18 09:49:42.165657 n-d-760454-11 devstack@placement-api.service[107790]: DEBUG placement.requestlog [None req-4874441e-0733-4c83-8ba5-1760f60162aa None None] Starting request: 10.222.0.49 "GET /placement/resource_providers/78afd55c-e1a2-4b8e-ad7a-68f95a9c778c/aggregates" {{(pid=107790) __call__ /opt/stack/placement/placement/requestlog.py:55}}
Aug 18 09:49:42.181809 n-d-760454-11 devstack@placement-api.service[107790]: INFO placement.requestlog [None req-4874441e-0733-4c83-8ba5-1760f60162aa service placement] 10.222.0.49 "GET /placement/resource_providers/78afd55c-e1a2-4b8e-ad7a-68f95a9c778c/aggregates" status: 404 len: 235 microversion: 1.1
Aug 18 09:49:42.183971 n-d-760454-11 devstack@placement-api.service[107790]: [pid: 107790|app: 0|req: 317/633] 10.222.0.49 () {58 vars in 1362 bytes} [Thu Aug 18 09:49:42 2022] GET /placement/resource_providers/78afd55c-e1a2-4b8e-ad7a-68f95a9c778c/aggregates => generated 235 bytes in 18 msecs (HTTP/1.1 404) 5 headers in 202 bytes (1 switches on core 0)
Aug 18 09:49:42.201028 n-d-760454-11 devstack@placement-api.service[107791]: DEBUG placement.requestlog [None req-3c6aa28f-e1b7-4680-9992-1622cf49f40e None None] Starting request: 10.222.0.49 "DELETE /placement/resource_providers/78afd55c-e1a2-4b8e-ad7a-68f95a9c778c" {{(pid=107791) __call__ /opt/stack/placement/placement/requestlog.py:55}}
Aug 18 09:49:42.220990 n-d-760454-11 devstack@placement-api.service[107791]: DEBUG placement.wsgi_wrapper [None req-3c6aa28f-e1b7-4680-9992-1622cf49f40e service placement] Placement API returning an error response: No resource provider with uuid 78afd55c-e1a2-4b8e-ad7a-68f95a9c778c found for delete {{(pid=107791) call_func /opt/stack/placement/placement/wsgi_wrapper.py:31}}
Aug 18 09:49:42.222772 n-d-760454-11 devstack@placement-api.service[107791]: INFO placement.requestlog [None req-3c6aa28f-e1b7-4680-9992-1622cf49f40e service placement] 10.222.0.49 "DELETE /placement/resource_providers/78afd55c-e1a2-4b8e-ad7a-68f95a9c778c" status: 404 len: 246 microversion: 1.1
Aug 18 09:49:42.227220 n-d-760454-11 devstack@placement-api.service[107791]: [pid: 107791|app: 0|req: 317/634] 10.222.0.49 () {60 vars in 1351 bytes} [Thu Aug 18 09:49:42 2022] DELETE /placement/resource_providers/78afd55c-e1a2-4b8e-ad7a-68f95a9c778c => generated 246 bytes in 26 msecs (HTTP/1.1 404) 6 headers in 231 bytes (1 switches on core 0)
Aug 18 09:49:52.179653 n-d-760454-11 devstack@placement-api.service[107790]: DEBUG dbcounter [-] [107790] Writing DB stats placement:INSERT=11,placement:SELECT=62,placement:DELETE=8,placement:UPDATE=4 {{(pid=107790) stat_writer /usr/local/lib/python3.8/dist-packages/dbcounter.py:114}}
Aug 18 09:49:52.220621 n-d-760454-11 devstack@placement-api.service[107791]: DEBUG dbcounter [-] [107791] Writing DB stats placement:SELECT=49,placement:INSERT=8,placement:DELETE=6,placement:UPDATE=4 {{(pid=107791) stat_writer /usr/local/lib/python3.8/dist-packages/dbcounter.py:114}}
Aug 18 09:49:54.599858 n-d-760454-11 devstack@placement-api.service[107790]: DEBUG placement.requestlog [req-0ddd02aa-1627-4ae5-9521-ad01bf71ebc4 req-45951642-a5d0-4f6e-a6fb-3bc38b571662 None None] Starting request: 10.222.0.49 "GET /placement/allocation_candidates?limit=1000&resources=DISK_GB%3A1%2CMEMORY_MB%3A1024%2CVCPU%3A1&root_required=%21COMPUTE_STATUS_DISABLED" {{(pid=107790) __call__ /opt/stack/placement/placement/requestlog.py:55}}
Aug 18 09:49:54.686260 n-d-760454-11 devstack@placement-api.service[107790]: DEBUG placement.objects.research_context [req-0ddd02aa-1627-4ae5-9521-ad01bf71ebc4 req-45951642-a5d0-4f6e-a6fb-3bc38b571662 service placement] getting providers with 1 DISK_GB {{(pid=107790) __init__ /opt/stack/placement/placement/objects/research_context.py:136}}
Aug 18 09:49:54.703856 n-d-760454-11 devstack@placement-api.service[107790]: DEBUG placement.objects.research_context [req-0ddd02aa-1627-4ae5-9521-ad01bf71ebc4 req-45951642-a5d0-4f6e-a6fb-3bc38b571662 service placement] getting providers with 1024 MEMORY_MB {{(pid=107790) __init__ /opt/stack/placement/placement/objects/research_context.py:136}}
Aug 18 09:49:54.720336 n-d-760454-11 devstack@placement-api.service[107790]: DEBUG placement.objects.research_context [req-0ddd02aa-1627-4ae5-9521-ad01bf71ebc4 req-45951642-a5d0-4f6e-a6fb-3bc38b571662 service placement] getting providers with 1 VCPU {{(pid=107790) __init__ /opt/stack/placement/placement/objects/research_context.py:136}}
Aug 18 09:49:54.728628 n-d-760454-11 devstack@placement-api.service[107790]: DEBUG placement.objects.research_context [req-0ddd02aa-1627-4ae5-9521-ad01bf71ebc4 req-45951642-a5d0-4f6e-a6fb-3bc38b571662 service placement] found 2 providers with available 1 DISK_GB {{(pid=107790) get_provider_ids_matching /opt/stack/placement/placement/objects/research_context.py:563}}
Aug 18 09:49:54.729153 n-d-760454-11 devstack@placement-api.service[107790]: DEBUG placement.objects.research_context [req-0ddd02aa-1627-4ae5-9521-ad01bf71ebc4 req-45951642-a5d0-4f6e-a6fb-3bc38b571662 service placement] found 2 providers with available 1024 MEMORY_MB {{(pid=107790) get_provider_ids_matching /opt/stack/placement/placement/objects/research_context.py:563}}
Aug 18 09:49:54.729735 n-d-760454-11 devstack@placement-api.service[107790]: DEBUG placement.objects.research_context [req-0ddd02aa-1627-4ae5-9521-ad01bf71ebc4 req-45951642-a5d0-4f6e-a6fb-3bc38b571662 service placement] found 2 providers after filtering by previous result {{(pid=107790) get_provider_ids_matching /opt/stack/placement/placement/objects/research_context.py:594}}
