Aug 18 09:37:41.937544 n-d-760454-11 devstack@placement-api.service[107791]: [pid: 107791|app: 0|req: 25/50] 10.222.0.52 () {60 vars in 1355 bytes} [Thu Aug 18 09:37:41 2022] DELETE /placement/allocations/c04c64f7-e86e-40b3-b0be-4bd479b4a185 => generated 0 bytes in 67 msecs (HTTP/1.1 204) 5 headers in 198 bytes (1 switches on core 0)
Aug 18 09:37:42.040679 n-d-760454-11 devstack@placement-api.service[107790]: DEBUG placement.requestlog [req-795f0d64-047e-4627-90f1-44eb2b6e0777 req-d9e32ad6-37ee-4ed0-ae75-aa563c4833c7 None None] Starting request: 10.222.0.49 "GET /placement/allocations/0a3fb59c-e147-46f8-a021-3a869dfda8d2" {{(pid=107790) __call__ /opt/stack/placement/placement/requestlog.py:55}}
Aug 18 09:37:42.062240 n-d-760454-11 devstack@placement-api.service[107790]: INFO placement.requestlog [req-795f0d64-047e-4627-90f1-44eb2b6e0777 req-d9e32ad6-37ee-4ed0-ae75-aa563c4833c7 service placement] 10.222.0.49 "GET /placement/allocations/0a3fb59c-e147-46f8-a021-3a869dfda8d2" status: 200 len: 19 microversion: 1.28
Aug 18 09:37:42.063469 n-d-760454-11 devstack@placement-api.service[107790]: [pid: 107790|app: 0|req: 26/51] 10.222.0.49 () {60 vars in 1380 bytes} [Thu Aug 18 09:37:42 2022] GET /placement/allocations/0a3fb59c-e147-46f8-a021-3a869dfda8d2 => generated 19 bytes in 23 msecs (HTTP/1.1 200) 8 headers in 295 bytes (1 switches on core 0)
Aug 18 09:37:42.069579 n-d-760454-11 devstack@placement-api.service[107791]: DEBUG placement.requestlog [req-795f0d64-047e-4627-90f1-44eb2b6e0777 req-26bf72ac-2399-4e9b-8ba6-e88c0f4def21 None None] Starting request: 10.222.0.49 "PUT /placement/allocations/0a3fb59c-e147-46f8-a021-3a869dfda8d2" {{(pid=107791) __call__ /opt/stack/placement/placement/requestlog.py:55}}
Aug 18 09:37:42.278959 n-d-760454-11 devstack@placement-api.service[107791]: DEBUG placement.handlers.allocation [req-795f0d64-047e-4627-90f1-44eb2b6e0777 req-26bf72ac-2399-4e9b-8ba6-e88c0f4def21 service placement] Successfully wrote allocations [, , ] {{(pid=107791) _update_consumers_and_create_allocations /opt/stack/placement/placement/handlers/allocation.py:462}}
Aug 18 09:37:42.291427 n-d-760454-11 devstack@placement-api.service[107791]: INFO placement.requestlog [req-795f0d64-047e-4627-90f1-44eb2b6e0777 req-26bf72ac-2399-4e9b-8ba6-e88c0f4def21 service placement] 10.222.0.49 "PUT /placement/allocations/0a3fb59c-e147-46f8-a021-3a869dfda8d2" status: 204 len: 0 microversion: 1.36
Aug 18 09:37:42.292522 n-d-760454-11 devstack@placement-api.service[107791]: [pid: 107791|app: 0|req: 26/52] 10.222.0.49 () {64 vars in 1433 bytes} [Thu Aug 18 09:37:42 2022] PUT /placement/allocations/0a3fb59c-e147-46f8-a021-3a869dfda8d2 => generated 0 bytes in 223 msecs (HTTP/1.1 204) 5 headers in 199 bytes (1 switches on core 0)
Aug 18 09:37:42.747706 n-d-760454-11 devstack@placement-api.service[107790]: DEBUG placement.requestlog [req-795f0d64-047e-4627-90f1-44eb2b6e0777 req-944ee3fc-11f0-42cd-9764-6c78f5973a58 None None] Starting request: 10.222.0.52 "GET /placement/allocations/0a3fb59c-e147-46f8-a021-3a869dfda8d2" {{(pid=107790) __call__ /opt/stack/placement/placement/requestlog.py:55}}
Aug 18 09:37:42.780240 n-d-760454-11 devstack@placement-api.service[107790]: INFO placement.requestlog [req-795f0d64-047e-4627-90f1-44eb2b6e0777 req-944ee3fc-11f0-42cd-9764-6c78f5973a58 service placement] 10.222.0.52 "GET /placement/allocations/0a3fb59c-e147-46f8-a021-3a869dfda8d2" status: 200 len: 258 microversion: 1.28
Aug 18 09:37:42.785883 n-d-760454-11 devstack@placement-api.service[107790]: [pid: 107790|app: 0|req: 27/53] 10.222.0.52 () {60 vars in 1377 bytes} [Thu Aug 18 09:37:42 2022] GET /placement/allocations/0a3fb59c-e147-46f8-a021-3a869dfda8d2 => generated 258 bytes in 38 msecs (HTTP/1.1 200) 8 headers in 296 bytes (1 switches on core 0)
Aug 18 09:37:43.199656 n-d-760454-11 devstack@placement-api.service[107791]: DEBUG placement.requestlog [None req-5abd9fcd-aa12-43e9-a361-df70a3591078 None None] Starting request: 10.222.0.49 "GET /placement/" {{(pid=107791) __call__ /opt/stack/placement/placement/requestlog.py:55}}
Aug 18 09:37:43.200632 n-d-760454-11 devstack@placement-api.service[107791]: INFO placement.requestlog [None req-5abd9fcd-aa12-43e9-a361-df70a3591078 None None] 10.222.0.49 "GET /placement/" status: 200 len: 136 microversion: 1.0
Aug 18 09:37:43.200955 n-d-760454-11 devstack@placement-api.service[107791]: [pid: 107791|app: 0|req: 27/54] 10.222.0.49 () {54 vars in 907 bytes} [Thu Aug 18 09:37:43 2022] GET /placement => generated 136 bytes in 2 msecs (HTTP/1.1 200) 6 headers in 224 bytes (1 switches on core 0)
Aug 18 09:37:43.212047 n-d-760454-11 devstack@placement-api.service[107790]: DEBUG placement.requestlog [req-e131bccb-f239-4ac6-9ca0-aca1effd4731 req-85cbeaa5-efcb-4647-b6fd-d747dda15368 None None] Starting request: 10.222.0.49 "GET /placement/resource_providers?name=n-h1-760454-11" {{(pid=107790) __call__ /opt/stack/placement/placement/requestlog.py:55}}
Aug 18 09:37:43.325329 n-d-760454-11 devstack@placement-api.service[107790]: INFO placement.requestlog [req-e131bccb-f239-4ac6-9ca0-aca1effd4731 req-85cbeaa5-efcb-4647-b6fd-d747dda15368 service placement] 10.222.0.49 "GET /placement/resource_providers?name=n-h1-760454-11" status: 200 len: 441 microversion: 1.0
Aug 18 09:37:43.334006 n-d-760454-11 devstack@placement-api.service[107791]: DEBUG placement.requestlog [req-e131bccb-f239-4ac6-9ca0-aca1effd4731 req-640ce07f-489a-4edc-868e-6276c2e48e52 None None] Starting request: 10.222.0.49 "GET /placement/resource_providers/57ada868-ed3d-4e02-b670-cc6b978879f7/aggregates" {{(pid=107791) __call__ /opt/stack/placement/placement/requestlog.py:55}}
Aug 18 09:37:43.334570 n-d-760454-11 devstack@placement-api.service[107790]: [pid: 107790|app: 0|req: 28/55] 10.222.0.49 () {58 vars in 1276 bytes} [Thu Aug 18 09:37:43 2022] GET /placement/resource_providers?name=n-h1-760454-11 => generated 441 bytes in 123 msecs (HTTP/1.1 200) 6 headers in 224 bytes (1 switches on core 0)
Aug 18 09:37:43.351805 n-d-760454-11 devstack@placement-api.service[107791]: INFO placement.requestlog [req-e131bccb-f239-4ac6-9ca0-aca1effd4731 req-640ce07f-489a-4edc-868e-6276c2e48e52 service placement] 10.222.0.49 "GET /placement/resource_providers/57ada868-ed3d-4e02-b670-cc6b978879f7/aggregates" status: 200 len: 91 microversion: 1.19
Aug 18 09:37:43.352640 n-d-760454-11 devstack@placement-api.service[107791]: [pid: 107791|app: 0|req: 28/56] 10.222.0.49 () {60 vars in 1425 bytes} [Thu Aug 18 09:37:43 2022] GET /placement/resource_providers/57ada868-ed3d-4e02-b670-cc6b978879f7/aggregates => generated 91 bytes in 19 msecs (HTTP/1.1 200) 8 headers in 295 bytes (1 switches on core 0)
Aug 18 09:37:43.359165 n-d-760454-11 devstack@placement-api.service[107790]: DEBUG placement.requestlog [req-e131bccb-f239-4ac6-9ca0-aca1effd4731 req-b1f694a9-3d8b-4863-9c7a-4f024411cacd None None] Starting request: 10.222.0.49 "PUT /placement/resource_providers/57ada868-ed3d-4e02-b670-cc6b978879f7/aggregates" {{(pid=107790) __call__ /opt/stack/placement/placement/requestlog.py:55}}
Aug 18 09:37:43.398192 n-d-760454-11 devstack@placement-api.service[107790]: DEBUG placement.objects.resource_provider [req-e131bccb-f239-4ac6-9ca0-aca1effd4731 req-b1f694a9-3d8b-4863-9c7a-4f024411cacd service placement] Setting aggregates for provider 57ada868-ed3d-4e02-b670-cc6b978879f7. Successfully disassociated aggregate 8e11288b-8fc6-4881-a9ee-2eb7604a2c06. {{(pid=107790) _set_aggregates /opt/stack/placement/placement/objects/resource_provider.py:404}}
Aug 18 09:37:43.411251 n-d-760454-11 devstack@placement-api.service[107790]: INFO placement.requestlog [req-e131bccb-f239-4ac6-9ca0-aca1effd4731 req-b1f694a9-3d8b-4863-9c7a-4f024411cacd service placement] 10.222.0.49 "PUT /placement/resource_providers/57ada868-ed3d-4e02-b670-cc6b978879f7/aggregates" status: 200 len: 53 microversion: 1.19
Aug 18 09:37:43.411862 n-d-760454-11 devstack@placement-api.service[107790]: [pid: 107790|app: 0|req: 29/57] 10.222.0.49 () {64 vars in 1477 bytes} [Thu Aug 18 09:37:43 2022] PUT /placement/resource_providers/57ada868-ed3d-4e02-b670-cc6b978879f7/aggregates => generated 53 bytes in 53 msecs (HTTP/1.1 200) 8 headers in 295 bytes (1 switches on core 0)
Aug 18 09:37:44.198145 n-d-760454-11 devstack@placement-api.service[107791]: DEBUG placement.requestlog [req-8c3a33c9-6d82-43d8-b94f-e445d3c3d9f2 req-7935422e-b4e6-4631-82d0-365619b8cf03 None None] Starting request: 10.222.0.49 "GET /placement/resource_providers?name=n-h1-760454-11" {{(pid=107791) __call__ /opt/stack/placement/placement/requestlog.py:55}}
Aug 18 09:37:44.226022 n-d-760454-11 devstack@placement-api.service[107791]: INFO placement.requestlog [req-8c3a33c9-6d82-43d8-b94f-e445d3c3d9f2 req-7935422e-b4e6-4631-82d0-365619b8cf03 service placement] 10.222.0.49 "GET /placement/resource_providers?name=n-h1-760454-11" status: 200 len: 441 microversion: 1.0
Aug 18 09:37:44.233075 n-d-760454-11 devstack@placement-api.service[107790]: DEBUG placement.requestlog [req-8c3a33c9-6d82-43d8-b94f-e445d3c3d9f2 req-33803caa-6d46-490c-a067-617abe74b22d None None] Starting request: 10.222.0.49 "GET /placement/resource_providers/57ada868-ed3d-4e02-b670-cc6b978879f7/aggregates" {{(pid=107790) __call__ /opt/stack/placement/placement/requestlog.py:55}}
Aug 18 09:37:44.242690 n-d-760454-11 devstack@placement-api.service[107791]: [pid: 107791|app: 0|req: 29/58] 10.222.0.49 () {58 vars in 1276 bytes} [Thu Aug 18 09:37:44 2022] GET /placement/resource_providers?name=n-h1-760454-11 => generated 441 bytes in 52 msecs (HTTP/1.1 200) 6 headers in 224 bytes (1 switches on core 0)
Aug 18 09:37:44.269913 n-d-760454-11 devstack@placement-api.service[107790]: INFO placement.requestlog [req-8c3a33c9-6d82-43d8-b94f-e445d3c3d9f2 req-33803caa-6d46-490c-a067-617abe74b22d service placement] 10.222.0.49 "GET /placement/resource_providers/57ada868-ed3d-4e02-b670-cc6b978879f7/aggregates" status: 200 len: 53 microversion: 1.19
Aug 18 09:37:44.278470 n-d-760454-11 devstack@placement-api.service[107791]: DEBUG placement.requestlog [req-8c3a33c9-6d82-43d8-b94f-e445d3c3d9f2 req-25d7dc8a-e142-4ba2-aa6a-ff9ce839c52f None None] Starting request: 10.222.0.49 "PUT /placement/resource_providers/57ada868-ed3d-4e02-b670-cc6b978879f7/aggregates" {{(pid=107791) __call__ /opt/stack/placement/placement/requestlog.py:55}}
Aug 18 09:37:44.279445 n-d-760454-11 devstack@placement-api.service[107790]: [pid: 107790|app: 0|req: 30/59] 10.222.0.49 () {60 vars in 1425 bytes} [Thu Aug 18 09:37:44 2022] GET /placement/resource_providers/57ada868-ed3d-4e02-b670-cc6b978879f7/aggregates => generated 53 bytes in 38 msecs (HTTP/1.1 200) 8 headers in 295 bytes (2 switches on core 0)
Aug 18 09:37:44.301626 n-d-760454-11 devstack@placement-api.service[107791]: DEBUG placement.objects.resource_provider [req-8c3a33c9-6d82-43d8-b94f-e445d3c3d9f2 req-25d7dc8a-e142-4ba2-aa6a-ff9ce839c52f service placement] _ensure_aggregate() did not find aggregate 31c8f7aa-1bf3-4031-bdd7-e8b9240cfbe9. Attempting to create it. {{(pid=107791) _ensure_aggregate /opt/stack/placement/placement/objects/resource_provider.py:321}}
Aug 18 09:37:44.303563 n-d-760454-11 devstack@placement-api.service[107791]: DEBUG placement.objects.resource_provider [req-8c3a33c9-6d82-43d8-b94f-e445d3c3d9f2 req-25d7dc8a-e142-4ba2-aa6a-ff9ce839c52f service placement] _ensure_aggregate() created new aggregate 31c8f7aa-1bf3-4031-bdd7-e8b9240cfbe9 (id=2). {{(pid=107791) _ensure_aggregate /opt/stack/placement/placement/objects/resource_provider.py:327}}
Aug 18 09:37:44.305809 n-d-760454-11 devstack@placement-api.service[107791]: DEBUG placement.objects.resource_provider [req-8c3a33c9-6d82-43d8-b94f-e445d3c3d9f2 req-25d7dc8a-e142-4ba2-aa6a-ff9ce839c52f service placement] Setting aggregates for provider 57ada868-ed3d-4e02-b670-cc6b978879f7. Successfully associated aggregate 31c8f7aa-1bf3-4031-bdd7-e8b9240cfbe9. {{(pid=107791) _set_aggregates /opt/stack/placement/placement/objects/resource_provider.py:389}}
Aug 18 09:37:44.314602 n-d-760454-11 devstack@placement-api.service[107791]: INFO placement.requestlog [req-8c3a33c9-6d82-43d8-b94f-e445d3c3d9f2 req-25d7dc8a-e142-4ba2-aa6a-ff9ce839c52f service placement] 10.222.0.49 "PUT /placement/resource_providers/57ada868-ed3d-4e02-b670-cc6b978879f7/aggregates" status: 200 len: 91 microversion: 1.19
Aug 18 09:37:44.315022 n-d-760454-11 devstack@placement-api.service[107791]: [pid: 107791|app: 0|req: 30/60] 10.222.0.49 () {64 vars in 1477 bytes} [Thu Aug 18 09:37:44 2022] PUT /placement/resource_providers/57ada868-ed3d-4e02-b670-cc6b978879f7/aggregates => generated 91 bytes in 37 msecs (HTTP/1.1 200) 8 headers in 295 bytes (1 switches on core 0)
Aug 18 09:37:44.740309 n-d-760454-11 devstack@placement-api.service[107790]: DEBUG placement.requestlog [req-fc667749-391b-42f5-b3ce-20ea23505c35 req-5ebe3f89-9276-41f3-abe2-3a6dca8fac60 None None] Starting request: 10.222.0.49 "GET /placement/allocation_candidates?limit=1000&resources=DISK_GB%3A1%2CMEMORY_MB%3A1024%2CVCPU%3A1&root_required=%21COMPUTE_STATUS_DISABLED" {{(pid=107790) __call__ /opt/stack/placement/placement/requestlog.py:55}}
Aug 18 09:37:44.771833 n-d-760454-11 devstack@placement-api.service[107791]: DEBUG placement.requestlog [req-5b66ad86-41ae-4c5c-bdcc-6f8a00972c77 req-50566a51-652c-488b-a2e6-30a95d415a98 None None] Starting request: 10.222.0.49 "GET /placement/resource_providers?name=n-h1-760454-11" {{(pid=107791) __call__ /opt/stack/placement/placement/requestlog.py:55}}
Aug 18 09:37:44.799813 n-d-760454-11 devstack@placement-api.service[107791]: INFO placement.requestlog [req-5b66ad86-41ae-4c5c-bdcc-6f8a00972c77 req-50566a51-652c-488b-a2e6-30a95d415a98 service placement] 10.222.0.49 "GET /placement/resource_providers?name=n-h1-760454-11" status: 200 len: 441 microversion: 1.0
Aug 18 09:37:44.800052 n-d-760454-11 devstack@placement-api.service[107791]: [pid: 107791|app: 0|req: 31/61] 10.222.0.49 () {58 vars in 1276 bytes} [Thu Aug 18 09:37:44 2022] GET /placement/resource_providers?name=n-h1-760454-11 => generated 441 bytes in 28 msecs (HTTP/1.1 200) 6 headers in 224 bytes (2 switches on core 0)
Aug 18 09:37:44.811461 n-d-760454-11 devstack@placement-api.service[107791]: DEBUG placement.requestlog [req-5b66ad86-41ae-4c5c-bdcc-6f8a00972c77 req-21ef2109-f31c-492f-aeab-7b3f5b4b3f8c None None] Starting request: 10.222.0.49 "GET /placement/resource_providers/57ada868-ed3d-4e02-b670-cc6b978879f7/aggregates" {{(pid=107791) __call__ /opt/stack/placement/placement/requestlog.py:55}}
Aug 18 09:37:44.818736 n-d-760454-11 devstack@placement-api.service[107790]: DEBUG placement.objects.research_context [req-fc667749-391b-42f5-b3ce-20ea23505c35 req-5ebe3f89-9276-41f3-abe2-3a6dca8fac60 service placement] getting providers with 1 DISK_GB {{(pid=107790) __init__ /opt/stack/placement/placement/objects/research_context.py:136}}
Aug 18 09:37:44.827587 n-d-760454-11 devstack@placement-api.service[107791]: INFO placement.requestlog [req-5b66ad86-41ae-4c5c-bdcc-6f8a00972c77 req-21ef2109-f31c-492f-aeab-7b3f5b4b3f8c service placement] 10.222.0.49 "GET /placement/resource_providers/57ada868-ed3d-4e02-b670-cc6b978879f7/aggregates" status: 200 len: 91 microversion: 1.19
Aug 18 09:37:44.828548 n-d-760454-11 devstack@placement-api.service[107791]: [pid: 107791|app: 0|req: 32/62] 10.222.0.49 () {60 vars in 1425 bytes} [Thu Aug 18 09:37:44 2022] GET /placement/resource_providers/57ada868-ed3d-4e02-b670-cc6b978879f7/aggregates => generated 91 bytes in 17 msecs (HTTP/1.1 200) 8 headers in 295 bytes (2 switches on core 0)
Aug 18 09:37:44.834823 n-d-760454-11 devstack@placement-api.service[107790]: DEBUG placement.objects.research_context [req-fc667749-391b-42f5-b3ce-20ea23505c35 req-5ebe3f89-9276-41f3-abe2-3a6dca8fac60 service placement] getting providers with 1024 MEMORY_MB {{(pid=107790) __init__ /opt/stack/placement/placement/objects/research_context.py:136}}
Aug 18 09:37:44.836000 n-d-760454-11 devstack@placement-api.service[107791]: DEBUG placement.requestlog [req-5b66ad86-41ae-4c5c-bdcc-6f8a00972c77 req-caf785d9-31d5-46f2-acbd-2dc418b378d4 None None] Starting request: 10.222.0.49 "PUT /placement/resource_providers/57ada868-ed3d-4e02-b670-cc6b978879f7/aggregates" {{(pid=107791) __call__ /opt/stack/placement/placement/requestlog.py:55}}
Aug 18 09:37:44.842690 n-d-760454-11 devstack@placement-api.service[107790]: DEBUG placement.objects.research_context [req-fc667749-391b-42f5-b3ce-20ea23505c35 req-5ebe3f89-9276-41f3-abe2-3a6dca8fac60 service placement] getting providers with 1 VCPU {{(pid=107790) __init__ /opt/stack/placement/placement/objects/research_context.py:136}}
Aug 18 09:37:44.850237 n-d-760454-11 devstack@placement-api.service[107790]: DEBUG placement.objects.research_context [req-fc667749-391b-42f5-b3ce-20ea23505c35 req-5ebe3f89-9276-41f3-abe2-3a6dca8fac60 service placement] found 2 providers with available 1 DISK_GB {{(pid=107790) get_provider_ids_matching /opt/stack/placement/placement/objects/research_context.py:563}}
Aug 18 09:37:44.851651 n-d-760454-11 devstack@placement-api.service[107790]: DEBUG placement.objects.research_context [req-fc667749-391b-42f5-b3ce-20ea23505c35 req-5ebe3f89-9276-41f3-abe2-3a6dca8fac60 service placement] found 2 providers with available 1024 MEMORY_MB {{(pid=107790) get_provider_ids_matching /opt/stack/placement/placement/objects/research_context.py:563}}
Aug 18 09:37:44.852156 n-d-760454-11 devstack@placement-api.service[107790]: DEBUG placement.objects.research_context [req-fc667749-391b-42f5-b3ce-20ea23505c35 req-5ebe3f89-9276-41f3-abe2-3a6dca8fac60 service placement] found 2 providers after filtering by previous result {{(pid=107790) get_provider_ids_matching /opt/stack/placement/placement/objects/research_context.py:594}}
Aug 18 09:37:44.852366 n-d-760454-11 devstack@placement-api.service[107790]: DEBUG placement.objects.research_context [req-fc667749-391b-42f5-b3ce-20ea23505c35 req-5ebe3f89-9276-41f3-abe2-3a6dca8fac60 service placement] found 2 providers with available 1 VCPU {{(pid=107790) get_provider_ids_matching /opt/stack/placement/placement/objects/research_context.py:563}}
Aug 18 09:37:44.852635 n-d-760454-11 devstack@placement-api.service[107790]: DEBUG placement.objects.research_context [req-fc667749-391b-42f5-b3ce-20ea23505c35 req-5ebe3f89-9276-41f3-abe2-3a6dca8fac60 service placement] found 2 providers after filtering by previous result {{(pid=107790) get_provider_ids_matching /opt/stack/placement/placement/objects/research_context.py:594}}
Aug 18 09:37:44.867761 n-d-760454-11 devstack@placement-api.service[107790]: DEBUG placement.objects.allocation_candidate [req-fc667749-391b-42f5-b3ce-20ea23505c35 req-5ebe3f89-9276-41f3-abe2-3a6dca8fac60 service placement] RequestGroup(use_same_provider=False, resources={DISK_GB:1, MEMORY_MB:1024, VCPU:1}, traits=(), aggregates=[]) (suffix '') returned 2 matches {{(pid=107790) _get_by_requests /opt/stack/placement/placement/objects/allocation_candidate.py:156}}
Aug 18 09:37:44.868470 n-d-760454-11 devstack@placement-api.service[107791]: DEBUG placement.objects.resource_provider [req-5b66ad86-41ae-4c5c-bdcc-6f8a00972c77 req-caf785d9-31d5-46f2-acbd-2dc418b378d4 service placement] Setting aggregates for provider 57ada868-ed3d-4e02-b670-cc6b978879f7. Successfully disassociated aggregate 31c8f7aa-1bf3-4031-bdd7-e8b9240cfbe9. {{(pid=107791) _set_aggregates /opt/stack/placement/placement/objects/resource_provider.py:404}}
Aug 18 09:37:44.869192 n-d-760454-11 devstack@placement-api.service[107790]: DEBUG placement.objects.allocation_candidate [req-fc667749-391b-42f5-b3ce-20ea23505c35 req-5ebe3f89-9276-41f3-abe2-3a6dca8fac60 service placement] Merging candidates yields 2 allocation requests and 2 provider summaries {{(pid=107790) _merge_candidates /opt/stack/placement/placement/objects/allocation_candidate.py:809}}
Aug 18 09:37:44.872527 n-d-760454-11 devstack@placement-api.service[107790]: INFO placement.requestlog [req-fc667749-391b-42f5-b3ce-20ea23505c35 req-5ebe3f89-9276-41f3-abe2-3a6dca8fac60 service placement] 10.222.0.49 "GET /placement/allocation_candidates?limit=1000&resources=DISK_GB%3A1%2CMEMORY_MB%3A1024%2CVCPU%3A1&root_required=%21COMPUTE_STATUS_DISABLED" status: 200 len: 1309 microversion: 1.36
Aug 18 09:37:44.874327 n-d-760454-11 devstack@placement-api.service[107790]: [pid: 107790|app: 0|req: 31/63] 10.222.0.49 () {60 vars in 1506 bytes} [Thu Aug 18 09:37:44 2022] GET /placement/allocation_candidates?limit=1000&resources=DISK_GB%3A1%2CMEMORY_MB%3A1024%2CVCPU%3A1&root_required=%21COMPUTE_STATUS_DISABLED => generated 1309 bytes in 134 msecs (HTTP/1.1 200) 8 headers in 297 bytes (1 switches on core 0)
Aug 18 09:37:44.880776 n-d-760454-11 devstack@placement-api.service[107791]: INFO placement.requestlog [req-5b66ad86-41ae-4c5c-bdcc-6f8a00972c77 req-caf785d9-31d5-46f2-acbd-2dc418b378d4 service placement] 10.222.0.49 "PUT /placement/resource_providers/57ada868-ed3d-4e02-b670-cc6b978879f7/aggregates" status: 200 len: 54 microversion: 1.19
Aug 18 09:37:44.882741 n-d-760454-11 devstack@placement-api.service[107791]: [pid: 107791|app: 0|req: 33/64] 10.222.0.49 () {64 vars in 1477 bytes} [Thu Aug 18 09:37:44 2022] PUT /placement/resource_providers/57ada868-ed3d-4e02-b670-cc6b978879f7/aggregates => generated 54 bytes in 47 msecs (HTTP/1.1 200) 8 headers in 295 bytes (1 switches on core 0)
Aug 18 09:37:45.024748 n-d-760454-11 devstack@placement-api.service[107790]: DEBUG placement.requestlog [req-fc667749-391b-42f5-b3ce-20ea23505c35 req-ed1ea9f2-1618-409a-9eb4-14b4ef77c8d8 None None] Starting request: 10.222.0.49 "GET /placement/allocations/6c6a2dfe-777a-49bd-a6d3-d3ee60ce970f" {{(pid=107790) __call__ /opt/stack/placement/placement/requestlog.py:55}}
Aug 18 09:37:45.036179 n-d-760454-11 devstack@placement-api.service[107790]: INFO placement.requestlog [req-fc667749-391b-42f5-b3ce-20ea23505c35 req-ed1ea9f2-1618-409a-9eb4-14b4ef77c8d8 service placement] 10.222.0.49 "GET /placement/allocations/6c6a2dfe-777a-49bd-a6d3-d3ee60ce970f" status: 200 len: 19 microversion: 1.28
Aug 18 09:37:45.036864 n-d-760454-11 devstack@placement-api.service[107790]: [pid: 107790|app: 0|req: 32/65] 10.222.0.49 () {60 vars in 1380 bytes} [Thu Aug 18 09:37:45 2022] GET /placement/allocations/6c6a2dfe-777a-49bd-a6d3-d3ee60ce970f => generated 19 bytes in 12 msecs (HTTP/1.1 200) 8 headers in 295 bytes (1 switches on core 0)
Aug 18 09:37:45.043694 n-d-760454-11 devstack@placement-api.service[107791]: DEBUG placement.requestlog [req-fc667749-391b-42f5-b3ce-20ea23505c35 req-e88a80d9-078a-471c-8d48-4af90d504cc4 None None] Starting request: 10.222.0.49 "PUT /placement/allocations/6c6a2dfe-777a-49bd-a6d3-d3ee60ce970f" {{(pid=107791) __call__ /opt/stack/placement/placement/requestlog.py:55}}
Aug 18 09:37:45.228150 n-d-760454-11 devstack@placement-api.service[107791]: DEBUG placement.handlers.allocation [req-fc667749-391b-42f5-b3ce-20ea23505c35 req-e88a80d9-078a-471c-8d48-4af90d504cc4 service placement] Successfully wrote allocations [, , ] {{(pid=107791) _update_consumers_and_create_allocations /opt/stack/placement/placement/handlers/allocation.py:462}}
Aug 18 09:37:45.238460 n-d-760454-11 devstack@placement-api.service[107791]: INFO placement.requestlog [req-fc667749-391b-42f5-b3ce-20ea23505c35 req-e88a80d9-078a-471c-8d48-4af90d504cc4 service placement] 10.222.0.49 "PUT /placement/allocations/6c6a2dfe-777a-49bd-a6d3-d3ee60ce970f" status: 204 len: 0 microversion: 1.36
Aug 18 09:37:45.241725 n-d-760454-11 devstack@placement-api.service[107791]: [pid: 107791|app: 0|req: 34/66] 10.222.0.49 () {64 vars in 1433 bytes} [Thu Aug 18 09:37:45 2022] PUT /placement/allocations/6c6a2dfe-777a-49bd-a6d3-d3ee60ce970f => generated 0 bytes in 196 msecs (HTTP/1.1 204) 5 headers in 199 bytes (1 switches on core 0)
Aug 18 09:37:45.454857 n-d-760454-11 devstack@placement-api.service[107790]: DEBUG placement.requestlog [req-9bd8a5e5-878c-424f-b115-b10d3598a225 req-bb076b37-be76-4890-89ae-ddb158f2a17b None None] Starting request: 10.222.0.49 "GET /placement/resource_providers?name=n-h1-760454-11" {{(pid=107790) __call__ /opt/stack/placement/placement/requestlog.py:55}}
Aug 18 09:37:45.473298 n-d-760454-11 devstack@placement-api.service[107790]: INFO placement.requestlog [req-9bd8a5e5-878c-424f-b115-b10d3598a225 req-bb076b37-be76-4890-89ae-ddb158f2a17b service placement] 10.222.0.49 "GET /placement/resource_providers?name=n-h1-760454-11" status: 200 len: 442 microversion: 1.0
Aug 18 09:37:45.474248 n-d-760454-11 devstack@placement-api.service[107790]: [pid: 107790|app: 0|req: 33/67] 10.222.0.49 () {58 vars in 1276 bytes} [Thu Aug 18 09:37:45 2022] GET /placement/resource_providers?name=n-h1-760454-11 => generated 442 bytes in 19 msecs (HTTP/1.1 200) 6 headers in 224 bytes (1 switches on core 0)
Aug 18 09:37:45.481715 n-d-760454-11 devstack@placement-api.service[107791]: DEBUG placement.requestlog [req-9bd8a5e5-878c-424f-b115-b10d3598a225 req-35c2bc41-64c8-4c48-944b-1b24951aba29 None None] Starting request: 10.222.0.49 "GET /placement/resource_providers/57ada868-ed3d-4e02-b670-cc6b978879f7/aggregates" {{(pid=107791) __call__ /opt/stack/placement/placement/requestlog.py:55}}
Aug 18 09:37:45.511534 n-d-760454-11 devstack@placement-api.service[107791]: INFO placement.requestlog [req-9bd8a5e5-878c-424f-b115-b10d3598a225 req-35c2bc41-64c8-4c48-944b-1b24951aba29 service placement] 10.222.0.49 "GET /placement/resource_providers/57ada868-ed3d-4e02-b670-cc6b978879f7/aggregates" status: 200 len: 54 microversion: 1.19
Aug 18 09:37:45.520163 n-d-760454-11 devstack@placement-api.service[107790]: DEBUG placement.requestlog [req-9bd8a5e5-878c-424f-b115-b10d3598a225 req-d7826bab-a78e-428f-b239-1980d3a7745c None None] Starting request: 10.222.0.49 "PUT /placement/resource_providers/57ada868-ed3d-4e02-b670-cc6b978879f7/aggregates" {{(pid=107790) __call__ /opt/stack/placement/placement/requestlog.py:55}}
Aug 18 09:37:45.529970 n-d-760454-11 devstack@placement-api.service[107791]: [pid: 107791|app: 0|req: 35/68] 10.222.0.49 () {60 vars in 1425 bytes} [Thu Aug 18 09:37:45 2022] GET /placement/resource_providers/57ada868-ed3d-4e02-b670-cc6b978879f7/aggregates => generated 54 bytes in 47 msecs (HTTP/1.1 200) 8 headers in 295 bytes (1 switches on core 0)
Aug 18 09:37:45.545360 n-d-760454-11 devstack@placement-api.service[107790]: DEBUG placement.objects.resource_provider [req-9bd8a5e5-878c-424f-b115-b10d3598a225 req-d7826bab-a78e-428f-b239-1980d3a7745c service placement] _ensure_aggregate() did not find aggregate d3abda02-171b-4a9f-a222-7ce89cb92cc3. Attempting to create it. {{(pid=107790) _ensure_aggregate /opt/stack/placement/placement/objects/resource_provider.py:321}}
Aug 18 09:37:45.571545 n-d-760454-11 devstack@placement-api.service[107790]: DEBUG placement.objects.resource_provider [req-9bd8a5e5-878c-424f-b115-b10d3598a225 req-d7826bab-a78e-428f-b239-1980d3a7745c service placement] _ensure_aggregate() created new aggregate d3abda02-171b-4a9f-a222-7ce89cb92cc3 (id=3). {{(pid=107790) _ensure_aggregate /opt/stack/placement/placement/objects/resource_provider.py:327}}
Aug 18 09:37:45.575243 n-d-760454-11 devstack@placement-api.service[107790]: DEBUG placement.objects.resource_provider [req-9bd8a5e5-878c-424f-b115-b10d3598a225 req-d7826bab-a78e-428f-b239-1980d3a7745c service placement] Setting aggregates for provider 57ada868-ed3d-4e02-b670-cc6b978879f7. Successfully associated aggregate d3abda02-171b-4a9f-a222-7ce89cb92cc3. {{(pid=107790) _set_aggregates /opt/stack/placement/placement/objects/resource_provider.py:389}}
Aug 18 09:37:45.587359 n-d-760454-11 devstack@placement-api.service[107790]: INFO placement.requestlog [req-9bd8a5e5-878c-424f-b115-b10d3598a225 req-d7826bab-a78e-428f-b239-1980d3a7745c service placement] 10.222.0.49 "PUT /placement/resource_providers/57ada868-ed3d-4e02-b670-cc6b978879f7/aggregates" status: 200 len: 92 microversion: 1.19
Aug 18 09:37:45.591340 n-d-760454-11 devstack@placement-api.service[107790]: [pid: 107790|app: 0|req: 34/69] 10.222.0.49 () {64 vars in 1477 bytes} [Thu Aug 18 09:37:45 2022] PUT /placement/resource_providers/57ada868-ed3d-4e02-b670-cc6b978879f7/aggregates => generated 92 bytes in 71 msecs (HTTP/1.1 200) 8 headers in 295 bytes (1 switches on core 0)
Aug 18 09:37:45.756703 n-d-760454-11 devstack@placement-api.service[107791]: DEBUG placement.requestlog [req-70f22d67-d7a6-42a1-8189-c243f2b0e08a req-e3a0630b-7010-4c37-b88b-ea723e61fac9 None None] Starting request: 10.222.0.49 "GET /placement/resource_providers?name=n-h1-760454-11" {{(pid=107791) __call__ /opt/stack/placement/placement/requestlog.py:55}}
Aug 18 09:37:45.805350 n-d-760454-11 devstack@placement-api.service[107791]: INFO placement.requestlog [req-70f22d67-d7a6-42a1-8189-c243f2b0e08a req-e3a0630b-7010-4c37-b88b-ea723e61fac9 service placement] 10.222.0.49 "GET /placement/resource_providers?name=n-h1-760454-11" status: 200 len: 442 microversion: 1.0
Aug 18 09:37:45.805734 n-d-760454-11 devstack@placement-api.service[107791]: [pid: 107791|app: 0|req: 36/70] 10.222.0.49 () {58 vars in 1276 bytes} [Thu Aug 18 09:37:45 2022] GET /placement/resource_providers?name=n-h1-760454-11 => generated 442 bytes in 49 msecs (HTTP/1.1 200) 6 headers in 224 bytes (1 switches on core 0)
Aug 18 09:37:45.813669 n-d-760454-11 devstack@placement-api.service[107790]: DEBUG placement.requestlog [req-70f22d67-d7a6-42a1-8189-c243f2b0e08a req-b37ad427-77ec-43fd-ae59-721701242e9a None None] Starting request: 10.222.0.49 "GET /placement/resource_providers/57ada868-ed3d-4e02-b670-cc6b978879f7/aggregates" {{(pid=107790) __call__ /opt/stack/placement/placement/requestlog.py:55}}
Aug 18 09:37:45.821239 n-d-760454-11 devstack@placement-api.service[107791]: DEBUG placement.requestlog [req-fc667749-391b-42f5-b3ce-20ea23505c35 req-727a776e-5834-40a2-83a8-ac93fccda37d None None] Starting request: 10.222.0.52 "GET /placement/allocations/6c6a2dfe-777a-49bd-a6d3-d3ee60ce970f" {{(pid=107791) __call__ /opt/stack/placement/placement/requestlog.py:55}}
Aug 18 09:37:45.828129 n-d-760454-11 devstack@placement-api.service[107790]: INFO placement.requestlog [req-70f22d67-d7a6-42a1-8189-c243f2b0e08a req-b37ad427-77ec-43fd-ae59-721701242e9a service placement] 10.222.0.49 "GET /placement/resource_providers/57ada868-ed3d-4e02-b670-cc6b978879f7/aggregates" status: 200 len: 92 microversion: 1.19
Aug 18 09:37:45.828752 n-d-760454-11 devstack@placement-api.service[107790]: [pid: 107790|app: 0|req: 35/71] 10.222.0.49 () {60 vars in 1425 bytes} [Thu Aug 18 09:37:45 2022] GET /placement/resource_providers/57ada868-ed3d-4e02-b670-cc6b978879f7/aggregates => generated 92 bytes in 15 msecs (HTTP/1.1 200) 8 headers in 295 bytes (2 switches on core 0)
Aug 18 09:37:45.836271 n-d-760454-11 devstack@placement-api.service[107790]: DEBUG placement.requestlog [req-70f22d67-d7a6-42a1-8189-c243f2b0e08a req-2e0d3a49-c794-4916-9849-0206a409d3de None None] Starting request: 10.222.0.49 "PUT /placement/resource_providers/57ada868-ed3d-4e02-b670-cc6b978879f7/aggregates" {{(pid=107790) __call__ /opt/stack/placement/placement/requestlog.py:55}}
Aug 18 09:37:45.857122 n-d-760454-11 devstack@placement-api.service[107791]: INFO placement.requestlog [req-fc667749-391b-42f5-b3ce-20ea23505c35 req-727a776e-5834-40a2-83a8-ac93fccda37d service placement] 10.222.0.52 "GET /placement/allocations/6c6a2dfe-777a-49bd-a6d3-d3ee60ce970f" status: 200 len: 259 microversion: 1.28
Aug 18 09:37:45.858937 n-d-760454-11 devstack@placement-api.service[107791]: [pid: 107791|app: 0|req: 37/72] 10.222.0.52 () {60 vars in 1377 bytes} [Thu Aug 18 09:37:45 2022] GET /placement/allocations/6c6a2dfe-777a-49bd-a6d3-d3ee60ce970f => generated 259 bytes in 39 msecs (HTTP/1.1 200) 8 headers in 296 bytes (2 switches on core 0)
Aug 18 09:37:45.868238 n-d-760454-11 devstack@placement-api.service[107790]: DEBUG placement.objects.resource_provider [req-70f22d67-d7a6-42a1-8189-c243f2b0e08a req-2e0d3a49-c794-4916-9849-0206a409d3de service placement] Setting aggregates for provider 57ada868-ed3d-4e02-b670-cc6b978879f7. Successfully disassociated aggregate d3abda02-171b-4a9f-a222-7ce89cb92cc3. {{(pid=107790) _set_aggregates /opt/stack/placement/placement/objects/resource_provider.py:404}}
Aug 18 09:37:45.884717 n-d-760454-11 devstack@placement-api.service[107790]: INFO placement.requestlog [req-70f22d67-d7a6-42a1-8189-c243f2b0e08a req-2e0d3a49-c794-4916-9849-0206a409d3de service placement] 10.222.0.49 "PUT /placement/resource_providers/57ada868-ed3d-4e02-b670-cc6b978879f7/aggregates" status: 200 len: 54 microversion: 1.19
Aug 18 09:37:45.898400 n-d-760454-11 devstack@placement-api.service[107790]: [pid: 107790|app: 0|req: 36/73] 10.222.0.49 () {64 vars in 1477 bytes} [Thu Aug 18 09:37:45 2022] PUT /placement/resource_providers/57ada868-ed3d-4e02-b670-cc6b978879f7/aggregates => generated 54 bytes in 62 msecs (HTTP/1.1 200) 8 headers in 295 bytes (1 switches on core 0)
Aug 18 09:37:46.129195 n-d-760454-11 devstack@placement-api.service[107791]: DEBUG placement.requestlog [req-79992872-dffa-49ef-a14c-3fbab7475329 req-e6938877-c263-4347-a948-c9e3d1e82816 None None] Starting request: 10.222.0.49 "GET /placement/resource_providers?name=n-h1-760454-11" {{(pid=107791) __call__ /opt/stack/placement/placement/requestlog.py:55}}
Aug 18 09:37:46.143048 n-d-760454-11 devstack@placement-api.service[107791]: DEBUG dbcounter [-] [107791] Writing DB stats placement:SELECT=73,placement:DELETE=9,placement:INSERT=12,placement:UPDATE=6 {{(pid=107791) stat_writer /usr/local/lib/python3.8/dist-packages/dbcounter.py:114}}
Aug 18 09:37:46.149360 n-d-760454-11 devstack@placement-api.service[107791]: INFO placement.requestlog [req-79992872-dffa-49ef-a14c-3fbab7475329 req-e6938877-c263-4347-a948-c9e3d1e82816 service placement] 10.222.0.49 "GET /placement/resource_providers?name=n-h1-760454-11" status: 200 len: 442 microversion: 1.0
Aug 18 09:37:46.150138 n-d-760454-11 devstack@placement-api.service[107791]: [pid: 107791|app: 0|req: 38/74] 10.222.0.49 () {58 vars in 1276 bytes} [Thu Aug 18 09:37:46 2022] GET /placement/resource_providers?name=n-h1-760454-11 => generated 442 bytes in 21 msecs (HTTP/1.1 200) 6 headers in 224 bytes (1 switches on core 0)
Aug 18 09:37:46.157526 n-d-760454-11 devstack@placement-api.service[107790]: DEBUG placement.requestlog [req-79992872-dffa-49ef-a14c-3fbab7475329 req-ea0557ea-e18f-40d3-b5c8-e93cfa951679 None None] Starting request: 10.222.0.49 "GET /placement/resource_providers/57ada868-ed3d-4e02-b670-cc6b978879f7/aggregates" {{(pid=107790) __call__ /opt/stack/placement/placement/requestlog.py:55}}
Aug 18 09:37:46.175944 n-d-760454-11 devstack@placement-api.service[107790]: INFO placement.requestlog [req-79992872-dffa-49ef-a14c-3fbab7475329 req-ea0557ea-e18f-40d3-b5c8-e93cfa951679 service placement] 10.222.0.49 "GET /placement/resource_providers/57ada868-ed3d-4e02-b670-cc6b978879f7/aggregates" status: 200 len: 54 microversion: 1.19
Aug 18 09:37:46.176590 n-d-760454-11 devstack@placement-api.service[107790]: [pid: 107790|app: 0|req: 37/75] 10.222.0.49 () {60 vars in 1425 bytes} [Thu Aug 18 09:37:46 2022] GET /placement/resource_providers/57ada868-ed3d-4e02-b670-cc6b978879f7/aggregates => generated 54 bytes in 19 msecs (HTTP/1.1 200) 8 headers in 295 bytes (2 switches on core 0)
Aug 18 09:37:46.194167 n-d-760454-11 devstack@placement-api.service[107791]: DEBUG placement.requestlog [req-79992872-dffa-49ef-a14c-3fbab7475329 req-d640db99-b3f2-46b5-910f-145a0641163f None None] Starting request: 10.222.0.49 "PUT /placement/resource_providers/57ada868-ed3d-4e02-b670-cc6b978879f7/aggregates" {{(pid=107791) __call__ /opt/stack/placement/placement/requestlog.py:55}}
Aug 18 09:37:46.220260 n-d-760454-11 devstack@placement-api.service[107791]: DEBUG placement.objects.resource_provider [req-79992872-dffa-49ef-a14c-3fbab7475329 req-d640db99-b3f2-46b5-910f-145a0641163f service placement] _ensure_aggregate() did not find aggregate 106e8ff4-e92d-4ae4-b757-e244e38dc38c. Attempting to create it. {{(pid=107791) _ensure_aggregate /opt/stack/placement/placement/objects/resource_provider.py:321}}
Aug 18 09:37:46.221680 n-d-760454-11 devstack@placement-api.service[107791]: DEBUG placement.objects.resource_provider [req-79992872-dffa-49ef-a14c-3fbab7475329 req-d640db99-b3f2-46b5-910f-145a0641163f service placement] _ensure_aggregate() created new aggregate 106e8ff4-e92d-4ae4-b757-e244e38dc38c (id=4). {{(pid=107791) _ensure_aggregate /opt/stack/placement/placement/objects/resource_provider.py:327}}
Aug 18 09:37:46.223117 n-d-760454-11 devstack@placement-api.service[107791]: DEBUG placement.objects.resource_provider [req-79992872-dffa-49ef-a14c-3fbab7475329 req-d640db99-b3f2-46b5-910f-145a0641163f service placement] Setting aggregates for provider 57ada868-ed3d-4e02-b670-cc6b978879f7. Successfully associated aggregate 106e8ff4-e92d-4ae4-b757-e244e38dc38c. {{(pid=107791) _set_aggregates /opt/stack/placement/placement/objects/resource_provider.py:389}}
Aug 18 09:37:46.228846 n-d-760454-11 devstack@placement-api.service[107791]: INFO placement.requestlog [req-79992872-dffa-49ef-a14c-3fbab7475329 req-d640db99-b3f2-46b5-910f-145a0641163f service placement] 10.222.0.49 "PUT /placement/resource_providers/57ada868-ed3d-4e02-b670-cc6b978879f7/aggregates" status: 200 len: 92 microversion: 1.19
Aug 18 09:37:46.229428 n-d-760454-11 devstack@placement-api.service[107791]: [pid: 107791|app: 0|req: 39/76] 10.222.0.49 () {64 vars in 1477 bytes} [Thu Aug 18 09:37:46 2022] PUT /placement/resource_providers/57ada868-ed3d-4e02-b670-cc6b978879f7/aggregates => generated 92 bytes in 35 msecs (HTTP/1.1 200) 8 headers in 295 bytes (1 switches on core 0)
Aug 18 09:37:46.296019 n-d-760454-11 devstack@placement-api.service[107790]: DEBUG placement.requestlog [req-73dcb402-6c34-493b-a9e0-40243e7e04c7 req-a539c531-a471-441d-9a90-fb1104626888 None None] Starting request: 10.222.0.49 "GET /placement/resource_providers?name=n-h1-760454-11" {{(pid=107790) __call__ /opt/stack/placement/placement/requestlog.py:55}}
Aug 18 09:37:46.314959 n-d-760454-11 devstack@placement-api.service[107790]: INFO placement.requestlog [req-73dcb402-6c34-493b-a9e0-40243e7e04c7 req-a539c531-a471-441d-9a90-fb1104626888 service placement] 10.222.0.49 "GET /placement/resource_providers?name=n-h1-760454-11" status: 200 len: 442 microversion: 1.0
Aug 18 09:37:46.318781 n-d-760454-11 devstack@placement-api.service[107790]: [pid: 107790|app: 0|req: 38/77] 10.222.0.49 () {58 vars in 1276 bytes} [Thu Aug 18 09:37:46 2022] GET /placement/resource_providers?name=n-h1-760454-11 => generated 442 bytes in 23 msecs (HTTP/1.1 200) 6 headers in 224 bytes (1 switches on core 0)
Aug 18 09:37:46.322295 n-d-760454-11 devstack@placement-api.service[107791]: DEBUG placement.requestlog [req-73dcb402-6c34-493b-a9e0-40243e7e04c7 req-775da022-3f2d-416c-ad3c-9fed89302352 None None] Starting request: 10.222.0.49 "GET /placement/resource_providers/57ada868-ed3d-4e02-b670-cc6b978879f7/aggregates" {{(pid=107791) __call__ /opt/stack/placement/placement/requestlog.py:55}}
Aug 18 09:37:46.335762 n-d-760454-11 devstack@placement-api.service[107791]: INFO placement.requestlog [req-73dcb402-6c34-493b-a9e0-40243e7e04c7 req-775da022-3f2d-416c-ad3c-9fed89302352 service placement] 10.222.0.49 "GET /placement/resource_providers/57ada868-ed3d-4e02-b670-cc6b978879f7/aggregates" status: 200 len: 92 microversion: 1.19
Aug 18 09:37:46.342773 n-d-760454-11 devstack@placement-api.service[107791]: [pid: 107791|app: 0|req: 40/78] 10.222.0.49 () {60 vars in 1425 bytes} [Thu Aug 18 09:37:46 2022] GET /placement/resource_providers/57ada868-ed3d-4e02-b670-cc6b978879f7/aggregates => generated 92 bytes in 21 msecs (HTTP/1.1 200) 8 headers in 295 bytes (1 switches on core 0)
Aug 18 09:37:46.343909 n-d-760454-11 devstack@placement-api.service[107790]: DEBUG placement.requestlog [req-73dcb402-6c34-493b-a9e0-40243e7e04c7 req-ad090157-0a4a-470d-af0e-3f832244e76c None None] Starting request: 10.222.0.49 "PUT /placement/resource_providers/57ada868-ed3d-4e02-b670-cc6b978879f7/aggregates" {{(pid=107790) __call__ /opt/stack/placement/placement/requestlog.py:55}}
Aug 18 09:37:46.364026 n-d-760454-11 devstack@placement-api.service[107790]: DEBUG placement.objects.resource_provider [req-73dcb402-6c34-493b-a9e0-40243e7e04c7 req-ad090157-0a4a-470d-af0e-3f832244e76c service placement] Setting aggregates for provider 57ada868-ed3d-4e02-b670-cc6b978879f7. Successfully disassociated aggregate 106e8ff4-e92d-4ae4-b757-e244e38dc38c. {{(pid=107790) _set_aggregates /opt/stack/placement/placement/objects/resource_provider.py:404}}
Aug 18 09:37:46.371559 n-d-760454-11 devstack@placement-api.service[107790]: INFO placement.requestlog [req-73dcb402-6c34-493b-a9e0-40243e7e04c7 req-ad090157-0a4a-470d-af0e-3f832244e76c service placement] 10.222.0.49 "PUT /placement/resource_providers/57ada868-ed3d-4e02-b670-cc6b978879f7/aggregates" status: 200 len: 54 microversion: 1.19
Aug 18 09:37:46.380610 n-d-760454-11 devstack@placement-api.service[107790]: [pid: 107790|app: 0|req: 39/79] 10.222.0.49 () {64 vars in 1477 bytes} [Thu Aug 18 09:37:46 2022] PUT /placement/resource_providers/57ada868-ed3d-4e02-b670-cc6b978879f7/aggregates => generated 54 bytes in 34 msecs (HTTP/1.1 200) 8 headers in 295 bytes (1 switches on core 0)
Aug 18 09:37:47.150842 n-d-760454-11 devstack@placement-api.service[107791]: DEBUG placement.requestlog [req-0bdecfb5-40f6-46f1-9da8-d29df992d9e6 req-82ddddce-076f-4198-aa59-914675144b14 None None] Starting request: 10.222.0.49 "GET /placement/resource_providers?name=n-h1-760454-11" {{(pid=107791) __call__ /opt/stack/placement/placement/requestlog.py:55}}
Aug 18 09:37:47.167576 n-d-760454-11 devstack@placement-api.service[107791]: INFO placement.requestlog [req-0bdecfb5-40f6-46f1-9da8-d29df992d9e6 req-82ddddce-076f-4198-aa59-914675144b14 service placement] 10.222.0.49 "GET /placement/resource_providers?name=n-h1-760454-11" status: 200 len: 442 microversion: 1.0
Aug 18 09:37:47.168219 n-d-760454-11 devstack@placement-api.service[107791]: [pid: 107791|app: 0|req: 41/80] 10.222.0.49 () {58 vars in 1276 bytes} [Thu Aug 18 09:37:47 2022] GET /placement/resource_providers?name=n-h1-760454-11 => generated 442 bytes in 18 msecs (HTTP/1.1 200) 6 headers in 224 bytes (1 switches on core 0)
Aug 18 09:37:47.177905 n-d-760454-11 devstack@placement-api.service[107790]: DEBUG placement.requestlog [req-0bdecfb5-40f6-46f1-9da8-d29df992d9e6 req-cbdf3f0b-0927-439e-b85e-7b7b3786e29e None None] Starting request: 10.222.0.49 "GET /placement/resource_providers/57ada868-ed3d-4e02-b670-cc6b978879f7/aggregates" {{(pid=107790) __call__ /opt/stack/placement/placement/requestlog.py:55}}
Aug 18 09:37:47.195906 n-d-760454-11 devstack@placement-api.service[107790]: INFO placement.requestlog [req-0bdecfb5-40f6-46f1-9da8-d29df992d9e6 req-cbdf3f0b-0927-439e-b85e-7b7b3786e29e service placement] 10.222.0.49 "GET /placement/resource_providers/57ada868-ed3d-4e02-b670-cc6b978879f7/aggregates" status: 200 len: 54 microversion: 1.19
Aug 18 09:37:47.203723 n-d-760454-11 devstack@placement-api.service[107791]: DEBUG placement.requestlog [req-0bdecfb5-40f6-46f1-9da8-d29df992d9e6 req-540a18be-300e-49dd-9959-b3f6b87c1bbb None None] Starting request: 10.222.0.49 "PUT /placement/resource_providers/57ada868-ed3d-4e02-b670-cc6b978879f7/aggregates" {{(pid=107791) __call__ /opt/stack/placement/placement/requestlog.py:55}}
Aug 18 09:37:47.205732 n-d-760454-11 devstack@placement-api.service[107790]: [pid: 107790|app: 0|req: 40/81] 10.222.0.49 () {60 vars in 1425 bytes} [Thu Aug 18 09:37:47 2022] GET /placement/resource_providers/57ada868-ed3d-4e02-b670-cc6b978879f7/aggregates => generated 54 bytes in 28 msecs (HTTP/1.1 200) 8 headers in 295 bytes (1 switches on core 0)
Aug 18 09:37:47.230190 n-d-760454-11 devstack@placement-api.service[107791]: DEBUG placement.objects.resource_provider [req-0bdecfb5-40f6-46f1-9da8-d29df992d9e6 req-540a18be-300e-49dd-9959-b3f6b87c1bbb service placement] _ensure_aggregate() did not find aggregate 19e41ed7-266a-4744-88e4-bde18ece4c76. Attempting to create it. {{(pid=107791) _ensure_aggregate /opt/stack/placement/placement/objects/resource_provider.py:321}}
Aug 18 09:37:47.231482 n-d-760454-11 devstack@placement-api.service[107791]: DEBUG placement.objects.resource_provider [req-0bdecfb5-40f6-46f1-9da8-d29df992d9e6 req-540a18be-300e-49dd-9959-b3f6b87c1bbb service placement] _ensure_aggregate() created new aggregate 19e41ed7-266a-4744-88e4-bde18ece4c76 (id=5). {{(pid=107791) _ensure_aggregate /opt/stack/placement/placement/objects/resource_provider.py:327}}
Aug 18 09:37:47.232996 n-d-760454-11 devstack@placement-api.service[107791]: DEBUG placement.objects.resource_provider [req-0bdecfb5-40f6-46f1-9da8-d29df992d9e6 req-540a18be-300e-49dd-9959-b3f6b87c1bbb service placement] Setting aggregates for provider 57ada868-ed3d-4e02-b670-cc6b978879f7. Successfully associated aggregate 19e41ed7-266a-4744-88e4-bde18ece4c76. {{(pid=107791) _set_aggregates /opt/stack/placement/placement/objects/resource_provider.py:389}}
Aug 18 09:37:47.239067 n-d-760454-11 devstack@placement-api.service[107791]: INFO placement.requestlog [req-0bdecfb5-40f6-46f1-9da8-d29df992d9e6 req-540a18be-300e-49dd-9959-b3f6b87c1bbb service placement] 10.222.0.49 "PUT /placement/resource_providers/57ada868-ed3d-4e02-b670-cc6b978879f7/aggregates" status: 200 len: 92 microversion: 1.19
Aug 18 09:37:47.253252 n-d-760454-11 devstack@placement-api.service[107791]: [pid: 107791|app: 0|req: 42/82] 10.222.0.49 () {64 vars in 1477 bytes} [Thu Aug 18 09:37:47 2022] PUT /placement/resource_providers/57ada868-ed3d-4e02-b670-cc6b978879f7/aggregates => generated 92 bytes in 50 msecs (HTTP/1.1 200) 8 headers in 295 bytes (2 switches on core 0)
Aug 18 09:37:47.475690 n-d-760454-11 devstack@placement-api.service[107790]: DEBUG placement.requestlog [req-e0a76ef6-0e83-419e-9752-d3a1d6ba2303 req-bc03f76e-a570-4029-b78a-9eb8a0aff7f4 None None] Starting request: 10.222.0.49 "GET /placement/resource_providers?name=n-h1-760454-11" {{(pid=107790) __call__ /opt/stack/placement/placement/requestlog.py:55}}
Aug 18 09:37:47.490507 n-d-760454-11 devstack@placement-api.service[107790]: INFO placement.requestlog [req-e0a76ef6-0e83-419e-9752-d3a1d6ba2303 req-bc03f76e-a570-4029-b78a-9eb8a0aff7f4 service placement] 10.222.0.49 "GET /placement/resource_providers?name=n-h1-760454-11" status: 200 len: 442 microversion: 1.0
Aug 18 09:37:47.491227 n-d-760454-11 devstack@placement-api.service[107790]: [pid: 107790|app: 0|req: 41/83] 10.222.0.49 () {58 vars in 1276 bytes} [Thu Aug 18 09:37:47 2022] GET /placement/resource_providers?name=n-h1-760454-11 => generated 442 bytes in 16 msecs (HTTP/1.1 200) 6 headers in 224 bytes (1 switches on core 0)
Aug 18 09:37:47.499936 n-d-760454-11 devstack@placement-api.service[107791]: DEBUG placement.requestlog [req-e0a76ef6-0e83-419e-9752-d3a1d6ba2303 req-da3859b8-a9f9-4de9-94d1-fef987b47f6c None None] Starting request: 10.222.0.49 "GET /placement/resource_providers/57ada868-ed3d-4e02-b670-cc6b978879f7/aggregates" {{(pid=107791) __call__ /opt/stack/placement/placement/requestlog.py:55}}
Aug 18 09:37:47.518469 n-d-760454-11 devstack@placement-api.service[107791]: INFO placement.requestlog [req-e0a76ef6-0e83-419e-9752-d3a1d6ba2303 req-da3859b8-a9f9-4de9-94d1-fef987b47f6c service placement] 10.222.0.49 "GET /placement/resource_providers/57ada868-ed3d-4e02-b670-cc6b978879f7/aggregates" status: 200 len: 92 microversion: 1.19
Aug 18 09:37:47.519644 n-d-760454-11 devstack@placement-api.service[107791]: [pid: 107791|app: 0|req: 43/84] 10.222.0.49 () {60 vars in 1425 bytes} [Thu Aug 18 09:37:47 2022] GET /placement/resource_providers/57ada868-ed3d-4e02-b670-cc6b978879f7/aggregates => generated 92 bytes in 20 msecs (HTTP/1.1 200) 8 headers in 295 bytes (1 switches on core 0)
Aug 18 09:37:47.529902 n-d-760454-11 devstack@placement-api.service[107790]: DEBUG placement.requestlog [req-e0a76ef6-0e83-419e-9752-d3a1d6ba2303 req-1ea5a04f-9ece-4cd7-91a0-003e9b354b00 None None] Starting request: 10.222.0.49 "PUT /placement/resource_providers/57ada868-ed3d-4e02-b670-cc6b978879f7/aggregates" {{(pid=107790) __call__ /opt/stack/placement/placement/requestlog.py:55}}
Aug 18 09:37:47.568680 n-d-760454-11 devstack@placement-api.service[107790]: DEBUG placement.objects.resource_provider [req-e0a76ef6-0e83-419e-9752-d3a1d6ba2303 req-1ea5a04f-9ece-4cd7-91a0-003e9b354b00 service placement] Setting aggregates for provider 57ada868-ed3d-4e02-b670-cc6b978879f7. Successfully disassociated aggregate 19e41ed7-266a-4744-88e4-bde18ece4c76. {{(pid=107790) _set_aggregates /opt/stack/placement/placement/objects/resource_provider.py:404}}
Aug 18 09:37:47.579299 n-d-760454-11 devstack@placement-api.service[107790]: INFO placement.requestlog [req-e0a76ef6-0e83-419e-9752-d3a1d6ba2303 req-1ea5a04f-9ece-4cd7-91a0-003e9b354b00 service placement] 10.222.0.49 "PUT /placement/resource_providers/57ada868-ed3d-4e02-b670-cc6b978879f7/aggregates" status: 200 len: 54 microversion: 1.19
Aug 18 09:37:47.579709 n-d-760454-11 devstack@placement-api.service[107790]: [pid: 107790|app: 0|req: 42/85] 10.222.0.49 () {64 vars in 1477 bytes} [Thu Aug 18 09:37:47 2022] PUT /placement/resource_providers/57ada868-ed3d-4e02-b670-cc6b978879f7/aggregates => generated 54 bytes in 51 msecs (HTTP/1.1 200) 8 headers in 295 bytes (1 switches on core 0)
Aug 18 09:37:48.632051 n-d-760454-11 devstack@placement-api.service[107791]: DEBUG placement.requestlog [req-a3bdfb1c-9068-474c-8b45-8ec9abd8b706 req-f5c38c19-601a-4618-8314-7023c8087229 None None] Starting request: 10.222.0.49 "GET /placement/resource_providers?name=n-h1-760454-11" {{(pid=107791) __call__ /opt/stack/placement/placement/requestlog.py:55}}
Aug 18 09:37:48.655816 n-d-760454-11 devstack@placement-api.service[107791]: INFO placement.requestlog [req-a3bdfb1c-9068-474c-8b45-8ec9abd8b706 req-f5c38c19-601a-4618-8314-7023c8087229 service placement] 10.222.0.49 "GET /placement/resource_providers?name=n-h1-760454-11" status: 200 len: 442 microversion: 1.0
