Aug 18 09:41:59.802759 n-d-760454-11 devstack@placement-api.service[107791]: DEBUG placement.objects.research_context [req-565eff31-7873-4fe8-9fd4-9a29fd598c4b req-e6a0374b-f04b-4115-84a3-796918b8b80f service placement] found 2 providers with available 1024 MEMORY_MB {{(pid=107791) get_provider_ids_matching /opt/stack/placement/placement/objects/research_context.py:563}}
Aug 18 09:41:59.803307 n-d-760454-11 devstack@placement-api.service[107791]: DEBUG placement.objects.research_context [req-565eff31-7873-4fe8-9fd4-9a29fd598c4b req-e6a0374b-f04b-4115-84a3-796918b8b80f service placement] found 2 providers after filtering by previous result {{(pid=107791) get_provider_ids_matching /opt/stack/placement/placement/objects/research_context.py:594}}
Aug 18 09:41:59.803953 n-d-760454-11 devstack@placement-api.service[107791]: DEBUG placement.objects.research_context [req-565eff31-7873-4fe8-9fd4-9a29fd598c4b req-e6a0374b-f04b-4115-84a3-796918b8b80f service placement] found 2 providers with available 1 VCPU {{(pid=107791) get_provider_ids_matching /opt/stack/placement/placement/objects/research_context.py:563}}
Aug 18 09:41:59.804464 n-d-760454-11 devstack@placement-api.service[107791]: DEBUG placement.objects.research_context [req-565eff31-7873-4fe8-9fd4-9a29fd598c4b req-e6a0374b-f04b-4115-84a3-796918b8b80f service placement] found 2 providers after filtering by previous result {{(pid=107791) get_provider_ids_matching /opt/stack/placement/placement/objects/research_context.py:594}}
Aug 18 09:41:59.847398 n-d-760454-11 devstack@placement-api.service[107791]: DEBUG placement.objects.allocation_candidate [req-565eff31-7873-4fe8-9fd4-9a29fd598c4b req-e6a0374b-f04b-4115-84a3-796918b8b80f service placement] RequestGroup(use_same_provider=False, resources={DISK_GB:1, MEMORY_MB:1024, VCPU:1}, traits=(), aggregates=[]) (suffix '') returned 2 matches {{(pid=107791) _get_by_requests /opt/stack/placement/placement/objects/allocation_candidate.py:156}}
Aug 18 09:41:59.848165 n-d-760454-11 devstack@placement-api.service[107791]: DEBUG placement.objects.allocation_candidate [req-565eff31-7873-4fe8-9fd4-9a29fd598c4b req-e6a0374b-f04b-4115-84a3-796918b8b80f service placement] Merging candidates yields 2 allocation requests and 2 provider summaries {{(pid=107791) _merge_candidates /opt/stack/placement/placement/objects/allocation_candidate.py:809}}
Aug 18 09:41:59.850702 n-d-760454-11 devstack@placement-api.service[107791]: INFO placement.requestlog [req-565eff31-7873-4fe8-9fd4-9a29fd598c4b req-e6a0374b-f04b-4115-84a3-796918b8b80f service placement] 10.222.0.49 "GET /placement/allocation_candidates?limit=1000&resources=DISK_GB%3A1%2CMEMORY_MB%3A1024%2CVCPU%3A1&root_required=%21COMPUTE_STATUS_DISABLED" status: 200 len: 1309 microversion: 1.36
Aug 18 09:41:59.864930 n-d-760454-11 devstack@placement-api.service[107791]: [pid: 107791|app: 0|req: 164/325] 10.222.0.49 () {60 vars in 1506 bytes} [Thu Aug 18 09:41:59 2022] GET /placement/allocation_candidates?limit=1000&resources=DISK_GB%3A1%2CMEMORY_MB%3A1024%2CVCPU%3A1&root_required=%21COMPUTE_STATUS_DISABLED => generated 1309 bytes in 211 msecs (HTTP/1.1 200) 8 headers in 297 bytes (1 switches on core 0)
Aug 18 09:42:00.008008 n-d-760454-11 devstack@placement-api.service[107790]: DEBUG placement.requestlog [req-565eff31-7873-4fe8-9fd4-9a29fd598c4b req-1aa47f8b-7bc3-41de-9e15-bc14158ac9a1 None None] Starting request: 10.222.0.49 "GET /placement/allocations/c7d4deb9-1738-4465-a400-6357d26865c3" {{(pid=107790) __call__ /opt/stack/placement/placement/requestlog.py:55}}
Aug 18 09:42:00.046958 n-d-760454-11 devstack@placement-api.service[107790]: INFO placement.requestlog [req-565eff31-7873-4fe8-9fd4-9a29fd598c4b req-1aa47f8b-7bc3-41de-9e15-bc14158ac9a1 service placement] 10.222.0.49 "GET /placement/allocations/c7d4deb9-1738-4465-a400-6357d26865c3" status: 200 len: 19 microversion: 1.28
Aug 18 09:42:00.047864 n-d-760454-11 devstack@placement-api.service[107790]: [pid: 107790|app: 0|req: 162/326] 10.222.0.49 () {60 vars in 1380 bytes} [Thu Aug 18 09:42:00 2022] GET /placement/allocations/c7d4deb9-1738-4465-a400-6357d26865c3 => generated 19 bytes in 40 msecs (HTTP/1.1 200) 8 headers in 295 bytes (1 switches on core 0)
Aug 18 09:42:00.056937 n-d-760454-11 devstack@placement-api.service[107791]: DEBUG placement.requestlog [req-565eff31-7873-4fe8-9fd4-9a29fd598c4b req-52b3a89b-c324-4811-b4d3-a6a555d6e84d None None] Starting request: 10.222.0.49 "PUT /placement/allocations/c7d4deb9-1738-4465-a400-6357d26865c3" {{(pid=107791) __call__ /opt/stack/placement/placement/requestlog.py:55}}
Aug 18 09:42:00.075711 n-d-760454-11 devstack@placement-api.service[107790]: DEBUG placement.requestlog [req-b98ad3ee-862e-4c1c-8058-6689b53b508c req-bfc2722d-4511-484e-a01d-4f6a5e187f38 None None] Starting request: 10.222.0.43 "GET /placement/allocations/d6b7d016-e4ad-4b91-8344-b81f3d72e933" {{(pid=107790) __call__ /opt/stack/placement/placement/requestlog.py:55}}
Aug 18 09:42:00.118163 n-d-760454-11 devstack@placement-api.service[107790]: INFO placement.requestlog [req-b98ad3ee-862e-4c1c-8058-6689b53b508c req-bfc2722d-4511-484e-a01d-4f6a5e187f38 service placement] 10.222.0.43 "GET /placement/allocations/d6b7d016-e4ad-4b91-8344-b81f3d72e933" status: 200 len: 245 microversion: 1.28
Aug 18 09:42:00.119502 n-d-760454-11 devstack@placement-api.service[107790]: [pid: 107790|app: 0|req: 163/327] 10.222.0.43 () {60 vars in 1377 bytes} [Thu Aug 18 09:42:00 2022] GET /placement/allocations/d6b7d016-e4ad-4b91-8344-b81f3d72e933 => generated 245 bytes in 44 msecs (HTTP/1.1 200) 8 headers in 296 bytes (1 switches on core 0)
Aug 18 09:42:00.210639 n-d-760454-11 devstack@placement-api.service[107791]: DEBUG dbcounter [-] [107791] Writing DB stats placement:SELECT=81,placement:DELETE=8,placement:INSERT=8,placement:UPDATE=3 {{(pid=107791) stat_writer /usr/local/lib/python3.8/dist-packages/dbcounter.py:114}}
Aug 18 09:42:00.233979 n-d-760454-11 devstack@placement-api.service[107791]: DEBUG placement.handlers.allocation [req-565eff31-7873-4fe8-9fd4-9a29fd598c4b req-52b3a89b-c324-4811-b4d3-a6a555d6e84d service placement] Successfully wrote allocations [, , ] {{(pid=107791) _update_consumers_and_create_allocations /opt/stack/placement/placement/handlers/allocation.py:462}}
Aug 18 09:42:00.245992 n-d-760454-11 devstack@placement-api.service[107791]: INFO placement.requestlog [req-565eff31-7873-4fe8-9fd4-9a29fd598c4b req-52b3a89b-c324-4811-b4d3-a6a555d6e84d service placement] 10.222.0.49 "PUT /placement/allocations/c7d4deb9-1738-4465-a400-6357d26865c3" status: 204 len: 0 microversion: 1.36
Aug 18 09:42:00.247370 n-d-760454-11 devstack@placement-api.service[107791]: [pid: 107791|app: 0|req: 165/328] 10.222.0.49 () {64 vars in 1433 bytes} [Thu Aug 18 09:42:00 2022] PUT /placement/allocations/c7d4deb9-1738-4465-a400-6357d26865c3 => generated 0 bytes in 191 msecs (HTTP/1.1 204) 5 headers in 199 bytes (1 switches on core 0)
Aug 18 09:42:01.347186 n-d-760454-11 devstack@placement-api.service[107790]: DEBUG placement.requestlog [req-565eff31-7873-4fe8-9fd4-9a29fd598c4b req-4fbaeabd-9ef1-4e09-88dd-2ccb63ede10c None None] Starting request: 10.222.0.52 "GET /placement/allocations/c7d4deb9-1738-4465-a400-6357d26865c3" {{(pid=107790) __call__ /opt/stack/placement/placement/requestlog.py:55}}
Aug 18 09:42:01.367034 n-d-760454-11 devstack@placement-api.service[107790]: INFO placement.requestlog [req-565eff31-7873-4fe8-9fd4-9a29fd598c4b req-4fbaeabd-9ef1-4e09-88dd-2ccb63ede10c service placement] 10.222.0.52 "GET /placement/allocations/c7d4deb9-1738-4465-a400-6357d26865c3" status: 200 len: 259 microversion: 1.28
Aug 18 09:42:01.367774 n-d-760454-11 devstack@placement-api.service[107790]: [pid: 107790|app: 0|req: 164/329] 10.222.0.52 () {60 vars in 1377 bytes} [Thu Aug 18 09:42:01 2022] GET /placement/allocations/c7d4deb9-1738-4465-a400-6357d26865c3 => generated 259 bytes in 21 msecs (HTTP/1.1 200) 8 headers in 296 bytes (1 switches on core 0)
Aug 18 09:42:01.928643 n-d-760454-11 devstack@placement-api.service[107791]: DEBUG placement.requestlog [None req-d76c8ff7-44c3-4380-8282-819ccacd9391 None None] Starting request: 10.222.0.49 "GET /placement/" {{(pid=107791) __call__ /opt/stack/placement/placement/requestlog.py:55}}
Aug 18 09:42:01.929763 n-d-760454-11 devstack@placement-api.service[107791]: INFO placement.requestlog [None req-d76c8ff7-44c3-4380-8282-819ccacd9391 None None] 10.222.0.49 "GET /placement/" status: 200 len: 136 microversion: 1.0
Aug 18 09:42:01.930192 n-d-760454-11 devstack@placement-api.service[107791]: [pid: 107791|app: 0|req: 166/330] 10.222.0.49 () {54 vars in 916 bytes} [Thu Aug 18 09:42:01 2022] GET /placement => generated 136 bytes in 2 msecs (HTTP/1.1 200) 6 headers in 224 bytes (1 switches on core 0)
Aug 18 09:42:01.945242 n-d-760454-11 devstack@placement-api.service[107790]: DEBUG placement.requestlog [req-e471c4f4-eef0-431e-a804-1807f5060774 req-63d0b1e7-2e30-4146-a50e-805757819647 None None] Starting request: 10.222.0.49 "GET /placement/allocations/69d3c565-2d64-4a06-a487-66d9c8030874" {{(pid=107790) __call__ /opt/stack/placement/placement/requestlog.py:55}}
Aug 18 09:42:02.075788 n-d-760454-11 devstack@placement-api.service[107790]: INFO placement.requestlog [req-e471c4f4-eef0-431e-a804-1807f5060774 req-63d0b1e7-2e30-4146-a50e-805757819647 service placement] 10.222.0.49 "GET /placement/allocations/69d3c565-2d64-4a06-a487-66d9c8030874" status: 200 len: 259 microversion: 1.28
Aug 18 09:42:02.089887 n-d-760454-11 devstack@placement-api.service[107791]: DEBUG placement.requestlog [req-e471c4f4-eef0-431e-a804-1807f5060774 req-adfc8626-4151-44eb-94ed-80897ad1c8f7 None None] Starting request: 10.222.0.49 "GET /placement/allocations/69d3c565-2d64-4a06-a487-66d9c8030874" {{(pid=107791) __call__ /opt/stack/placement/placement/requestlog.py:55}}
Aug 18 09:42:02.092818 n-d-760454-11 devstack@placement-api.service[107790]: [pid: 107790|app: 0|req: 165/331] 10.222.0.49 () {60 vars in 1380 bytes} [Thu Aug 18 09:42:01 2022] GET /placement/allocations/69d3c565-2d64-4a06-a487-66d9c8030874 => generated 259 bytes in 148 msecs (HTTP/1.1 200) 8 headers in 296 bytes (1 switches on core 0)
Aug 18 09:42:02.131675 n-d-760454-11 devstack@placement-api.service[107791]: INFO placement.requestlog [req-e471c4f4-eef0-431e-a804-1807f5060774 req-adfc8626-4151-44eb-94ed-80897ad1c8f7 service placement] 10.222.0.49 "GET /placement/allocations/69d3c565-2d64-4a06-a487-66d9c8030874" status: 200 len: 259 microversion: 1.28
Aug 18 09:42:02.132068 n-d-760454-11 devstack@placement-api.service[107791]: [pid: 107791|app: 0|req: 167/332] 10.222.0.49 () {60 vars in 1380 bytes} [Thu Aug 18 09:42:02 2022] GET /placement/allocations/69d3c565-2d64-4a06-a487-66d9c8030874 => generated 259 bytes in 42 msecs (HTTP/1.1 200) 8 headers in 296 bytes (2 switches on core 0)
Aug 18 09:42:02.138413 n-d-760454-11 devstack@placement-api.service[107790]: DEBUG placement.requestlog [req-e471c4f4-eef0-431e-a804-1807f5060774 req-793fcb17-dc2d-41d9-8a8b-b300d3dc898c None None] Starting request: 10.222.0.49 "GET /placement/allocations/524c1b87-39bd-4e84-996f-12b8b621fb0f" {{(pid=107790) __call__ /opt/stack/placement/placement/requestlog.py:55}}
Aug 18 09:42:02.158990 n-d-760454-11 devstack@placement-api.service[107790]: INFO placement.requestlog [req-e471c4f4-eef0-431e-a804-1807f5060774 req-793fcb17-dc2d-41d9-8a8b-b300d3dc898c service placement] 10.222.0.49 "GET /placement/allocations/524c1b87-39bd-4e84-996f-12b8b621fb0f" status: 200 len: 19 microversion: 1.28
Aug 18 09:42:02.159775 n-d-760454-11 devstack@placement-api.service[107790]: [pid: 107790|app: 0|req: 166/333] 10.222.0.49 () {60 vars in 1380 bytes} [Thu Aug 18 09:42:02 2022] GET /placement/allocations/524c1b87-39bd-4e84-996f-12b8b621fb0f => generated 19 bytes in 22 msecs (HTTP/1.1 200) 8 headers in 295 bytes (1 switches on core 0)
Aug 18 09:42:02.169623 n-d-760454-11 devstack@placement-api.service[107791]: DEBUG placement.requestlog [req-e471c4f4-eef0-431e-a804-1807f5060774 req-f3ba5243-88cf-4cde-83bc-b9286ed80e93 None None] Starting request: 10.222.0.49 "POST /placement/allocations" {{(pid=107791) __call__ /opt/stack/placement/placement/requestlog.py:55}}
Aug 18 09:42:02.355562 n-d-760454-11 devstack@placement-api.service[107791]: DEBUG placement.handlers.allocation [req-e471c4f4-eef0-431e-a804-1807f5060774 req-f3ba5243-88cf-4cde-83bc-b9286ed80e93 service placement] Successfully wrote allocations [, , , , , ] {{(pid=107791) _update_consumers_and_create_allocations /opt/stack/placement/placement/handlers/allocation.py:572}}
Aug 18 09:42:02.366596 n-d-760454-11 devstack@placement-api.service[107791]: INFO placement.requestlog [req-e471c4f4-eef0-431e-a804-1807f5060774 req-f3ba5243-88cf-4cde-83bc-b9286ed80e93 service placement] 10.222.0.49 "POST /placement/allocations" status: 204 len: 0 microversion: 1.28
Aug 18 09:42:02.367360 n-d-760454-11 devstack@placement-api.service[107791]: [pid: 107791|app: 0|req: 168/334] 10.222.0.49 () {64 vars in 1323 bytes} [Thu Aug 18 09:42:02 2022] POST /placement/allocations => generated 0 bytes in 198 msecs (HTTP/1.1 204) 5 headers in 199 bytes (1 switches on core 0)
Aug 18 09:42:02.432999 n-d-760454-11 devstack@placement-api.service[107790]: DEBUG placement.requestlog [req-e471c4f4-eef0-431e-a804-1807f5060774 req-e2fdbe2d-1426-4d3f-8afd-67a7a261b5b3 None None] Starting request: 10.222.0.49 "GET /placement/allocations/69d3c565-2d64-4a06-a487-66d9c8030874" {{(pid=107790) __call__ /opt/stack/placement/placement/requestlog.py:55}}
Aug 18 09:42:02.450007 n-d-760454-11 devstack@placement-api.service[107790]: INFO placement.requestlog [req-e471c4f4-eef0-431e-a804-1807f5060774 req-e2fdbe2d-1426-4d3f-8afd-67a7a261b5b3 service placement] 10.222.0.49 "GET /placement/allocations/69d3c565-2d64-4a06-a487-66d9c8030874" status: 200 len: 19 microversion: 1.28
Aug 18 09:42:02.453532 n-d-760454-11 devstack@placement-api.service[107790]: [pid: 107790|app: 0|req: 167/335] 10.222.0.49 () {60 vars in 1380 bytes} [Thu Aug 18 09:42:02 2022] GET /placement/allocations/69d3c565-2d64-4a06-a487-66d9c8030874 => generated 19 bytes in 21 msecs (HTTP/1.1 200) 8 headers in 295 bytes (1 switches on core 0)
Aug 18 09:42:02.462525 n-d-760454-11 devstack@placement-api.service[107791]: DEBUG placement.requestlog [req-e471c4f4-eef0-431e-a804-1807f5060774 req-f254327b-36ee-4294-8966-27653014c27d None None] Starting request: 10.222.0.49 "PUT /placement/allocations/69d3c565-2d64-4a06-a487-66d9c8030874" {{(pid=107791) __call__ /opt/stack/placement/placement/requestlog.py:55}}
Aug 18 09:42:02.603042 n-d-760454-11 devstack@placement-api.service[107791]: DEBUG placement.handlers.allocation [req-e471c4f4-eef0-431e-a804-1807f5060774 req-f254327b-36ee-4294-8966-27653014c27d service placement] Successfully wrote allocations [, , ] {{(pid=107791) _update_consumers_and_create_allocations /opt/stack/placement/placement/handlers/allocation.py:462}}
Aug 18 09:42:02.615697 n-d-760454-11 devstack@placement-api.service[107791]: INFO placement.requestlog [req-e471c4f4-eef0-431e-a804-1807f5060774 req-f254327b-36ee-4294-8966-27653014c27d service placement] 10.222.0.49 "PUT /placement/allocations/69d3c565-2d64-4a06-a487-66d9c8030874" status: 204 len: 0 microversion: 1.28
Aug 18 09:42:02.616504 n-d-760454-11 devstack@placement-api.service[107791]: [pid: 107791|app: 0|req: 169/336] 10.222.0.49 () {64 vars in 1433 bytes} [Thu Aug 18 09:42:02 2022] PUT /placement/allocations/69d3c565-2d64-4a06-a487-66d9c8030874 => generated 0 bytes in 154 msecs (HTTP/1.1 204) 5 headers in 199 bytes (1 switches on core 0)
Aug 18 09:42:03.107278 n-d-760454-11 devstack@placement-api.service[107790]: DEBUG placement.requestlog [req-81627a3f-ca69-4512-a219-63a6cb616033 req-3f5e27f5-1d82-45ec-979e-15a3cb9907ea None None] Starting request: 10.222.0.49 "GET /placement/allocation_candidates?limit=1000&resources=DISK_GB%3A1%2CMEMORY_MB%3A1024%2CVCPU%3A1&root_required=%21COMPUTE_STATUS_DISABLED" {{(pid=107790) __call__ /opt/stack/placement/placement/requestlog.py:55}}
Aug 18 09:42:03.150850 n-d-760454-11 devstack@placement-api.service[107790]: DEBUG dbcounter [-] [107790] Writing DB stats placement:SELECT=81,placement:INSERT=9,placement:DELETE=6,placement:UPDATE=4 {{(pid=107790) stat_writer /usr/local/lib/python3.8/dist-packages/dbcounter.py:114}}
Aug 18 09:42:03.276317 n-d-760454-11 devstack@placement-api.service[107790]: DEBUG placement.objects.research_context [req-81627a3f-ca69-4512-a219-63a6cb616033 req-3f5e27f5-1d82-45ec-979e-15a3cb9907ea service placement] getting providers with 1 DISK_GB {{(pid=107790) __init__ /opt/stack/placement/placement/objects/research_context.py:136}}
Aug 18 09:42:03.303630 n-d-760454-11 devstack@placement-api.service[107790]: DEBUG placement.objects.research_context [req-81627a3f-ca69-4512-a219-63a6cb616033 req-3f5e27f5-1d82-45ec-979e-15a3cb9907ea service placement] getting providers with 1024 MEMORY_MB {{(pid=107790) __init__ /opt/stack/placement/placement/objects/research_context.py:136}}
Aug 18 09:42:03.320086 n-d-760454-11 devstack@placement-api.service[107790]: DEBUG placement.objects.research_context [req-81627a3f-ca69-4512-a219-63a6cb616033 req-3f5e27f5-1d82-45ec-979e-15a3cb9907ea service placement] getting providers with 1 VCPU {{(pid=107790) __init__ /opt/stack/placement/placement/objects/research_context.py:136}}
Aug 18 09:42:03.347487 n-d-760454-11 devstack@placement-api.service[107790]: DEBUG placement.objects.research_context [req-81627a3f-ca69-4512-a219-63a6cb616033 req-3f5e27f5-1d82-45ec-979e-15a3cb9907ea service placement] found 2 providers with available 1 DISK_GB {{(pid=107790) get_provider_ids_matching /opt/stack/placement/placement/objects/research_context.py:563}}
Aug 18 09:42:03.357007 n-d-760454-11 devstack@placement-api.service[107790]: DEBUG placement.objects.research_context [req-81627a3f-ca69-4512-a219-63a6cb616033 req-3f5e27f5-1d82-45ec-979e-15a3cb9907ea service placement] found 2 providers with available 1024 MEMORY_MB {{(pid=107790) get_provider_ids_matching /opt/stack/placement/placement/objects/research_context.py:563}}
Aug 18 09:42:03.357525 n-d-760454-11 devstack@placement-api.service[107790]: DEBUG placement.objects.research_context [req-81627a3f-ca69-4512-a219-63a6cb616033 req-3f5e27f5-1d82-45ec-979e-15a3cb9907ea service placement] found 2 providers after filtering by previous result {{(pid=107790) get_provider_ids_matching /opt/stack/placement/placement/objects/research_context.py:594}}
Aug 18 09:42:03.358494 n-d-760454-11 devstack@placement-api.service[107790]: DEBUG placement.objects.research_context [req-81627a3f-ca69-4512-a219-63a6cb616033 req-3f5e27f5-1d82-45ec-979e-15a3cb9907ea service placement] found 2 providers with available 1 VCPU {{(pid=107790) get_provider_ids_matching /opt/stack/placement/placement/objects/research_context.py:563}}
Aug 18 09:42:03.358770 n-d-760454-11 devstack@placement-api.service[107790]: DEBUG placement.objects.research_context [req-81627a3f-ca69-4512-a219-63a6cb616033 req-3f5e27f5-1d82-45ec-979e-15a3cb9907ea service placement] found 2 providers after filtering by previous result {{(pid=107790) get_provider_ids_matching /opt/stack/placement/placement/objects/research_context.py:594}}
Aug 18 09:42:03.399345 n-d-760454-11 devstack@placement-api.service[107790]: DEBUG placement.objects.allocation_candidate [req-81627a3f-ca69-4512-a219-63a6cb616033 req-3f5e27f5-1d82-45ec-979e-15a3cb9907ea service placement] RequestGroup(use_same_provider=False, resources={DISK_GB:1, MEMORY_MB:1024, VCPU:1}, traits=(), aggregates=[]) (suffix '') returned 2 matches {{(pid=107790) _get_by_requests /opt/stack/placement/placement/objects/allocation_candidate.py:156}}
Aug 18 09:42:03.405385 n-d-760454-11 devstack@placement-api.service[107790]: DEBUG placement.objects.allocation_candidate [req-81627a3f-ca69-4512-a219-63a6cb616033 req-3f5e27f5-1d82-45ec-979e-15a3cb9907ea service placement] Merging candidates yields 2 allocation requests and 2 provider summaries {{(pid=107790) _merge_candidates /opt/stack/placement/placement/objects/allocation_candidate.py:809}}
Aug 18 09:42:03.409508 n-d-760454-11 devstack@placement-api.service[107791]: DEBUG placement.requestlog [req-37ae9608-a9b1-4bf5-a5a4-0f77781cd933 req-27be3bd3-e521-41b8-83fa-489ee586326f None None] Starting request: 10.222.0.52 "DELETE /placement/allocations/a2fddaa3-b5a8-4032-b8aa-4280ab9a6585" {{(pid=107791) __call__ /opt/stack/placement/placement/requestlog.py:55}}
Aug 18 09:42:03.419595 n-d-760454-11 devstack@placement-api.service[107790]: INFO placement.requestlog [req-81627a3f-ca69-4512-a219-63a6cb616033 req-3f5e27f5-1d82-45ec-979e-15a3cb9907ea service placement] 10.222.0.49 "GET /placement/allocation_candidates?limit=1000&resources=DISK_GB%3A1%2CMEMORY_MB%3A1024%2CVCPU%3A1&root_required=%21COMPUTE_STATUS_DISABLED" status: 200 len: 1312 microversion: 1.36
Aug 18 09:42:03.420240 n-d-760454-11 devstack@placement-api.service[107790]: [pid: 107790|app: 0|req: 168/337] 10.222.0.49 () {60 vars in 1506 bytes} [Thu Aug 18 09:42:03 2022] GET /placement/allocation_candidates?limit=1000&resources=DISK_GB%3A1%2CMEMORY_MB%3A1024%2CVCPU%3A1&root_required=%21COMPUTE_STATUS_DISABLED => generated 1312 bytes in 313 msecs (HTTP/1.1 200) 8 headers in 297 bytes (1 switches on core 0)
Aug 18 09:42:03.515339 n-d-760454-11 devstack@placement-api.service[107791]: DEBUG placement.handlers.allocation [req-37ae9608-a9b1-4bf5-a5a4-0f77781cd933 req-27be3bd3-e521-41b8-83fa-489ee586326f service placement] Successfully deleted allocations [, , ] {{(pid=107791) delete_allocations /opt/stack/placement/placement/handlers/allocation.py:627}}
Aug 18 09:42:03.516045 n-d-760454-11 devstack@placement-api.service[107791]: INFO placement.requestlog [req-37ae9608-a9b1-4bf5-a5a4-0f77781cd933 req-27be3bd3-e521-41b8-83fa-489ee586326f service placement] 10.222.0.52 "DELETE /placement/allocations/a2fddaa3-b5a8-4032-b8aa-4280ab9a6585" status: 204 len: 0 microversion: 1.0
Aug 18 09:42:03.517041 n-d-760454-11 devstack@placement-api.service[107791]: [pid: 107791|app: 0|req: 170/338] 10.222.0.52 () {60 vars in 1355 bytes} [Thu Aug 18 09:42:03 2022] DELETE /placement/allocations/a2fddaa3-b5a8-4032-b8aa-4280ab9a6585 => generated 0 bytes in 108 msecs (HTTP/1.1 204) 5 headers in 198 bytes (2 switches on core 0)
Aug 18 09:42:03.566860 n-d-760454-11 devstack@placement-api.service[107790]: DEBUG placement.requestlog [req-81627a3f-ca69-4512-a219-63a6cb616033 req-8a7a19f0-984b-4aca-a9e5-24e039335bb5 None None] Starting request: 10.222.0.49 "GET /placement/allocations/b3df0758-0baa-4cc7-ae58-c6535b381d70" {{(pid=107790) __call__ /opt/stack/placement/placement/requestlog.py:55}}
Aug 18 09:42:03.586759 n-d-760454-11 devstack@placement-api.service[107790]: INFO placement.requestlog [req-81627a3f-ca69-4512-a219-63a6cb616033 req-8a7a19f0-984b-4aca-a9e5-24e039335bb5 service placement] 10.222.0.49 "GET /placement/allocations/b3df0758-0baa-4cc7-ae58-c6535b381d70" status: 200 len: 19 microversion: 1.28
Aug 18 09:42:03.592507 n-d-760454-11 devstack@placement-api.service[107790]: [pid: 107790|app: 0|req: 169/339] 10.222.0.49 () {60 vars in 1380 bytes} [Thu Aug 18 09:42:03 2022] GET /placement/allocations/b3df0758-0baa-4cc7-ae58-c6535b381d70 => generated 19 bytes in 25 msecs (HTTP/1.1 200) 8 headers in 295 bytes (1 switches on core 0)
Aug 18 09:42:03.597189 n-d-760454-11 devstack@placement-api.service[107791]: DEBUG placement.requestlog [req-81627a3f-ca69-4512-a219-63a6cb616033 req-d60cf727-af0e-4a81-a335-7d764217a4fa None None] Starting request: 10.222.0.49 "PUT /placement/allocations/b3df0758-0baa-4cc7-ae58-c6535b381d70" {{(pid=107791) __call__ /opt/stack/placement/placement/requestlog.py:55}}
Aug 18 09:42:03.696224 n-d-760454-11 devstack@placement-api.service[107791]: DEBUG placement.handlers.allocation [req-81627a3f-ca69-4512-a219-63a6cb616033 req-d60cf727-af0e-4a81-a335-7d764217a4fa service placement] Successfully wrote allocations [, , ] {{(pid=107791) _update_consumers_and_create_allocations /opt/stack/placement/placement/handlers/allocation.py:462}}
Aug 18 09:42:03.710560 n-d-760454-11 devstack@placement-api.service[107791]: INFO placement.requestlog [req-81627a3f-ca69-4512-a219-63a6cb616033 req-d60cf727-af0e-4a81-a335-7d764217a4fa service placement] 10.222.0.49 "PUT /placement/allocations/b3df0758-0baa-4cc7-ae58-c6535b381d70" status: 204 len: 0 microversion: 1.36
Aug 18 09:42:03.711736 n-d-760454-11 devstack@placement-api.service[107791]: [pid: 107791|app: 0|req: 171/340] 10.222.0.49 () {64 vars in 1433 bytes} [Thu Aug 18 09:42:03 2022] PUT /placement/allocations/b3df0758-0baa-4cc7-ae58-c6535b381d70 => generated 0 bytes in 115 msecs (HTTP/1.1 204) 5 headers in 199 bytes (2 switches on core 0)
Aug 18 09:42:03.828139 n-d-760454-11 devstack@placement-api.service[107790]: DEBUG placement.requestlog [req-e471c4f4-eef0-431e-a804-1807f5060774 req-ee63066f-abb1-4976-a38c-2158c8a4c3f6 None None] Starting request: 10.222.0.52 "GET /placement/allocations/69d3c565-2d64-4a06-a487-66d9c8030874" {{(pid=107790) __call__ /opt/stack/placement/placement/requestlog.py:55}}
Aug 18 09:42:03.852442 n-d-760454-11 devstack@placement-api.service[107791]: DEBUG placement.requestlog [req-609b444d-8ee6-49b5-a718-97891e3a5721 req-4dd53af3-0bb8-491b-b3fc-3e496c988761 None None] Starting request: 10.222.0.52 "DELETE /placement/allocations/73206059-6349-42bf-919e-e23aef7e80c1" {{(pid=107791) __call__ /opt/stack/placement/placement/requestlog.py:55}}
Aug 18 09:42:03.860041 n-d-760454-11 devstack@placement-api.service[107790]: INFO placement.requestlog [req-e471c4f4-eef0-431e-a804-1807f5060774 req-ee63066f-abb1-4976-a38c-2158c8a4c3f6 service placement] 10.222.0.52 "GET /placement/allocations/69d3c565-2d64-4a06-a487-66d9c8030874" status: 200 len: 259 microversion: 1.28
Aug 18 09:42:03.861209 n-d-760454-11 devstack@placement-api.service[107790]: [pid: 107790|app: 0|req: 170/341] 10.222.0.52 () {60 vars in 1377 bytes} [Thu Aug 18 09:42:03 2022] GET /placement/allocations/69d3c565-2d64-4a06-a487-66d9c8030874 => generated 259 bytes in 33 msecs (HTTP/1.1 200) 8 headers in 296 bytes (1 switches on core 0)
Aug 18 09:42:03.918089 n-d-760454-11 devstack@placement-api.service[107791]: DEBUG dbcounter [-] [107791] Writing DB stats placement:UPDATE=9,placement:SELECT=67,placement:DELETE=12,placement:INSERT=12 {{(pid=107791) stat_writer /usr/local/lib/python3.8/dist-packages/dbcounter.py:114}}
Aug 18 09:42:03.929179 n-d-760454-11 devstack@placement-api.service[107791]: DEBUG placement.handlers.allocation [req-609b444d-8ee6-49b5-a718-97891e3a5721 req-4dd53af3-0bb8-491b-b3fc-3e496c988761 service placement] Successfully deleted allocations [, , ] {{(pid=107791) delete_allocations /opt/stack/placement/placement/handlers/allocation.py:627}}
Aug 18 09:42:03.929752 n-d-760454-11 devstack@placement-api.service[107791]: INFO placement.requestlog [req-609b444d-8ee6-49b5-a718-97891e3a5721 req-4dd53af3-0bb8-491b-b3fc-3e496c988761 service placement] 10.222.0.52 "DELETE /placement/allocations/73206059-6349-42bf-919e-e23aef7e80c1" status: 204 len: 0 microversion: 1.0
Aug 18 09:42:03.930138 n-d-760454-11 devstack@placement-api.service[107791]: [pid: 107791|app: 0|req: 172/342] 10.222.0.52 () {60 vars in 1355 bytes} [Thu Aug 18 09:42:03 2022] DELETE /placement/allocations/73206059-6349-42bf-919e-e23aef7e80c1 => generated 0 bytes in 79 msecs (HTTP/1.1 204) 5 headers in 198 bytes (2 switches on core 0)
Aug 18 09:42:04.810753 n-d-760454-11 devstack@placement-api.service[107790]: DEBUG placement.requestlog [req-81627a3f-ca69-4512-a219-63a6cb616033 req-ff1cbaca-396b-431d-b082-18daae32c353 None None] Starting request: 10.222.0.52 "GET /placement/allocations/b3df0758-0baa-4cc7-ae58-c6535b381d70" {{(pid=107790) __call__ /opt/stack/placement/placement/requestlog.py:55}}
Aug 18 09:42:04.844104 n-d-760454-11 devstack@placement-api.service[107790]: INFO placement.requestlog [req-81627a3f-ca69-4512-a219-63a6cb616033 req-ff1cbaca-396b-431d-b082-18daae32c353 service placement] 10.222.0.52 "GET /placement/allocations/b3df0758-0baa-4cc7-ae58-c6535b381d70" status: 200 len: 259 microversion: 1.28
Aug 18 09:42:04.844784 n-d-760454-11 devstack@placement-api.service[107790]: [pid: 107790|app: 0|req: 171/343] 10.222.0.52 () {60 vars in 1377 bytes} [Thu Aug 18 09:42:04 2022] GET /placement/allocations/b3df0758-0baa-4cc7-ae58-c6535b381d70 => generated 259 bytes in 34 msecs (HTTP/1.1 200) 8 headers in 296 bytes (1 switches on core 0)
Aug 18 09:42:05.046887 n-d-760454-11 devstack@placement-api.service[107791]: DEBUG placement.requestlog [req-d535a065-823f-4c2f-b339-0c337321fbe0 req-1c12d365-f4bd-4118-b907-46b8566fdacc None None] Starting request: 10.222.0.52 "GET /placement/resource_providers/57ada868-ed3d-4e02-b670-cc6b978879f7/allocations" {{(pid=107791) __call__ /opt/stack/placement/placement/requestlog.py:55}}
Aug 18 09:42:05.092541 n-d-760454-11 devstack@placement-api.service[107791]: INFO placement.requestlog [req-d535a065-823f-4c2f-b339-0c337321fbe0 req-1c12d365-f4bd-4118-b907-46b8566fdacc service placement] 10.222.0.52 "GET /placement/resource_providers/57ada868-ed3d-4e02-b670-cc6b978879f7/allocations" status: 200 len: 1048 microversion: 1.0
Aug 18 09:42:05.093857 n-d-760454-11 devstack@placement-api.service[107791]: [pid: 107791|app: 0|req: 173/344] 10.222.0.52 () {58 vars in 1390 bytes} [Thu Aug 18 09:42:05 2022] GET /placement/resource_providers/57ada868-ed3d-4e02-b670-cc6b978879f7/allocations => generated 1048 bytes in 46 msecs (HTTP/1.1 200) 6 headers in 225 bytes (1 switches on core 0)
Aug 18 09:42:07.207440 n-d-760454-11 devstack@placement-api.service[107790]: DEBUG placement.requestlog [req-d1d146eb-8062-4ac9-9571-96a19f669302 req-56db1b7d-50c8-45da-8827-4fd99f6ef342 None None] Starting request: 10.222.0.52 "DELETE /placement/allocations/cb7e413d-f93f-4f65-a2f8-911b3e75080a" {{(pid=107790) __call__ /opt/stack/placement/placement/requestlog.py:55}}
Aug 18 09:42:07.274776 n-d-760454-11 devstack@placement-api.service[107790]: DEBUG placement.handlers.allocation [req-d1d146eb-8062-4ac9-9571-96a19f669302 req-56db1b7d-50c8-45da-8827-4fd99f6ef342 service placement] Successfully deleted allocations [, , ] {{(pid=107790) delete_allocations /opt/stack/placement/placement/handlers/allocation.py:627}}
Aug 18 09:42:07.275357 n-d-760454-11 devstack@placement-api.service[107790]: INFO placement.requestlog [req-d1d146eb-8062-4ac9-9571-96a19f669302 req-56db1b7d-50c8-45da-8827-4fd99f6ef342 service placement] 10.222.0.52 "DELETE /placement/allocations/cb7e413d-f93f-4f65-a2f8-911b3e75080a" status: 204 len: 0 microversion: 1.0
Aug 18 09:42:07.276159 n-d-760454-11 devstack@placement-api.service[107790]: [pid: 107790|app: 0|req: 172/345] 10.222.0.52 () {60 vars in 1355 bytes} [Thu Aug 18 09:42:07 2022] DELETE /placement/allocations/cb7e413d-f93f-4f65-a2f8-911b3e75080a => generated 0 bytes in 69 msecs (HTTP/1.1 204) 5 headers in 198 bytes (1 switches on core 0)
Aug 18 09:42:08.862085 n-d-760454-11 devstack@placement-api.service[107791]: DEBUG placement.requestlog [None req-d581422a-ef55-4471-870b-f29c09282f33 None None] Starting request: 10.222.0.49 "GET /placement/resource_providers/b020ea00-8a9e-4f0e-a317-a24ad397dec6/aggregates" {{(pid=107791) __call__ /opt/stack/placement/placement/requestlog.py:55}}
Aug 18 09:42:08.875186 n-d-760454-11 devstack@placement-api.service[107791]: INFO placement.requestlog [None req-d581422a-ef55-4471-870b-f29c09282f33 service placement] 10.222.0.49 "GET /placement/resource_providers/b020ea00-8a9e-4f0e-a317-a24ad397dec6/aggregates" status: 404 len: 235 microversion: 1.1
Aug 18 09:42:08.876250 n-d-760454-11 devstack@placement-api.service[107791]: [pid: 107791|app: 0|req: 174/346] 10.222.0.49 () {58 vars in 1362 bytes} [Thu Aug 18 09:42:08 2022] GET /placement/resource_providers/b020ea00-8a9e-4f0e-a317-a24ad397dec6/aggregates => generated 235 bytes in 14 msecs (HTTP/1.1 404) 5 headers in 202 bytes (1 switches on core 0)
Aug 18 09:42:08.913911 n-d-760454-11 devstack@placement-api.service[107790]: DEBUG placement.requestlog [None req-2572c89e-9463-46bf-8481-304bea160b30 None None] Starting request: 10.222.0.49 "DELETE /placement/resource_providers/b020ea00-8a9e-4f0e-a317-a24ad397dec6" {{(pid=107790) __call__ /opt/stack/placement/placement/requestlog.py:55}}
Aug 18 09:42:08.939803 n-d-760454-11 devstack@placement-api.service[107790]: DEBUG placement.wsgi_wrapper [None req-2572c89e-9463-46bf-8481-304bea160b30 service placement] Placement API returning an error response: No resource provider with uuid b020ea00-8a9e-4f0e-a317-a24ad397dec6 found for delete {{(pid=107790) call_func /opt/stack/placement/placement/wsgi_wrapper.py:31}}
Aug 18 09:42:08.940794 n-d-760454-11 devstack@placement-api.service[107790]: INFO placement.requestlog [None req-2572c89e-9463-46bf-8481-304bea160b30 service placement] 10.222.0.49 "DELETE /placement/resource_providers/b020ea00-8a9e-4f0e-a317-a24ad397dec6" status: 404 len: 246 microversion: 1.1
Aug 18 09:42:08.943372 n-d-760454-11 devstack@placement-api.service[107790]: [pid: 107790|app: 0|req: 173/347] 10.222.0.49 () {60 vars in 1351 bytes} [Thu Aug 18 09:42:08 2022] DELETE /placement/resource_providers/b020ea00-8a9e-4f0e-a317-a24ad397dec6 => generated 246 bytes in 30 msecs (HTTP/1.1 404) 6 headers in 231 bytes (1 switches on core 0)
Aug 18 09:42:10.847510 n-d-760454-11 devstack@placement-api.service[107791]: DEBUG placement.requestlog [req-d9a3005b-02d9-44ae-bcd2-2eae13f7ed89 req-ca79de93-0114-453b-8625-ee025b5cbc99 None None] Starting request: 10.222.0.43 "GET /placement/resource_providers/61f16203-ea83-4ce2-8ad8-646decf3ef29/allocations" {{(pid=107791) __call__ /opt/stack/placement/placement/requestlog.py:55}}
Aug 18 09:42:10.897034 n-d-760454-11 devstack@placement-api.service[107791]: INFO placement.requestlog [req-d9a3005b-02d9-44ae-bcd2-2eae13f7ed89 req-ca79de93-0114-453b-8625-ee025b5cbc99 service placement] 10.222.0.43 "GET /placement/resource_providers/61f16203-ea83-4ce2-8ad8-646decf3ef29/allocations" status: 200 len: 645 microversion: 1.0
Aug 18 09:42:10.897423 n-d-760454-11 devstack@placement-api.service[107791]: [pid: 107791|app: 0|req: 175/348] 10.222.0.43 () {58 vars in 1390 bytes} [Thu Aug 18 09:42:10 2022] GET /placement/resource_providers/61f16203-ea83-4ce2-8ad8-646decf3ef29/allocations => generated 645 bytes in 51 msecs (HTTP/1.1 200) 6 headers in 224 bytes (1 switches on core 0)
Aug 18 09:42:12.396108 n-d-760454-11 devstack@placement-api.service[107790]: DEBUG placement.requestlog [req-90159c44-8221-4476-96e4-10e94afb3851 req-78a9e859-4534-459f-be4a-38c9058649d7 None None] Starting request: 10.222.0.52 "DELETE /placement/allocations/ee9eb2e9-d573-4ade-9114-7bb66f8792c4" {{(pid=107790) __call__ /opt/stack/placement/placement/requestlog.py:55}}
Aug 18 09:42:12.438965 n-d-760454-11 devstack@placement-api.service[107790]: DEBUG placement.handlers.allocation [req-90159c44-8221-4476-96e4-10e94afb3851 req-78a9e859-4534-459f-be4a-38c9058649d7 service placement] Successfully deleted allocations [, , ] {{(pid=107790) delete_allocations /opt/stack/placement/placement/handlers/allocation.py:627}}
Aug 18 09:42:12.439834 n-d-760454-11 devstack@placement-api.service[107790]: INFO placement.requestlog [req-90159c44-8221-4476-96e4-10e94afb3851 req-78a9e859-4534-459f-be4a-38c9058649d7 service placement] 10.222.0.52 "DELETE /placement/allocations/ee9eb2e9-d573-4ade-9114-7bb66f8792c4" status: 204 len: 0 microversion: 1.0
Aug 18 09:42:12.440650 n-d-760454-11 devstack@placement-api.service[107790]: [pid: 107790|app: 0|req: 174/349] 10.222.0.52 () {60 vars in 1355 bytes} [Thu Aug 18 09:42:12 2022] DELETE /placement/allocations/ee9eb2e9-d573-4ade-9114-7bb66f8792c4 => generated 0 bytes in 45 msecs (HTTP/1.1 204) 5 headers in 198 bytes (1 switches on core 0)
Aug 18 09:42:19.209176 n-d-760454-11 devstack@placement-api.service[107791]: DEBUG placement.requestlog [None req-8459aaef-e355-4f2e-8246-35bbabb43b70 None None] Starting request: 10.222.0.49 "GET /placement/resource_providers/617e4786-6fd2-4d3a-8ece-09b7b8672fe9/aggregates" {{(pid=107791) __call__ /opt/stack/placement/placement/requestlog.py:55}}
Aug 18 09:42:19.222292 n-d-760454-11 devstack@placement-api.service[107791]: INFO placement.requestlog [None req-8459aaef-e355-4f2e-8246-35bbabb43b70 service placement] 10.222.0.49 "GET /placement/resource_providers/617e4786-6fd2-4d3a-8ece-09b7b8672fe9/aggregates" status: 404 len: 235 microversion: 1.1
Aug 18 09:42:19.223371 n-d-760454-11 devstack@placement-api.service[107791]: [pid: 107791|app: 0|req: 176/350] 10.222.0.49 () {58 vars in 1362 bytes} [Thu Aug 18 09:42:19 2022] GET /placement/resource_providers/617e4786-6fd2-4d3a-8ece-09b7b8672fe9/aggregates => generated 235 bytes in 14 msecs (HTTP/1.1 404) 5 headers in 202 bytes (1 switches on core 0)
Aug 18 09:42:19.235695 n-d-760454-11 devstack@placement-api.service[107790]: DEBUG placement.requestlog [None req-8108a7e7-1ac6-4a52-8f26-0c891968de2f None None] Starting request: 10.222.0.49 "DELETE /placement/resource_providers/617e4786-6fd2-4d3a-8ece-09b7b8672fe9" {{(pid=107790) __call__ /opt/stack/placement/placement/requestlog.py:55}}
Aug 18 09:42:19.261279 n-d-760454-11 devstack@placement-api.service[107790]: DEBUG placement.wsgi_wrapper [None req-8108a7e7-1ac6-4a52-8f26-0c891968de2f service placement] Placement API returning an error response: No resource provider with uuid 617e4786-6fd2-4d3a-8ece-09b7b8672fe9 found for delete {{(pid=107790) call_func /opt/stack/placement/placement/wsgi_wrapper.py:31}}
Aug 18 09:42:19.262387 n-d-760454-11 devstack@placement-api.service[107790]: INFO placement.requestlog [None req-8108a7e7-1ac6-4a52-8f26-0c891968de2f service placement] 10.222.0.49 "DELETE /placement/resource_providers/617e4786-6fd2-4d3a-8ece-09b7b8672fe9" status: 404 len: 246 microversion: 1.1
Aug 18 09:42:19.263357 n-d-760454-11 devstack@placement-api.service[107790]: [pid: 107790|app: 0|req: 175/351] 10.222.0.49 () {60 vars in 1351 bytes} [Thu Aug 18 09:42:19 2022] DELETE /placement/resource_providers/617e4786-6fd2-4d3a-8ece-09b7b8672fe9 => generated 246 bytes in 28 msecs (HTTP/1.1 404) 6 headers in 231 bytes (1 switches on core 0)
Aug 18 09:42:19.277339 n-d-760454-11 devstack@placement-api.service[107791]: DEBUG placement.requestlog [req-8471cb04-a82b-48a1-9f6a-994b7a52e069 req-2f018085-e229-46d9-9924-d63f75c82d56 None None] Starting request: 10.222.0.52 "DELETE /placement/allocations/a824eaa1-afbc-43a7-984d-10f3d20ec66f" {{(pid=107791) __call__ /opt/stack/placement/placement/requestlog.py:55}}
Aug 18 09:42:19.343193 n-d-760454-11 devstack@placement-api.service[107791]: DEBUG placement.handlers.allocation [req-8471cb04-a82b-48a1-9f6a-994b7a52e069 req-2f018085-e229-46d9-9924-d63f75c82d56 service placement] Successfully deleted allocations [, , ] {{(pid=107791) delete_allocations /opt/stack/placement/placement/handlers/allocation.py:627}}
Aug 18 09:42:19.343714 n-d-760454-11 devstack@placement-api.service[107791]: INFO placement.requestlog [req-8471cb04-a82b-48a1-9f6a-994b7a52e069 req-2f018085-e229-46d9-9924-d63f75c82d56 service placement] 10.222.0.52 "DELETE /placement/allocations/a824eaa1-afbc-43a7-984d-10f3d20ec66f" status: 204 len: 0 microversion: 1.0
Aug 18 09:42:19.344139 n-d-760454-11 devstack@placement-api.service[107791]: [pid: 107791|app: 0|req: 177/352] 10.222.0.52 () {60 vars in 1355 bytes} [Thu Aug 18 09:42:19 2022] DELETE /placement/allocations/a824eaa1-afbc-43a7-984d-10f3d20ec66f => generated 0 bytes in 67 msecs (HTTP/1.1 204) 5 headers in 198 bytes (1 switches on core 0)
Aug 18 09:42:24.032988 n-d-760454-11 devstack@placement-api.service[107790]: DEBUG placement.requestlog [req-ef4d6306-1b6f-4af5-b81e-8800abedf96f req-504c85d8-2a37-45a5-9ede-25a67a350a1e None None] Starting request: 10.222.0.43 "DELETE /placement/allocations/bb49a7cf-e2bf-4404-a3ad-d401053041d2" {{(pid=107790) __call__ /opt/stack/placement/placement/requestlog.py:55}}
Aug 18 09:42:24.079432 n-d-760454-11 devstack@placement-api.service[107790]: DEBUG placement.handlers.allocation [req-ef4d6306-1b6f-4af5-b81e-8800abedf96f req-504c85d8-2a37-45a5-9ede-25a67a350a1e service placement] Successfully deleted allocations [, , ] {{(pid=107790) delete_allocations /opt/stack/placement/placement/handlers/allocation.py:627}}
Aug 18 09:42:24.079917 n-d-760454-11 devstack@placement-api.service[107790]: INFO placement.requestlog [req-ef4d6306-1b6f-4af5-b81e-8800abedf96f req-504c85d8-2a37-45a5-9ede-25a67a350a1e service placement] 10.222.0.43 "DELETE /placement/allocations/bb49a7cf-e2bf-4404-a3ad-d401053041d2" status: 204 len: 0 microversion: 1.0
Aug 18 09:42:24.080494 n-d-760454-11 devstack@placement-api.service[107790]: [pid: 107790|app: 0|req: 176/353] 10.222.0.43 () {60 vars in 1355 bytes} [Thu Aug 18 09:42:24 2022] DELETE /placement/allocations/bb49a7cf-e2bf-4404-a3ad-d401053041d2 => generated 0 bytes in 48 msecs (HTTP/1.1 204) 5 headers in 198 bytes (1 switches on core 0)
Aug 18 09:42:29.327752 n-d-760454-11 devstack@placement-api.service[107791]: DEBUG dbcounter [-] [107791] Writing DB stats placement:SELECT=23,placement:DELETE=2 {{(pid=107791) stat_writer /usr/local/lib/python3.8/dist-packages/dbcounter.py:114}}
Aug 18 09:42:34.074491 n-d-760454-11 devstack@placement-api.service[107790]: DEBUG dbcounter [-] [107790] Writing DB stats placement:SELECT=44,placement:DELETE=6 {{(pid=107790) stat_writer /usr/local/lib/python3.8/dist-packages/dbcounter.py:114}}
Aug 18 09:42:35.313259 n-d-760454-11 devstack@placement-api.service[107791]: DEBUG placement.requestlog [req-565eff31-7873-4fe8-9fd4-9a29fd598c4b req-78e06583-1388-4c24-8378-b12c834452f6 None None] Starting request: 10.222.0.52 "GET /placement/allocations/c7d4deb9-1738-4465-a400-6357d26865c3" {{(pid=107791) __call__ /opt/stack/placement/placement/requestlog.py:55}}
Aug 18 09:42:35.335040 n-d-760454-11 devstack@placement-api.service[107791]: INFO placement.requestlog [req-565eff31-7873-4fe8-9fd4-9a29fd598c4b req-78e06583-1388-4c24-8378-b12c834452f6 service placement] 10.222.0.52 "GET /placement/allocations/c7d4deb9-1738-4465-a400-6357d26865c3" status: 200 len: 259 microversion: 1.28
Aug 18 09:42:35.335699 n-d-760454-11 devstack@placement-api.service[107791]: [pid: 107791|app: 0|req: 178/354] 10.222.0.52 () {60 vars in 1377 bytes} [Thu Aug 18 09:42:35 2022] GET /placement/allocations/c7d4deb9-1738-4465-a400-6357d26865c3 => generated 259 bytes in 23 msecs (HTTP/1.1 200) 8 headers in 296 bytes (2 switches on core 0)
Aug 18 09:42:45.332305 n-d-760454-11 devstack@placement-api.service[107791]: DEBUG dbcounter [-] [107791] Writing DB stats placement:SELECT=4 {{(pid=107791) stat_writer /usr/local/lib/python3.8/dist-packages/dbcounter.py:114}}
Aug 18 09:42:48.846655 n-d-760454-11 devstack@placement-api.service[107790]: DEBUG placement.requestlog [req-b174f2ef-2d6c-4bfb-be48-88a7903d0a3d req-7f1ff588-6622-4fcd-a49b-5455e96e1c0a None None] Starting request: 10.222.0.43 "GET /placement/allocations/61d48704-0d16-42d8-a8ee-3a11f1fac945" {{(pid=107790) __call__ /opt/stack/placement/placement/requestlog.py:55}}
Aug 18 09:42:48.888224 n-d-760454-11 devstack@placement-api.service[107790]: INFO placement.requestlog [req-b174f2ef-2d6c-4bfb-be48-88a7903d0a3d req-7f1ff588-6622-4fcd-a49b-5455e96e1c0a service placement] 10.222.0.43 "GET /placement/allocations/61d48704-0d16-42d8-a8ee-3a11f1fac945" status: 200 len: 259 microversion: 1.28
Aug 18 09:42:48.895379 n-d-760454-11 devstack@placement-api.service[107790]: [pid: 107790|app: 0|req: 177/355] 10.222.0.43 () {60 vars in 1377 bytes} [Thu Aug 18 09:42:48 2022] GET /placement/allocations/61d48704-0d16-42d8-a8ee-3a11f1fac945 => generated 259 bytes in 48 msecs (HTTP/1.1 200) 8 headers in 296 bytes (2 switches on core 0)
Aug 18 09:42:48.911884 n-d-760454-11 devstack@placement-api.service[107791]: DEBUG placement.requestlog [req-b174f2ef-2d6c-4bfb-be48-88a7903d0a3d req-13bc460e-1d63-4ef1-8b99-392ab1af8d31 None None] Starting request: 10.222.0.43 "GET /placement/allocations/61d48704-0d16-42d8-a8ee-3a11f1fac945" {{(pid=107791) __call__ /opt/stack/placement/placement/requestlog.py:55}}
Aug 18 09:42:48.959490 n-d-760454-11 devstack@placement-api.service[107791]: INFO placement.requestlog [req-b174f2ef-2d6c-4bfb-be48-88a7903d0a3d req-13bc460e-1d63-4ef1-8b99-392ab1af8d31 service placement] 10.222.0.43 "GET /placement/allocations/61d48704-0d16-42d8-a8ee-3a11f1fac945" status: 200 len: 259 microversion: 1.28
Aug 18 09:42:48.960722 n-d-760454-11 devstack@placement-api.service[107791]: [pid: 107791|app: 0|req: 179/356] 10.222.0.43 () {60 vars in 1377 bytes} [Thu Aug 18 09:42:48 2022] GET /placement/allocations/61d48704-0d16-42d8-a8ee-3a11f1fac945 => generated 259 bytes in 50 msecs (HTTP/1.1 200) 8 headers in 296 bytes (1 switches on core 0)
Aug 18 09:42:48.968570 n-d-760454-11 devstack@placement-api.service[107790]: DEBUG placement.requestlog [req-b174f2ef-2d6c-4bfb-be48-88a7903d0a3d req-8ecad210-850e-412c-bae5-df921508ea18 None None] Starting request: 10.222.0.43 "GET /placement/allocations/c7d4deb9-1738-4465-a400-6357d26865c3" {{(pid=107790) __call__ /opt/stack/placement/placement/requestlog.py:55}}
Aug 18 09:42:49.011909 n-d-760454-11 devstack@placement-api.service[107791]: DEBUG placement.requestlog [req-832d8ce0-2105-4131-b2b6-6456900e7da0 req-2820438e-3119-429b-97ed-c1778d6d11bc None None] Starting request: 10.222.0.52 "DELETE /placement/allocations/98a8e1fb-c692-432c-9eee-449df2af0b7a" {{(pid=107791) __call__ /opt/stack/placement/placement/requestlog.py:55}}
Aug 18 09:42:49.021306 n-d-760454-11 devstack@placement-api.service[107790]: INFO placement.requestlog [req-b174f2ef-2d6c-4bfb-be48-88a7903d0a3d req-8ecad210-850e-412c-bae5-df921508ea18 service placement] 10.222.0.43 "GET /placement/allocations/c7d4deb9-1738-4465-a400-6357d26865c3" status: 200 len: 259 microversion: 1.28
Aug 18 09:42:49.025055 n-d-760454-11 devstack@placement-api.service[107790]: [pid: 107790|app: 0|req: 178/357] 10.222.0.43 () {60 vars in 1377 bytes} [Thu Aug 18 09:42:48 2022] GET /placement/allocations/c7d4deb9-1738-4465-a400-6357d26865c3 => generated 259 bytes in 57 msecs (HTTP/1.1 200) 8 headers in 296 bytes (1 switches on core 0)
Aug 18 09:42:49.048847 n-d-760454-11 devstack@placement-api.service[107790]: DEBUG placement.requestlog [req-b174f2ef-2d6c-4bfb-be48-88a7903d0a3d req-bae85c3b-3bb5-4020-b184-8c01a006487e None None] Starting request: 10.222.0.43 "POST /placement/allocations" {{(pid=107790) __call__ /opt/stack/placement/placement/requestlog.py:55}}
Aug 18 09:42:49.110785 n-d-760454-11 devstack@placement-api.service[107791]: DEBUG placement.handlers.allocation [req-832d8ce0-2105-4131-b2b6-6456900e7da0 req-2820438e-3119-429b-97ed-c1778d6d11bc service placement] Successfully deleted allocations [, ] {{(pid=107791) delete_allocations /opt/stack/placement/placement/handlers/allocation.py:627}}
Aug 18 09:42:49.111905 n-d-760454-11 devstack@placement-api.service[107791]: INFO placement.requestlog [req-832d8ce0-2105-4131-b2b6-6456900e7da0 req-2820438e-3119-429b-97ed-c1778d6d11bc service placement] 10.222.0.52 "DELETE /placement/allocations/98a8e1fb-c692-432c-9eee-449df2af0b7a" status: 204 len: 0 microversion: 1.0
Aug 18 09:42:49.114273 n-d-760454-11 devstack@placement-api.service[107791]: [pid: 107791|app: 0|req: 180/358] 10.222.0.52 () {60 vars in 1355 bytes} [Thu Aug 18 09:42:49 2022] DELETE /placement/allocations/98a8e1fb-c692-432c-9eee-449df2af0b7a => generated 0 bytes in 102 msecs (HTTP/1.1 204) 5 headers in 198 bytes (1 switches on core 0)
Aug 18 09:42:49.375861 n-d-760454-11 devstack@placement-api.service[107790]: DEBUG placement.handlers.allocation [req-b174f2ef-2d6c-4bfb-be48-88a7903d0a3d req-bae85c3b-3bb5-4020-b184-8c01a006487e service placement] Successfully wrote allocations [, , , , , ] {{(pid=107790) _update_consumers_and_create_allocations /opt/stack/placement/placement/handlers/allocation.py:572}}
Aug 18 09:42:49.381662 n-d-760454-11 devstack@placement-api.service[107790]: INFO placement.requestlog [req-b174f2ef-2d6c-4bfb-be48-88a7903d0a3d req-bae85c3b-3bb5-4020-b184-8c01a006487e service placement] 10.222.0.43 "POST /placement/allocations" status: 204 len: 0 microversion: 1.28
Aug 18 09:42:49.382679 n-d-760454-11 devstack@placement-api.service[107790]: [pid: 107790|app: 0|req: 179/359] 10.222.0.43 () {64 vars in 1320 bytes} [Thu Aug 18 09:42:49 2022] POST /placement/allocations => generated 0 bytes in 343 msecs (HTTP/1.1 204) 5 headers in 199 bytes (1 switches on core 0)
Aug 18 09:42:52.047028 n-d-760454-11 devstack@placement-api.service[107791]: DEBUG placement.requestlog [req-e471c4f4-eef0-431e-a804-1807f5060774 req-fc20c090-87cf-4f8b-b3ea-eae9a8b502c3 None None] Starting request: 10.222.0.43 "GET /placement/resource_providers/61f16203-ea83-4ce2-8ad8-646decf3ef29/allocations" {{(pid=107791) __call__ /opt/stack/placement/placement/requestlog.py:55}}
Aug 18 09:42:52.113712 n-d-760454-11 devstack@placement-api.service[107791]: INFO placement.requestlog [req-e471c4f4-eef0-431e-a804-1807f5060774 req-fc20c090-87cf-4f8b-b3ea-eae9a8b502c3 service placement] 10.222.0.43 "GET /placement/resource_providers/61f16203-ea83-4ce2-8ad8-646decf3ef29/allocations" status: 200 len: 544 microversion: 1.0
Aug 18 09:42:52.118923 n-d-760454-11 devstack@placement-api.service[107791]: [pid: 107791|app: 0|req: 181/360] 10.222.0.43 () {58 vars in 1390 bytes} [Thu Aug 18 09:42:52 2022] GET /placement/resource_providers/61f16203-ea83-4ce2-8ad8-646decf3ef29/allocations => generated 544 bytes in 72 msecs (HTTP/1.1 200) 6 headers in 224 bytes (1 switches on core 0)
Aug 18 09:42:52.567618 n-d-760454-11 devstack@placement-api.service[107790]: DEBUG placement.requestlog [req-e471c4f4-eef0-431e-a804-1807f5060774 req-4fa7f95f-1202-4f7d-84d3-0dcc7543fbce None None] Starting request: 10.222.0.43 "GET /placement/allocations/524c1b87-39bd-4e84-996f-12b8b621fb0f" {{(pid=107790) __call__ /opt/stack/placement/placement/requestlog.py:55}}
