Jan 27 19:11:17.416496 n-d-760453-6 neutron-server[103324]: DEBUG neutron.plugins.ml2.rpc [None req-80c65bd7-f402-4276-bdaa-d2b8c22f75a7 None None] Device a9d283d8-a781-44e4-8ada-fe5b7d963b86 details requested by agent hyperv_n-h2-760453-6 with host n-h2-760453-6 {{(pid=103324) get_device_details /opt/stack/neutron/neutron/plugins/ml2/rpc.py:102}}
Jan 27 19:11:17.468566 n-d-760453-6 neutron-server[103323]: DEBUG neutron_lib.callbacks.manager [None req-310a04e9-dbd5-4f5e-8f65-59b8945e1344 admin admin] Publish callbacks [] for security_group (c9d0a91e-a4dd-4055-8103-27631464194a), before_delete {{(pid=103323) _notify_loop /usr/local/lib/python3.8/dist-packages/neutron_lib/callbacks/manager.py:176}}
Jan 27 19:11:17.531081 n-d-760453-6 neutron-server[103325]: DEBUG neutron.db.l3_hamode_db [None req-3c0dda53-ec39-4ca3-8dc6-223debd1d340 None None] neutron.services.l3_router.l3_router_plugin.L3RouterPlugin method _process_sync_ha_data called with arguments (, [{'id': 'f475f60d-f42a-4e85-99e3-bf4d28b36d2a', 'name': 'tempest-FloatingIPsTestJSON-154851100-router', 'tenant_id': '65362594c5224b3bb3016cdaed7e69e4', 'admin_state_up': True, 'status': 'ACTIVE', 'external_gateway_info': {'network_id': '935fd5be-0ace-4211-a3ca-c909b2cca822', 'external_fixed_ips': [{'subnet_id': 'd9e3a76d-5466-4c88-957e-c1e733c78118', 'ip_address': '172.25.5.78'}], 'enable_snat': True}, 'gw_port_id': '0a9685dd-d6d7-4c41-a2b9-3d5f677b46d8', 'description': '', 'availability_zones': ['nova'], 'distributed': False, 'ha': False, 'ha_vr_id': 0, 'availability_zone_hints': [], 'routes': [], 'flavor_id': None, 'tags': [], 'created_at': '2022-01-27T19:11:02Z', 'updated_at': '2022-01-27T19:11:13Z', 'revision_number': 4, 'project_id': '65362594c5224b3bb3016cdaed7e69e4', 'gw_port': {'id': '0a9685dd-d6d7-4c41-a2b9-3d5f677b46d8', 'name': '', 'network_id': '935fd5be-0ace-4211-a3ca-c909b2cca822', 'tenant_id': '', 'mac_address': 'fa:16:3e:18:eb:db', 'admin_state_up': True, 'status': 'ACTIVE', 'device_id': 'f475f60d-f42a-4e85-99e3-bf4d28b36d2a', 'device_owner': 'network:router_gateway', 'standard_attr_id': 320, 'fixed_ips': [{'subnet_id': 'd9e3a76d-5466-4c88-957e-c1e733c78118', 'ip_address': '172.25.5.78', 'prefixlen': 24}], 'allowed_address_pairs': [], 'extra_dhcp_opts': [], 'security_groups': [], 'description': '', 'binding:vnic_type': 'normal', 'binding:profile': {}, 'binding:host_id': 'n-d-760453-6', 'binding:vif_type': 'ovs', 'binding:vif_details': {'connectivity': 'l2', 'port_filter': True, 'ovs_hybrid_plug': False, 'datapath_type': 'system', 'bridge_name': 'br-int'}, 'port_security_enabled': False, 'tags': [], 'created_at': '2022-01-27T19:11:04Z', 'updated_at': '2022-01-27T19:11:13Z', 'revision_number': 4, 'project_id': '', 'subnets': [{'id': 'd9e3a76d-5466-4c88-957e-c1e733c78118', 'cidr': '172.25.5.0/24', 'gateway_ip': '172.25.5.1', 'dns_nameservers': [], 'ipv6_ra_mode': None, 'subnetpool_id': None}], 'extra_subnets': [], 'address_scopes': {4: None, 6: None}, 'mtu': 1500}, 'enable_snat': True, 'gw_port_host': 'n-d-760453-6', '_interfaces': [{'id': 'b895b227-c90e-4322-aee1-2ebaf6214e08', 'name': '', 'network_id': '182e8b11-5020-451e-821b-90b1a892782c', 'tenant_id': '65362594c5224b3bb3016cdaed7e69e4', 'mac_address': 'fa:16:3e:79:13:d4', 'admin_state_up': True, 'status': 'DOWN', 'device_id': 'f475f60d-f42a-4e85-99e3-bf4d28b36d2a', 'device_owner': 'network:router_interface', 'standard_attr_id': 326, 'fixed_ips': [{'subnet_id': '9edafbdf-5437-4604-9b0c-bc00f240fa85', 'ip_address': '172.20.0.1', 'prefixlen': 28}], 'allowed_address_pairs': [], 'extra_dhcp_opts': [], 'security_groups': [], 'description': '', 'binding:vnic_type': 'normal', 'binding:profile': {}, 'binding:host_id': '', 'binding:vif_type': 'unbound', 'binding:vif_details': {}, 'port_security_enabled': False, 'tags': [], 'created_at': '2022-01-27T19:11:10Z', 'updated_at': '2022-01-27T19:11:13Z', 'revision_number': 2, 'project_id': '65362594c5224b3bb3016cdaed7e69e4', 'subnets': [{'id': '9edafbdf-5437-4604-9b0c-bc00f240fa85', 'cidr': '172.20.0.0/28', 'gateway_ip': '172.20.0.1', 'dns_nameservers': [], 'ipv6_ra_mode': None, 'subnetpool_id': None}], 'extra_subnets': [], 'address_scopes': {4: None, 6: None}, 'mtu': 1500}]}], 'n-d-760453-6', False) {} {{(pid=103325) wrapper /usr/local/lib/python3.8/dist-packages/oslo_log/helpers.py:65}}
Jan 27 19:11:17.563604 n-d-760453-6 neutron-server[103323]: DEBUG neutron_lib.callbacks.manager [None req-310a04e9-dbd5-4f5e-8f65-59b8945e1344 admin admin] Publish callbacks [] for security_group (c9d0a91e-a4dd-4055-8103-27631464194a), precommit_delete {{(pid=103323) _notify_loop /usr/local/lib/python3.8/dist-packages/neutron_lib/callbacks/manager.py:176}}
Jan 27 19:11:17.598359 n-d-760453-6 neutron-server[103322]: INFO neutron.wsgi [req-12cc615b-344e-4da1-82cf-c95a2c71bdcd req-a7df489d-6560-4e9a-9ecc-4cef32778afb service neutron] 10.222.0.66 "GET /v2.0/security-groups?id=d866904e-768a-4a8b-87cb-73611971cc3d&fields=id&fields=name HTTP/1.1" status: 200 len: 286 time: 0.2524512
Jan 27 19:11:17.627749 n-d-760453-6 neutron-server[103325]: DEBUG neutron.api.rpc.handlers.l3_rpc [None req-3c0dda53-ec39-4ca3-8dc6-223debd1d340 None None] Checking router: f475f60d-f42a-4e85-99e3-bf4d28b36d2a for host: n-d-760453-6 {{(pid=103325) _ensure_host_set_on_ports /opt/stack/neutron/neutron/api/rpc/handlers/l3_rpc.py:155}}
Jan 27 19:11:17.629159 n-d-760453-6 neutron-server[103325]: DEBUG neutron.api.rpc.handlers.l3_rpc [None req-3c0dda53-ec39-4ca3-8dc6-223debd1d340 None None] Updating router f475f60d-f42a-4e85-99e3-bf4d28b36d2a port b895b227-c90e-4322-aee1-2ebaf6214e08 binding host n-d-760453-6 {{(pid=103325) _ensure_host_set_on_port /opt/stack/neutron/neutron/api/rpc/handlers/l3_rpc.py:205}}
Jan 27 19:11:17.634907 n-d-760453-6 neutron-server[103323]: DEBUG neutron.pecan_wsgi.hooks.policy_enforcement [req-3515d124-36b3-4552-ad93-6dd19b8fc06d req-4c4ab439-9606-4f3c-a890-df15cd65ecbe tempest-LiveMigrationNegativeTest-531323487 tempest-LiveMigrationNegativeTest-531323487-project] Attributes excluded by policy engine: ['standard_attr_id', 'binding:profile', 'binding:host_id', 'binding:vif_type', 'binding:vif_details'] {{(pid=103323) _exclude_attributes_by_policy /opt/stack/neutron/neutron/pecan_wsgi/hooks/policy_enforcement.py:255}}
Jan 27 19:11:17.638176 n-d-760453-6 neutron-server[103322]: DEBUG neutron.wsgi [-] (103322) accepted ('10.222.0.59', 57658) {{(pid=103322) server /usr/local/lib/python3.8/dist-packages/eventlet/wsgi.py:1004}}
Jan 27 19:11:17.641347 n-d-760453-6 neutron-server[103323]: INFO neutron.wsgi [req-3515d124-36b3-4552-ad93-6dd19b8fc06d req-4c4ab439-9606-4f3c-a890-df15cd65ecbe tempest-LiveMigrationNegativeTest-531323487 tempest-LiveMigrationNegativeTest-531323487-project] 10.222.0.59 "GET /v2.0/ports?device_id=47752e40-d349-40f8-8e31-ce9b1e00cb59 HTTP/1.1" status: 200 len: 948 time: 0.1931400
Jan 27 19:11:17.674800 n-d-760453-6 neutron-server[103322]: DEBUG neutron.pecan_wsgi.hooks.policy_enforcement [req-91dc15b4-b40f-4236-a60f-638388ac6024 req-c1ccd549-4bcb-47df-af24-760bf915fe11 service neutron] Attributes excluded by policy engine: ['standard_attr_id', 'vlan_transparent'] {{(pid=103322) _exclude_attributes_by_policy /opt/stack/neutron/neutron/pecan_wsgi/hooks/policy_enforcement.py:255}}
Jan 27 19:11:17.678760 n-d-760453-6 neutron-server[103322]: INFO neutron.wsgi [req-91dc15b4-b40f-4236-a60f-638388ac6024 req-c1ccd549-4bcb-47df-af24-760bf915fe11 service neutron] 10.222.0.66 "GET /v2.0/networks?id=dafe67dd-81e9-44aa-b6a0-0a192e294674 HTTP/1.1" status: 200 len: 909 time: 0.3901548
Jan 27 19:11:17.753106 n-d-760453-6 neutron-server[103324]: DEBUG neutron.plugins.ml2.db [None req-80c65bd7-f402-4276-bdaa-d2b8c22f75a7 None None] For port a9d283d8-a781-44e4-8ada-fe5b7d963b86, host n-h2-760453-6, got binding levels [PortBindingLevel(driver='hyperv',host='n-h2-760453-6',level=0,port_id=a9d283d8-a781-44e4-8ada-fe5b7d963b86,segment=NetworkSegment(17750b0d-453f-43dc-8631-d6fc0607446f),segment_id=17750b0d-453f-43dc-8631-d6fc0607446f)] {{(pid=103324) get_binding_level_objs /opt/stack/neutron/neutron/plugins/ml2/db.py:74}}
Jan 27 19:11:17.768950 n-d-760453-6 neutron-server[103322]: DEBUG neutron_lib.callbacks.manager [None req-6d7d462f-0659-49bc-8f8d-dd50fd39e68e admin admin] Publish callbacks [] for security_group (202c1cc8-ca50-4664-ac6f-6d433a70e4c5), precommit_create {{(pid=103322) _notify_loop /usr/local/lib/python3.8/dist-packages/neutron_lib/callbacks/manager.py:176}}
Jan 27 19:11:17.780460 n-d-760453-6 neutron-server[103322]: DEBUG neutron_lib.callbacks.manager [None req-6d7d462f-0659-49bc-8f8d-dd50fd39e68e admin admin] Publish callbacks ['neutron.plugins.ml2.ovo_rpc._ObjectChangeHandler.handle_event-8107698'] for security_group (202c1cc8-ca50-4664-ac6f-6d433a70e4c5), after_create {{(pid=103322) _notify_loop /usr/local/lib/python3.8/dist-packages/neutron_lib/callbacks/manager.py:176}}
Jan 27 19:11:17.783926 n-d-760453-6 neutron-server[103324]: DEBUG neutron.plugins.ml2.rpc [None req-80c65bd7-f402-4276-bdaa-d2b8c22f75a7 None None] Returning: {'device': 'a9d283d8-a781-44e4-8ada-fe5b7d963b86', 'network_id': '6a17bef5-2532-4647-806e-18be5e595bf0', 'port_id': 'a9d283d8-a781-44e4-8ada-fe5b7d963b86', 'mac_address': 'fa:16:3e:41:47:9d', 'admin_state_up': True, 'network_type': 'vlan', 'segmentation_id': 525, 'physical_network': 'physnet1', 'mtu': 1500, 'fixed_ips': [{'subnet_id': 'dcccce41-06cb-4c05-a28b-5fff5104de52', 'ip_address': '192.168.233.182'}], 'device_owner': 'compute:nova', 'allowed_address_pairs': [], 'port_security_enabled': True, 'qos_policy_id': None, 'network_qos_policy_id': None, 'profile': {}, 'propagate_uplink_status': False} {{(pid=103324) _get_device_details /opt/stack/neutron/neutron/plugins/ml2/rpc.py:184}}
Jan 27 19:11:17.819694 n-d-760453-6 neutron-server[103325]: DEBUG neutron_lib.callbacks.manager [None req-3c0dda53-ec39-4ca3-8dc6-223debd1d340 None None] Publish callbacks ['neutron.plugins.ml2.plugin.SecurityGroupDbMixin._ensure_default_security_group_handler-942968'] for port (b895b227-c90e-4322-aee1-2ebaf6214e08), before_update {{(pid=103325) _notify_loop /usr/local/lib/python3.8/dist-packages/neutron_lib/callbacks/manager.py:176}}
Jan 27 19:11:17.866950 n-d-760453-6 neutron-server[103323]: INFO neutron.wsgi [req-3515d124-36b3-4552-ad93-6dd19b8fc06d req-a8ff8f2a-b7e6-4a3d-8f19-b3edef1a8aee tempest-LiveMigrationNegativeTest-531323487 tempest-LiveMigrationNegativeTest-531323487-project] 10.222.0.59 "GET /v2.0/security-groups?id=224dd42e-bd97-46ba-935b-98f0f332eedc&fields=id&fields=name HTTP/1.1" status: 200 len: 286 time: 0.1705573
Jan 27 19:11:17.870260 n-d-760453-6 neutron-server[103324]: DEBUG neutron.plugins.ml2.plugin [None req-80c65bd7-f402-4276-bdaa-d2b8c22f75a7 None None] Current status of the port a9d283d8-a781-44e4-8ada-fe5b7d963b86 is: DOWN; New status is: BUILD {{(pid=103324) _update_individual_port_db_status /opt/stack/neutron/neutron/plugins/ml2/plugin.py:2225}}
Jan 27 19:11:17.870882 n-d-760453-6 neutron-server[103324]: DEBUG neutron_lib.callbacks.manager [None req-80c65bd7-f402-4276-bdaa-d2b8c22f75a7 None None] Publish callbacks ['neutron.plugins.ml2.plugin.SecurityGroupDbMixin._ensure_default_security_group_handler-942968'] for port (a9d283d8-a781-44e4-8ada-fe5b7d963b86), before_update {{(pid=103324) _notify_loop /usr/local/lib/python3.8/dist-packages/neutron_lib/callbacks/manager.py:176}}
Jan 27 19:11:17.895628 n-d-760453-6 neutron-server[103323]: DEBUG neutron_lib.callbacks.manager [None req-310a04e9-dbd5-4f5e-8f65-59b8945e1344 admin admin] Publish callbacks ['neutron.plugins.ml2.ovo_rpc._ObjectChangeHandler.handle_event-8107698'] for security_group (c9d0a91e-a4dd-4055-8103-27631464194a), after_delete {{(pid=103323) _notify_loop /usr/local/lib/python3.8/dist-packages/neutron_lib/callbacks/manager.py:176}}
Jan 27 19:11:17.899700 n-d-760453-6 neutron-server[103322]: INFO neutron.wsgi [None req-6d7d462f-0659-49bc-8f8d-dd50fd39e68e admin admin] 10.222.0.59 "GET /v2.0/security-groups?tenant_id=d44430fa0aa24dc8a3c7033d19eaf6a4&name=default HTTP/1.1" status: 200 len: 2996 time: 0.6229455
Jan 27 19:11:17.901571 n-d-760453-6 neutron-server[103323]: DEBUG neutron_lib.callbacks.manager [None req-310a04e9-dbd5-4f5e-8f65-59b8945e1344 admin admin] Publish callbacks [] for security_group (None), before_response {{(pid=103323) _notify_loop /usr/local/lib/python3.8/dist-packages/neutron_lib/callbacks/manager.py:176}}
Jan 27 19:11:17.904294 n-d-760453-6 neutron-server[103323]: INFO neutron.wsgi [None req-310a04e9-dbd5-4f5e-8f65-59b8945e1344 admin admin] 10.222.0.59 "DELETE /v2.0/security-groups/c9d0a91e-a4dd-4055-8103-27631464194a HTTP/1.1" status: 204 len: 168 time: 0.5688729
Jan 27 19:11:17.909696 n-d-760453-6 neutron-server[103323]: DEBUG neutron.wsgi [-] (103323) accepted ('10.222.0.59', 57666) {{(pid=103323) server /usr/local/lib/python3.8/dist-packages/eventlet/wsgi.py:1004}}
Jan 27 19:11:17.922245 n-d-760453-6 neutron-server[103322]: DEBUG neutron.api.rpc.handlers.resources_rpc [None req-6d7d462f-0659-49bc-8f8d-dd50fd39e68e admin admin] Pushing event updated for resources: {'SecurityGroup': ['ID=202c1cc8-ca50-4664-ac6f-6d433a70e4c5,revision_number=1']} {{(pid=103322) push /opt/stack/neutron/neutron/api/rpc/handlers/resources_rpc.py:237}}
Jan 27 19:11:17.976645 n-d-760453-6 neutron-server[103324]: DEBUG neutron.notifiers.nova [None req-80c65bd7-f402-4276-bdaa-d2b8c22f75a7 None None] Ignoring state change previous_port_status: DOWN current_port_status: BUILD port_id a9d283d8-a781-44e4-8ada-fe5b7d963b86 {{(pid=103324) record_port_status_changed /opt/stack/neutron/neutron/notifiers/nova.py:228}}
Jan 27 19:11:18.024563 n-d-760453-6 neutron-server[103322]: INFO neutron.wsgi [req-91dc15b4-b40f-4236-a60f-638388ac6024 req-53a78014-9390-4c8f-8d77-df4db708e607 service neutron] 10.222.0.66 "GET /v2.0/floatingips?fixed_ip_address=172.20.0.11&port_id=266603df-fe46-4115-ae95-621502bf668f HTTP/1.1" status: 200 len: 217 time: 0.1353495
Jan 27 19:11:18.041172 n-d-760453-6 neutron-server[103323]: DEBUG neutron.api.rpc.handlers.resources_rpc [None req-310a04e9-dbd5-4f5e-8f65-59b8945e1344 admin admin] Pushing event deleted for resources: {'SecurityGroup': ['ID=c9d0a91e-a4dd-4055-8103-27631464194a,revision_number=None']} {{(pid=103323) push /opt/stack/neutron/neutron/api/rpc/handlers/resources_rpc.py:237}}
Jan 27 19:11:18.085803 n-d-760453-6 neutron-server[103322]: DEBUG neutron_lib.callbacks.manager [None req-bc3f007a-6bd5-40e7-872f-131e1e0f37df admin admin] Publish callbacks [] for security_group (None), before_create {{(pid=103322) _notify_loop /usr/local/lib/python3.8/dist-packages/neutron_lib/callbacks/manager.py:176}}
Jan 27 19:11:18.096694 n-d-760453-6 neutron-server[103324]: DEBUG neutron.plugins.ml2.db [None req-80c65bd7-f402-4276-bdaa-d2b8c22f75a7 None None] For port a9d283d8-a781-44e4-8ada-fe5b7d963b86, host n-h2-760453-6, got binding levels [PortBindingLevel(driver='hyperv',host='n-h2-760453-6',level=0,port_id=a9d283d8-a781-44e4-8ada-fe5b7d963b86,segment=NetworkSegment(17750b0d-453f-43dc-8631-d6fc0607446f),segment_id=17750b0d-453f-43dc-8631-d6fc0607446f)] {{(pid=103324) get_binding_level_objs /opt/stack/neutron/neutron/plugins/ml2/db.py:74}}
Jan 27 19:11:18.108143 n-d-760453-6 neutron-server[103324]: DEBUG neutron_lib.callbacks.manager [None req-80c65bd7-f402-4276-bdaa-d2b8c22f75a7 None None] Publish callbacks ['neutron.plugins.ml2.plugin.SecurityGroupServerNotifierRpcMixin._notify_sg_on_port_change-949845', 'neutron.plugins.ml2.ovo_rpc._ObjectChangeHandler.handle_event-235885', 'neutron.api.rpc.agentnotifiers.dhcp_rpc_agent_api.DhcpAgentNotifyAPI._native_event_send_dhcp_notification-8323548', 'neutron.db.l3_db.L3RpcNotifierMixin._notify_gateway_port_ip_changed-8781165712348', 'neutron.db.l3_dvrscheduler_db._notify_l3_agent_port_update-8781165169219', 'neutron.db.l3_hascheduler_db._notify_l3_agent_ha_port_update-8781165169237'] for port (a9d283d8-a781-44e4-8ada-fe5b7d963b86), after_update {{(pid=103324) _notify_loop /usr/local/lib/python3.8/dist-packages/neutron_lib/callbacks/manager.py:176}}
Jan 27 19:11:18.188560 n-d-760453-6 neutron-server[103324]: DEBUG neutron.api.rpc.handlers.resources_rpc [None req-80c65bd7-f402-4276-bdaa-d2b8c22f75a7 None None] Pushing event updated for resources: {'Port': ['ID=a9d283d8-a781-44e4-8ada-fe5b7d963b86,revision_number=4']} {{(pid=103324) push /opt/stack/neutron/neutron/api/rpc/handlers/resources_rpc.py:237}}
Jan 27 19:11:18.242319 n-d-760453-6 neutron-server[103322]: DEBUG neutron.pecan_wsgi.hooks.policy_enforcement [req-91dc15b4-b40f-4236-a60f-638388ac6024 req-8d3f3449-3328-46a5-9b98-52f8a5fac423 service neutron] Attributes excluded by policy engine: ['standard_attr_id', 'shared'] {{(pid=103322) _exclude_attributes_by_policy /opt/stack/neutron/neutron/pecan_wsgi/hooks/policy_enforcement.py:255}}
Jan 27 19:11:18.244276 n-d-760453-6 neutron-server[103322]: INFO neutron.wsgi [req-91dc15b4-b40f-4236-a60f-638388ac6024 req-8d3f3449-3328-46a5-9b98-52f8a5fac423 service neutron] 10.222.0.66 "GET /v2.0/subnets?id=3b7afd0b-478d-4a8a-bd82-c6d32f8260c9 HTTP/1.1" status: 200 len: 848 time: 0.1844385
Jan 27 19:11:18.317996 n-d-760453-6 neutron-server[103322]: INFO neutron.wsgi [req-91dc15b4-b40f-4236-a60f-638388ac6024 req-6ca188eb-217e-4d8b-9fc3-a70ebd804a7c service neutron] 10.222.0.66 "GET /v2.0/ports?network_id=dafe67dd-81e9-44aa-b6a0-0a192e294674&device_owner=network%3Adhcp HTTP/1.1" status: 200 len: 210 time: 0.0609879
Jan 27 19:11:18.356196 n-d-760453-6 neutron-server[103324]: DEBUG neutron.plugins.ml2.db [None req-80c65bd7-f402-4276-bdaa-d2b8c22f75a7 None None] get_ports_and_sgs() called for port_ids ['a9d283d8-a781-44e4-8ada-fe5b7d963b86'] {{(pid=103324) get_ports_and_sgs /opt/stack/neutron/neutron/plugins/ml2/db.py:156}}
Jan 27 19:11:18.586157 n-d-760453-6 neutron-server[103322]: DEBUG neutron_lib.callbacks.manager [None req-bc3f007a-6bd5-40e7-872f-131e1e0f37df admin admin] Publish callbacks [] for security_group (17e8984b-7be5-4906-90d7-f1205723b8c2), precommit_create {{(pid=103322) _notify_loop /usr/local/lib/python3.8/dist-packages/neutron_lib/callbacks/manager.py:176}}
Jan 27 19:11:18.656163 n-d-760453-6 neutron-server[103322]: DEBUG neutron.wsgi [-] (103322) accepted ('10.222.0.59', 57682) {{(pid=103322) server /usr/local/lib/python3.8/dist-packages/eventlet/wsgi.py:1004}}
Jan 27 19:11:18.658843 n-d-760453-6 neutron-server[103322]: DEBUG neutron_lib.callbacks.manager [None req-bc3f007a-6bd5-40e7-872f-131e1e0f37df admin admin] Publish callbacks ['neutron.plugins.ml2.ovo_rpc._ObjectChangeHandler.handle_event-8107698'] for security_group (17e8984b-7be5-4906-90d7-f1205723b8c2), after_create {{(pid=103322) _notify_loop /usr/local/lib/python3.8/dist-packages/neutron_lib/callbacks/manager.py:176}}
Jan 27 19:11:18.711655 n-d-760453-6 neutron-server[103325]: DEBUG neutron_lib.callbacks.manager [None req-3c0dda53-ec39-4ca3-8dc6-223debd1d340 None None] Publish callbacks [] for port (b895b227-c90e-4322-aee1-2ebaf6214e08), precommit_update {{(pid=103325) _notify_loop /usr/local/lib/python3.8/dist-packages/neutron_lib/callbacks/manager.py:176}}
Jan 27 19:11:18.720285 n-d-760453-6 neutron-server[103325]: DEBUG neutron_lib.callbacks.manager [None req-3c0dda53-ec39-4ca3-8dc6-223debd1d340 None None] Publish callbacks ['neutron.plugins.ml2.plugin.SecurityGroupServerNotifierRpcMixin._notify_sg_on_port_change-949845', 'neutron.plugins.ml2.ovo_rpc._ObjectChangeHandler.handle_event-235885', 'neutron.api.rpc.agentnotifiers.dhcp_rpc_agent_api.DhcpAgentNotifyAPI._native_event_send_dhcp_notification-8323548', 'neutron.db.l3_db.L3RpcNotifierMixin._notify_gateway_port_ip_changed-8781165712348', 'neutron.db.l3_dvrscheduler_db._notify_l3_agent_port_update-8781165169219', 'neutron.db.l3_hascheduler_db._notify_l3_agent_ha_port_update-8781165169237'] for port (b895b227-c90e-4322-aee1-2ebaf6214e08), after_update {{(pid=103325) _notify_loop /usr/local/lib/python3.8/dist-packages/neutron_lib/callbacks/manager.py:176}}
Jan 27 19:11:18.754013 n-d-760453-6 neutron-server[103322]: INFO neutron.wsgi [None req-bc3f007a-6bd5-40e7-872f-131e1e0f37df admin admin] 10.222.0.59 "GET /v2.0/security-groups?tenant_id=f15bbda306f04bc3b48b53ddf3ec7dfb&name=default HTTP/1.1" status: 200 len: 2996 time: 1.1066229
Jan 27 19:11:18.763058 n-d-760453-6 neutron-server[103322]: DEBUG neutron.api.rpc.handlers.resources_rpc [None req-bc3f007a-6bd5-40e7-872f-131e1e0f37df admin admin] Pushing event updated for resources: {'SecurityGroup': ['ID=17e8984b-7be5-4906-90d7-f1205723b8c2,revision_number=1']} {{(pid=103322) push /opt/stack/neutron/neutron/api/rpc/handlers/resources_rpc.py:237}}
Jan 27 19:11:18.766175 n-d-760453-6 neutron-server[103322]: DEBUG neutron.wsgi [-] (103322) accepted ('10.222.0.59', 57686) {{(pid=103322) server /usr/local/lib/python3.8/dist-packages/eventlet/wsgi.py:1004}}
Jan 27 19:11:18.773366 n-d-760453-6 neutron-server[103322]: INFO neutron.wsgi [req-91dc15b4-b40f-4236-a60f-638388ac6024 req-d15b5861-d0c6-4d3d-b2a2-9a073789d89d service neutron] 10.222.0.66 "GET /v2.0/networks/dafe67dd-81e9-44aa-b6a0-0a192e294674?fields=segments HTTP/1.1" status: 200 len: 212 time: 0.4371281
Jan 27 19:11:18.795497 n-d-760453-6 neutron-server[103325]: DEBUG neutron.api.rpc.handlers.resources_rpc [None req-9d7109c7-afd0-4cc8-95f1-3673377e487c None None] Pushing event updated for resources: {'Port': ['ID=b895b227-c90e-4322-aee1-2ebaf6214e08,revision_number=3']} {{(pid=103325) push /opt/stack/neutron/neutron/api/rpc/handlers/resources_rpc.py:237}}
Jan 27 19:11:18.803811 n-d-760453-6 neutron-server[103322]: DEBUG neutron_lib.callbacks.manager [None req-1ec9e919-ff36-4557-8f62-aee7c2a23f16 admin admin] Publish callbacks [] for security_group (None), before_create {{(pid=103322) _notify_loop /usr/local/lib/python3.8/dist-packages/neutron_lib/callbacks/manager.py:176}}
Jan 27 19:11:18.925704 n-d-760453-6 neutron-server[103325]: DEBUG neutron.plugins.ml2.managers [None req-3c0dda53-ec39-4ca3-8dc6-223debd1d340 None None] Attempting to bind port b895b227-c90e-4322-aee1-2ebaf6214e08 on host n-d-760453-6 for vnic_type normal with profile {{(pid=103325) bind_port /opt/stack/neutron/neutron/plugins/ml2/managers.py:795}}
Jan 27 19:11:18.926083 n-d-760453-6 neutron-server[103325]: DEBUG neutron.plugins.ml2.managers [None req-3c0dda53-ec39-4ca3-8dc6-223debd1d340 None None] Attempting to bind port b895b227-c90e-4322-aee1-2ebaf6214e08 by drivers openvswitch,hyperv on host n-d-760453-6 at level 0 using segments [{'id': '741cbf02-645f-4523-838a-83546ff9a836', 'network_type': 'vlan', 'physical_network': 'physnet1', 'segmentation_id': 521, 'network_id': '182e8b11-5020-451e-821b-90b1a892782c'}] {{(pid=103325) _bind_port_level /opt/stack/neutron/neutron/plugins/ml2/managers.py:820}}
Jan 27 19:11:18.926541 n-d-760453-6 neutron-server[103325]: DEBUG neutron.plugins.ml2.drivers.mech_agent [None req-3c0dda53-ec39-4ca3-8dc6-223debd1d340 None None] Attempting to bind port b895b227-c90e-4322-aee1-2ebaf6214e08 on network 182e8b11-5020-451e-821b-90b1a892782c {{(pid=103325) bind_port /opt/stack/neutron/neutron/plugins/ml2/drivers/mech_agent.py:91}}
Jan 27 19:11:18.947588 n-d-760453-6 neutron-server[103325]: DEBUG neutron.plugins.ml2.drivers.mech_agent [None req-3c0dda53-ec39-4ca3-8dc6-223debd1d340 None None] Checking agent: {'id': '22e4f806-6a94-4ea6-9880-bfcbac3999fb', 'agent_type': 'Open vSwitch agent', 'binary': 'neutron-openvswitch-agent', 'topic': 'N/A', 'host': 'n-d-760453-6', 'admin_state_up': True, 'created_at': datetime.datetime(2022, 1, 27, 18, 58, 46), 'started_at': datetime.datetime(2022, 1, 27, 18, 59, 16), 'heartbeat_timestamp': datetime.datetime(2022, 1, 27, 19, 11, 16), 'description': None, 'resources_synced': None, 'availability_zone': None, 'alive': True, 'configurations': {'arp_responder_enabled': False, 'baremetal_smartnic': False, 'bridge_mappings': {'physnet1': 'br-data'}, 'datapath_type': 'system', 'devices': 0, 'enable_distributed_routing': False, 'extensions': [], 'in_distributed_mode': False, 'integration_bridge': 'br-int', 'l2_population': False, 'log_agent_heartbeats': False, 'ovs_capabilities': {'datapath_types': ['netdev', 'system'], 'iface_types': ['erspan', 'geneve', 'gre', 'internal', 'ip6erspan', 'ip6gre', 'lisp', 'patch', 'stt', 'system', 'tap', 'vxlan']}, 'ovs_hybrid_plug': False, 'resource_provider_bandwidths': {}, 'resource_provider_hypervisors': {'br-data': 'n-d-760453-6'}, 'resource_provider_inventory_defaults': {'allocation_ratio': 1.0, 'min_unit': 1, 'step_size': 1, 'reserved': 0}, 'resource_provider_packet_processing_inventory_defaults': {'allocation_ratio': 1.0, 'min_unit': 1, 'step_size': 1, 'reserved': 0}, 'resource_provider_packet_processing_with_direction': {}, 'resource_provider_packet_processing_without_direction': {}, 'tunnel_types': [], 'tunneling_ip': None, 'vhostuser_socket_dir': '/var/run/openvswitch'}, 'resource_versions': {'AddressGroup': '1.2', 'ConntrackHelper': '1.0', 'LocalIPAssociation': '1.0', 'Log': '1.0', 'Network': '1.1', 'Port': '1.7', 'PortForwarding': '1.2', 'QosPolicy': '1.10', 'SecurityGroup': '1.5', 'SecurityGroupRule': '1.2', 'SubPort': '1.0', 'Subnet': '1.1', 'Trunk': '1.1'}} {{(pid=103325) bind_port /opt/stack/neutron/neutron/plugins/ml2/drivers/mech_agent.py:110}}
Jan 27 19:11:18.947914 n-d-760453-6 neutron-server[103325]: DEBUG neutron.plugins.ml2.drivers.mech_agent [None req-3c0dda53-ec39-4ca3-8dc6-223debd1d340 None None] Checking segment: {'id': '741cbf02-645f-4523-838a-83546ff9a836', 'network_type': 'vlan', 'physical_network': 'physnet1', 'segmentation_id': 521, 'network_id': '182e8b11-5020-451e-821b-90b1a892782c'} for mappings: {'physnet1': 'br-data'} with network types: ['local', 'flat', 'vlan'] {{(pid=103325) check_segment_for_agent /opt/stack/neutron/neutron/plugins/ml2/drivers/mech_agent.py:373}}
Jan 27 19:11:18.948270 n-d-760453-6 neutron-server[103325]: DEBUG neutron_lib.callbacks.manager [None req-3c0dda53-ec39-4ca3-8dc6-223debd1d340 None None] Publish callbacks [] for ovs_bridge_name (None), before_read {{(pid=103325) _notify_loop /usr/local/lib/python3.8/dist-packages/neutron_lib/callbacks/manager.py:176}}
Jan 27 19:11:18.948808 n-d-760453-6 neutron-server[103325]: DEBUG neutron.plugins.ml2.drivers.mech_agent [None req-3c0dda53-ec39-4ca3-8dc6-223debd1d340 None None] Bound using segment: {'id': '741cbf02-645f-4523-838a-83546ff9a836', 'network_type': 'vlan', 'physical_network': 'physnet1', 'segmentation_id': 521, 'network_id': '182e8b11-5020-451e-821b-90b1a892782c'} {{(pid=103325) bind_port /opt/stack/neutron/neutron/plugins/ml2/drivers/mech_agent.py:120}}
Jan 27 19:11:18.949354 n-d-760453-6 neutron-server[103325]: DEBUG neutron.plugins.ml2.managers [None req-3c0dda53-ec39-4ca3-8dc6-223debd1d340 None None] Bound port: b895b227-c90e-4322-aee1-2ebaf6214e08, host: n-d-760453-6, vif_type: ovs, vif_details: {"connectivity": "l2", "port_filter": true, "ovs_hybrid_plug": false, "datapath_type": "system", "bridge_name": "br-int"}, binding_levels: [{'bound_driver': 'openvswitch', 'bound_segment': {'id': '741cbf02-645f-4523-838a-83546ff9a836', 'network_type': 'vlan', 'physical_network': 'physnet1', 'segmentation_id': 521, 'network_id': '182e8b11-5020-451e-821b-90b1a892782c'}}] {{(pid=103325) _bind_port_level /opt/stack/neutron/neutron/plugins/ml2/managers.py:932}}
Jan 27 19:11:18.949754 n-d-760453-6 neutron-server[103325]: DEBUG neutron_lib.callbacks.manager [None req-3c0dda53-ec39-4ca3-8dc6-223debd1d340 None None] Publish callbacks ['neutron.plugins.ml2.plugin.SecurityGroupDbMixin._ensure_default_security_group_handler-942968'] for port (b895b227-c90e-4322-aee1-2ebaf6214e08), before_update {{(pid=103325) _notify_loop /usr/local/lib/python3.8/dist-packages/neutron_lib/callbacks/manager.py:176}}
Jan 27 19:11:19.011083 n-d-760453-6 neutron-server[103323]: DEBUG neutron.pecan_wsgi.hooks.policy_enforcement [req-6a6d20bb-f109-448b-97ec-335c9099211b req-59d67bca-6012-42c2-9d89-cf4496688bdc tempest-ImagesNegativeTestJSON-2144484947 tempest-ImagesNegativeTestJSON-2144484947-project] Attributes excluded by policy engine: ['standard_attr_id', 'binding:profile', 'binding:host_id', 'binding:vif_type', 'binding:vif_details'] {{(pid=103323) _exclude_attributes_by_policy /opt/stack/neutron/neutron/pecan_wsgi/hooks/policy_enforcement.py:255}}
Jan 27 19:11:19.017780 n-d-760453-6 neutron-server[103323]: INFO neutron.wsgi [req-6a6d20bb-f109-448b-97ec-335c9099211b req-59d67bca-6012-42c2-9d89-cf4496688bdc tempest-ImagesNegativeTestJSON-2144484947 tempest-ImagesNegativeTestJSON-2144484947-project] 10.222.0.59 "GET /v2.0/ports?device_id=24368edd-57ef-4c0d-a9a7-9baf65c6105e HTTP/1.1" status: 200 len: 948 time: 0.8833096
Jan 27 19:11:19.033342 n-d-760453-6 neutron-server[103323]: DEBUG neutron_lib.callbacks.manager [None req-66ed2a76-be2e-4ee7-81c3-1a79a8b8e573 admin admin] Publish callbacks [] for security_group (202c1cc8-ca50-4664-ac6f-6d433a70e4c5), before_delete {{(pid=103323) _notify_loop /usr/local/lib/python3.8/dist-packages/neutron_lib/callbacks/manager.py:176}}
Jan 27 19:11:19.078767 n-d-760453-6 neutron-server[103322]: DEBUG neutron_lib.callbacks.manager [None req-ffc43ebc-85d0-479a-a8bf-0181a35811ff admin admin] Publish callbacks [] for security_group (17e8984b-7be5-4906-90d7-f1205723b8c2), before_delete {{(pid=103322) _notify_loop /usr/local/lib/python3.8/dist-packages/neutron_lib/callbacks/manager.py:176}}
Jan 27 19:11:19.114074 n-d-760453-6 neutron-server[103323]: INFO neutron.wsgi [req-f8cd1c5e-1ffc-49ad-9833-6fbcf2f232ef req-78a43bc3-ea8e-49ff-bca4-5e2bba2f8ff5 tempest-FloatingIPsTestJSON-1045723419 tempest-FloatingIPsTestJSON-1045723419-project] 10.222.0.59 "GET /v2.0/networks?router%3Aexternal=True&fields=id&name=public HTTP/1.1" status: 200 len: 258 time: 1.1421831
Jan 27 19:11:19.124261 n-d-760453-6 neutron-server[103325]: DEBUG neutron.plugins.ml2.db [None req-3c0dda53-ec39-4ca3-8dc6-223debd1d340 None None] For port b895b227-c90e-4322-aee1-2ebaf6214e08, host n-d-760453-6, cleared binding levels {{(pid=103325) clear_binding_levels /opt/stack/neutron/neutron/plugins/ml2/db.py:87}}
Jan 27 19:11:19.134133 n-d-760453-6 neutron-server[103325]: DEBUG neutron.plugins.ml2.db [None req-3c0dda53-ec39-4ca3-8dc6-223debd1d340 None None] For port b895b227-c90e-4322-aee1-2ebaf6214e08, host n-d-760453-6, set binding levels [PortBindingLevel(driver='openvswitch',host='n-d-760453-6',level=0,port_id=b895b227-c90e-4322-aee1-2ebaf6214e08,segment=NetworkSegment(741cbf02-645f-4523-838a-83546ff9a836),segment_id=741cbf02-645f-4523-838a-83546ff9a836)] {{(pid=103325) set_binding_levels /opt/stack/neutron/neutron/plugins/ml2/db.py:59}}
Jan 27 19:11:19.134480 n-d-760453-6 neutron-server[103323]: DEBUG neutron.api.v2.base [req-f8cd1c5e-1ffc-49ad-9833-6fbcf2f232ef req-f6bf03cf-d257-43e0-8949-38db7d558a85 tempest-FloatingIPsTestJSON-1045723419 tempest-FloatingIPsTestJSON-1045723419-project] Request body: {'floatingip': {'floating_network_id': '935fd5be-0ace-4211-a3ca-c909b2cca822'}} {{(pid=103323) prepare_request_body /opt/stack/neutron/neutron/api/v2/base.py:729}}
Jan 27 19:11:19.140660 n-d-760453-6 neutron-server[103322]: DEBUG neutron_lib.callbacks.manager [None req-ffc43ebc-85d0-479a-a8bf-0181a35811ff admin admin] Publish callbacks [] for security_group (17e8984b-7be5-4906-90d7-f1205723b8c2), precommit_delete {{(pid=103322) _notify_loop /usr/local/lib/python3.8/dist-packages/neutron_lib/callbacks/manager.py:176}}
Jan 27 19:11:19.143073 n-d-760453-6 neutron-server[103325]: DEBUG neutron_lib.callbacks.manager [None req-3c0dda53-ec39-4ca3-8dc6-223debd1d340 None None] Publish callbacks ['neutron.plugins.ml2.plugin.SecurityGroupServerNotifierRpcMixin._notify_sg_on_port_change-949845', 'neutron.plugins.ml2.ovo_rpc._ObjectChangeHandler.handle_event-235885', 'neutron.api.rpc.agentnotifiers.dhcp_rpc_agent_api.DhcpAgentNotifyAPI._native_event_send_dhcp_notification-8323548', 'neutron.db.l3_db.L3RpcNotifierMixin._notify_gateway_port_ip_changed-8781165712348', 'neutron.db.l3_dvrscheduler_db._notify_l3_agent_port_update-8781165169219', 'neutron.db.l3_hascheduler_db._notify_l3_agent_ha_port_update-8781165169237'] for port (b895b227-c90e-4322-aee1-2ebaf6214e08), after_update {{(pid=103325) _notify_loop /usr/local/lib/python3.8/dist-packages/neutron_lib/callbacks/manager.py:176}}
Jan 27 19:11:19.170628 n-d-760453-6 neutron-server[103323]: DEBUG neutron_lib.callbacks.manager [None req-66ed2a76-be2e-4ee7-81c3-1a79a8b8e573 admin admin] Publish callbacks [] for security_group (202c1cc8-ca50-4664-ac6f-6d433a70e4c5), precommit_delete {{(pid=103323) _notify_loop /usr/local/lib/python3.8/dist-packages/neutron_lib/callbacks/manager.py:176}}
Jan 27 19:11:19.196912 n-d-760453-6 neutron-server[103322]: INFO neutron.wsgi [req-91dc15b4-b40f-4236-a60f-638388ac6024 req-be3d1007-56a5-4e1a-9a4a-a217363e09e6 service neutron] 10.222.0.66 "GET /v2.0/networks/dafe67dd-81e9-44aa-b6a0-0a192e294674?fields=provider%3Aphysical_network&fields=provider%3Anetwork_type HTTP/1.1" status: 200 len: 281 time: 0.4011786
Jan 27 19:11:19.253134 n-d-760453-6 neutron-server[103325]: DEBUG neutron.db.l3_dvrscheduler_db [None req-3c0dda53-ec39-4ca3-8dc6-223debd1d340 None None] Routers {'f475f60d-f42a-4e85-99e3-bf4d28b36d2a'} bound to L3 agent in host n-d-760453-6 {{(pid=103325) _get_router_ids_for_agent /opt/stack/neutron/neutron/db/l3_dvrscheduler_db.py:421}}
Jan 27 19:11:19.255939 n-d-760453-6 neutron-server[103323]: DEBUG neutron_lib.callbacks.manager [req-f8cd1c5e-1ffc-49ad-9833-6fbcf2f232ef req-f6bf03cf-d257-43e0-8949-38db7d558a85 tempest-FloatingIPsTestJSON-1045723419 tempest-FloatingIPsTestJSON-1045723419-project] Publish callbacks [] for floatingip (None), before_create {{(pid=103323) _notify_loop /usr/local/lib/python3.8/dist-packages/neutron_lib/callbacks/manager.py:176}}
Jan 27 19:11:19.256729 n-d-760453-6 neutron-server[103325]: DEBUG neutron.db.l3_hamode_db [None req-3c0dda53-ec39-4ca3-8dc6-223debd1d340 None None] neutron.services.l3_router.l3_router_plugin.L3RouterPlugin method get_ha_sync_data_for_host called with arguments (, 'n-d-760453-6', Agent(admin_state_up=True,agent_type='L3 agent',availability_zone='nova',binary='neutron-l3-agent',configurations={"agent_mode": "legacy", "ex_gw_ports": 2, "extensions": [], "floating_ips": 0, "handle_internal_only_routers": true, "interface_driver": "openvswitch", "interfaces": 1, "log_agent_heartbeats": false, "routers": 2},created_at=2022-01-27T18:58:42Z,description=,heartbeat_timestamp=2022-01-27T19:11:12Z,host='n-d-760453-6',id=421132be-d9f9-4c3a-a285-2a14836e0805,load=0,resource_versions=,resources_synced=,started_at=2022-01-27T18:58:42Z,topic='l3_agent')) {'router_ids': ['f475f60d-f42a-4e85-99e3-bf4d28b36d2a'], 'active': True} {{(pid=103325) wrapper /usr/local/lib/python3.8/dist-packages/oslo_log/helpers.py:65}}
Jan 27 19:11:19.266902 n-d-760453-6 neutron-server[103324]: DEBUG neutron.db.provisioning_blocks [None req-df3a4205-f5b6-44c0-9c11-4f8153d7e4fd None None] Provisioning complete for port b895b227-c90e-4322-aee1-2ebaf6214e08 triggered by entity DHCP. {{(pid=103324) provisioning_complete /opt/stack/neutron/neutron/db/provisioning_blocks.py:139}}
Jan 27 19:11:19.271009 n-d-760453-6 neutron-server[103324]: DEBUG neutron_lib.callbacks.manager [None req-df3a4205-f5b6-44c0-9c11-4f8153d7e4fd None None] Publish callbacks ['neutron.plugins.ml2.plugin.Ml2Plugin._port_provisioned-910756'] for port (b895b227-c90e-4322-aee1-2ebaf6214e08), provisioning_complete {{(pid=103324) _notify_loop /usr/local/lib/python3.8/dist-packages/neutron_lib/callbacks/manager.py:176}}
Jan 27 19:11:19.300103 n-d-760453-6 neutron-server[103322]: DEBUG neutron_lib.callbacks.manager [None req-1ec9e919-ff36-4557-8f62-aee7c2a23f16 admin admin] Publish callbacks [] for security_group (c1fc8ca9-58c1-4a86-a1b7-2137a8784024), precommit_create {{(pid=103322) _notify_loop /usr/local/lib/python3.8/dist-packages/neutron_lib/callbacks/manager.py:176}}
Jan 27 19:11:19.307253 n-d-760453-6 neutron-server[103322]: DEBUG neutron_lib.callbacks.manager [None req-1ec9e919-ff36-4557-8f62-aee7c2a23f16 admin admin] Publish callbacks ['neutron.plugins.ml2.ovo_rpc._ObjectChangeHandler.handle_event-8107698'] for security_group (c1fc8ca9-58c1-4a86-a1b7-2137a8784024), after_create {{(pid=103322) _notify_loop /usr/local/lib/python3.8/dist-packages/neutron_lib/callbacks/manager.py:176}}
Jan 27 19:11:19.311004 n-d-760453-6 neutron-server[103323]: INFO neutron.wsgi [req-6a6d20bb-f109-448b-97ec-335c9099211b req-0bf2b8e2-4d1b-444f-b03e-82a0ce86ff14 tempest-ImagesNegativeTestJSON-2144484947 tempest-ImagesNegativeTestJSON-2144484947-project] 10.222.0.59 "GET /v2.0/security-groups?id=d866904e-768a-4a8b-87cb-73611971cc3d&fields=id&fields=name HTTP/1.1" status: 200 len: 286 time: 0.2655685
Jan 27 19:11:19.323126 n-d-760453-6 neutron-server[103322]: DEBUG neutron_lib.callbacks.manager [None req-ffc43ebc-85d0-479a-a8bf-0181a35811ff admin admin] Publish callbacks ['neutron.plugins.ml2.ovo_rpc._ObjectChangeHandler.handle_event-8107698'] for security_group (17e8984b-7be5-4906-90d7-f1205723b8c2), after_delete {{(pid=103322) _notify_loop /usr/local/lib/python3.8/dist-packages/neutron_lib/callbacks/manager.py:176}}
Jan 27 19:11:19.323126 n-d-760453-6 neutron-server[103322]: DEBUG neutron_lib.callbacks.manager [None req-ffc43ebc-85d0-479a-a8bf-0181a35811ff admin admin] Publish callbacks [] for security_group (None), before_response {{(pid=103322) _notify_loop /usr/local/lib/python3.8/dist-packages/neutron_lib/callbacks/manager.py:176}}
Jan 27 19:11:19.323126 n-d-760453-6 neutron-server[103322]: INFO neutron.wsgi [None req-ffc43ebc-85d0-479a-a8bf-0181a35811ff admin admin] 10.222.0.59 "DELETE /v2.0/security-groups/17e8984b-7be5-4906-90d7-f1205723b8c2 HTTP/1.1" status: 204 len: 168 time: 0.5504403
Jan 27 19:11:19.450963 n-d-760453-6 neutron-server[103324]: DEBUG neutron.plugins.ml2.rpc [None req-80c65bd7-f402-4276-bdaa-d2b8c22f75a7 None None] Device a9d283d8-a781-44e4-8ada-fe5b7d963b86 up at agent hyperv_n-h2-760453-6 {{(pid=103324) update_device_up /opt/stack/neutron/neutron/plugins/ml2/rpc.py:296}}
Jan 27 19:11:19.464293 n-d-760453-6 neutron-server[103322]: INFO neutron.wsgi [None req-1ec9e919-ff36-4557-8f62-aee7c2a23f16 admin admin] 10.222.0.59 "GET /v2.0/security-groups?tenant_id=3fcf1c2fa9dd439180d4261a3b56bd3f&name=default HTTP/1.1" status: 200 len: 2996 time: 0.7680960
Jan 27 19:11:19.465234 n-d-760453-6 neutron-server[103322]: DEBUG neutron.api.rpc.handlers.resources_rpc [None req-1ec9e919-ff36-4557-8f62-aee7c2a23f16 admin admin] Pushing event updated for resources: {'SecurityGroup': ['ID=c1fc8ca9-58c1-4a86-a1b7-2137a8784024,revision_number=1']} {{(pid=103322) push /opt/stack/neutron/neutron/api/rpc/handlers/resources_rpc.py:237}}
Jan 27 19:11:19.508485 n-d-760453-6 neutron-server[103323]: DEBUG neutron.wsgi [-] (103323) accepted ('10.222.0.59', 57696) {{(pid=103323) server /usr/local/lib/python3.8/dist-packages/eventlet/wsgi.py:1004}}
Jan 27 19:11:19.517802 n-d-760453-6 neutron-server[103325]: DEBUG neutron.api.rpc.handlers.resources_rpc [None req-9d7109c7-afd0-4cc8-95f1-3673377e487c None None] Pushing event updated for resources: {'Port': ['ID=b895b227-c90e-4322-aee1-2ebaf6214e08,revision_number=4']} {{(pid=103325) push /opt/stack/neutron/neutron/api/rpc/handlers/resources_rpc.py:237}}
Jan 27 19:11:19.526421 n-d-760453-6 neutron-server[103322]: DEBUG neutron.api.rpc.handlers.resources_rpc [None req-ffc43ebc-85d0-479a-a8bf-0181a35811ff admin admin] Pushing event deleted for resources: {'SecurityGroup': ['ID=17e8984b-7be5-4906-90d7-f1205723b8c2,revision_number=None']} {{(pid=103322) push /opt/stack/neutron/neutron/api/rpc/handlers/resources_rpc.py:237}}
Jan 27 19:11:19.691195 n-d-760453-6 neutron-server[103324]: DEBUG neutron.db.provisioning_blocks [None req-80c65bd7-f402-4276-bdaa-d2b8c22f75a7 None None] Provisioning for port a9d283d8-a781-44e4-8ada-fe5b7d963b86 completed by entity L2. {{(pid=103324) provisioning_complete /opt/stack/neutron/neutron/db/provisioning_blocks.py:133}}
Jan 27 19:11:19.697304 n-d-760453-6 neutron-server[103324]: DEBUG neutron.db.provisioning_blocks [None req-80c65bd7-f402-4276-bdaa-d2b8c22f75a7 None None] Provisioning complete for port a9d283d8-a781-44e4-8ada-fe5b7d963b86 triggered by entity L2. {{(pid=103324) provisioning_complete /opt/stack/neutron/neutron/db/provisioning_blocks.py:139}}
Jan 27 19:11:19.697662 n-d-760453-6 neutron-server[103324]: DEBUG neutron_lib.callbacks.manager [None req-80c65bd7-f402-4276-bdaa-d2b8c22f75a7 None None] Publish callbacks ['neutron.plugins.ml2.plugin.Ml2Plugin._port_provisioned-910756'] for port (a9d283d8-a781-44e4-8ada-fe5b7d963b86), provisioning_complete {{(pid=103324) _notify_loop /usr/local/lib/python3.8/dist-packages/neutron_lib/callbacks/manager.py:176}}
Jan 27 19:11:19.717536 n-d-760453-6 neutron-server[103325]: DEBUG neutron.db.l3_dvr_db [None req-3c0dda53-ec39-4ca3-8dc6-223debd1d340 None None] Set router f475f60d-f42a-4e85-99e3-bf4d28b36d2a gateway port host: n-d-760453-6 {{(pid=103325) _build_routers_list /opt/stack/neutron/neutron/db/l3_dvr_db.py:906}}
Jan 27 19:11:19.727972 n-d-760453-6 neutron-server[103324]: DEBUG neutron.plugins.ml2.plugin [None req-df3a4205-f5b6-44c0-9c11-4f8153d7e4fd None None] Current status of the port b895b227-c90e-4322-aee1-2ebaf6214e08 is: DOWN; New status is: ACTIVE {{(pid=103324) _update_individual_port_db_status /opt/stack/neutron/neutron/plugins/ml2/plugin.py:2225}}
Jan 27 19:11:19.728452 n-d-760453-6 neutron-server[103324]: DEBUG neutron_lib.callbacks.manager [None req-df3a4205-f5b6-44c0-9c11-4f8153d7e4fd None None] Publish callbacks ['neutron.plugins.ml2.plugin.SecurityGroupDbMixin._ensure_default_security_group_handler-942968'] for port (b895b227-c90e-4322-aee1-2ebaf6214e08), before_update {{(pid=103324) _notify_loop /usr/local/lib/python3.8/dist-packages/neutron_lib/callbacks/manager.py:176}}
Jan 27 19:11:19.808935 n-d-760453-6 neutron-server[103323]: DEBUG neutron_lib.callbacks.manager [None req-66ed2a76-be2e-4ee7-81c3-1a79a8b8e573 admin admin] Publish callbacks ['neutron.plugins.ml2.ovo_rpc._ObjectChangeHandler.handle_event-8107698'] for security_group (202c1cc8-ca50-4664-ac6f-6d433a70e4c5), after_delete {{(pid=103323) _notify_loop /usr/local/lib/python3.8/dist-packages/neutron_lib/callbacks/manager.py:176}}
Jan 27 19:11:19.814470 n-d-760453-6 neutron-server[103323]: DEBUG neutron_lib.callbacks.manager [None req-66ed2a76-be2e-4ee7-81c3-1a79a8b8e573 admin admin] Publish callbacks [] for security_group (None), before_response {{(pid=103323) _notify_loop /usr/local/lib/python3.8/dist-packages/neutron_lib/callbacks/manager.py:176}}
Jan 27 19:11:19.822173 n-d-760453-6 neutron-server[103323]: INFO neutron.wsgi [None req-66ed2a76-be2e-4ee7-81c3-1a79a8b8e573 admin admin] 10.222.0.59 "DELETE /v2.0/security-groups/202c1cc8-ca50-4664-ac6f-6d433a70e4c5 HTTP/1.1" status: 204 len: 168 time: 1.9030089
Jan 27 19:11:19.865733 n-d-760453-6 neutron-server[103323]: DEBUG neutron.pecan_wsgi.hooks.policy_enforcement [req-0d00286e-cbac-4bff-921c-54f9b72986c5 req-1d411381-c839-4c32-abb4-6e0f511002d8 tempest-LiveMigrationTest-1048183413 tempest-LiveMigrationTest-1048183413-project] Attributes excluded by policy engine: ['standard_attr_id', 'binding:profile', 'binding:host_id', 'binding:vif_type', 'binding:vif_details'] {{(pid=103323) _exclude_attributes_by_policy /opt/stack/neutron/neutron/pecan_wsgi/hooks/policy_enforcement.py:255}}
Jan 27 19:11:19.869000 n-d-760453-6 neutron-server[103323]: INFO neutron.wsgi [req-0d00286e-cbac-4bff-921c-54f9b72986c5 req-1d411381-c839-4c32-abb4-6e0f511002d8 tempest-LiveMigrationTest-1048183413 tempest-LiveMigrationTest-1048183413-project] 10.222.0.59 "GET /v2.0/ports?device_id=3642f866-c4ad-45d5-bc02-90aef258d3d4 HTTP/1.1" status: 200 len: 944 time: 0.3575826
Jan 27 19:11:19.934033 n-d-760453-6 neutron-server[103323]: DEBUG neutron.api.rpc.handlers.resources_rpc [None req-66ed2a76-be2e-4ee7-81c3-1a79a8b8e573 admin admin] Pushing event deleted for resources: {'SecurityGroup': ['ID=202c1cc8-ca50-4664-ac6f-6d433a70e4c5,revision_number=None']} {{(pid=103323) push /opt/stack/neutron/neutron/api/rpc/handlers/resources_rpc.py:237}}
Jan 27 19:11:19.961968 n-d-760453-6 neutron-server[103323]: DEBUG neutron_lib.callbacks.manager [None req-ca94df47-1ab8-4581-a014-6028b17c6cd8 admin admin] Publish callbacks [] for security_group (c1fc8ca9-58c1-4a86-a1b7-2137a8784024), before_delete {{(pid=103323) _notify_loop /usr/local/lib/python3.8/dist-packages/neutron_lib/callbacks/manager.py:176}}
Jan 27 19:11:19.988378 n-d-760453-6 neutron-server[103324]: DEBUG neutron.plugins.ml2.plugin [None req-80c65bd7-f402-4276-bdaa-d2b8c22f75a7 None None] Current status of the port a9d283d8-a781-44e4-8ada-fe5b7d963b86 is: BUILD; New status is: ACTIVE {{(pid=103324) _update_individual_port_db_status /opt/stack/neutron/neutron/plugins/ml2/plugin.py:2225}}
Jan 27 19:11:19.988897 n-d-760453-6 neutron-server[103324]: DEBUG neutron_lib.callbacks.manager [None req-80c65bd7-f402-4276-bdaa-d2b8c22f75a7 None None] Publish callbacks ['neutron.plugins.ml2.plugin.SecurityGroupDbMixin._ensure_default_security_group_handler-942968'] for port (a9d283d8-a781-44e4-8ada-fe5b7d963b86), before_update {{(pid=103324) _notify_loop /usr/local/lib/python3.8/dist-packages/neutron_lib/callbacks/manager.py:176}}
Jan 27 19:11:20.000223 n-d-760453-6 neutron-server[103324]: DEBUG neutron.plugins.ml2.db [None req-df3a4205-f5b6-44c0-9c11-4f8153d7e4fd None None] For port b895b227-c90e-4322-aee1-2ebaf6214e08, host n-d-760453-6, got binding levels [PortBindingLevel(driver='openvswitch',host='n-d-760453-6',level=0,port_id=b895b227-c90e-4322-aee1-2ebaf6214e08,segment=NetworkSegment(741cbf02-645f-4523-838a-83546ff9a836),segment_id=741cbf02-645f-4523-838a-83546ff9a836)] {{(pid=103324) get_binding_level_objs /opt/stack/neutron/neutron/plugins/ml2/db.py:74}}
Jan 27 19:11:20.048487 n-d-760453-6 neutron-server[103324]: DEBUG neutron_lib.callbacks.manager [None req-df3a4205-f5b6-44c0-9c11-4f8153d7e4fd None None] Publish callbacks ['neutron.plugins.ml2.plugin.SecurityGroupServerNotifierRpcMixin._notify_sg_on_port_change-949845', 'neutron.plugins.ml2.ovo_rpc._ObjectChangeHandler.handle_event-235885', 'neutron.api.rpc.agentnotifiers.dhcp_rpc_agent_api.DhcpAgentNotifyAPI._native_event_send_dhcp_notification-8323548', 'neutron.db.l3_db.L3RpcNotifierMixin._notify_gateway_port_ip_changed-8781165712348', 'neutron.db.l3_dvrscheduler_db._notify_l3_agent_port_update-8781165169219', 'neutron.db.l3_hascheduler_db._notify_l3_agent_ha_port_update-8781165169237'] for port (b895b227-c90e-4322-aee1-2ebaf6214e08), after_update {{(pid=103324) _notify_loop /usr/local/lib/python3.8/dist-packages/neutron_lib/callbacks/manager.py:176}}
Jan 27 19:11:20.077082 n-d-760453-6 neutron-server[103323]: DEBUG neutron_lib.callbacks.manager [None req-ca94df47-1ab8-4581-a014-6028b17c6cd8 admin admin] Publish callbacks [] for security_group (c1fc8ca9-58c1-4a86-a1b7-2137a8784024), precommit_delete {{(pid=103323) _notify_loop /usr/local/lib/python3.8/dist-packages/neutron_lib/callbacks/manager.py:176}}
Jan 27 19:11:20.094694 n-d-760453-6 neutron-server[103323]: DEBUG neutron_lib.callbacks.manager [req-f8cd1c5e-1ffc-49ad-9833-6fbcf2f232ef req-f6bf03cf-d257-43e0-8949-38db7d558a85 tempest-FloatingIPsTestJSON-1045723419 tempest-FloatingIPsTestJSON-1045723419-project] Publish callbacks ['neutron.plugins.ml2.plugin.SecurityGroupDbMixin._ensure_default_security_group_handler-942968'] for port (None), before_create {{(pid=103323) _notify_loop /usr/local/lib/python3.8/dist-packages/neutron_lib/callbacks/manager.py:176}}
