Dec 12 17:33:35.732781 n-d-760354-5 neutron-server[103150]: DEBUG neutron.pecan_wsgi.hooks.policy_enforcement [req-e225070b-1e4f-428e-93bc-7f5847edd301 req-e2d81281-a30f-4257-8f01-66f292063098 service neutron] Attributes excluded by policy engine: ['standard_attr_id'] {{(pid=103150) _exclude_attributes_by_policy /opt/stack/neutron/neutron/pecan_wsgi/hooks/policy_enforcement.py:255}}
Dec 12 17:33:35.734780 n-d-760354-5 neutron-server[103150]: INFO neutron.wsgi [req-e225070b-1e4f-428e-93bc-7f5847edd301 req-e2d81281-a30f-4257-8f01-66f292063098 service neutron] 10.222.0.20 "GET /v2.0/ports?tenant_id=644361ec9cbf42cab25484461bfad5cb&device_id=77df0f64-53c7-4259-8875-ec7dd12edaeb HTTP/1.1" status: 200 len: 1095 time: 0.0660415
Dec 12 17:33:35.743194 n-d-760354-5 neutron-server[103151]: INFO neutron.wsgi [req-243cfcbc-a96e-4c80-96f6-4deba96b0bfd req-a97d8fd3-268b-4946-9398-0203bc819871 tempest-ImagesTestJSON-1133522876 tempest-ImagesTestJSON-1133522876-project] 10.222.0.18 "GET /v2.0/ports?device_id=77df0f64-53c7-4259-8875-ec7dd12edaeb HTTP/1.1" status: 200 len: 944 time: 0.0736387
Dec 12 17:33:35.791764 n-d-760354-5 neutron-server[103150]: INFO neutron.wsgi [req-e225070b-1e4f-428e-93bc-7f5847edd301 req-f8bf8f79-e7a7-44d0-a3e8-029568ad38b2 service neutron] 10.222.0.20 "GET /v2.0/floatingips?fixed_ip_address=172.20.0.13&port_id=6c4858a0-096b-4d77-a78a-4e52fc5af0fb HTTP/1.1" status: 200 len: 217 time: 0.0477667
Dec 12 17:33:35.797074 n-d-760354-5 neutron-server[103150]: DEBUG neutron_lib.callbacks.manager [None req-9656b7aa-1fe8-4a28-9503-5aa851663231 admin admin] Publish callbacks [] for security_group, precommit_create {{(pid=103150) _notify_loop /usr/local/lib/python3.8/dist-packages/neutron_lib/callbacks/manager.py:175}}
Dec 12 17:33:35.809315 n-d-760354-5 neutron-server[103150]: DEBUG neutron_lib.callbacks.manager [None req-9656b7aa-1fe8-4a28-9503-5aa851663231 admin admin] Publish callbacks ['neutron.plugins.ml2.ovo_rpc._ObjectChangeHandler.handle_event-1612666'] for security_group, after_create {{(pid=103150) _notify_loop /usr/local/lib/python3.8/dist-packages/neutron_lib/callbacks/manager.py:175}}
Dec 12 17:33:35.819588 n-d-760354-5 neutron-server[103151]: INFO neutron.wsgi [req-243cfcbc-a96e-4c80-96f6-4deba96b0bfd req-bdd58712-3522-41f4-9981-0e9865a460ab tempest-ImagesTestJSON-1133522876 tempest-ImagesTestJSON-1133522876-project] 10.222.0.18 "GET /v2.0/security-groups?id=b97eab3d-127c-4365-9fde-48fe494282ec&fields=id&fields=name HTTP/1.1" status: 200 len: 286 time: 0.0731688
Dec 12 17:33:35.883933 n-d-760354-5 neutron-server[103151]: DEBUG neutron.pecan_wsgi.hooks.policy_enforcement [req-f30be8e7-02f8-4082-9d06-97972270acc5 req-fb36d1f0-3fb5-42c3-b001-eda7a8f24b0c service neutron] Attributes excluded by policy engine: ['standard_attr_id'] {{(pid=103151) _exclude_attributes_by_policy /opt/stack/neutron/neutron/pecan_wsgi/hooks/policy_enforcement.py:255}}
Dec 12 17:33:35.889117 n-d-760354-5 neutron-server[103151]: INFO neutron.wsgi [req-f30be8e7-02f8-4082-9d06-97972270acc5 req-fb36d1f0-3fb5-42c3-b001-eda7a8f24b0c service neutron] 10.222.0.18 "GET /v2.0/ports/32aa024c-7a8e-4453-b9c8-f38a1678112e HTTP/1.1" status: 200 len: 1093 time: 0.2744138
Dec 12 17:33:35.893641 n-d-760354-5 neutron-server[103150]: INFO neutron.wsgi [None req-9656b7aa-1fe8-4a28-9503-5aa851663231 admin admin] 10.222.0.18 "GET /v2.0/security-groups?tenant_id=6070263e4afd48b5ae0e966d5792d265&name=default HTTP/1.1" status: 200 len: 2996 time: 0.3575103
Dec 12 17:33:35.897520 n-d-760354-5 neutron-server[103151]: DEBUG neutron.wsgi [-] (103151) accepted ('10.222.0.18', 35182) {{(pid=103151) server /usr/local/lib/python3.8/dist-packages/eventlet/wsgi.py:1004}}
Dec 12 17:33:35.900185 n-d-760354-5 neutron-server[103150]: DEBUG novaclient.v2.client [-] RESP: [200] Connection: close Content-Length: 179 Content-Type: application/json Date: Sun, 12 Dec 2021 17:33:35 GMT OpenStack-API-Version: compute 2.1 Server: Apache/2.4.41 (Ubuntu) Vary: OpenStack-API-Version,X-OpenStack-Nova-API-Version X-OpenStack-Nova-API-Version: 2.1 x-compute-request-id: req-acfb156e-c5cd-496b-a19c-41d67cebc301 x-openstack-request-id: req-acfb156e-c5cd-496b-a19c-41d67cebc301 {{(pid=103150) _http_log_response /usr/local/lib/python3.8/dist-packages/keystoneauth1/session.py:550}}
Dec 12 17:33:35.900475 n-d-760354-5 neutron-server[103150]: DEBUG novaclient.v2.client [-] RESP BODY: {"events": [{"name": "network-changed", "server_uuid": "77df0f64-53c7-4259-8875-ec7dd12edaeb", "tag": "6c4858a0-096b-4d77-a78a-4e52fc5af0fb", "status": "completed", "code": 200}]} {{(pid=103150) _http_log_response /usr/local/lib/python3.8/dist-packages/keystoneauth1/session.py:582}}
Dec 12 17:33:35.900732 n-d-760354-5 neutron-server[103150]: DEBUG novaclient.v2.client [-] POST call to compute for http://10.222.0.18/compute/v2.1/os-server-external-events used request id req-acfb156e-c5cd-496b-a19c-41d67cebc301 {{(pid=103150) request /usr/local/lib/python3.8/dist-packages/keystoneauth1/session.py:954}}
Dec 12 17:33:35.901984 n-d-760354-5 neutron-server[103151]: DEBUG neutron.api.v2.base [req-f30be8e7-02f8-4082-9d06-97972270acc5 req-2558d2b4-3da3-4eca-84a2-f554dfa0630c service neutron] Request body: {'binding': {'host': 'n-h1-760354-5', 'vnic_type': 'normal', 'profile': {}}} {{(pid=103151) prepare_request_body /opt/stack/neutron/neutron/api/v2/base.py:729}}
Dec 12 17:33:35.902107 n-d-760354-5 neutron-server[103150]: INFO neutron.notifiers.nova [-] Nova event response: {'name': 'network-changed', 'server_uuid': '77df0f64-53c7-4259-8875-ec7dd12edaeb', 'tag': '6c4858a0-096b-4d77-a78a-4e52fc5af0fb', 'status': 'completed', 'code': 200}
Dec 12 17:33:35.902760 n-d-760354-5 neutron-server[103151]: DEBUG neutron.api.v2.base [req-f30be8e7-02f8-4082-9d06-97972270acc5 req-2558d2b4-3da3-4eca-84a2-f554dfa0630c service neutron] Unknown quota resources ['binding']. {{(pid=103151) _create /opt/stack/neutron/neutron/api/v2/base.py:496}}
Dec 12 17:33:35.906820 n-d-760354-5 neutron-server[103150]: DEBUG neutron.pecan_wsgi.hooks.policy_enforcement [req-e225070b-1e4f-428e-93bc-7f5847edd301 req-7828b688-e419-4ee3-9f5a-48977539ef02 service neutron] Attributes excluded by policy engine: ['standard_attr_id', 'shared'] {{(pid=103150) _exclude_attributes_by_policy /opt/stack/neutron/neutron/pecan_wsgi/hooks/policy_enforcement.py:255}}
Dec 12 17:33:35.908330 n-d-760354-5 neutron-server[103150]: INFO neutron.wsgi [req-e225070b-1e4f-428e-93bc-7f5847edd301 req-7828b688-e419-4ee3-9f5a-48977539ef02 service neutron] 10.222.0.20 "GET /v2.0/subnets?id=2a5209e1-f35d-462f-abcb-435d8a0a7895 HTTP/1.1" status: 200 len: 845 time: 0.1095958
Dec 12 17:33:35.909064 n-d-760354-5 neutron-server[103150]: DEBUG neutron.api.rpc.handlers.resources_rpc [None req-9656b7aa-1fe8-4a28-9503-5aa851663231 admin admin] Pushing event updated for resources: {'SecurityGroup': ['ID=4da49057-d21e-4b41-bb02-53226257bcbf,revision_number=1']} {{(pid=103150) push /opt/stack/neutron/neutron/api/rpc/handlers/resources_rpc.py:237}}
Dec 12 17:33:35.962566 n-d-760354-5 neutron-server[103150]: INFO neutron.wsgi [req-e225070b-1e4f-428e-93bc-7f5847edd301 req-571ce330-11e2-486c-ab85-39f485190290 service neutron] 10.222.0.20 "GET /v2.0/ports?network_id=256368dc-5e68-4402-91a5-533328bbf958&device_owner=network%3Adhcp HTTP/1.1" status: 200 len: 210 time: 0.0356653
Dec 12 17:33:36.076361 n-d-760354-5 neutron-server[103152]: DEBUG neutron.plugins.ml2.rpc [None req-ed577422-2603-48e3-9dd4-7d1150fa3451 None None] Device 34c225bb-5552-4471-9ee7-ebcfeb139f9b up at agent hyperv_n-h1-760354-5 {{(pid=103152) update_device_up /opt/stack/neutron/neutron/plugins/ml2/rpc.py:296}}
Dec 12 17:33:36.095275 n-d-760354-5 neutron-server[103150]: INFO neutron.wsgi [req-e225070b-1e4f-428e-93bc-7f5847edd301 req-0c8735f9-27f2-4453-8149-bd739a2aa26c service neutron] 10.222.0.20 "GET /v2.0/networks/256368dc-5e68-4402-91a5-533328bbf958?fields=segments HTTP/1.1" status: 200 len: 212 time: 0.1244125
Dec 12 17:33:36.193244 n-d-760354-5 neutron-server[103152]: DEBUG neutron.db.provisioning_blocks [None req-ed577422-2603-48e3-9dd4-7d1150fa3451 None None] Provisioning for port 34c225bb-5552-4471-9ee7-ebcfeb139f9b completed by entity L2. {{(pid=103152) provisioning_complete /opt/stack/neutron/neutron/db/provisioning_blocks.py:133}}
Dec 12 17:33:36.203022 n-d-760354-5 neutron-server[103152]: DEBUG neutron.db.provisioning_blocks [None req-ed577422-2603-48e3-9dd4-7d1150fa3451 None None] Provisioning complete for port 34c225bb-5552-4471-9ee7-ebcfeb139f9b triggered by entity L2. {{(pid=103152) provisioning_complete /opt/stack/neutron/neutron/db/provisioning_blocks.py:139}}
Dec 12 17:33:36.203419 n-d-760354-5 neutron-server[103152]: DEBUG neutron_lib.callbacks.manager [None req-ed577422-2603-48e3-9dd4-7d1150fa3451 None None] Publish callbacks ['neutron.plugins.ml2.plugin.Ml2Plugin._port_provisioned-1569777'] for port, provisioning_complete {{(pid=103152) _notify_loop /usr/local/lib/python3.8/dist-packages/neutron_lib/callbacks/manager.py:175}}
Dec 12 17:33:36.222036 n-d-760354-5 neutron-server[103150]: INFO neutron.wsgi [req-e225070b-1e4f-428e-93bc-7f5847edd301 req-156f49fa-1396-4c21-a1f0-75e6c6f22847 service neutron] 10.222.0.20 "GET /v2.0/networks/256368dc-5e68-4402-91a5-533328bbf958?fields=provider%3Aphysical_network&fields=provider%3Anetwork_type HTTP/1.1" status: 200 len: 281 time: 0.1194794
Dec 12 17:33:36.240824 n-d-760354-5 neutron-server[103151]: DEBUG neutron_lib.callbacks.manager [None req-904f9829-95b5-4ca2-b978-afef39d02e9e admin admin] Publish callbacks [] for security_group, before_delete {{(pid=103151) _notify_loop /usr/local/lib/python3.8/dist-packages/neutron_lib/callbacks/manager.py:175}}
Dec 12 17:33:36.281953 n-d-760354-5 neutron-server[103151]: DEBUG neutron_lib.callbacks.manager [None req-904f9829-95b5-4ca2-b978-afef39d02e9e admin admin] Publish callbacks [] for security_group, precommit_delete {{(pid=103151) _notify_loop /usr/local/lib/python3.8/dist-packages/neutron_lib/callbacks/manager.py:175}}
Dec 12 17:33:36.334160 n-d-760354-5 neutron-server[103151]: DEBUG neutron.plugins.ml2.managers [req-f30be8e7-02f8-4082-9d06-97972270acc5 req-2558d2b4-3da3-4eca-84a2-f554dfa0630c service neutron] Attempting to bind port 32aa024c-7a8e-4453-b9c8-f38a1678112e on host n-h1-760354-5 for vnic_type normal with profile None {{(pid=103151) bind_port /opt/stack/neutron/neutron/plugins/ml2/managers.py:795}}
Dec 12 17:33:36.334956 n-d-760354-5 neutron-server[103151]: DEBUG neutron.plugins.ml2.managers [req-f30be8e7-02f8-4082-9d06-97972270acc5 req-2558d2b4-3da3-4eca-84a2-f554dfa0630c service neutron] Attempting to bind port 32aa024c-7a8e-4453-b9c8-f38a1678112e by drivers openvswitch,hyperv on host n-h1-760354-5 at level 0 using segments [{'id': 'c4d86bf0-9594-443f-91db-87382979bde9', 'network_type': 'vlan', 'physical_network': 'physnet1', 'segmentation_id': 181, 'network_id': 'd9c565c0-ff5d-4c84-8751-8dccc59a2244'}] {{(pid=103151) _bind_port_level /opt/stack/neutron/neutron/plugins/ml2/managers.py:820}}
Dec 12 17:33:36.335952 n-d-760354-5 neutron-server[103151]: DEBUG neutron.plugins.ml2.drivers.mech_agent [req-f30be8e7-02f8-4082-9d06-97972270acc5 req-2558d2b4-3da3-4eca-84a2-f554dfa0630c service neutron] Attempting to bind port 32aa024c-7a8e-4453-b9c8-f38a1678112e on network d9c565c0-ff5d-4c84-8751-8dccc59a2244 {{(pid=103151) bind_port /opt/stack/neutron/neutron/plugins/ml2/drivers/mech_agent.py:91}}
Dec 12 17:33:36.344134 n-d-760354-5 neutron-server[103151]: DEBUG neutron.plugins.ml2.drivers.mech_agent [req-f30be8e7-02f8-4082-9d06-97972270acc5 req-2558d2b4-3da3-4eca-84a2-f554dfa0630c service neutron] Port 32aa024c-7a8e-4453-b9c8-f38a1678112e on network d9c565c0-ff5d-4c84-8751-8dccc59a2244 not bound, no agent of type Open vSwitch agent registered on host n-h1-760354-5 {{(pid=103151) bind_port /opt/stack/neutron/neutron/plugins/ml2/drivers/mech_agent.py:103}}
Dec 12 17:33:36.344448 n-d-760354-5 neutron-server[103151]: DEBUG neutron.plugins.ml2.drivers.mech_agent [req-f30be8e7-02f8-4082-9d06-97972270acc5 req-2558d2b4-3da3-4eca-84a2-f554dfa0630c service neutron] Attempting to bind port 32aa024c-7a8e-4453-b9c8-f38a1678112e on network d9c565c0-ff5d-4c84-8751-8dccc59a2244 {{(pid=103151) bind_port /opt/stack/neutron/neutron/plugins/ml2/drivers/mech_agent.py:91}}
Dec 12 17:33:36.352204 n-d-760354-5 neutron-server[103151]: DEBUG neutron.plugins.ml2.drivers.mech_agent [req-f30be8e7-02f8-4082-9d06-97972270acc5 req-2558d2b4-3da3-4eca-84a2-f554dfa0630c service neutron] Checking agent: {'id': '43d93434-416f-4913-926d-e520b07d81c1', 'agent_type': 'HyperV agent', 'binary': 'neutron-hyperv-agent', 'topic': 'N/A', 'host': 'n-h1-760354-5', 'admin_state_up': True, 'created_at': datetime.datetime(2021, 12, 12, 17, 30, 17), 'started_at': datetime.datetime(2021, 12, 12, 17, 30, 17), 'heartbeat_timestamp': datetime.datetime(2021, 12, 12, 17, 33, 17), 'description': None, 'resources_synced': None, 'availability_zone': None, 'alive': True, 'configurations': {'vswitch_mappings': {'physnet1$': 'br-data'}}, 'resource_versions': {}} {{(pid=103151) bind_port /opt/stack/neutron/neutron/plugins/ml2/drivers/mech_agent.py:110}}
Dec 12 17:33:36.352731 n-d-760354-5 neutron-server[103151]: DEBUG neutron.plugins.ml2.drivers.mech_agent [req-f30be8e7-02f8-4082-9d06-97972270acc5 req-2558d2b4-3da3-4eca-84a2-f554dfa0630c service neutron] Checking segment: {'id': 'c4d86bf0-9594-443f-91db-87382979bde9', 'network_type': 'vlan', 'physical_network': 'physnet1', 'segmentation_id': 181, 'network_id': 'd9c565c0-ff5d-4c84-8751-8dccc59a2244'} for mappings: {'physnet1$': 'br-data'} with network types: ['local', 'flat', 'vlan'] {{(pid=103151) check_segment_for_agent /opt/stack/neutron/neutron/plugins/ml2/drivers/mech_agent.py:371}}
Dec 12 17:33:36.353275 n-d-760354-5 neutron-server[103151]: DEBUG neutron.plugins.ml2.drivers.mech_agent [req-f30be8e7-02f8-4082-9d06-97972270acc5 req-2558d2b4-3da3-4eca-84a2-f554dfa0630c service neutron] Bound using segment: {'id': 'c4d86bf0-9594-443f-91db-87382979bde9', 'network_type': 'vlan', 'physical_network': 'physnet1', 'segmentation_id': 181, 'network_id': 'd9c565c0-ff5d-4c84-8751-8dccc59a2244'} {{(pid=103151) bind_port /opt/stack/neutron/neutron/plugins/ml2/drivers/mech_agent.py:120}}
Dec 12 17:33:36.353858 n-d-760354-5 neutron-server[103151]: DEBUG neutron.plugins.ml2.managers [req-f30be8e7-02f8-4082-9d06-97972270acc5 req-2558d2b4-3da3-4eca-84a2-f554dfa0630c service neutron] Bound port: 32aa024c-7a8e-4453-b9c8-f38a1678112e, host: n-h1-760354-5, vif_type: hyperv, vif_details: {"connectivity": "legacy", "port_filter": false}, binding_levels: [{'bound_driver': 'hyperv', 'bound_segment': {'id': 'c4d86bf0-9594-443f-91db-87382979bde9', 'network_type': 'vlan', 'physical_network': 'physnet1', 'segmentation_id': 181, 'network_id': 'd9c565c0-ff5d-4c84-8751-8dccc59a2244'}}] {{(pid=103151) _bind_port_level /opt/stack/neutron/neutron/plugins/ml2/managers.py:932}}
Dec 12 17:33:36.361118 n-d-760354-5 neutron-server[103152]: DEBUG neutron_lib.callbacks.manager [None req-ed577422-2603-48e3-9dd4-7d1150fa3451 None None] Publish callbacks ['neutron.plugins.ml2.plugin.SecurityGroupDbMixin._ensure_default_security_group_handler-610304'] for port, before_update {{(pid=103152) _notify_loop /usr/local/lib/python3.8/dist-packages/neutron_lib/callbacks/manager.py:175}}
Dec 12 17:33:36.376030 n-d-760354-5 neutron-server[103150]: DEBUG neutron.pecan_wsgi.hooks.policy_enforcement [req-5c084b8e-b5cd-4190-8153-d47d92be71b6 req-ccf26bdb-de6e-4d9c-862b-9d7d5df2cfd0 service neutron] Attributes excluded by policy engine: ['standard_attr_id'] {{(pid=103150) _exclude_attributes_by_policy /opt/stack/neutron/neutron/pecan_wsgi/hooks/policy_enforcement.py:255}}
Dec 12 17:33:36.383165 n-d-760354-5 neutron-server[103150]: INFO neutron.wsgi [req-5c084b8e-b5cd-4190-8153-d47d92be71b6 req-ccf26bdb-de6e-4d9c-862b-9d7d5df2cfd0 service neutron] 10.222.0.20 "GET /v2.0/ports?tenant_id=644361ec9cbf42cab25484461bfad5cb&device_id=77df0f64-53c7-4259-8875-ec7dd12edaeb HTTP/1.1" status: 200 len: 1095 time: 0.0898449
Dec 12 17:33:36.418709 n-d-760354-5 neutron-server[103152]: DEBUG neutron.notifiers.nova [-] Sending events: [{'server_uuid': 'aefc66d1-a6d9-40b3-b48d-246cd3ba52f5', 'name': 'network-vif-plugged', 'status': 'completed', 'tag': '34c225bb-5552-4471-9ee7-ebcfeb139f9b'}] {{(pid=103152) send_events /opt/stack/neutron/neutron/notifiers/nova.py:262}}
Dec 12 17:33:36.421304 n-d-760354-5 neutron-server[103152]: DEBUG novaclient.v2.client [-] REQ: curl -g -i --cacert "/opt/stack/data/ca-bundle.pem" -X POST http://10.222.0.18/compute/v2.1/os-server-external-events -H "Accept: application/json" -H "Content-Type: application/json" -H "User-Agent: python-novaclient" -H "X-Auth-Token: {SHA256}1db0091b007e698784a5cbee632437795da8526db99a8bb3483de144beab68b3" -H "X-OpenStack-Nova-API-Version: 2.1" -H "X-OpenStack-Request-ID: req-bd2a9779-947e-48a7-b5a5-f8538d109c72" -d '{"events": [{"server_uuid": "aefc66d1-a6d9-40b3-b48d-246cd3ba52f5", "name": "network-vif-plugged", "status": "completed", "tag": "34c225bb-5552-4471-9ee7-ebcfeb139f9b"}]}' {{(pid=103152) _http_log_request /usr/local/lib/python3.8/dist-packages/keystoneauth1/session.py:519}}
Dec 12 17:33:36.436624 n-d-760354-5 neutron-server[103151]: DEBUG neutron_lib.callbacks.manager [None req-904f9829-95b5-4ca2-b978-afef39d02e9e admin admin] Publish callbacks ['neutron.plugins.ml2.ovo_rpc._ObjectChangeHandler.handle_event-1612666'] for security_group, after_delete {{(pid=103151) _notify_loop /usr/local/lib/python3.8/dist-packages/neutron_lib/callbacks/manager.py:175}}
Dec 12 17:33:36.439569 n-d-760354-5 neutron-server[103151]: DEBUG neutron_lib.callbacks.manager [None req-904f9829-95b5-4ca2-b978-afef39d02e9e admin admin] Publish callbacks [] for security_group, before_response {{(pid=103151) _notify_loop /usr/local/lib/python3.8/dist-packages/neutron_lib/callbacks/manager.py:175}}
Dec 12 17:33:36.443702 n-d-760354-5 neutron-server[103151]: INFO neutron.wsgi [None req-904f9829-95b5-4ca2-b978-afef39d02e9e admin admin] 10.222.0.18 "DELETE /v2.0/security-groups/4da49057-d21e-4b41-bb02-53226257bcbf HTTP/1.1" status: 204 len: 168 time: 0.5381379
Dec 12 17:33:36.449397 n-d-760354-5 neutron-server[103152]: DEBUG neutron.plugins.ml2.db [None req-ed577422-2603-48e3-9dd4-7d1150fa3451 None None] For port 34c225bb-5552-4471-9ee7-ebcfeb139f9b, host n-h1-760354-5, got binding levels [PortBindingLevel(driver='hyperv',host='n-h1-760354-5',level=0,port_id=34c225bb-5552-4471-9ee7-ebcfeb139f9b,segment=NetworkSegment(f8c81ba1-f7a4-4f8f-80b6-7045e05f652b),segment_id=f8c81ba1-f7a4-4f8f-80b6-7045e05f652b)] {{(pid=103152) get_binding_level_objs /opt/stack/neutron/neutron/plugins/ml2/db.py:74}}
Dec 12 17:33:36.464779 n-d-760354-5 neutron-server[103152]: DEBUG neutron_lib.callbacks.manager [None req-ed577422-2603-48e3-9dd4-7d1150fa3451 None None] Publish callbacks ['neutron.plugins.ml2.plugin.SecurityGroupServerNotifierRpcMixin._notify_sg_on_port_change-610783', 'neutron.plugins.ml2.ovo_rpc._ObjectChangeHandler.handle_event-1914063', 'neutron.api.rpc.agentnotifiers.dhcp_rpc_agent_api.DhcpAgentNotifyAPI._native_event_send_dhcp_notification-1602461', 'neutron.db.l3_db.L3RpcNotifierMixin._notify_gateway_port_ip_changed-8778471681253', 'neutron.db.l3_dvrscheduler_db._notify_l3_agent_port_update-8778471182053', 'neutron.db.l3_hascheduler_db._notify_l3_agent_ha_port_update-8778471182071'] for port, after_update {{(pid=103152) _notify_loop /usr/local/lib/python3.8/dist-packages/neutron_lib/callbacks/manager.py:175}}
Dec 12 17:33:36.465790 n-d-760354-5 neutron-server[103151]: DEBUG neutron.api.rpc.handlers.resources_rpc [None req-904f9829-95b5-4ca2-b978-afef39d02e9e admin admin] Pushing event deleted for resources: {'SecurityGroup': ['ID=4da49057-d21e-4b41-bb02-53226257bcbf,revision_number=None']} {{(pid=103151) push /opt/stack/neutron/neutron/api/rpc/handlers/resources_rpc.py:237}}
Dec 12 17:33:36.488172 n-d-760354-5 neutron-server[103151]: DEBUG neutron.plugins.ml2.db [req-f30be8e7-02f8-4082-9d06-97972270acc5 req-2558d2b4-3da3-4eca-84a2-f554dfa0630c service neutron] For port 32aa024c-7a8e-4453-b9c8-f38a1678112e, host n-h1-760354-5, set binding levels [PortBindingLevel(driver='hyperv',host='n-h1-760354-5',level=0,port_id=32aa024c-7a8e-4453-b9c8-f38a1678112e,segment=NetworkSegment(c4d86bf0-9594-443f-91db-87382979bde9),segment_id=c4d86bf0-9594-443f-91db-87382979bde9)] {{(pid=103151) set_binding_levels /opt/stack/neutron/neutron/plugins/ml2/db.py:59}}
Dec 12 17:33:36.499727 n-d-760354-5 neutron-server[103151]: DEBUG neutron_lib.callbacks.manager [req-f30be8e7-02f8-4082-9d06-97972270acc5 req-2558d2b4-3da3-4eca-84a2-f554dfa0630c service neutron] Publish callbacks [] for binding, before_response {{(pid=103151) _notify_loop /usr/local/lib/python3.8/dist-packages/neutron_lib/callbacks/manager.py:175}}
Dec 12 17:33:36.505391 n-d-760354-5 neutron-server[103151]: INFO neutron.wsgi [req-f30be8e7-02f8-4082-9d06-97972270acc5 req-2558d2b4-3da3-4eca-84a2-f554dfa0630c service neutron] 10.222.0.18 "POST /v2.0/ports/32aa024c-7a8e-4453-b9c8-f38a1678112e/bindings HTTP/1.1" status: 201 len: 389 time: 0.6082799
Dec 12 17:33:36.508598 n-d-760354-5 neutron-server[103150]: DEBUG neutron.pecan_wsgi.hooks.policy_enforcement [req-5c084b8e-b5cd-4190-8153-d47d92be71b6 req-7eb66307-140a-4f35-af09-9c5891bdc1dd service neutron] Attributes excluded by policy engine: ['standard_attr_id', 'vlan_transparent'] {{(pid=103150) _exclude_attributes_by_policy /opt/stack/neutron/neutron/pecan_wsgi/hooks/policy_enforcement.py:255}}
Dec 12 17:33:36.510843 n-d-760354-5 neutron-server[103150]: INFO neutron.wsgi [req-5c084b8e-b5cd-4190-8153-d47d92be71b6 req-7eb66307-140a-4f35-af09-9c5891bdc1dd service neutron] 10.222.0.20 "GET /v2.0/networks?id=256368dc-5e68-4402-91a5-533328bbf958 HTTP/1.1" status: 200 len: 906 time: 0.1206183
Dec 12 17:33:36.554973 n-d-760354-5 neutron-server[103152]: DEBUG neutron.api.rpc.handlers.resources_rpc [None req-ed577422-2603-48e3-9dd4-7d1150fa3451 None None] Pushing event updated for resources: {'Port': ['ID=34c225bb-5552-4471-9ee7-ebcfeb139f9b,revision_number=5']} {{(pid=103152) push /opt/stack/neutron/neutron/api/rpc/handlers/resources_rpc.py:237}}
Dec 12 17:33:36.581178 n-d-760354-5 neutron-server[103150]: INFO neutron.wsgi [req-5c084b8e-b5cd-4190-8153-d47d92be71b6 req-03a8b795-e064-4c46-a549-726e189b2395 service neutron] 10.222.0.20 "GET /v2.0/floatingips?fixed_ip_address=172.20.0.13&port_id=6c4858a0-096b-4d77-a78a-4e52fc5af0fb HTTP/1.1" status: 200 len: 217 time: 0.0629520
Dec 12 17:33:36.657071 n-d-760354-5 neutron-server[103152]: DEBUG novaclient.v2.client [-] RESP: [200] Connection: close Content-Length: 183 Content-Type: application/json Date: Sun, 12 Dec 2021 17:33:36 GMT OpenStack-API-Version: compute 2.1 Server: Apache/2.4.41 (Ubuntu) Vary: OpenStack-API-Version,X-OpenStack-Nova-API-Version X-OpenStack-Nova-API-Version: 2.1 x-compute-request-id: req-1cbbdbd7-e13d-4a65-b71c-fd29c7c57030 x-openstack-request-id: req-1cbbdbd7-e13d-4a65-b71c-fd29c7c57030 {{(pid=103152) _http_log_response /usr/local/lib/python3.8/dist-packages/keystoneauth1/session.py:550}}
Dec 12 17:33:36.657508 n-d-760354-5 neutron-server[103152]: DEBUG novaclient.v2.client [-] RESP BODY: {"events": [{"server_uuid": "aefc66d1-a6d9-40b3-b48d-246cd3ba52f5", "name": "network-vif-plugged", "status": "completed", "tag": "34c225bb-5552-4471-9ee7-ebcfeb139f9b", "code": 200}]} {{(pid=103152) _http_log_response /usr/local/lib/python3.8/dist-packages/keystoneauth1/session.py:582}}
Dec 12 17:33:36.657632 n-d-760354-5 neutron-server[103152]: DEBUG novaclient.v2.client [-] POST call to compute for http://10.222.0.18/compute/v2.1/os-server-external-events used request id req-1cbbdbd7-e13d-4a65-b71c-fd29c7c57030 {{(pid=103152) request /usr/local/lib/python3.8/dist-packages/keystoneauth1/session.py:954}}
Dec 12 17:33:36.658224 n-d-760354-5 neutron-server[103152]: INFO neutron.notifiers.nova [-] Nova event response: {'server_uuid': 'aefc66d1-a6d9-40b3-b48d-246cd3ba52f5', 'name': 'network-vif-plugged', 'status': 'completed', 'tag': '34c225bb-5552-4471-9ee7-ebcfeb139f9b', 'code': 200}
Dec 12 17:33:36.686411 n-d-760354-5 neutron-server[103150]: DEBUG neutron.pecan_wsgi.hooks.policy_enforcement [req-5c084b8e-b5cd-4190-8153-d47d92be71b6 req-20c05a66-185e-496e-9336-14b28c0f32f7 service neutron] Attributes excluded by policy engine: ['standard_attr_id', 'shared'] {{(pid=103150) _exclude_attributes_by_policy /opt/stack/neutron/neutron/pecan_wsgi/hooks/policy_enforcement.py:255}}
Dec 12 17:33:36.689919 n-d-760354-5 neutron-server[103150]: INFO neutron.wsgi [req-5c084b8e-b5cd-4190-8153-d47d92be71b6 req-20c05a66-185e-496e-9336-14b28c0f32f7 service neutron] 10.222.0.20 "GET /v2.0/subnets?id=2a5209e1-f35d-462f-abcb-435d8a0a7895 HTTP/1.1" status: 200 len: 845 time: 0.1002054
Dec 12 17:33:36.742243 n-d-760354-5 neutron-server[103150]: INFO neutron.wsgi [req-5c084b8e-b5cd-4190-8153-d47d92be71b6 req-0179c415-a337-4f3d-b639-4e56cd6419a4 service neutron] 10.222.0.20 "GET /v2.0/ports?network_id=256368dc-5e68-4402-91a5-533328bbf958&device_owner=network%3Adhcp HTTP/1.1" status: 200 len: 210 time: 0.0440786
Dec 12 17:33:36.765082 n-d-760354-5 neutron-server[103151]: DEBUG neutron.pecan_wsgi.hooks.policy_enforcement [req-c4d443a1-5695-4ed9-b1ea-931fb0f9bfb9 req-7c202ee5-9af2-40fb-bbca-63a25052329a tempest-ServersOnMultiNodesTest-1934097227 tempest-ServersOnMultiNodesTest-1934097227-project] Attributes excluded by policy engine: ['standard_attr_id', 'binding:profile', 'binding:host_id', 'binding:vif_type', 'binding:vif_details'] {{(pid=103151) _exclude_attributes_by_policy /opt/stack/neutron/neutron/pecan_wsgi/hooks/policy_enforcement.py:255}}
Dec 12 17:33:36.773533 n-d-760354-5 neutron-server[103151]: INFO neutron.wsgi [req-c4d443a1-5695-4ed9-b1ea-931fb0f9bfb9 req-7c202ee5-9af2-40fb-bbca-63a25052329a tempest-ServersOnMultiNodesTest-1934097227 tempest-ServersOnMultiNodesTest-1934097227-project] 10.222.0.18 "GET /v2.0/ports?device_id=aefc66d1-a6d9-40b3-b48d-246cd3ba52f5 HTTP/1.1" status: 200 len: 950 time: 0.0631309
Dec 12 17:33:36.855764 n-d-760354-5 neutron-server[103151]: INFO neutron.wsgi [req-c4d443a1-5695-4ed9-b1ea-931fb0f9bfb9 req-04663fe1-a07b-4126-b92c-a6988e81f0b0 tempest-ServersOnMultiNodesTest-1934097227 tempest-ServersOnMultiNodesTest-1934097227-project] 10.222.0.18 "GET /v2.0/security-groups?id=d579388f-54f5-48dd-9321-ceb64f7ae111&fields=id&fields=name HTTP/1.1" status: 200 len: 286 time: 0.0809243
Dec 12 17:33:36.864671 n-d-760354-5 neutron-server[103151]: DEBUG neutron.pecan_wsgi.hooks.policy_enforcement [req-f30be8e7-02f8-4082-9d06-97972270acc5 req-455d9a97-a745-40d6-b929-d5a4f3bf90f1 service neutron] Attributes excluded by policy engine: ['standard_attr_id'] {{(pid=103151) _exclude_attributes_by_policy /opt/stack/neutron/neutron/pecan_wsgi/hooks/policy_enforcement.py:255}}
Dec 12 17:33:36.866379 n-d-760354-5 neutron-server[103151]: INFO neutron.wsgi [req-f30be8e7-02f8-4082-9d06-97972270acc5 req-455d9a97-a745-40d6-b929-d5a4f3bf90f1 service neutron] 10.222.0.31 "GET /v2.0/ports?tenant_id=ed3999e96c6f4755bb182b05f58b09fc&device_id=1f1bf9af-e51a-46f2-8123-e531fe393516 HTTP/1.1" status: 200 len: 1096 time: 0.0680184
Dec 12 17:33:36.875587 n-d-760354-5 neutron-server[103150]: DEBUG neutron.pecan_wsgi.hooks.policy_enforcement [req-987546ef-c477-4097-88ca-d60d22df010f req-c6c0bb80-9c4a-4210-81c2-1e495b074d76 service neutron] Attributes excluded by policy engine: ['standard_attr_id'] {{(pid=103150) _exclude_attributes_by_policy /opt/stack/neutron/neutron/pecan_wsgi/hooks/policy_enforcement.py:255}}
Dec 12 17:33:36.877085 n-d-760354-5 neutron-server[103150]: INFO neutron.wsgi [req-987546ef-c477-4097-88ca-d60d22df010f req-c6c0bb80-9c4a-4210-81c2-1e495b074d76 service neutron] 10.222.0.31 "GET /v2.0/ports?device_id=aefc66d1-a6d9-40b3-b48d-246cd3ba52f5 HTTP/1.1" status: 200 len: 1101 time: 0.1339517
Dec 12 17:33:36.922527 n-d-760354-5 neutron-server[103150]: INFO neutron.wsgi [req-5c084b8e-b5cd-4190-8153-d47d92be71b6 req-d056871c-c3d9-4d1b-8dfb-d2745de51488 service neutron] 10.222.0.20 "GET /v2.0/networks/256368dc-5e68-4402-91a5-533328bbf958?fields=segments HTTP/1.1" status: 200 len: 212 time: 0.1496537
Dec 12 17:33:37.003189 n-d-760354-5 neutron-server[103150]: INFO neutron.wsgi [req-987546ef-c477-4097-88ca-d60d22df010f req-df046fa4-d96a-4124-affb-0f93679da80f service neutron] 10.222.0.31 "GET /v2.0/security-groups?id=d579388f-54f5-48dd-9321-ceb64f7ae111&fields=id&fields=name HTTP/1.1" status: 200 len: 286 time: 0.1190722
Dec 12 17:33:37.037636 n-d-760354-5 neutron-server[103151]: DEBUG neutron.pecan_wsgi.hooks.policy_enforcement [req-db629221-2b05-400d-af84-b7f5b1dfe018 req-3c8e0a56-197e-4669-9359-779415fd2bb7 tempest-LiveAutoBlockMigrationV225Test-1949548176 tempest-LiveAutoBlockMigrationV225Test-1949548176-project] Attributes excluded by policy engine: ['standard_attr_id', 'binding:profile', 'binding:host_id', 'binding:vif_type', 'binding:vif_details'] {{(pid=103151) _exclude_attributes_by_policy /opt/stack/neutron/neutron/pecan_wsgi/hooks/policy_enforcement.py:255}}
Dec 12 17:33:37.040440 n-d-760354-5 neutron-server[103151]: INFO neutron.wsgi [req-db629221-2b05-400d-af84-b7f5b1dfe018 req-3c8e0a56-197e-4669-9359-779415fd2bb7 tempest-LiveAutoBlockMigrationV225Test-1949548176 tempest-LiveAutoBlockMigrationV225Test-1949548176-project] 10.222.0.18 "GET /v2.0/ports?device_id=1f1bf9af-e51a-46f2-8123-e531fe393516 HTTP/1.1" status: 200 len: 945 time: 0.0834882
Dec 12 17:33:37.059962 n-d-760354-5 neutron-server[103150]: INFO neutron.wsgi [req-5c084b8e-b5cd-4190-8153-d47d92be71b6 req-9cc2e843-c910-4bda-a1dc-8385bf6f459d service neutron] 10.222.0.20 "GET /v2.0/networks/256368dc-5e68-4402-91a5-533328bbf958?fields=provider%3Aphysical_network&fields=provider%3Anetwork_type HTTP/1.1" status: 200 len: 281 time: 0.1227727
Dec 12 17:33:37.066577 n-d-760354-5 neutron-server[103151]: DEBUG neutron.pecan_wsgi.hooks.policy_enforcement [req-f30be8e7-02f8-4082-9d06-97972270acc5 req-bc525744-a2e5-4377-8e2e-393c73220402 service neutron] Attributes excluded by policy engine: ['standard_attr_id', 'vlan_transparent'] {{(pid=103151) _exclude_attributes_by_policy /opt/stack/neutron/neutron/pecan_wsgi/hooks/policy_enforcement.py:255}}
Dec 12 17:33:37.068448 n-d-760354-5 neutron-server[103151]: INFO neutron.wsgi [req-f30be8e7-02f8-4082-9d06-97972270acc5 req-bc525744-a2e5-4377-8e2e-393c73220402 service neutron] 10.222.0.31 "GET /v2.0/networks?id=d9c565c0-ff5d-4c84-8751-8dccc59a2244 HTTP/1.1" status: 200 len: 922 time: 0.1923039
Dec 12 17:33:37.106757 n-d-760354-5 neutron-server[103151]: INFO neutron.wsgi [req-db629221-2b05-400d-af84-b7f5b1dfe018 req-4a5019c6-c380-4325-80a3-6b6e78b3f46f tempest-LiveAutoBlockMigrationV225Test-1949548176 tempest-LiveAutoBlockMigrationV225Test-1949548176-project] 10.222.0.18 "GET /v2.0/security-groups?id=38f6d17f-23e5-4da4-87cd-2eca8f0ee10f&fields=id&fields=name HTTP/1.1" status: 200 len: 286 time: 0.0510998
Dec 12 17:33:37.247394 n-d-760354-5 neutron-server[103151]: DEBUG neutron.pecan_wsgi.hooks.policy_enforcement [req-e80db3af-829f-4b11-8138-a3c218049fa4 req-9df836c5-ef51-49b9-8a98-6e978e4a23ac tempest-ImagesTestJSON-1133522876 tempest-ImagesTestJSON-1133522876-project] Attributes excluded by policy engine: ['standard_attr_id', 'binding:profile', 'binding:host_id', 'binding:vif_type', 'binding:vif_details'] {{(pid=103151) _exclude_attributes_by_policy /opt/stack/neutron/neutron/pecan_wsgi/hooks/policy_enforcement.py:255}}
Dec 12 17:33:37.250825 n-d-760354-5 neutron-server[103151]: INFO neutron.wsgi [req-e80db3af-829f-4b11-8138-a3c218049fa4 req-9df836c5-ef51-49b9-8a98-6e978e4a23ac tempest-ImagesTestJSON-1133522876 tempest-ImagesTestJSON-1133522876-project] 10.222.0.18 "GET /v2.0/ports?device_id=77df0f64-53c7-4259-8875-ec7dd12edaeb HTTP/1.1" status: 200 len: 944 time: 0.0725605
Dec 12 17:33:37.307798 n-d-760354-5 neutron-server[103151]: INFO neutron.wsgi [req-f30be8e7-02f8-4082-9d06-97972270acc5 req-676a7e44-60d4-447a-b3ec-0c8c0e7b96ea service neutron] 10.222.0.31 "GET /v2.0/floatingips?fixed_ip_address=172.20.0.2&port_id=32aa024c-7a8e-4453-b9c8-f38a1678112e HTTP/1.1" status: 200 len: 217 time: 0.0526259
Dec 12 17:33:37.373809 n-d-760354-5 neutron-server[103151]: DEBUG neutron.pecan_wsgi.hooks.policy_enforcement [req-f30be8e7-02f8-4082-9d06-97972270acc5 req-4c2b0723-0a90-4d67-8efa-04e4dd61803f service neutron] Attributes excluded by policy engine: ['standard_attr_id', 'shared', 'segment_id'] {{(pid=103151) _exclude_attributes_by_policy /opt/stack/neutron/neutron/pecan_wsgi/hooks/policy_enforcement.py:255}}
Dec 12 17:33:37.375418 n-d-760354-5 neutron-server[103151]: INFO neutron.wsgi [req-f30be8e7-02f8-4082-9d06-97972270acc5 req-4c2b0723-0a90-4d67-8efa-04e4dd61803f service neutron] 10.222.0.31 "GET /v2.0/subnets?id=ba6c9901-d0ed-4743-9b2b-40a2e328cdb1 HTTP/1.1" status: 200 len: 861 time: 0.0605054
Dec 12 17:33:37.399833 n-d-760354-5 neutron-server[103151]: INFO neutron.wsgi [req-e80db3af-829f-4b11-8138-a3c218049fa4 req-f96181e9-1e88-4531-8d51-72938b68a43a tempest-ImagesTestJSON-1133522876 tempest-ImagesTestJSON-1133522876-project] 10.222.0.18 "GET /v2.0/security-groups?id=b97eab3d-127c-4365-9fde-48fe494282ec&fields=id&fields=name HTTP/1.1" status: 200 len: 286 time: 0.1320529
Dec 12 17:33:37.419141 n-d-760354-5 neutron-server[103151]: INFO neutron.wsgi [req-f30be8e7-02f8-4082-9d06-97972270acc5 req-ee1d19c2-d5d6-4f36-beeb-2b6849cd0770 service neutron] 10.222.0.31 "GET /v2.0/ports?network_id=d9c565c0-ff5d-4c84-8751-8dccc59a2244&device_owner=network%3Adhcp HTTP/1.1" status: 200 len: 210 time: 0.0362229
Dec 12 17:33:37.549550 n-d-760354-5 neutron-server[103151]: INFO neutron.wsgi [req-f30be8e7-02f8-4082-9d06-97972270acc5 req-ddb18a76-6798-457f-be99-2fa943b1ba26 service neutron] 10.222.0.31 "GET /v2.0/networks/d9c565c0-ff5d-4c84-8751-8dccc59a2244?fields=segments HTTP/1.1" status: 200 len: 212 time: 0.1219869
Dec 12 17:33:37.668087 n-d-760354-5 neutron-server[103151]: INFO neutron.wsgi [req-f30be8e7-02f8-4082-9d06-97972270acc5 req-15c46d9f-aeb1-425c-837c-963c1ab64c0d service neutron] 10.222.0.31 "GET /v2.0/networks/d9c565c0-ff5d-4c84-8751-8dccc59a2244?fields=provider%3Aphysical_network&fields=provider%3Anetwork_type HTTP/1.1" status: 200 len: 281 time: 0.1104388
Dec 12 17:33:37.917117 n-d-760354-5 neutron-server[103151]: DEBUG neutron.pecan_wsgi.hooks.policy_enforcement [req-f30be8e7-02f8-4082-9d06-97972270acc5 req-8a579d7f-40ca-4b99-8381-d1d91440e7ea tempest-LiveAutoBlockMigrationV225Test-1447374992 tempest-LiveAutoBlockMigrationV225Test-1447374992-project-admin] Attributes excluded by policy engine: ['standard_attr_id'] {{(pid=103151) _exclude_attributes_by_policy /opt/stack/neutron/neutron/pecan_wsgi/hooks/policy_enforcement.py:255}}
Dec 12 17:33:37.918997 n-d-760354-5 neutron-server[103151]: INFO neutron.wsgi [req-f30be8e7-02f8-4082-9d06-97972270acc5 req-8a579d7f-40ca-4b99-8381-d1d91440e7ea tempest-LiveAutoBlockMigrationV225Test-1447374992 tempest-LiveAutoBlockMigrationV225Test-1447374992-project-admin] 10.222.0.31 "GET /v2.0/ports?device_id=1f1bf9af-e51a-46f2-8123-e531fe393516&tenant_id=ed3999e96c6f4755bb182b05f58b09fc&binding%3Ahost_id=n-h2-760354-5 HTTP/1.1" status: 200 len: 1096 time: 0.0881040
Dec 12 17:33:37.935253 n-d-760354-5 neutron-server[103151]: DEBUG neutron.api.v2.base [req-f30be8e7-02f8-4082-9d06-97972270acc5 req-7cd47e9d-0db6-4710-ad79-fb1476506c59 service neutron] Request body: {'port': {'binding:profile': {'migrating_to': 'n-h1-760354-5'}}} {{(pid=103151) prepare_request_body /opt/stack/neutron/neutron/api/v2/base.py:729}}
Dec 12 17:33:38.051284 n-d-760354-5 neutron-server[103151]: DEBUG neutron.pecan_wsgi.hooks.policy_enforcement [req-bfc4a90a-ccff-497a-9f80-b622a4dd3875 req-b945eb20-7d9c-40e6-8c0d-3e9d555481c0 tempest-ServersOnMultiNodesTest-1934097227 tempest-ServersOnMultiNodesTest-1934097227-project] Attributes excluded by policy engine: ['standard_attr_id', 'binding:profile', 'binding:host_id', 'binding:vif_type', 'binding:vif_details'] {{(pid=103151) _exclude_attributes_by_policy /opt/stack/neutron/neutron/pecan_wsgi/hooks/policy_enforcement.py:255}}
Dec 12 17:33:38.052820 n-d-760354-5 neutron-server[103151]: INFO neutron.wsgi [req-bfc4a90a-ccff-497a-9f80-b622a4dd3875 req-b945eb20-7d9c-40e6-8c0d-3e9d555481c0 tempest-ServersOnMultiNodesTest-1934097227 tempest-ServersOnMultiNodesTest-1934097227-project] 10.222.0.18 "GET /v2.0/ports?device_id=aefc66d1-a6d9-40b3-b48d-246cd3ba52f5 HTTP/1.1" status: 200 len: 950 time: 0.1146297
Dec 12 17:33:38.056106 n-d-760354-5 neutron-server[103151]: DEBUG neutron_lib.callbacks.manager [req-f30be8e7-02f8-4082-9d06-97972270acc5 req-7cd47e9d-0db6-4710-ad79-fb1476506c59 service neutron] Publish callbacks ['neutron.plugins.ml2.plugin.SecurityGroupDbMixin._ensure_default_security_group_handler-610304'] for port, before_update {{(pid=103151) _notify_loop /usr/local/lib/python3.8/dist-packages/neutron_lib/callbacks/manager.py:175}}
Dec 12 17:33:38.181853 n-d-760354-5 neutron-server[103151]: INFO neutron.wsgi [req-bfc4a90a-ccff-497a-9f80-b622a4dd3875 req-34f5dece-0e11-4efb-b8ed-8d981c142bef tempest-ServersOnMultiNodesTest-1934097227 tempest-ServersOnMultiNodesTest-1934097227-project] 10.222.0.18 "GET /v2.0/security-groups?id=d579388f-54f5-48dd-9321-ceb64f7ae111&fields=id&fields=name HTTP/1.1" status: 200 len: 286 time: 0.1172619
Dec 12 17:33:38.242335 n-d-760354-5 neutron-server[103151]: DEBUG neutron.plugins.ml2.db [req-f30be8e7-02f8-4082-9d06-97972270acc5 req-7cd47e9d-0db6-4710-ad79-fb1476506c59 service neutron] For port 32aa024c-7a8e-4453-b9c8-f38a1678112e, host n-h2-760354-5, got binding levels [PortBindingLevel(driver='hyperv',host='n-h2-760354-5',level=0,port_id=32aa024c-7a8e-4453-b9c8-f38a1678112e,segment=NetworkSegment(c4d86bf0-9594-443f-91db-87382979bde9),segment_id=c4d86bf0-9594-443f-91db-87382979bde9)] {{(pid=103151) get_binding_level_objs /opt/stack/neutron/neutron/plugins/ml2/db.py:74}}
Dec 12 17:33:38.252881 n-d-760354-5 neutron-server[103151]: DEBUG neutron.wsgi [-] (103151) accepted ('10.222.0.18', 35304) {{(pid=103151) server /usr/local/lib/python3.8/dist-packages/eventlet/wsgi.py:1004}}
Dec 12 17:33:38.299488 n-d-760354-5 neutron-server[103151]: DEBUG neutron.plugins.ml2.db [req-f30be8e7-02f8-4082-9d06-97972270acc5 req-7cd47e9d-0db6-4710-ad79-fb1476506c59 service neutron] For port 32aa024c-7a8e-4453-b9c8-f38a1678112e, host n-h2-760354-5, cleared binding levels {{(pid=103151) clear_binding_levels /opt/stack/neutron/neutron/plugins/ml2/db.py:87}}
Dec 12 17:33:38.373636 n-d-760354-5 neutron-server[103151]: DEBUG neutron.notifiers.nova [-] Sending events: [{'server_uuid': '1f1bf9af-e51a-46f2-8123-e531fe393516', 'name': 'network-vif-unplugged', 'status': 'completed', 'tag': '32aa024c-7a8e-4453-b9c8-f38a1678112e'}] {{(pid=103151) send_events /opt/stack/neutron/neutron/notifiers/nova.py:262}}
Dec 12 17:33:38.376030 n-d-760354-5 neutron-server[103151]: DEBUG novaclient.v2.client [-] REQ: curl -g -i --cacert "/opt/stack/data/ca-bundle.pem" -X POST http://10.222.0.18/compute/v2.1/os-server-external-events -H "Accept: application/json" -H "Content-Type: application/json" -H "User-Agent: python-novaclient" -H "X-Auth-Token: {SHA256}708561b82c970a96da26173199ab336bc83b3fa6454a5255399748d2888eb222" -H "X-OpenStack-Nova-API-Version: 2.1" -H "X-OpenStack-Request-ID: req-6edbcf74-35a7-43dc-9c2e-b0926cb450d8" -d '{"events": [{"server_uuid": "1f1bf9af-e51a-46f2-8123-e531fe393516", "name": "network-vif-unplugged", "status": "completed", "tag": "32aa024c-7a8e-4453-b9c8-f38a1678112e"}]}' {{(pid=103151) _http_log_request /usr/local/lib/python3.8/dist-packages/keystoneauth1/session.py:519}}
Dec 12 17:33:38.380566 n-d-760354-5 neutron-server[103151]: DEBUG neutron_lib.callbacks.manager [req-f30be8e7-02f8-4082-9d06-97972270acc5 req-7cd47e9d-0db6-4710-ad79-fb1476506c59 service neutron] Publish callbacks [] for port, precommit_update {{(pid=103151) _notify_loop /usr/local/lib/python3.8/dist-packages/neutron_lib/callbacks/manager.py:175}}
Dec 12 17:33:38.391186 n-d-760354-5 neutron-server[103151]: DEBUG neutron_lib.callbacks.manager [req-f30be8e7-02f8-4082-9d06-97972270acc5 req-7cd47e9d-0db6-4710-ad79-fb1476506c59 service neutron] Publish callbacks ['neutron.plugins.ml2.plugin.SecurityGroupServerNotifierRpcMixin._notify_sg_on_port_change-610783', 'neutron.plugins.ml2.ovo_rpc._ObjectChangeHandler.handle_event-1914063', 'neutron.api.rpc.agentnotifiers.dhcp_rpc_agent_api.DhcpAgentNotifyAPI._native_event_send_dhcp_notification-1602461', 'neutron.db.l3_db.L3RpcNotifierMixin._notify_gateway_port_ip_changed-8778471681253', 'neutron.db.l3_dvrscheduler_db._notify_l3_agent_port_update-8778471182053', 'neutron.db.l3_hascheduler_db._notify_l3_agent_ha_port_update-8778471182071', 'neutron.services.segments.plugin.NovaSegmentNotifier._notify_port_updated-3086471'] for port, after_update {{(pid=103151) _notify_loop /usr/local/lib/python3.8/dist-packages/neutron_lib/callbacks/manager.py:175}}
Dec 12 17:33:38.430294 n-d-760354-5 neutron-server[103151]: DEBUG neutron.pecan_wsgi.hooks.policy_enforcement [req-bb549c7b-163c-4bc4-8a2c-2f3efd7d1508 req-0024fadb-5141-4c5d-bea0-5a8b72a13fd5 tempest-LiveAutoBlockMigrationV225Test-1949548176 tempest-LiveAutoBlockMigrationV225Test-1949548176-project] Attributes excluded by policy engine: ['standard_attr_id', 'binding:profile', 'binding:host_id', 'binding:vif_type', 'binding:vif_details'] {{(pid=103151) _exclude_attributes_by_policy /opt/stack/neutron/neutron/pecan_wsgi/hooks/policy_enforcement.py:255}}
Dec 12 17:33:38.436696 n-d-760354-5 neutron-server[103151]: INFO neutron.wsgi [req-bb549c7b-163c-4bc4-8a2c-2f3efd7d1508 req-0024fadb-5141-4c5d-bea0-5a8b72a13fd5 tempest-LiveAutoBlockMigrationV225Test-1949548176 tempest-LiveAutoBlockMigrationV225Test-1949548176-project] 10.222.0.18 "GET /v2.0/ports?device_id=1f1bf9af-e51a-46f2-8123-e531fe393516 HTTP/1.1" status: 200 len: 945 time: 0.1128812
Dec 12 17:33:38.561235 n-d-760354-5 neutron-server[103151]: DEBUG novaclient.v2.client [-] RESP: [200] Connection: close Content-Length: 185 Content-Type: application/json Date: Sun, 12 Dec 2021 17:33:38 GMT OpenStack-API-Version: compute 2.1 Server: Apache/2.4.41 (Ubuntu) Vary: OpenStack-API-Version,X-OpenStack-Nova-API-Version X-OpenStack-Nova-API-Version: 2.1 x-compute-request-id: req-c5f5453e-ce0b-4f73-b438-f0c63323df2d x-openstack-request-id: req-c5f5453e-ce0b-4f73-b438-f0c63323df2d {{(pid=103151) _http_log_response /usr/local/lib/python3.8/dist-packages/keystoneauth1/session.py:550}}
Dec 12 17:33:38.561611 n-d-760354-5 neutron-server[103151]: DEBUG novaclient.v2.client [-] RESP BODY: {"events": [{"server_uuid": "1f1bf9af-e51a-46f2-8123-e531fe393516", "name": "network-vif-unplugged", "status": "completed", "tag": "32aa024c-7a8e-4453-b9c8-f38a1678112e", "code": 200}]} {{(pid=103151) _http_log_response /usr/local/lib/python3.8/dist-packages/keystoneauth1/session.py:582}}
Dec 12 17:33:38.561868 n-d-760354-5 neutron-server[103151]: DEBUG novaclient.v2.client [-] POST call to compute for http://10.222.0.18/compute/v2.1/os-server-external-events used request id req-c5f5453e-ce0b-4f73-b438-f0c63323df2d {{(pid=103151) request /usr/local/lib/python3.8/dist-packages/keystoneauth1/session.py:954}}
Dec 12 17:33:38.562259 n-d-760354-5 neutron-server[103151]: INFO neutron.notifiers.nova [-] Nova event response: {'server_uuid': '1f1bf9af-e51a-46f2-8123-e531fe393516', 'name': 'network-vif-unplugged', 'status': 'completed', 'tag': '32aa024c-7a8e-4453-b9c8-f38a1678112e', 'code': 200}
Dec 12 17:33:38.617420 n-d-760354-5 neutron-server[103151]: DEBUG neutron_lib.callbacks.manager [None req-28fcd709-4aef-4b20-af7b-449d59607c8e admin admin] Publish callbacks [] for security_group, before_create {{(pid=103151) _notify_loop /usr/local/lib/python3.8/dist-packages/neutron_lib/callbacks/manager.py:175}}
Dec 12 17:33:38.624580 n-d-760354-5 neutron-server[103151]: DEBUG neutron.plugins.ml2.managers [req-f30be8e7-02f8-4082-9d06-97972270acc5 req-7cd47e9d-0db6-4710-ad79-fb1476506c59 service neutron] Attempting to bind port 32aa024c-7a8e-4453-b9c8-f38a1678112e on host n-h2-760354-5 for vnic_type normal with profile {"migrating_to": "n-h1-760354-5"} {{(pid=103151) bind_port /opt/stack/neutron/neutron/plugins/ml2/managers.py:795}}
Dec 12 17:33:38.624916 n-d-760354-5 neutron-server[103151]: DEBUG neutron.plugins.ml2.managers [req-f30be8e7-02f8-4082-9d06-97972270acc5 req-7cd47e9d-0db6-4710-ad79-fb1476506c59 service neutron] Attempting to bind port 32aa024c-7a8e-4453-b9c8-f38a1678112e by drivers openvswitch,hyperv on host n-h2-760354-5 at level 0 using segments [{'id': 'c4d86bf0-9594-443f-91db-87382979bde9', 'network_type': 'vlan', 'physical_network': 'physnet1', 'segmentation_id': 181, 'network_id': 'd9c565c0-ff5d-4c84-8751-8dccc59a2244'}] {{(pid=103151) _bind_port_level /opt/stack/neutron/neutron/plugins/ml2/managers.py:820}}
Dec 12 17:33:38.625246 n-d-760354-5 neutron-server[103151]: DEBUG neutron.plugins.ml2.drivers.mech_agent [req-f30be8e7-02f8-4082-9d06-97972270acc5 req-7cd47e9d-0db6-4710-ad79-fb1476506c59 service neutron] Attempting to bind port 32aa024c-7a8e-4453-b9c8-f38a1678112e on network d9c565c0-ff5d-4c84-8751-8dccc59a2244 {{(pid=103151) bind_port /opt/stack/neutron/neutron/plugins/ml2/drivers/mech_agent.py:91}}
Dec 12 17:33:38.650728 n-d-760354-5 neutron-server[103151]: DEBUG neutron.api.rpc.handlers.resources_rpc [None req-7cd47e9d-0db6-4710-ad79-fb1476506c59 service neutron] Pushing event updated for resources: {'Port': ['ID=32aa024c-7a8e-4453-b9c8-f38a1678112e,revision_number=7']} {{(pid=103151) push /opt/stack/neutron/neutron/api/rpc/handlers/resources_rpc.py:237}}
Dec 12 17:33:38.670888 n-d-760354-5 neutron-server[103151]: INFO neutron.wsgi [req-bb549c7b-163c-4bc4-8a2c-2f3efd7d1508 req-f795bb39-e6ec-4377-ab11-a875b6f18e1c tempest-LiveAutoBlockMigrationV225Test-1949548176 tempest-LiveAutoBlockMigrationV225Test-1949548176-project] 10.222.0.18 "GET /v2.0/security-groups?id=38f6d17f-23e5-4da4-87cd-2eca8f0ee10f&fields=id&fields=name HTTP/1.1" status: 200 len: 286 time: 0.1994052
Dec 12 17:33:38.673548 n-d-760354-5 neutron-server[103151]: DEBUG neutron.plugins.ml2.drivers.mech_agent [req-f30be8e7-02f8-4082-9d06-97972270acc5 req-7cd47e9d-0db6-4710-ad79-fb1476506c59 service neutron] Port 32aa024c-7a8e-4453-b9c8-f38a1678112e on network d9c565c0-ff5d-4c84-8751-8dccc59a2244 not bound, no agent of type Open vSwitch agent registered on host n-h2-760354-5 {{(pid=103151) bind_port /opt/stack/neutron/neutron/plugins/ml2/drivers/mech_agent.py:103}}
Dec 12 17:33:38.673893 n-d-760354-5 neutron-server[103151]: DEBUG neutron.plugins.ml2.drivers.mech_agent [req-f30be8e7-02f8-4082-9d06-97972270acc5 req-7cd47e9d-0db6-4710-ad79-fb1476506c59 service neutron] Attempting to bind port 32aa024c-7a8e-4453-b9c8-f38a1678112e on network d9c565c0-ff5d-4c84-8751-8dccc59a2244 {{(pid=103151) bind_port /opt/stack/neutron/neutron/plugins/ml2/drivers/mech_agent.py:91}}
Dec 12 17:33:38.691640 n-d-760354-5 neutron-server[103151]: DEBUG neutron.plugins.ml2.drivers.mech_agent [req-f30be8e7-02f8-4082-9d06-97972270acc5 req-7cd47e9d-0db6-4710-ad79-fb1476506c59 service neutron] Checking agent: {'id': 'd028a7b3-b0bb-4a9e-9b56-190fdbf6faec', 'agent_type': 'HyperV agent', 'binary': 'neutron-hyperv-agent', 'topic': 'N/A', 'host': 'n-h2-760354-5', 'admin_state_up': True, 'created_at': datetime.datetime(2021, 12, 12, 17, 30, 17), 'started_at': datetime.datetime(2021, 12, 12, 17, 30, 17), 'heartbeat_timestamp': datetime.datetime(2021, 12, 12, 17, 33, 17), 'description': None, 'resources_synced': None, 'availability_zone': None, 'alive': True, 'configurations': {'vswitch_mappings': {'physnet1$': 'br-data'}}, 'resource_versions': {}} {{(pid=103151) bind_port /opt/stack/neutron/neutron/plugins/ml2/drivers/mech_agent.py:110}}
Dec 12 17:33:38.691640 n-d-760354-5 neutron-server[103151]: DEBUG neutron.plugins.ml2.drivers.mech_agent [req-f30be8e7-02f8-4082-9d06-97972270acc5 req-7cd47e9d-0db6-4710-ad79-fb1476506c59 service neutron] Checking segment: {'id': 'c4d86bf0-9594-443f-91db-87382979bde9', 'network_type': 'vlan', 'physical_network': 'physnet1', 'segmentation_id': 181, 'network_id': 'd9c565c0-ff5d-4c84-8751-8dccc59a2244'} for mappings: {'physnet1$': 'br-data'} with network types: ['local', 'flat', 'vlan'] {{(pid=103151) check_segment_for_agent /opt/stack/neutron/neutron/plugins/ml2/drivers/mech_agent.py:371}}
Dec 12 17:33:38.691819 n-d-760354-5 neutron-server[103151]: DEBUG neutron.plugins.ml2.drivers.mech_agent [req-f30be8e7-02f8-4082-9d06-97972270acc5 req-7cd47e9d-0db6-4710-ad79-fb1476506c59 service neutron] Bound using segment: {'id': 'c4d86bf0-9594-443f-91db-87382979bde9', 'network_type': 'vlan', 'physical_network': 'physnet1', 'segmentation_id': 181, 'network_id': 'd9c565c0-ff5d-4c84-8751-8dccc59a2244'} {{(pid=103151) bind_port /opt/stack/neutron/neutron/plugins/ml2/drivers/mech_agent.py:120}}
Dec 12 17:33:38.692260 n-d-760354-5 neutron-server[103151]: DEBUG neutron.plugins.ml2.managers [req-f30be8e7-02f8-4082-9d06-97972270acc5 req-7cd47e9d-0db6-4710-ad79-fb1476506c59 service neutron] Bound port: 32aa024c-7a8e-4453-b9c8-f38a1678112e, host: n-h2-760354-5, vif_type: hyperv, vif_details: {"connectivity": "legacy", "port_filter": false}, binding_levels: [{'bound_driver': 'hyperv', 'bound_segment': {'id': 'c4d86bf0-9594-443f-91db-87382979bde9', 'network_type': 'vlan', 'physical_network': 'physnet1', 'segmentation_id': 181, 'network_id': 'd9c565c0-ff5d-4c84-8751-8dccc59a2244'}}] {{(pid=103151) _bind_port_level /opt/stack/neutron/neutron/plugins/ml2/managers.py:932}}
Dec 12 17:33:38.692608 n-d-760354-5 neutron-server[103151]: DEBUG neutron_lib.callbacks.manager [req-f30be8e7-02f8-4082-9d06-97972270acc5 req-7cd47e9d-0db6-4710-ad79-fb1476506c59 service neutron] Publish callbacks ['neutron.plugins.ml2.plugin.SecurityGroupDbMixin._ensure_default_security_group_handler-610304'] for port, before_update {{(pid=103151) _notify_loop /usr/local/lib/python3.8/dist-packages/neutron_lib/callbacks/manager.py:175}}
