Dec 12 17:33:12.494094 n-d-760354-5 neutron-server[103150]: INFO neutron.wsgi [req-3366c92f-4390-4337-adac-eefb2e8fea69 req-6261b5b0-e208-48f3-ae52-eeeba6f71dc8 service neutron] 10.222.0.31 "GET /v2.0/ports?tenant_id=438b3403df11467186a128ec0b97682a&device_id=055c0ed5-0e70-4b4f-a327-29c55df81af3 HTTP/1.1" status: 200 len: 1097 time: 0.2516391
Dec 12 17:33:12.505290 n-d-760354-5 neutron-server[103150]: DEBUG neutron.api.v2.base [req-e40cdb94-f7f0-4cc7-9736-75ba858efed2 req-8adb48ff-75d9-4cc3-bb13-9bf2d8cefdf0 service neutron] Request body: {'port': {'device_id': '5da3879c-fdb9-47d5-8fe9-3bf8609d626e', 'device_owner': 'compute:nova', 'binding:host_id': 'n-h2-760354-5'}} {{(pid=103150) prepare_request_body /opt/stack/neutron/neutron/api/v2/base.py:729}}
Dec 12 17:33:12.553727 n-d-760354-5 neutron-server[103151]: DEBUG neutron.notifiers.nova [req-a0a55d2e-9f63-4a54-918e-258f314e33c5 req-df2fb5b0-e9ee-4098-8ebf-0dc69ba7d031 service neutron] Ignoring state change previous_port_status: DOWN current_port_status: DOWN port_id cc444077-3ba7-4ccd-9a3d-af7169151954 {{(pid=103151) record_port_status_changed /opt/stack/neutron/neutron/notifiers/nova.py:224}}
Dec 12 17:33:12.565159 n-d-760354-5 neutron-server[103150]: DEBUG neutron_lib.callbacks.manager [None req-89a1e2dc-06d7-4331-8274-5d7645c8da7e admin admin] Publish callbacks [] for security_group, precommit_delete {{(pid=103150) _notify_loop /usr/local/lib/python3.8/dist-packages/neutron_lib/callbacks/manager.py:175}}
Dec 12 17:33:12.586823 n-d-760354-5 neutron-server[103151]: DEBUG neutron_lib.callbacks.manager [req-a0a55d2e-9f63-4a54-918e-258f314e33c5 req-df2fb5b0-e9ee-4098-8ebf-0dc69ba7d031 service neutron] Publish callbacks [] for port, precommit_update {{(pid=103151) _notify_loop /usr/local/lib/python3.8/dist-packages/neutron_lib/callbacks/manager.py:175}}
Dec 12 17:33:12.637882 n-d-760354-5 neutron-server[103151]: DEBUG neutron.db.provisioning_blocks [req-a0a55d2e-9f63-4a54-918e-258f314e33c5 req-df2fb5b0-e9ee-4098-8ebf-0dc69ba7d031 service neutron] Transition to ACTIVE for port object cc444077-3ba7-4ccd-9a3d-af7169151954 will not be triggered until provisioned by entity L2. {{(pid=103151) add_provisioning_component /opt/stack/neutron/neutron/db/provisioning_blocks.py:73}}
Dec 12 17:33:12.650659 n-d-760354-5 neutron-server[103151]: DEBUG neutron_lib.callbacks.manager [req-a0a55d2e-9f63-4a54-918e-258f314e33c5 req-df2fb5b0-e9ee-4098-8ebf-0dc69ba7d031 service neutron] Publish callbacks ['neutron.plugins.ml2.plugin.SecurityGroupServerNotifierRpcMixin._notify_sg_on_port_change-610783', 'neutron.plugins.ml2.ovo_rpc._ObjectChangeHandler.handle_event-1914063', 'neutron.api.rpc.agentnotifiers.dhcp_rpc_agent_api.DhcpAgentNotifyAPI._native_event_send_dhcp_notification-1602461', 'neutron.db.l3_db.L3RpcNotifierMixin._notify_gateway_port_ip_changed-8778471681253', 'neutron.db.l3_dvrscheduler_db._notify_l3_agent_port_update-8778471182053', 'neutron.db.l3_hascheduler_db._notify_l3_agent_ha_port_update-8778471182071', 'neutron.services.segments.plugin.NovaSegmentNotifier._notify_port_updated-3086471'] for port, after_update {{(pid=103151) _notify_loop /usr/local/lib/python3.8/dist-packages/neutron_lib/callbacks/manager.py:175}}
Dec 12 17:33:12.692212 n-d-760354-5 neutron-server[103153]: DEBUG neutron.db.l3_dvr_db [None req-4903f5fd-dc34-4984-9574-36a6e0c0df92 None None] Set router ca5ef445-890a-405f-8745-017181a69ac3 gateway port host: n-d-760354-5 {{(pid=103153) _build_routers_list /opt/stack/neutron/neutron/db/l3_dvr_db.py:906}}
Dec 12 17:33:12.725051 n-d-760354-5 neutron-server[103152]: DEBUG neutron.db.provisioning_blocks [None req-68e6fc3f-52d6-4ee5-8cba-258040c68310 None None] Provisioning complete for port d74af27b-67f7-40b1-a7d6-cdaf5c831092 triggered by entity DHCP. {{(pid=103152) provisioning_complete /opt/stack/neutron/neutron/db/provisioning_blocks.py:139}}
Dec 12 17:33:12.725548 n-d-760354-5 neutron-server[103152]: DEBUG neutron_lib.callbacks.manager [None req-68e6fc3f-52d6-4ee5-8cba-258040c68310 None None] Publish callbacks ['neutron.plugins.ml2.plugin.Ml2Plugin._port_provisioned-1569777'] for port, provisioning_complete {{(pid=103152) _notify_loop /usr/local/lib/python3.8/dist-packages/neutron_lib/callbacks/manager.py:175}}
Dec 12 17:33:12.790143 n-d-760354-5 neutron-server[103150]: DEBUG neutron_lib.callbacks.manager [req-e40cdb94-f7f0-4cc7-9736-75ba858efed2 req-8adb48ff-75d9-4cc3-bb13-9bf2d8cefdf0 service neutron] Publish callbacks ['neutron.plugins.ml2.plugin.SecurityGroupDbMixin._ensure_default_security_group_handler-610304'] for port, before_update {{(pid=103150) _notify_loop /usr/local/lib/python3.8/dist-packages/neutron_lib/callbacks/manager.py:175}}
Dec 12 17:33:12.806267 n-d-760354-5 neutron-server[103152]: DEBUG neutron.plugins.ml2.plugin [None req-68e6fc3f-52d6-4ee5-8cba-258040c68310 None None] Port d74af27b-67f7-40b1-a7d6-cdaf5c831092 cannot update to ACTIVE because it is not bound. {{(pid=103152) _port_provisioned /opt/stack/neutron/neutron/plugins/ml2/plugin.py:342}}
Dec 12 17:33:12.868869 n-d-760354-5 neutron-server[103151]: DEBUG neutron.api.rpc.handlers.resources_rpc [None req-df2fb5b0-e9ee-4098-8ebf-0dc69ba7d031 service neutron] Pushing event updated for resources: {'Port': ['ID=cc444077-3ba7-4ccd-9a3d-af7169151954,revision_number=2']} {{(pid=103151) push /opt/stack/neutron/neutron/api/rpc/handlers/resources_rpc.py:237}}
Dec 12 17:33:12.912005 n-d-760354-5 neutron-server[103150]: DEBUG neutron.pecan_wsgi.hooks.policy_enforcement [req-3366c92f-4390-4337-adac-eefb2e8fea69 req-97dca689-d1b3-4e5e-bbeb-3aea8a369cd7 service neutron] Attributes excluded by policy engine: ['standard_attr_id', 'vlan_transparent'] {{(pid=103150) _exclude_attributes_by_policy /opt/stack/neutron/neutron/pecan_wsgi/hooks/policy_enforcement.py:255}}
Dec 12 17:33:12.915387 n-d-760354-5 neutron-server[103150]: INFO neutron.wsgi [req-3366c92f-4390-4337-adac-eefb2e8fea69 req-97dca689-d1b3-4e5e-bbeb-3aea8a369cd7 service neutron] 10.222.0.31 "GET /v2.0/networks?id=d9379518-7141-4913-88d7-7d1fcb8ba7e8 HTTP/1.1" status: 200 len: 925 time: 0.3964794
Dec 12 17:33:12.925267 n-d-760354-5 neutron-server[103151]: DEBUG neutron.plugins.ml2.managers [req-a0a55d2e-9f63-4a54-918e-258f314e33c5 req-df2fb5b0-e9ee-4098-8ebf-0dc69ba7d031 service neutron] Attempting to bind port cc444077-3ba7-4ccd-9a3d-af7169151954 on host n-h1-760354-5 for vnic_type normal with profile {{(pid=103151) bind_port /opt/stack/neutron/neutron/plugins/ml2/managers.py:795}}
Dec 12 17:33:12.925633 n-d-760354-5 neutron-server[103151]: DEBUG neutron.plugins.ml2.managers [req-a0a55d2e-9f63-4a54-918e-258f314e33c5 req-df2fb5b0-e9ee-4098-8ebf-0dc69ba7d031 service neutron] Attempting to bind port cc444077-3ba7-4ccd-9a3d-af7169151954 by drivers openvswitch,hyperv on host n-h1-760354-5 at level 0 using segments [{'id': 'f8c81ba1-f7a4-4f8f-80b6-7045e05f652b', 'network_type': 'vlan', 'physical_network': 'physnet1', 'segmentation_id': 184, 'network_id': '37b8e47c-73a2-4265-8015-4302615519ca'}] {{(pid=103151) _bind_port_level /opt/stack/neutron/neutron/plugins/ml2/managers.py:820}}
Dec 12 17:33:12.925986 n-d-760354-5 neutron-server[103151]: DEBUG neutron.plugins.ml2.drivers.mech_agent [req-a0a55d2e-9f63-4a54-918e-258f314e33c5 req-df2fb5b0-e9ee-4098-8ebf-0dc69ba7d031 service neutron] Attempting to bind port cc444077-3ba7-4ccd-9a3d-af7169151954 on network 37b8e47c-73a2-4265-8015-4302615519ca {{(pid=103151) bind_port /opt/stack/neutron/neutron/plugins/ml2/drivers/mech_agent.py:91}}
Dec 12 17:33:12.937081 n-d-760354-5 neutron-server[103151]: DEBUG neutron.plugins.ml2.drivers.mech_agent [req-a0a55d2e-9f63-4a54-918e-258f314e33c5 req-df2fb5b0-e9ee-4098-8ebf-0dc69ba7d031 service neutron] Port cc444077-3ba7-4ccd-9a3d-af7169151954 on network 37b8e47c-73a2-4265-8015-4302615519ca not bound, no agent of type Open vSwitch agent registered on host n-h1-760354-5 {{(pid=103151) bind_port /opt/stack/neutron/neutron/plugins/ml2/drivers/mech_agent.py:103}}
Dec 12 17:33:12.938504 n-d-760354-5 neutron-server[103151]: DEBUG neutron.plugins.ml2.drivers.mech_agent [req-a0a55d2e-9f63-4a54-918e-258f314e33c5 req-df2fb5b0-e9ee-4098-8ebf-0dc69ba7d031 service neutron] Attempting to bind port cc444077-3ba7-4ccd-9a3d-af7169151954 on network 37b8e47c-73a2-4265-8015-4302615519ca {{(pid=103151) bind_port /opt/stack/neutron/neutron/plugins/ml2/drivers/mech_agent.py:91}}
Dec 12 17:33:12.947914 n-d-760354-5 neutron-server[103151]: DEBUG neutron.plugins.ml2.drivers.mech_agent [req-a0a55d2e-9f63-4a54-918e-258f314e33c5 req-df2fb5b0-e9ee-4098-8ebf-0dc69ba7d031 service neutron] Checking agent: {'id': '43d93434-416f-4913-926d-e520b07d81c1', 'agent_type': 'HyperV agent', 'binary': 'neutron-hyperv-agent', 'topic': 'N/A', 'host': 'n-h1-760354-5', 'admin_state_up': True, 'created_at': datetime.datetime(2021, 12, 12, 17, 30, 17), 'started_at': datetime.datetime(2021, 12, 12, 17, 30, 17), 'heartbeat_timestamp': datetime.datetime(2021, 12, 12, 17, 32, 47), 'description': None, 'resources_synced': None, 'availability_zone': None, 'alive': True, 'configurations': {'vswitch_mappings': {'physnet1$': 'br-data'}}, 'resource_versions': {}} {{(pid=103151) bind_port /opt/stack/neutron/neutron/plugins/ml2/drivers/mech_agent.py:110}}
Dec 12 17:33:12.948283 n-d-760354-5 neutron-server[103151]: DEBUG neutron.plugins.ml2.drivers.mech_agent [req-a0a55d2e-9f63-4a54-918e-258f314e33c5 req-df2fb5b0-e9ee-4098-8ebf-0dc69ba7d031 service neutron] Checking segment: {'id': 'f8c81ba1-f7a4-4f8f-80b6-7045e05f652b', 'network_type': 'vlan', 'physical_network': 'physnet1', 'segmentation_id': 184, 'network_id': '37b8e47c-73a2-4265-8015-4302615519ca'} for mappings: {'physnet1$': 'br-data'} with network types: ['local', 'flat', 'vlan'] {{(pid=103151) check_segment_for_agent /opt/stack/neutron/neutron/plugins/ml2/drivers/mech_agent.py:371}}
Dec 12 17:33:12.948852 n-d-760354-5 neutron-server[103151]: DEBUG neutron.plugins.ml2.drivers.mech_agent [req-a0a55d2e-9f63-4a54-918e-258f314e33c5 req-df2fb5b0-e9ee-4098-8ebf-0dc69ba7d031 service neutron] Bound using segment: {'id': 'f8c81ba1-f7a4-4f8f-80b6-7045e05f652b', 'network_type': 'vlan', 'physical_network': 'physnet1', 'segmentation_id': 184, 'network_id': '37b8e47c-73a2-4265-8015-4302615519ca'} {{(pid=103151) bind_port /opt/stack/neutron/neutron/plugins/ml2/drivers/mech_agent.py:120}}
Dec 12 17:33:12.949441 n-d-760354-5 neutron-server[103151]: DEBUG neutron.plugins.ml2.managers [req-a0a55d2e-9f63-4a54-918e-258f314e33c5 req-df2fb5b0-e9ee-4098-8ebf-0dc69ba7d031 service neutron] Bound port: cc444077-3ba7-4ccd-9a3d-af7169151954, host: n-h1-760354-5, vif_type: hyperv, vif_details: {"connectivity": "legacy", "port_filter": false}, binding_levels: [{'bound_driver': 'hyperv', 'bound_segment': {'id': 'f8c81ba1-f7a4-4f8f-80b6-7045e05f652b', 'network_type': 'vlan', 'physical_network': 'physnet1', 'segmentation_id': 184, 'network_id': '37b8e47c-73a2-4265-8015-4302615519ca'}}] {{(pid=103151) _bind_port_level /opt/stack/neutron/neutron/plugins/ml2/managers.py:932}}
Dec 12 17:33:12.949678 n-d-760354-5 neutron-server[103151]: DEBUG neutron_lib.callbacks.manager [req-a0a55d2e-9f63-4a54-918e-258f314e33c5 req-df2fb5b0-e9ee-4098-8ebf-0dc69ba7d031 service neutron] Publish callbacks ['neutron.plugins.ml2.plugin.SecurityGroupDbMixin._ensure_default_security_group_handler-610304'] for port, before_update {{(pid=103151) _notify_loop /usr/local/lib/python3.8/dist-packages/neutron_lib/callbacks/manager.py:175}}
Dec 12 17:33:13.049915 n-d-760354-5 neutron-server[103151]: DEBUG neutron.plugins.ml2.db [req-a0a55d2e-9f63-4a54-918e-258f314e33c5 req-df2fb5b0-e9ee-4098-8ebf-0dc69ba7d031 service neutron] For port cc444077-3ba7-4ccd-9a3d-af7169151954, host n-h1-760354-5, cleared binding levels {{(pid=103151) clear_binding_levels /opt/stack/neutron/neutron/plugins/ml2/db.py:87}}
Dec 12 17:33:13.086931 n-d-760354-5 neutron-server[103150]: INFO neutron.wsgi [req-3366c92f-4390-4337-adac-eefb2e8fea69 req-4a439dff-c690-4d0a-9cab-4a8fa96aee2e service neutron] 10.222.0.31 "GET /v2.0/floatingips?fixed_ip_address=172.20.0.14&port_id=9741ccf6-c64f-454a-b3d4-1da9f17637ff HTTP/1.1" status: 200 len: 1000 time: 0.1607039
Dec 12 17:33:13.134496 n-d-760354-5 neutron-server[103153]: DEBUG neutron.db.l3_hamode_db [None req-4903f5fd-dc34-4984-9574-36a6e0c0df92 None None] neutron.services.l3_router.l3_router_plugin.L3RouterPlugin method _process_sync_ha_data called with arguments (, [{'id': 'ca5ef445-890a-405f-8745-017181a69ac3', 'name': 'tempest-ServersWithSpecificFlavorTestJSON-1859223693-router', 'tenant_id': '438b3403df11467186a128ec0b97682a', 'admin_state_up': True, 'status': 'ACTIVE', 'external_gateway_info': {'network_id': '890a4b59-34d7-4315-9d80-83fedf65298e', 'external_fixed_ips': [{'subnet_id': 'bbd8975e-31a7-4cd3-8881-231a6874f390', 'ip_address': '172.25.1.146'}], 'enable_snat': True}, 'gw_port_id': '965e1a96-3c62-402d-b82e-9d38d498e4bd', 'description': '', 'availability_zones': ['nova'], 'distributed': False, 'ha': False, 'ha_vr_id': 0, 'availability_zone_hints': [], 'routes': [], 'flavor_id': None, 'tags': [], 'created_at': '2021-12-12T17:32:21Z', 'updated_at': '2021-12-12T17:32:25Z', 'revision_number': 4, 'project_id': '438b3403df11467186a128ec0b97682a', 'gw_port': {'id': '965e1a96-3c62-402d-b82e-9d38d498e4bd', 'name': '', 'network_id': '890a4b59-34d7-4315-9d80-83fedf65298e', 'tenant_id': '', 'mac_address': 'fa:16:3e:85:f8:26', 'admin_state_up': True, 'status': 'ACTIVE', 'device_id': 'ca5ef445-890a-405f-8745-017181a69ac3', 'device_owner': 'network:router_gateway', 'standard_attr_id': 41, 'fixed_ips': [{'subnet_id': 'bbd8975e-31a7-4cd3-8881-231a6874f390', 'ip_address': '172.25.1.146', 'prefixlen': 24}], 'allowed_address_pairs': [], 'extra_dhcp_opts': [], 'security_groups': [], 'description': '', 'binding:vnic_type': 'normal', 'binding:profile': {}, 'binding:host_id': 'n-d-760354-5', 'binding:vif_type': 'ovs', 'binding:vif_details': {'connectivity': 'l2', 'port_filter': True, 'ovs_hybrid_plug': False, 'datapath_type': 'system', 'bridge_name': 'br-int'}, 'port_security_enabled': False, 'tags': [], 'created_at': '2021-12-12T17:32:22Z', 'updated_at': '2021-12-12T17:32:27Z', 'revision_number': 4, 'project_id': '', 'subnets': [{'id': 'bbd8975e-31a7-4cd3-8881-231a6874f390', 'cidr': '172.25.1.0/24', 'gateway_ip': '172.25.1.1', 'dns_nameservers': [], 'ipv6_ra_mode': None, 'subnetpool_id': None}], 'extra_subnets': [], 'address_scopes': {4: None, 6: None}, 'mtu': 1500}, 'enable_snat': True, 'gw_port_host': 'n-d-760354-5', '_floatingips': [{'id': '366e6e20-fcfd-45b0-9a1c-11fe4fcb88a0', 'tenant_id': '438b3403df11467186a128ec0b97682a', 'floating_ip_address': '172.25.1.192', 'floating_network_id': '890a4b59-34d7-4315-9d80-83fedf65298e', 'router_id': 'ca5ef445-890a-405f-8745-017181a69ac3', 'port_id': '9741ccf6-c64f-454a-b3d4-1da9f17637ff', 'fixed_ip_address': '172.20.0.14', 'status': 'DOWN', 'standard_attr_id': 151, 'description': '', 'qos_policy_id': None, 'qos_network_policy_id': None, 'port_details': {'name': '', 'network_id': 'd9379518-7141-4913-88d7-7d1fcb8ba7e8', 'mac_address': 'fa:16:3e:f4:03:6f', 'admin_state_up': True, 'status': 'ACTIVE', 'device_id': '055c0ed5-0e70-4b4f-a327-29c55df81af3', 'device_owner': 'compute:nova'}, 'dns_domain': '', 'dns_name': '', 'tags': [], 'created_at': '2021-12-12T17:32:52Z', 'updated_at': '2021-12-12T17:33:09Z', 'revision_number': 1, 'project_id': '438b3403df11467186a128ec0b97682a', 'fixed_ip_address_scope': None}], '_interfaces': [{'id': 'c7d0cbf9-9932-4f1e-9f18-217437d112bd', 'name': '', 'network_id': 'd9379518-7141-4913-88d7-7d1fcb8ba7e8', 'tenant_id': '438b3403df11467186a128ec0b97682a', 'mac_address': 'fa:16:3e:33:56:61', 'admin_state_up': True, 'status': 'ACTIVE', 'device_id': 'ca5ef445-890a-405f-8745-017181a69ac3', 'device_owner': 'network:router_interface', 'standard_attr_id': 42, 'fixed_ips': [{'subnet_id': '79ecbb35-c555-4daf-a052-e49241c4c136', 'ip_address': '172.20.0.1', 'prefixlen': 28}], 'allowed_address_pairs': [], 'extra_dhcp_opts': [], 'security_groups': [], 'description': '', 'binding:vnic_type': 'normal', 'binding:profile': {}, 'binding:host_id': 'n-d-760354-5', 'binding:vif_type': 'ovs', 'binding:vif_details': {'connectivity': 'l2', 'port_filter': True, 'ovs_hybrid_plug': False, 'datapath_type': 'system', 'bridge_name': 'br-int'}, 'port_security_enabled': False, 'tags': [], 'created_at': '2021-12-12T17:32:24Z', 'updated_at': '2021-12-12T17:32:31Z', 'revision_number': 5, 'project_id': '438b3403df11467186a128ec0b97682a', 'subnets': [{'id': '79ecbb35-c555-4daf-a052-e49241c4c136', 'cidr': '172.20.0.0/28', 'gateway_ip': '172.20.0.1', 'dns_nameservers': [], 'ipv6_ra_mode': None, 'subnetpool_id': None}], 'extra_subnets': [], 'address_scopes': {4: None, 6: None}, 'mtu': 1500}]}], 'n-d-760354-5', False) {} {{(pid=103153) wrapper /usr/local/lib/python3.8/dist-packages/oslo_log/helpers.py:65}}
Dec 12 17:33:13.138349 n-d-760354-5 neutron-server[103151]: DEBUG neutron.plugins.ml2.db [req-a0a55d2e-9f63-4a54-918e-258f314e33c5 req-df2fb5b0-e9ee-4098-8ebf-0dc69ba7d031 service neutron] For port cc444077-3ba7-4ccd-9a3d-af7169151954, host n-h1-760354-5, set binding levels [PortBindingLevel(driver='hyperv',host='n-h1-760354-5',level=0,port_id=cc444077-3ba7-4ccd-9a3d-af7169151954,segment=NetworkSegment(f8c81ba1-f7a4-4f8f-80b6-7045e05f652b),segment_id=f8c81ba1-f7a4-4f8f-80b6-7045e05f652b)] {{(pid=103151) set_binding_levels /opt/stack/neutron/neutron/plugins/ml2/db.py:59}}
Dec 12 17:33:13.144208 n-d-760354-5 neutron-server[103150]: DEBUG neutron_lib.callbacks.manager [None req-89a1e2dc-06d7-4331-8274-5d7645c8da7e admin admin] Publish callbacks ['neutron.plugins.ml2.ovo_rpc._ObjectChangeHandler.handle_event-1612666'] for security_group, after_delete {{(pid=103150) _notify_loop /usr/local/lib/python3.8/dist-packages/neutron_lib/callbacks/manager.py:175}}
Dec 12 17:33:13.149006 n-d-760354-5 neutron-server[103151]: DEBUG neutron_lib.callbacks.manager [req-a0a55d2e-9f63-4a54-918e-258f314e33c5 req-df2fb5b0-e9ee-4098-8ebf-0dc69ba7d031 service neutron] Publish callbacks ['neutron.plugins.ml2.plugin.SecurityGroupServerNotifierRpcMixin._notify_sg_on_port_change-610783', 'neutron.plugins.ml2.ovo_rpc._ObjectChangeHandler.handle_event-1914063', 'neutron.api.rpc.agentnotifiers.dhcp_rpc_agent_api.DhcpAgentNotifyAPI._native_event_send_dhcp_notification-1602461', 'neutron.db.l3_db.L3RpcNotifierMixin._notify_gateway_port_ip_changed-8778471681253', 'neutron.db.l3_dvrscheduler_db._notify_l3_agent_port_update-8778471182053', 'neutron.db.l3_hascheduler_db._notify_l3_agent_ha_port_update-8778471182071', 'neutron.services.segments.plugin.NovaSegmentNotifier._notify_port_updated-3086471'] for port, after_update {{(pid=103151) _notify_loop /usr/local/lib/python3.8/dist-packages/neutron_lib/callbacks/manager.py:175}}
Dec 12 17:33:13.150103 n-d-760354-5 neutron-server[103150]: DEBUG neutron_lib.callbacks.manager [None req-89a1e2dc-06d7-4331-8274-5d7645c8da7e admin admin] Publish callbacks [] for security_group, before_response {{(pid=103150) _notify_loop /usr/local/lib/python3.8/dist-packages/neutron_lib/callbacks/manager.py:175}}
Dec 12 17:33:13.151564 n-d-760354-5 neutron-server[103150]: INFO neutron.wsgi [None req-89a1e2dc-06d7-4331-8274-5d7645c8da7e admin admin] 10.222.0.18 "DELETE /v2.0/security-groups/5b7250e2-11c2-48f2-a1b4-efd0025c75eb HTTP/1.1" status: 204 len: 168 time: 1.1643417
Dec 12 17:33:13.169983 n-d-760354-5 neutron-server[103150]: DEBUG neutron.api.rpc.handlers.resources_rpc [None req-89a1e2dc-06d7-4331-8274-5d7645c8da7e admin admin] Pushing event deleted for resources: {'SecurityGroup': ['ID=5b7250e2-11c2-48f2-a1b4-efd0025c75eb,revision_number=None']} {{(pid=103150) push /opt/stack/neutron/neutron/api/rpc/handlers/resources_rpc.py:237}}
Dec 12 17:33:13.201294 n-d-760354-5 neutron-server[103151]: DEBUG neutron.pecan_wsgi.hooks.policy_enforcement [req-fe5cccc2-dbc8-4461-9ea8-e40a4ba461c8 req-7a4958c7-f452-4683-ac7a-a8f8447ae57c tempest-ServerDiagnosticsNegativeTest-253286482 tempest-ServerDiagnosticsNegativeTest-253286482-project] Attributes excluded by policy engine: ['standard_attr_id', 'binding:profile', 'binding:host_id', 'binding:vif_type', 'binding:vif_details'] {{(pid=103151) _exclude_attributes_by_policy /opt/stack/neutron/neutron/pecan_wsgi/hooks/policy_enforcement.py:255}}
Dec 12 17:33:13.206894 n-d-760354-5 neutron-server[103153]: DEBUG neutron.api.rpc.handlers.l3_rpc [None req-4903f5fd-dc34-4984-9574-36a6e0c0df92 None None] The sync data for ids ['ca5ef445-890a-405f-8745-017181a69ac3'] in n-d-760354-5 is: [{'id': 'ca5ef445-890a-405f-8745-017181a69ac3', 'name': 'tempest-ServersWithSpecificFlavorTestJSON-1859223693-router', 'tenant_id': '438b3403df11467186a128ec0b97682a', 'admin_state_up': True, 'status': 'ACTIVE', 'external_gateway_info': {'network_id': '890a4b59-34d7-4315-9d80-83fedf65298e', 'external_fixed_ips': [{'subnet_id': 'bbd8975e-31a7-4cd3-8881-231a6874f390', 'ip_address': '172.25.1.146'}], 'enable_snat': True}, 'gw_port_id': '965e1a96-3c62-402d-b82e-9d38d498e4bd', 'description': '', 'availability_zones': ['nova'], 'distributed': False, 'ha': False, 'ha_vr_id': 0, 'availability_zone_hints': [], 'routes': [], 'flavor_id': None, 'tags': [], 'created_at': '2021-12-12T17:32:21Z', 'updated_at': '2021-12-12T17:32:25Z', 'revision_number': 4, 'project_id': '438b3403df11467186a128ec0b97682a', 'gw_port': {'id': '965e1a96-3c62-402d-b82e-9d38d498e4bd', 'name': '', 'network_id': '890a4b59-34d7-4315-9d80-83fedf65298e', 'tenant_id': '', 'mac_address': 'fa:16:3e:85:f8:26', 'admin_state_up': True, 'status': 'ACTIVE', 'device_id': 'ca5ef445-890a-405f-8745-017181a69ac3', 'device_owner': 'network:router_gateway', 'standard_attr_id': 41, 'fixed_ips': [{'subnet_id': 'bbd8975e-31a7-4cd3-8881-231a6874f390', 'ip_address': '172.25.1.146', 'prefixlen': 24}], 'allowed_address_pairs': [], 'extra_dhcp_opts': [], 'security_groups': [], 'description': '', 'binding:vnic_type': 'normal', 'binding:profile': {}, 'binding:host_id': 'n-d-760354-5', 'binding:vif_type': 'ovs', 'binding:vif_details': {'connectivity': 'l2', 'port_filter': True, 'ovs_hybrid_plug': False, 'datapath_type': 'system', 'bridge_name': 'br-int'}, 'port_security_enabled': False, 'tags': [], 'created_at': '2021-12-12T17:32:22Z', 'updated_at': '2021-12-12T17:32:27Z', 'revision_number': 4, 'project_id': '', 'subnets': [{'id': 'bbd8975e-31a7-4cd3-8881-231a6874f390', 'cidr': '172.25.1.0/24', 'gateway_ip': '172.25.1.1', 'dns_nameservers': [], 'ipv6_ra_mode': None, 'subnetpool_id': None}], 'extra_subnets': [], 'address_scopes': {4: None, 6: None}, 'mtu': 1500}, 'enable_snat': True, 'gw_port_host': 'n-d-760354-5', '_floatingips': [{'id': '366e6e20-fcfd-45b0-9a1c-11fe4fcb88a0', 'tenant_id': '438b3403df11467186a128ec0b97682a', 'floating_ip_address': '172.25.1.192', 'floating_network_id': '890a4b59-34d7-4315-9d80-83fedf65298e', 'router_id': 'ca5ef445-890a-405f-8745-017181a69ac3', 'port_id': '9741ccf6-c64f-454a-b3d4-1da9f17637ff', 'fixed_ip_address': '172.20.0.14', 'status': 'DOWN', 'standard_attr_id': 151, 'description': '', 'qos_policy_id': None, 'qos_network_policy_id': None, 'port_details': {'name': '', 'network_id': 'd9379518-7141-4913-88d7-7d1fcb8ba7e8', 'mac_address': 'fa:16:3e:f4:03:6f', 'admin_state_up': True, 'status': 'ACTIVE', 'device_id': '055c0ed5-0e70-4b4f-a327-29c55df81af3', 'device_owner': 'compute:nova'}, 'dns_domain': '', 'dns_name': '', 'tags': [], 'created_at': '2021-12-12T17:32:52Z', 'updated_at': '2021-12-12T17:33:09Z', 'revision_number': 1, 'project_id': '438b3403df11467186a128ec0b97682a', 'fixed_ip_address_scope': None}], '_interfaces': [{'id': 'c7d0cbf9-9932-4f1e-9f18-217437d112bd', 'name': '', 'network_id': 'd9379518-7141-4913-88d7-7d1fcb8ba7e8', 'tenant_id': '438b3403df11467186a128ec0b97682a', 'mac_address': 'fa:16:3e:33:56:61', 'admin_state_up': True, 'status': 'ACTIVE', 'device_id': 'ca5ef445-890a-405f-8745-017181a69ac3', 'device_owner': 'network:router_interface', 'standard_attr_id': 42, 'fixed_ips': [{'subnet_id': '79ecbb35-c555-4daf-a052-e49241c4c136', 'ip_address': '172.20.0.1', 'prefixlen': 28}], 'allowed_address_pairs': [], 'extra_dhcp_opts': [], 'security_groups': [], 'description': '', 'binding:vnic_type': 'normal', 'binding:profile': {}, 'binding:host_id': 'n-d-760354-5', 'binding:vif_type': 'ovs', 'binding:vif_details': {'connectivity': 'l2', 'port_filter': True, 'ovs_hybrid_plug': False, 'datapath_type': 'system', 'bridge_name': 'br-int'}, 'port_security_enabled': False, 'tags': [], 'created_at': '2021-12-12T17:32:24Z', 'updated_at': '2021-12-12T17:32:31Z', 'revision_number': 5, 'project_id': '438b3403df11467186a128ec0b97682a', 'subnets': [{'id': '79ecbb35-c555-4daf-a052-e49241c4c136', 'cidr': '172.20.0.0/28', 'gateway_ip': '172.20.0.1', 'dns_nameservers': [], 'ipv6_ra_mode': None, 'subnetpool_id': None}], 'extra_subnets': [], 'address_scopes': {4: None, 6: None}, 'mtu': 1500}]}] {{(pid=103153) sync_routers /opt/stack/neutron/neutron/api/rpc/handlers/l3_rpc.py:137}}
Dec 12 17:33:13.210786 n-d-760354-5 neutron-server[103151]: INFO neutron.wsgi [req-fe5cccc2-dbc8-4461-9ea8-e40a4ba461c8 req-7a4958c7-f452-4683-ac7a-a8f8447ae57c tempest-ServerDiagnosticsNegativeTest-253286482 tempest-ServerDiagnosticsNegativeTest-253286482-project] 10.222.0.18 "GET /v2.0/ports?device_id=b24f261e-1530-4910-9830-e0b075e74bad HTTP/1.1" status: 200 len: 948 time: 0.1607280
Dec 12 17:33:13.268880 n-d-760354-5 neutron-server[103150]: DEBUG neutron.pecan_wsgi.hooks.policy_enforcement [req-3366c92f-4390-4337-adac-eefb2e8fea69 req-7d760739-6161-4b1b-b756-56cbcee4e6d3 service neutron] Attributes excluded by policy engine: ['standard_attr_id', 'shared'] {{(pid=103150) _exclude_attributes_by_policy /opt/stack/neutron/neutron/pecan_wsgi/hooks/policy_enforcement.py:255}}
Dec 12 17:33:13.270628 n-d-760354-5 neutron-server[103151]: DEBUG neutron.pecan_wsgi.hooks.policy_enforcement [req-a0a55d2e-9f63-4a54-918e-258f314e33c5 req-df2fb5b0-e9ee-4098-8ebf-0dc69ba7d031 service neutron] Attributes excluded by policy engine: ['standard_attr_id'] {{(pid=103151) _exclude_attributes_by_policy /opt/stack/neutron/neutron/pecan_wsgi/hooks/policy_enforcement.py:255}}
Dec 12 17:33:13.270751 n-d-760354-5 neutron-server[103150]: INFO neutron.wsgi [req-3366c92f-4390-4337-adac-eefb2e8fea69 req-7d760739-6161-4b1b-b756-56cbcee4e6d3 service neutron] 10.222.0.31 "GET /v2.0/subnets?id=79ecbb35-c555-4daf-a052-e49241c4c136 HTTP/1.1" status: 200 len: 863 time: 0.1768861
Dec 12 17:33:13.271289 n-d-760354-5 neutron-server[103151]: DEBUG neutron_lib.callbacks.manager [req-a0a55d2e-9f63-4a54-918e-258f314e33c5 req-df2fb5b0-e9ee-4098-8ebf-0dc69ba7d031 service neutron] Publish callbacks ['neutron.notifiers.nova.Notifier._send_nova_notification-173411', 'neutron.api.rpc.agentnotifiers.dhcp_rpc_agent_api.DhcpAgentNotifyAPI._send_dhcp_notification-1602435'] for port, before_response {{(pid=103151) _notify_loop /usr/local/lib/python3.8/dist-packages/neutron_lib/callbacks/manager.py:175}}
Dec 12 17:33:13.272734 n-d-760354-5 neutron-server[103151]: INFO neutron.wsgi [req-a0a55d2e-9f63-4a54-918e-258f314e33c5 req-df2fb5b0-e9ee-4098-8ebf-0dc69ba7d031 service neutron] 10.222.0.31 "PUT /v2.0/ports/cc444077-3ba7-4ccd-9a3d-af7169151954 HTTP/1.1" status: 200 len: 1096 time: 1.3524458
Dec 12 17:33:13.278518 n-d-760354-5 neutron-server[103151]: DEBUG neutron.notifiers.nova [-] Sending events: [{'name': 'network-changed', 'server_uuid': 'b24f261e-1530-4910-9830-e0b075e74bad', 'tag': 'cc444077-3ba7-4ccd-9a3d-af7169151954'}] {{(pid=103151) send_events /opt/stack/neutron/neutron/notifiers/nova.py:262}}
Dec 12 17:33:13.303614 n-d-760354-5 neutron-server[103151]: DEBUG neutron.api.rpc.handlers.resources_rpc [None req-df2fb5b0-e9ee-4098-8ebf-0dc69ba7d031 service neutron] Pushing event updated for resources: {'Port': ['ID=cc444077-3ba7-4ccd-9a3d-af7169151954,revision_number=3']} {{(pid=103151) push /opt/stack/neutron/neutron/api/rpc/handlers/resources_rpc.py:237}}
Dec 12 17:33:13.330311 n-d-760354-5 neutron-server[103151]: DEBUG neutron.wsgi [-] (103151) accepted ('10.222.0.18', 34116) {{(pid=103151) server /usr/local/lib/python3.8/dist-packages/eventlet/wsgi.py:1004}}
Dec 12 17:33:13.504771 n-d-760354-5 neutron-server[103151]: INFO neutron.wsgi [req-fe5cccc2-dbc8-4461-9ea8-e40a4ba461c8 req-5a43f5ea-fea4-424d-930c-9a040ee9a443 tempest-ServerDiagnosticsNegativeTest-253286482 tempest-ServerDiagnosticsNegativeTest-253286482-project] 10.222.0.18 "GET /v2.0/security-groups?id=e8d020c4-f023-46ce-bdab-d70f894e9d24&fields=id&fields=name HTTP/1.1" status: 200 len: 286 time: 0.2903516
Dec 12 17:33:13.548369 n-d-760354-5 neutron-server[103151]: DEBUG neutron.pecan_wsgi.hooks.policy_enforcement [req-a0a55d2e-9f63-4a54-918e-258f314e33c5 req-842cf2ad-2a32-4ee2-83a5-4969beca62ad service neutron] Attributes excluded by policy engine: ['standard_attr_id'] {{(pid=103151) _exclude_attributes_by_policy /opt/stack/neutron/neutron/pecan_wsgi/hooks/policy_enforcement.py:255}}
Dec 12 17:33:13.549919 n-d-760354-5 neutron-server[103151]: INFO neutron.wsgi [req-a0a55d2e-9f63-4a54-918e-258f314e33c5 req-842cf2ad-2a32-4ee2-83a5-4969beca62ad service neutron] 10.222.0.31 "GET /v2.0/ports?tenant_id=6033e5edb100460ab13531fedc101058&device_id=b24f261e-1530-4910-9830-e0b075e74bad HTTP/1.1" status: 200 len: 1099 time: 0.2129099
Dec 12 17:33:13.589690 n-d-760354-5 neutron-server[103150]: DEBUG neutron.pecan_wsgi.hooks.policy_enforcement [req-3366c92f-4390-4337-adac-eefb2e8fea69 req-75299442-eab4-4d55-bce9-95e44b7be734 service neutron] Attributes excluded by policy engine: ['standard_attr_id'] {{(pid=103150) _exclude_attributes_by_policy /opt/stack/neutron/neutron/pecan_wsgi/hooks/policy_enforcement.py:255}}
Dec 12 17:33:13.596183 n-d-760354-5 neutron-server[103150]: INFO neutron.wsgi [req-3366c92f-4390-4337-adac-eefb2e8fea69 req-75299442-eab4-4d55-bce9-95e44b7be734 service neutron] 10.222.0.31 "GET /v2.0/ports?network_id=d9379518-7141-4913-88d7-7d1fcb8ba7e8&device_owner=network%3Adhcp HTTP/1.1" status: 200 len: 1163 time: 0.3052218
Dec 12 17:33:13.625384 n-d-760354-5 neutron-server[103152]: DEBUG neutron.api.rpc.handlers.l3_rpc [None req-d630dc36-cd02-43dd-ba23-d2cb05442207 None None] New status for floating IP 366e6e20-fcfd-45b0-9a1c-11fe4fcb88a0: ACTIVE {{(pid=103152) update_floatingip_statuses /opt/stack/neutron/neutron/api/rpc/handlers/l3_rpc.py:270}}
Dec 12 17:33:13.687770 n-d-760354-5 neutron-server[103151]: INFO neutron.wsgi [req-a0a55d2e-9f63-4a54-918e-258f314e33c5 req-65a3667f-b357-41d4-a0e4-460d38231d49 service neutron] 10.222.0.31 "GET /v2.0/floatingips?fixed_ip_address=192.168.233.208&port_id=cc444077-3ba7-4ccd-9a3d-af7169151954 HTTP/1.1" status: 200 len: 217 time: 0.1266112
Dec 12 17:33:13.765792 n-d-760354-5 neutron-server[103151]: DEBUG neutron.wsgi [-] (103151) accepted ('10.222.0.18', 34130) {{(pid=103151) server /usr/local/lib/python3.8/dist-packages/eventlet/wsgi.py:1004}}
Dec 12 17:33:13.785381 n-d-760354-5 neutron-server[103151]: DEBUG neutron.api.v2.base [None req-83dca11f-50d1-41ec-977c-7359a90c0756 admin admin] Request body: {'network': {'name': 'tempest-LiveAutoBlockMigrationV225Test-1612241800-network', 'tenant_id': '2364f2d3a4314958ac9f4e3d2c416ee6'}} {{(pid=103151) prepare_request_body /opt/stack/neutron/neutron/api/v2/base.py:729}}
Dec 12 17:33:13.828377 n-d-760354-5 neutron-server[103150]: DEBUG neutron.notifiers.nova [req-e40cdb94-f7f0-4cc7-9736-75ba858efed2 req-8adb48ff-75d9-4cc3-bb13-9bf2d8cefdf0 service neutron] Ignoring state change previous_port_status: DOWN current_port_status: DOWN port_id d74af27b-67f7-40b1-a7d6-cdaf5c831092 {{(pid=103150) record_port_status_changed /opt/stack/neutron/neutron/notifiers/nova.py:224}}
Dec 12 17:33:13.829854 n-d-760354-5 neutron-server[103151]: DEBUG neutron.pecan_wsgi.hooks.policy_enforcement [req-b38e7dfb-0e5b-4d0e-9e66-e4bba4a0de14 req-cb6d3386-af0a-4be9-ad66-ad5bbcbf9ff8 tempest-DeleteServersAdminTestJSON-1909173895 tempest-DeleteServersAdminTestJSON-1909173895-project] Attributes excluded by policy engine: ['standard_attr_id', 'binding:profile', 'binding:host_id', 'binding:vif_type', 'binding:vif_details'] {{(pid=103151) _exclude_attributes_by_policy /opt/stack/neutron/neutron/pecan_wsgi/hooks/policy_enforcement.py:255}}
Dec 12 17:33:13.831478 n-d-760354-5 neutron-server[103151]: INFO neutron.wsgi [req-b38e7dfb-0e5b-4d0e-9e66-e4bba4a0de14 req-cb6d3386-af0a-4be9-ad66-ad5bbcbf9ff8 tempest-DeleteServersAdminTestJSON-1909173895 tempest-DeleteServersAdminTestJSON-1909173895-project] 10.222.0.18 "GET /v2.0/ports?device_id=5da3879c-fdb9-47d5-8fe9-3bf8609d626e HTTP/1.1" status: 200 len: 936 time: 0.2284434
Dec 12 17:33:13.840443 n-d-760354-5 neutron-server[103150]: DEBUG neutron_lib.callbacks.manager [req-e40cdb94-f7f0-4cc7-9736-75ba858efed2 req-8adb48ff-75d9-4cc3-bb13-9bf2d8cefdf0 service neutron] Publish callbacks [] for port, precommit_update {{(pid=103150) _notify_loop /usr/local/lib/python3.8/dist-packages/neutron_lib/callbacks/manager.py:175}}
Dec 12 17:33:13.865265 n-d-760354-5 neutron-server[103151]: DEBUG neutron.pecan_wsgi.hooks.policy_enforcement [req-a0a55d2e-9f63-4a54-918e-258f314e33c5 req-84bb3141-4ebc-476d-aa37-028dc5774580 service neutron] Attributes excluded by policy engine: ['standard_attr_id', 'shared', 'segment_id'] {{(pid=103151) _exclude_attributes_by_policy /opt/stack/neutron/neutron/pecan_wsgi/hooks/policy_enforcement.py:255}}
Dec 12 17:33:13.866717 n-d-760354-5 neutron-server[103151]: INFO neutron.wsgi [req-a0a55d2e-9f63-4a54-918e-258f314e33c5 req-84bb3141-4ebc-476d-aa37-028dc5774580 service neutron] 10.222.0.31 "GET /v2.0/subnets?id=d9661a00-849a-4afe-9826-f122c0c3e636 HTTP/1.1" status: 200 len: 843 time: 0.1626813
Dec 12 17:33:13.869425 n-d-760354-5 neutron-server[103150]: DEBUG neutron.db.provisioning_blocks [req-e40cdb94-f7f0-4cc7-9736-75ba858efed2 req-8adb48ff-75d9-4cc3-bb13-9bf2d8cefdf0 service neutron] Transition to ACTIVE for port object d74af27b-67f7-40b1-a7d6-cdaf5c831092 will not be triggered until provisioned by entity L2. {{(pid=103150) add_provisioning_component /opt/stack/neutron/neutron/db/provisioning_blocks.py:73}}
Dec 12 17:33:13.887159 n-d-760354-5 neutron-server[103150]: DEBUG neutron_lib.callbacks.manager [req-e40cdb94-f7f0-4cc7-9736-75ba858efed2 req-8adb48ff-75d9-4cc3-bb13-9bf2d8cefdf0 service neutron] Publish callbacks ['neutron.plugins.ml2.plugin.SecurityGroupServerNotifierRpcMixin._notify_sg_on_port_change-610783', 'neutron.plugins.ml2.ovo_rpc._ObjectChangeHandler.handle_event-1914063', 'neutron.api.rpc.agentnotifiers.dhcp_rpc_agent_api.DhcpAgentNotifyAPI._native_event_send_dhcp_notification-1602461', 'neutron.db.l3_db.L3RpcNotifierMixin._notify_gateway_port_ip_changed-8778471681253', 'neutron.db.l3_dvrscheduler_db._notify_l3_agent_port_update-8778471182053', 'neutron.db.l3_hascheduler_db._notify_l3_agent_ha_port_update-8778471182071'] for port, after_update {{(pid=103150) _notify_loop /usr/local/lib/python3.8/dist-packages/neutron_lib/callbacks/manager.py:175}}
Dec 12 17:33:13.897960 n-d-760354-5 neutron-server[103150]: INFO neutron.wsgi [req-3366c92f-4390-4337-adac-eefb2e8fea69 req-a3845c39-cc6c-4aa9-9146-e663e64ab64d service neutron] 10.222.0.31 "GET /v2.0/networks/d9379518-7141-4913-88d7-7d1fcb8ba7e8?fields=segments HTTP/1.1" status: 200 len: 212 time: 0.2921154
Dec 12 17:33:13.924835 n-d-760354-5 neutron-server[103151]: DEBUG neutron.pecan_wsgi.hooks.quota_enforcement [None req-83dca11f-50d1-41ec-977c-7359a90c0756 admin admin] Made reservation on behalf of 2364f2d3a4314958ac9f4e3d2c416ee6 for: {'network': 1} {{(pid=103151) before /opt/stack/neutron/neutron/pecan_wsgi/hooks/quota_enforcement.py:53}}
Dec 12 17:33:13.927081 n-d-760354-5 neutron-server[103151]: DEBUG neutron_lib.callbacks.manager [None req-83dca11f-50d1-41ec-977c-7359a90c0756 admin admin] Publish callbacks ['neutron.plugins.ml2.plugin.SecurityGroupDbMixin._ensure_default_security_group_handler-610304'] for network, before_create {{(pid=103151) _notify_loop /usr/local/lib/python3.8/dist-packages/neutron_lib/callbacks/manager.py:175}}
Dec 12 17:33:13.978973 n-d-760354-5 neutron-server[103151]: DEBUG neutron_lib.callbacks.manager [None req-83dca11f-50d1-41ec-977c-7359a90c0756 admin admin] Publish callbacks [] for security_group, before_create {{(pid=103151) _notify_loop /usr/local/lib/python3.8/dist-packages/neutron_lib/callbacks/manager.py:175}}
Dec 12 17:33:13.993223 n-d-760354-5 neutron-server[103151]: INFO neutron.wsgi [req-b38e7dfb-0e5b-4d0e-9e66-e4bba4a0de14 req-90a13090-d460-4c37-a73f-a69e38575b5e tempest-DeleteServersAdminTestJSON-1909173895 tempest-DeleteServersAdminTestJSON-1909173895-project] 10.222.0.18 "GET /v2.0/security-groups?id=7c5083e4-a802-4971-b3ce-f4eac7392012&fields=id&fields=name HTTP/1.1" status: 200 len: 286 time: 0.1532741
Dec 12 17:33:14.012728 n-d-760354-5 neutron-server[103151]: DEBUG neutron.pecan_wsgi.hooks.policy_enforcement [req-a0a55d2e-9f63-4a54-918e-258f314e33c5 req-7bd220f8-eac9-4aae-878e-2eeba6241206 service neutron] Attributes excluded by policy engine: ['standard_attr_id'] {{(pid=103151) _exclude_attributes_by_policy /opt/stack/neutron/neutron/pecan_wsgi/hooks/policy_enforcement.py:255}}
Dec 12 17:33:14.014232 n-d-760354-5 neutron-server[103151]: INFO neutron.wsgi [req-a0a55d2e-9f63-4a54-918e-258f314e33c5 req-7bd220f8-eac9-4aae-878e-2eeba6241206 service neutron] 10.222.0.31 "GET /v2.0/ports?network_id=37b8e47c-73a2-4265-8015-4302615519ca&device_owner=network%3Adhcp HTTP/1.1" status: 200 len: 1166 time: 0.1397362
Dec 12 17:33:14.143600 n-d-760354-5 neutron-server[103151]: DEBUG neutron_lib.callbacks.manager [None req-8a5ca131-6d01-4071-b0de-fd45e34ba0f5 admin admin] Publish callbacks [] for security_group, before_create {{(pid=103151) _notify_loop /usr/local/lib/python3.8/dist-packages/neutron_lib/callbacks/manager.py:175}}
Dec 12 17:33:14.259348 n-d-760354-5 neutron-server[103151]: DEBUG novaclient.v2.client [-] REQ: curl -g -i --cacert "/opt/stack/data/ca-bundle.pem" -X POST http://10.222.0.18/compute/v2.1/os-server-external-events -H "Accept: application/json" -H "Content-Type: application/json" -H "User-Agent: python-novaclient" -H "X-Auth-Token: {SHA256}708561b82c970a96da26173199ab336bc83b3fa6454a5255399748d2888eb222" -H "X-OpenStack-Nova-API-Version: 2.1" -H "X-OpenStack-Request-ID: req-a520f167-b7c1-42b3-b5ff-6b1c2ded99f0" -d '{"events": [{"name": "network-changed", "server_uuid": "b24f261e-1530-4910-9830-e0b075e74bad", "tag": "cc444077-3ba7-4ccd-9a3d-af7169151954"}]}' {{(pid=103151) _http_log_request /usr/local/lib/python3.8/dist-packages/keystoneauth1/session.py:519}}
Dec 12 17:33:14.278790 n-d-760354-5 neutron-server[103151]: INFO neutron.wsgi [req-a0a55d2e-9f63-4a54-918e-258f314e33c5 req-cce1b0cf-38e4-42ca-8754-51c866131541 service neutron] 10.222.0.31 "GET /v2.0/networks/37b8e47c-73a2-4265-8015-4302615519ca?fields=segments HTTP/1.1" status: 200 len: 212 time: 0.2433791
Dec 12 17:33:14.288483 n-d-760354-5 neutron-server[103151]: DEBUG neutron_lib.callbacks.manager [None req-83dca11f-50d1-41ec-977c-7359a90c0756 admin admin] Publish callbacks [] for security_group, precommit_create {{(pid=103151) _notify_loop /usr/local/lib/python3.8/dist-packages/neutron_lib/callbacks/manager.py:175}}
Dec 12 17:33:14.303543 n-d-760354-5 neutron-server[103151]: DEBUG neutron_lib.callbacks.manager [None req-83dca11f-50d1-41ec-977c-7359a90c0756 admin admin] Publish callbacks ['neutron.plugins.ml2.ovo_rpc._ObjectChangeHandler.handle_event-1612666'] for security_group, after_create {{(pid=103151) _notify_loop /usr/local/lib/python3.8/dist-packages/neutron_lib/callbacks/manager.py:175}}
Dec 12 17:33:14.316696 n-d-760354-5 neutron-server[103151]: DEBUG neutron.plugins.ml2.drivers.helpers [None req-83dca11f-50d1-41ec-977c-7359a90c0756 admin admin] vlan segment allocate from pool success with {'vlan_id': 154, 'physical_network': 'physnet1'} {{(pid=103151) allocate_partially_specified_segment /opt/stack/neutron/neutron/plugins/ml2/drivers/helpers.py:153}}
Dec 12 17:33:14.326778 n-d-760354-5 neutron-server[103151]: DEBUG neutron_lib.callbacks.manager [None req-83dca11f-50d1-41ec-977c-7359a90c0756 admin admin] Publish callbacks ['neutron.plugins.ml2.plugin.Ml2Plugin._handle_segment_change-1444694'] for segment, precommit_create {{(pid=103151) _notify_loop /usr/local/lib/python3.8/dist-packages/neutron_lib/callbacks/manager.py:175}}
Dec 12 17:33:14.327223 n-d-760354-5 neutron-server[103151]: INFO neutron.db.segments_db [None req-83dca11f-50d1-41ec-977c-7359a90c0756 admin admin] Added segment 7a6f6d06-2fb4-4d37-8067-369d945cb82b of type vlan for network 9f17d9c7-f9fd-4cfa-8e07-56c8258303d5
Dec 12 17:33:14.358580 n-d-760354-5 neutron-server[103150]: DEBUG neutron.wsgi [-] (103150) accepted ('10.222.0.18', 34144) {{(pid=103150) server /usr/local/lib/python3.8/dist-packages/eventlet/wsgi.py:1004}}
Dec 12 17:33:14.369558 n-d-760354-5 neutron-server[103151]: DEBUG neutron_lib.callbacks.manager [None req-83dca11f-50d1-41ec-977c-7359a90c0756 admin admin] Publish callbacks ['neutron.services.auto_allocate.db._ensure_external_network_default_value_callback-8778471196986'] for network, precommit_create {{(pid=103151) _notify_loop /usr/local/lib/python3.8/dist-packages/neutron_lib/callbacks/manager.py:175}}
Dec 12 17:33:14.393924 n-d-760354-5 neutron-server[103150]: DEBUG neutron.api.rpc.handlers.resources_rpc [None req-8adb48ff-75d9-4cc3-bb13-9bf2d8cefdf0 service neutron] Pushing event updated for resources: {'Port': ['ID=d74af27b-67f7-40b1-a7d6-cdaf5c831092,revision_number=2']} {{(pid=103150) push /opt/stack/neutron/neutron/api/rpc/handlers/resources_rpc.py:237}}
Dec 12 17:33:14.404346 n-d-760354-5 neutron-server[103150]: DEBUG neutron.plugins.ml2.managers [req-e40cdb94-f7f0-4cc7-9736-75ba858efed2 req-8adb48ff-75d9-4cc3-bb13-9bf2d8cefdf0 service neutron] Attempting to bind port d74af27b-67f7-40b1-a7d6-cdaf5c831092 on host n-h2-760354-5 for vnic_type normal with profile {{(pid=103150) bind_port /opt/stack/neutron/neutron/plugins/ml2/managers.py:795}}
Dec 12 17:33:14.404689 n-d-760354-5 neutron-server[103150]: DEBUG neutron.plugins.ml2.managers [req-e40cdb94-f7f0-4cc7-9736-75ba858efed2 req-8adb48ff-75d9-4cc3-bb13-9bf2d8cefdf0 service neutron] Attempting to bind port d74af27b-67f7-40b1-a7d6-cdaf5c831092 by drivers openvswitch,hyperv on host n-h2-760354-5 at level 0 using segments [{'id': 'f8c81ba1-f7a4-4f8f-80b6-7045e05f652b', 'network_type': 'vlan', 'physical_network': 'physnet1', 'segmentation_id': 184, 'network_id': '37b8e47c-73a2-4265-8015-4302615519ca'}] {{(pid=103150) _bind_port_level /opt/stack/neutron/neutron/plugins/ml2/managers.py:820}}
Dec 12 17:33:14.405130 n-d-760354-5 neutron-server[103150]: DEBUG neutron.plugins.ml2.drivers.mech_agent [req-e40cdb94-f7f0-4cc7-9736-75ba858efed2 req-8adb48ff-75d9-4cc3-bb13-9bf2d8cefdf0 service neutron] Attempting to bind port d74af27b-67f7-40b1-a7d6-cdaf5c831092 on network 37b8e47c-73a2-4265-8015-4302615519ca {{(pid=103150) bind_port /opt/stack/neutron/neutron/plugins/ml2/drivers/mech_agent.py:91}}
Dec 12 17:33:14.427768 n-d-760354-5 neutron-server[103150]: DEBUG neutron.plugins.ml2.drivers.mech_agent [req-e40cdb94-f7f0-4cc7-9736-75ba858efed2 req-8adb48ff-75d9-4cc3-bb13-9bf2d8cefdf0 service neutron] Port d74af27b-67f7-40b1-a7d6-cdaf5c831092 on network 37b8e47c-73a2-4265-8015-4302615519ca not bound, no agent of type Open vSwitch agent registered on host n-h2-760354-5 {{(pid=103150) bind_port /opt/stack/neutron/neutron/plugins/ml2/drivers/mech_agent.py:103}}
Dec 12 17:33:14.428101 n-d-760354-5 neutron-server[103150]: DEBUG neutron.plugins.ml2.drivers.mech_agent [req-e40cdb94-f7f0-4cc7-9736-75ba858efed2 req-8adb48ff-75d9-4cc3-bb13-9bf2d8cefdf0 service neutron] Attempting to bind port d74af27b-67f7-40b1-a7d6-cdaf5c831092 on network 37b8e47c-73a2-4265-8015-4302615519ca {{(pid=103150) bind_port /opt/stack/neutron/neutron/plugins/ml2/drivers/mech_agent.py:91}}
Dec 12 17:33:14.443962 n-d-760354-5 neutron-server[103150]: DEBUG neutron.plugins.ml2.drivers.mech_agent [req-e40cdb94-f7f0-4cc7-9736-75ba858efed2 req-8adb48ff-75d9-4cc3-bb13-9bf2d8cefdf0 service neutron] Checking agent: {'id': 'd028a7b3-b0bb-4a9e-9b56-190fdbf6faec', 'agent_type': 'HyperV agent', 'binary': 'neutron-hyperv-agent', 'topic': 'N/A', 'host': 'n-h2-760354-5', 'admin_state_up': True, 'created_at': datetime.datetime(2021, 12, 12, 17, 30, 17), 'started_at': datetime.datetime(2021, 12, 12, 17, 30, 17), 'heartbeat_timestamp': datetime.datetime(2021, 12, 12, 17, 32, 47), 'description': None, 'resources_synced': None, 'availability_zone': None, 'alive': True, 'configurations': {'vswitch_mappings': {'physnet1$': 'br-data'}}, 'resource_versions': {}} {{(pid=103150) bind_port /opt/stack/neutron/neutron/plugins/ml2/drivers/mech_agent.py:110}}
Dec 12 17:33:14.444215 n-d-760354-5 neutron-server[103150]: DEBUG neutron.plugins.ml2.drivers.mech_agent [req-e40cdb94-f7f0-4cc7-9736-75ba858efed2 req-8adb48ff-75d9-4cc3-bb13-9bf2d8cefdf0 service neutron] Checking segment: {'id': 'f8c81ba1-f7a4-4f8f-80b6-7045e05f652b', 'network_type': 'vlan', 'physical_network': 'physnet1', 'segmentation_id': 184, 'network_id': '37b8e47c-73a2-4265-8015-4302615519ca'} for mappings: {'physnet1$': 'br-data'} with network types: ['local', 'flat', 'vlan'] {{(pid=103150) check_segment_for_agent /opt/stack/neutron/neutron/plugins/ml2/drivers/mech_agent.py:371}}
Dec 12 17:33:14.444468 n-d-760354-5 neutron-server[103150]: DEBUG neutron.plugins.ml2.drivers.mech_agent [req-e40cdb94-f7f0-4cc7-9736-75ba858efed2 req-8adb48ff-75d9-4cc3-bb13-9bf2d8cefdf0 service neutron] Bound using segment: {'id': 'f8c81ba1-f7a4-4f8f-80b6-7045e05f652b', 'network_type': 'vlan', 'physical_network': 'physnet1', 'segmentation_id': 184, 'network_id': '37b8e47c-73a2-4265-8015-4302615519ca'} {{(pid=103150) bind_port /opt/stack/neutron/neutron/plugins/ml2/drivers/mech_agent.py:120}}
Dec 12 17:33:14.444966 n-d-760354-5 neutron-server[103150]: DEBUG neutron.plugins.ml2.managers [req-e40cdb94-f7f0-4cc7-9736-75ba858efed2 req-8adb48ff-75d9-4cc3-bb13-9bf2d8cefdf0 service neutron] Bound port: d74af27b-67f7-40b1-a7d6-cdaf5c831092, host: n-h2-760354-5, vif_type: hyperv, vif_details: {"connectivity": "legacy", "port_filter": false}, binding_levels: [{'bound_driver': 'hyperv', 'bound_segment': {'id': 'f8c81ba1-f7a4-4f8f-80b6-7045e05f652b', 'network_type': 'vlan', 'physical_network': 'physnet1', 'segmentation_id': 184, 'network_id': '37b8e47c-73a2-4265-8015-4302615519ca'}}] {{(pid=103150) _bind_port_level /opt/stack/neutron/neutron/plugins/ml2/managers.py:932}}
Dec 12 17:33:14.445393 n-d-760354-5 neutron-server[103150]: DEBUG neutron_lib.callbacks.manager [req-e40cdb94-f7f0-4cc7-9736-75ba858efed2 req-8adb48ff-75d9-4cc3-bb13-9bf2d8cefdf0 service neutron] Publish callbacks ['neutron.plugins.ml2.plugin.SecurityGroupDbMixin._ensure_default_security_group_handler-610304'] for port, before_update {{(pid=103150) _notify_loop /usr/local/lib/python3.8/dist-packages/neutron_lib/callbacks/manager.py:175}}
Dec 12 17:33:14.473862 n-d-760354-5 neutron-server[103150]: INFO neutron.wsgi [req-3366c92f-4390-4337-adac-eefb2e8fea69 req-5aecd1bb-1e4d-409f-86bd-e524892a0dfa service neutron] 10.222.0.31 "GET /v2.0/networks/d9379518-7141-4913-88d7-7d1fcb8ba7e8?fields=provider%3Aphysical_network&fields=provider%3Anetwork_type HTTP/1.1" status: 200 len: 281 time: 0.5447683
Dec 12 17:33:14.477111 n-d-760354-5 neutron-server[103150]: INFO neutron.wsgi [None req-63618003-9b42-4741-9a1d-e160e8c02490 admin admin] 10.222.0.18 "GET /v2.0/security-groups?tenant_id=61bd3637f1fa4d81ac672db15ac2b0ac&name=default HTTP/1.1" status: 200 len: 2996 time: 0.1118894
Dec 12 17:33:14.479720 n-d-760354-5 neutron-server[103150]: DEBUG neutron.wsgi [-] (103150) accepted ('10.222.0.18', 34148) {{(pid=103150) server /usr/local/lib/python3.8/dist-packages/eventlet/wsgi.py:1004}}
Dec 12 17:33:14.510209 n-d-760354-5 neutron-server[103151]: DEBUG neutron_lib.callbacks.manager [None req-8a5ca131-6d01-4071-b0de-fd45e34ba0f5 admin admin] Publish callbacks [] for security_group, precommit_create {{(pid=103151) _notify_loop /usr/local/lib/python3.8/dist-packages/neutron_lib/callbacks/manager.py:175}}
Dec 12 17:33:14.523495 n-d-760354-5 neutron-server[103151]: DEBUG neutron_lib.callbacks.manager [None req-83dca11f-50d1-41ec-977c-7359a90c0756 admin admin] Publish callbacks ['neutron.plugins.ml2.ovo_rpc._ObjectChangeHandler.handle_event-1612553', 'neutron.api.rpc.agentnotifiers.dhcp_rpc_agent_api.DhcpAgentNotifyAPI._native_event_send_dhcp_notification-1602461'] for network, after_create {{(pid=103151) _notify_loop /usr/local/lib/python3.8/dist-packages/neutron_lib/callbacks/manager.py:175}}
Dec 12 17:33:14.524641 n-d-760354-5 neutron-server[103151]: DEBUG neutron.pecan_wsgi.hooks.policy_enforcement [None req-83dca11f-50d1-41ec-977c-7359a90c0756 admin admin] Attributes excluded by policy engine: ['standard_attr_id', 'vlan_transparent'] {{(pid=103151) _exclude_attributes_by_policy /opt/stack/neutron/neutron/pecan_wsgi/hooks/policy_enforcement.py:255}}
Dec 12 17:33:14.525231 n-d-760354-5 neutron-server[103151]: DEBUG neutron_lib.callbacks.manager [None req-83dca11f-50d1-41ec-977c-7359a90c0756 admin admin] Publish callbacks ['neutron.api.rpc.agentnotifiers.dhcp_rpc_agent_api.DhcpAgentNotifyAPI._send_dhcp_notification-1602435'] for network, before_response {{(pid=103151) _notify_loop /usr/local/lib/python3.8/dist-packages/neutron_lib/callbacks/manager.py:175}}
Dec 12 17:33:14.543910 n-d-760354-5 neutron-server[103151]: DEBUG neutron_lib.callbacks.manager [None req-8a5ca131-6d01-4071-b0de-fd45e34ba0f5 admin admin] Publish callbacks ['neutron.plugins.ml2.ovo_rpc._ObjectChangeHandler.handle_event-1612666'] for security_group, after_create {{(pid=103151) _notify_loop /usr/local/lib/python3.8/dist-packages/neutron_lib/callbacks/manager.py:175}}
