Dec 12 18:09:20.292945 n-d-760354-5 devstack@placement-api.service[103633]: DEBUG placement.objects.research_context [req-b1718050-63d8-4623-b25d-4bbd022857c1 req-053b249f-408c-402f-aec9-3f157118468f service placement] getting providers with 1 DISK_GB {{(pid=103633) __init__ /opt/stack/placement/placement/objects/research_context.py:126}}
Dec 12 18:09:20.306265 n-d-760354-5 devstack@placement-api.service[103633]: DEBUG placement.objects.research_context [req-b1718050-63d8-4623-b25d-4bbd022857c1 req-053b249f-408c-402f-aec9-3f157118468f service placement] getting providers with 1024 MEMORY_MB {{(pid=103633) __init__ /opt/stack/placement/placement/objects/research_context.py:126}}
Dec 12 18:09:20.314898 n-d-760354-5 devstack@placement-api.service[103633]: DEBUG placement.objects.research_context [req-b1718050-63d8-4623-b25d-4bbd022857c1 req-053b249f-408c-402f-aec9-3f157118468f service placement] getting providers with 1 VCPU {{(pid=103633) __init__ /opt/stack/placement/placement/objects/research_context.py:126}}
Dec 12 18:09:20.326126 n-d-760354-5 devstack@placement-api.service[103633]: DEBUG placement.objects.research_context [req-b1718050-63d8-4623-b25d-4bbd022857c1 req-053b249f-408c-402f-aec9-3f157118468f service placement] found 2 providers with available 1 DISK_GB {{(pid=103633) get_provider_ids_matching /opt/stack/placement/placement/objects/research_context.py:549}}
Dec 12 18:09:20.326793 n-d-760354-5 devstack@placement-api.service[103633]: DEBUG placement.objects.research_context [req-b1718050-63d8-4623-b25d-4bbd022857c1 req-053b249f-408c-402f-aec9-3f157118468f service placement] found 2 providers with available 1024 MEMORY_MB {{(pid=103633) get_provider_ids_matching /opt/stack/placement/placement/objects/research_context.py:549}}
Dec 12 18:09:20.330940 n-d-760354-5 devstack@placement-api.service[103633]: DEBUG placement.objects.research_context [req-b1718050-63d8-4623-b25d-4bbd022857c1 req-053b249f-408c-402f-aec9-3f157118468f service placement] found 2 providers after filtering by previous result {{(pid=103633) get_provider_ids_matching /opt/stack/placement/placement/objects/research_context.py:580}}
Dec 12 18:09:20.331398 n-d-760354-5 devstack@placement-api.service[103633]: DEBUG placement.objects.research_context [req-b1718050-63d8-4623-b25d-4bbd022857c1 req-053b249f-408c-402f-aec9-3f157118468f service placement] found 2 providers with available 1 VCPU {{(pid=103633) get_provider_ids_matching /opt/stack/placement/placement/objects/research_context.py:549}}
Dec 12 18:09:20.331827 n-d-760354-5 devstack@placement-api.service[103633]: DEBUG placement.objects.research_context [req-b1718050-63d8-4623-b25d-4bbd022857c1 req-053b249f-408c-402f-aec9-3f157118468f service placement] found 2 providers after filtering by previous result {{(pid=103633) get_provider_ids_matching /opt/stack/placement/placement/objects/research_context.py:580}}
Dec 12 18:09:20.347485 n-d-760354-5 devstack@placement-api.service[103633]: DEBUG placement.objects.allocation_candidate [req-b1718050-63d8-4623-b25d-4bbd022857c1 req-053b249f-408c-402f-aec9-3f157118468f service placement] RequestGroup(use_same_provider=False, resources={DISK_GB:1, MEMORY_MB:1024, VCPU:1}, traits=[], aggregates=[]) (suffix '') returned 2 matches {{(pid=103633) _get_by_requests /opt/stack/placement/placement/objects/allocation_candidate.py:145}}
Dec 12 18:09:20.348127 n-d-760354-5 devstack@placement-api.service[103633]: DEBUG placement.objects.allocation_candidate [req-b1718050-63d8-4623-b25d-4bbd022857c1 req-053b249f-408c-402f-aec9-3f157118468f service placement] Merging candidates yields 2 allocation requests and 2 provider summaries {{(pid=103633) _merge_candidates /opt/stack/placement/placement/objects/allocation_candidate.py:783}}
Dec 12 18:09:20.363567 n-d-760354-5 devstack@placement-api.service[103633]: INFO placement.requestlog [req-b1718050-63d8-4623-b25d-4bbd022857c1 req-053b249f-408c-402f-aec9-3f157118468f service placement] 10.222.0.18 "GET /placement/allocation_candidates?limit=1000&resources=DISK_GB%3A1%2CMEMORY_MB%3A1024%2CVCPU%3A1&root_required=%21COMPUTE_STATUS_DISABLED" status: 200 len: 1309 microversion: 1.36
Dec 12 18:09:20.363950 n-d-760354-5 devstack@placement-api.service[103633]: [pid: 103633|app: 0|req: 543/1076] 10.222.0.18 () {60 vars in 1506 bytes} [Sun Dec 12 18:09:20 2021] GET /placement/allocation_candidates?limit=1000&resources=DISK_GB%3A1%2CMEMORY_MB%3A1024%2CVCPU%3A1&root_required=%21COMPUTE_STATUS_DISABLED => generated 1309 bytes in 118 msecs (HTTP/1.1 200) 8 headers in 297 bytes (2 switches on core 0)
Dec 12 18:09:20.426685 n-d-760354-5 devstack@placement-api.service[103632]: DEBUG placement.requestlog [req-b1718050-63d8-4623-b25d-4bbd022857c1 req-bb178ce2-3c49-4084-baae-2044c0db9fe5 None None] Starting request: 10.222.0.18 "GET /placement/allocations/f3f67700-47ba-445e-b461-0b947db91f20" {{(pid=103632) __call__ /opt/stack/placement/placement/requestlog.py:55}}
Dec 12 18:09:20.440121 n-d-760354-5 devstack@placement-api.service[103632]: INFO placement.requestlog [req-b1718050-63d8-4623-b25d-4bbd022857c1 req-bb178ce2-3c49-4084-baae-2044c0db9fe5 service placement] 10.222.0.18 "GET /placement/allocations/f3f67700-47ba-445e-b461-0b947db91f20" status: 200 len: 19 microversion: 1.28
Dec 12 18:09:20.440833 n-d-760354-5 devstack@placement-api.service[103632]: [pid: 103632|app: 0|req: 534/1077] 10.222.0.18 () {60 vars in 1380 bytes} [Sun Dec 12 18:09:20 2021] GET /placement/allocations/f3f67700-47ba-445e-b461-0b947db91f20 => generated 19 bytes in 14 msecs (HTTP/1.1 200) 8 headers in 295 bytes (1 switches on core 0)
Dec 12 18:09:20.448513 n-d-760354-5 devstack@placement-api.service[103633]: DEBUG placement.requestlog [req-b1718050-63d8-4623-b25d-4bbd022857c1 req-0eba43fc-d73d-49af-a307-9446d1da594e None None] Starting request: 10.222.0.18 "PUT /placement/allocations/f3f67700-47ba-445e-b461-0b947db91f20" {{(pid=103633) __call__ /opt/stack/placement/placement/requestlog.py:55}}
Dec 12 18:09:20.536728 n-d-760354-5 devstack@placement-api.service[103633]: DEBUG placement.handlers.allocation [req-b1718050-63d8-4623-b25d-4bbd022857c1 req-0eba43fc-d73d-49af-a307-9446d1da594e service placement] Successfully wrote allocations [, , ] {{(pid=103633) _update_consumers_and_create_allocations /opt/stack/placement/placement/handlers/allocation.py:462}}
Dec 12 18:09:20.542512 n-d-760354-5 devstack@placement-api.service[103633]: INFO placement.requestlog [req-b1718050-63d8-4623-b25d-4bbd022857c1 req-0eba43fc-d73d-49af-a307-9446d1da594e service placement] 10.222.0.18 "PUT /placement/allocations/f3f67700-47ba-445e-b461-0b947db91f20" status: 204 len: 0 microversion: 1.36
Dec 12 18:09:20.543285 n-d-760354-5 devstack@placement-api.service[103633]: [pid: 103633|app: 0|req: 544/1078] 10.222.0.18 () {64 vars in 1433 bytes} [Sun Dec 12 18:09:20 2021] PUT /placement/allocations/f3f67700-47ba-445e-b461-0b947db91f20 => generated 0 bytes in 95 msecs (HTTP/1.1 204) 5 headers in 199 bytes (2 switches on core 0)
Dec 12 18:09:20.853115 n-d-760354-5 devstack@placement-api.service[103632]: DEBUG placement.requestlog [req-b1718050-63d8-4623-b25d-4bbd022857c1 req-c050db2b-1bbc-43e7-80d6-53adfee62f6b None None] Starting request: 10.222.0.31 "GET /placement/allocations/f3f67700-47ba-445e-b461-0b947db91f20" {{(pid=103632) __call__ /opt/stack/placement/placement/requestlog.py:55}}
Dec 12 18:09:20.879595 n-d-760354-5 devstack@placement-api.service[103632]: INFO placement.requestlog [req-b1718050-63d8-4623-b25d-4bbd022857c1 req-c050db2b-1bbc-43e7-80d6-53adfee62f6b service placement] 10.222.0.31 "GET /placement/allocations/f3f67700-47ba-445e-b461-0b947db91f20" status: 200 len: 259 microversion: 1.28
Dec 12 18:09:20.880539 n-d-760354-5 devstack@placement-api.service[103632]: [pid: 103632|app: 0|req: 535/1079] 10.222.0.31 () {60 vars in 1377 bytes} [Sun Dec 12 18:09:20 2021] GET /placement/allocations/f3f67700-47ba-445e-b461-0b947db91f20 => generated 259 bytes in 28 msecs (HTTP/1.1 200) 8 headers in 296 bytes (1 switches on core 0)
Dec 12 18:09:30.764381 n-d-760354-5 devstack@placement-api.service[103633]: DEBUG placement.requestlog [req-448926ba-d560-4096-9ea3-a8859e7450f2 req-a7af5116-c9d3-4a70-b1ce-44c3cf998120 None None] Starting request: 10.222.0.20 "DELETE /placement/allocations/2b88fb18-5949-4581-9e21-d5096af292a1" {{(pid=103633) __call__ /opt/stack/placement/placement/requestlog.py:55}}
Dec 12 18:09:30.823425 n-d-760354-5 devstack@placement-api.service[103633]: DEBUG placement.handlers.allocation [req-448926ba-d560-4096-9ea3-a8859e7450f2 req-a7af5116-c9d3-4a70-b1ce-44c3cf998120 service placement] Successfully deleted allocations [, , ] {{(pid=103633) delete_allocations /opt/stack/placement/placement/handlers/allocation.py:627}}
Dec 12 18:09:30.824069 n-d-760354-5 devstack@placement-api.service[103633]: INFO placement.requestlog [req-448926ba-d560-4096-9ea3-a8859e7450f2 req-a7af5116-c9d3-4a70-b1ce-44c3cf998120 service placement] 10.222.0.20 "DELETE /placement/allocations/2b88fb18-5949-4581-9e21-d5096af292a1" status: 204 len: 0 microversion: 1.0
Dec 12 18:09:30.824581 n-d-760354-5 devstack@placement-api.service[103633]: [pid: 103633|app: 0|req: 545/1080] 10.222.0.20 () {60 vars in 1355 bytes} [Sun Dec 12 18:09:30 2021] DELETE /placement/allocations/2b88fb18-5949-4581-9e21-d5096af292a1 => generated 0 bytes in 61 msecs (HTTP/1.1 204) 5 headers in 198 bytes (1 switches on core 0)
Dec 12 18:09:54.568421 n-d-760354-5 devstack@placement-api.service[103632]: DEBUG placement.requestlog [req-5ddee385-de13-45aa-b497-a36b53190bd5 req-82387c33-2d33-4e21-91bd-835218267692 None None] Starting request: 10.222.0.18 "GET /placement/allocation_candidates?limit=1000&resources=MEMORY_MB%3A1024%2CVCPU%3A1&root_required=%21COMPUTE_STATUS_DISABLED" {{(pid=103632) __call__ /opt/stack/placement/placement/requestlog.py:55}}
Dec 12 18:09:54.687010 n-d-760354-5 devstack@placement-api.service[103632]: DEBUG placement.objects.research_context [req-5ddee385-de13-45aa-b497-a36b53190bd5 req-82387c33-2d33-4e21-91bd-835218267692 service placement] getting providers with 1024 MEMORY_MB {{(pid=103632) __init__ /opt/stack/placement/placement/objects/research_context.py:126}}
Dec 12 18:09:54.721243 n-d-760354-5 devstack@placement-api.service[103632]: DEBUG placement.objects.research_context [req-5ddee385-de13-45aa-b497-a36b53190bd5 req-82387c33-2d33-4e21-91bd-835218267692 service placement] getting providers with 1 VCPU {{(pid=103632) __init__ /opt/stack/placement/placement/objects/research_context.py:126}}
Dec 12 18:09:54.785043 n-d-760354-5 devstack@placement-api.service[103632]: DEBUG placement.objects.research_context [req-5ddee385-de13-45aa-b497-a36b53190bd5 req-82387c33-2d33-4e21-91bd-835218267692 service placement] found 2 providers with available 1024 MEMORY_MB {{(pid=103632) get_provider_ids_matching /opt/stack/placement/placement/objects/research_context.py:549}}
Dec 12 18:09:54.785303 n-d-760354-5 devstack@placement-api.service[103632]: DEBUG placement.objects.research_context [req-5ddee385-de13-45aa-b497-a36b53190bd5 req-82387c33-2d33-4e21-91bd-835218267692 service placement] found 2 providers with available 1 VCPU {{(pid=103632) get_provider_ids_matching /opt/stack/placement/placement/objects/research_context.py:549}}
Dec 12 18:09:54.785588 n-d-760354-5 devstack@placement-api.service[103632]: DEBUG placement.objects.research_context [req-5ddee385-de13-45aa-b497-a36b53190bd5 req-82387c33-2d33-4e21-91bd-835218267692 service placement] found 2 providers after filtering by previous result {{(pid=103632) get_provider_ids_matching /opt/stack/placement/placement/objects/research_context.py:580}}
Dec 12 18:09:54.829784 n-d-760354-5 devstack@placement-api.service[103632]: DEBUG placement.objects.allocation_candidate [req-5ddee385-de13-45aa-b497-a36b53190bd5 req-82387c33-2d33-4e21-91bd-835218267692 service placement] RequestGroup(use_same_provider=False, resources={MEMORY_MB:1024, VCPU:1}, traits=[], aggregates=[]) (suffix '') returned 2 matches {{(pid=103632) _get_by_requests /opt/stack/placement/placement/objects/allocation_candidate.py:145}}
Dec 12 18:09:54.830158 n-d-760354-5 devstack@placement-api.service[103632]: DEBUG placement.objects.allocation_candidate [req-5ddee385-de13-45aa-b497-a36b53190bd5 req-82387c33-2d33-4e21-91bd-835218267692 service placement] Merging candidates yields 2 allocation requests and 2 provider summaries {{(pid=103632) _merge_candidates /opt/stack/placement/placement/objects/allocation_candidate.py:783}}
Dec 12 18:09:54.832333 n-d-760354-5 devstack@placement-api.service[103632]: INFO placement.requestlog [req-5ddee385-de13-45aa-b497-a36b53190bd5 req-82387c33-2d33-4e21-91bd-835218267692 service placement] 10.222.0.18 "GET /placement/allocation_candidates?limit=1000&resources=MEMORY_MB%3A1024%2CVCPU%3A1&root_required=%21COMPUTE_STATUS_DISABLED" status: 200 len: 1278 microversion: 1.36
Dec 12 18:09:54.832942 n-d-760354-5 devstack@placement-api.service[103632]: [pid: 103632|app: 0|req: 536/1081] 10.222.0.18 () {60 vars in 1478 bytes} [Sun Dec 12 18:09:54 2021] GET /placement/allocation_candidates?limit=1000&resources=MEMORY_MB%3A1024%2CVCPU%3A1&root_required=%21COMPUTE_STATUS_DISABLED => generated 1278 bytes in 265 msecs (HTTP/1.1 200) 8 headers in 297 bytes (1 switches on core 0)
Dec 12 18:09:54.930779 n-d-760354-5 devstack@placement-api.service[103633]: DEBUG placement.requestlog [req-5ddee385-de13-45aa-b497-a36b53190bd5 req-c1a0ce8f-d529-4d17-88e1-5da56593af6c None None] Starting request: 10.222.0.18 "GET /placement/allocations/10b79f60-3c90-41f0-9450-8c62a4c8195b" {{(pid=103633) __call__ /opt/stack/placement/placement/requestlog.py:55}}
Dec 12 18:09:54.949289 n-d-760354-5 devstack@placement-api.service[103633]: INFO placement.requestlog [req-5ddee385-de13-45aa-b497-a36b53190bd5 req-c1a0ce8f-d529-4d17-88e1-5da56593af6c service placement] 10.222.0.18 "GET /placement/allocations/10b79f60-3c90-41f0-9450-8c62a4c8195b" status: 200 len: 19 microversion: 1.28
Dec 12 18:09:54.952027 n-d-760354-5 devstack@placement-api.service[103633]: [pid: 103633|app: 0|req: 546/1082] 10.222.0.18 () {60 vars in 1380 bytes} [Sun Dec 12 18:09:54 2021] GET /placement/allocations/10b79f60-3c90-41f0-9450-8c62a4c8195b => generated 19 bytes in 21 msecs (HTTP/1.1 200) 8 headers in 295 bytes (1 switches on core 0)
Dec 12 18:09:54.959189 n-d-760354-5 devstack@placement-api.service[103632]: DEBUG placement.requestlog [req-5ddee385-de13-45aa-b497-a36b53190bd5 req-b56a3be5-7380-4dd7-9184-39b5cfa853bd None None] Starting request: 10.222.0.18 "PUT /placement/allocations/10b79f60-3c90-41f0-9450-8c62a4c8195b" {{(pid=103632) __call__ /opt/stack/placement/placement/requestlog.py:55}}
Dec 12 18:09:55.158033 n-d-760354-5 devstack@placement-api.service[103632]: DEBUG placement.handlers.allocation [req-5ddee385-de13-45aa-b497-a36b53190bd5 req-b56a3be5-7380-4dd7-9184-39b5cfa853bd service placement] Successfully wrote allocations [, ] {{(pid=103632) _update_consumers_and_create_allocations /opt/stack/placement/placement/handlers/allocation.py:462}}
Dec 12 18:09:55.167365 n-d-760354-5 devstack@placement-api.service[103632]: INFO placement.requestlog [req-5ddee385-de13-45aa-b497-a36b53190bd5 req-b56a3be5-7380-4dd7-9184-39b5cfa853bd service placement] 10.222.0.18 "PUT /placement/allocations/10b79f60-3c90-41f0-9450-8c62a4c8195b" status: 204 len: 0 microversion: 1.36
Dec 12 18:09:55.175284 n-d-760354-5 devstack@placement-api.service[103632]: [pid: 103632|app: 0|req: 537/1083] 10.222.0.18 () {64 vars in 1433 bytes} [Sun Dec 12 18:09:54 2021] PUT /placement/allocations/10b79f60-3c90-41f0-9450-8c62a4c8195b => generated 0 bytes in 209 msecs (HTTP/1.1 204) 5 headers in 199 bytes (1 switches on core 0)
Dec 12 18:09:55.671664 n-d-760354-5 devstack@placement-api.service[103633]: DEBUG placement.requestlog [req-5ddee385-de13-45aa-b497-a36b53190bd5 req-d73c4790-408f-4387-b7da-5ffdcd3b7bc0 None None] Starting request: 10.222.0.20 "GET /placement/allocations/10b79f60-3c90-41f0-9450-8c62a4c8195b" {{(pid=103633) __call__ /opt/stack/placement/placement/requestlog.py:55}}
Dec 12 18:09:55.690604 n-d-760354-5 devstack@placement-api.service[103633]: INFO placement.requestlog [req-5ddee385-de13-45aa-b497-a36b53190bd5 req-d73c4790-408f-4387-b7da-5ffdcd3b7bc0 service placement] 10.222.0.20 "GET /placement/allocations/10b79f60-3c90-41f0-9450-8c62a4c8195b" status: 200 len: 246 microversion: 1.28
Dec 12 18:09:55.691560 n-d-760354-5 devstack@placement-api.service[103633]: [pid: 103633|app: 0|req: 547/1084] 10.222.0.20 () {60 vars in 1377 bytes} [Sun Dec 12 18:09:55 2021] GET /placement/allocations/10b79f60-3c90-41f0-9450-8c62a4c8195b => generated 246 bytes in 20 msecs (HTTP/1.1 200) 8 headers in 296 bytes (2 switches on core 0)
Dec 12 18:09:58.111907 n-d-760354-5 devstack@placement-api.service[103632]: DEBUG placement.requestlog [req-17b64b1a-6e79-4125-83ed-a4bdfe600904 req-a7a3ea61-fe9f-49d4-860c-179090c859de None None] Starting request: 10.222.0.20 "GET /placement/resource_providers/a786a17d-7c8f-4a9d-ae4f-4c83dd0eb50f/allocations" {{(pid=103632) __call__ /opt/stack/placement/placement/requestlog.py:55}}
Dec 12 18:09:58.169863 n-d-760354-5 devstack@placement-api.service[103632]: INFO placement.requestlog [req-17b64b1a-6e79-4125-83ed-a4bdfe600904 req-a7a3ea61-fe9f-49d4-860c-179090c859de service placement] 10.222.0.20 "GET /placement/resource_providers/a786a17d-7c8f-4a9d-ae4f-4c83dd0eb50f/allocations" status: 200 len: 141 microversion: 1.0
Dec 12 18:09:58.170533 n-d-760354-5 devstack@placement-api.service[103632]: [pid: 103632|app: 0|req: 538/1085] 10.222.0.20 () {58 vars in 1390 bytes} [Sun Dec 12 18:09:58 2021] GET /placement/resource_providers/a786a17d-7c8f-4a9d-ae4f-4c83dd0eb50f/allocations => generated 141 bytes in 59 msecs (HTTP/1.1 200) 6 headers in 224 bytes (1 switches on core 0)
Dec 12 18:10:02.608406 n-d-760354-5 devstack@placement-api.service[103633]: DEBUG placement.requestlog [req-0447c9a4-8df3-4ed9-b123-d463500b5dc2 req-63d50a81-4858-4a7f-bb6f-4c8c4a8d69e2 None None] Starting request: 10.222.0.31 "GET /placement/resource_providers/c0f154ca-86f3-4d4b-a678-72a2d8bd0279/allocations" {{(pid=103633) __call__ /opt/stack/placement/placement/requestlog.py:55}}
Dec 12 18:10:02.645321 n-d-760354-5 devstack@placement-api.service[103633]: INFO placement.requestlog [req-0447c9a4-8df3-4ed9-b123-d463500b5dc2 req-63d50a81-4858-4a7f-bb6f-4c8c4a8d69e2 service placement] 10.222.0.31 "GET /placement/resource_providers/c0f154ca-86f3-4d4b-a678-72a2d8bd0279/allocations" status: 200 len: 255 microversion: 1.0
Dec 12 18:10:02.648700 n-d-760354-5 devstack@placement-api.service[103633]: [pid: 103633|app: 0|req: 548/1086] 10.222.0.31 () {58 vars in 1390 bytes} [Sun Dec 12 18:10:02 2021] GET /placement/resource_providers/c0f154ca-86f3-4d4b-a678-72a2d8bd0279/allocations => generated 255 bytes in 41 msecs (HTTP/1.1 200) 6 headers in 224 bytes (1 switches on core 0)
Dec 12 18:10:19.707233 n-d-760354-5 devstack@placement-api.service[103632]: DEBUG placement.requestlog [req-543f03dc-7f73-465e-bb7e-8bcb43e6fe8e req-411491d0-4690-4303-a2fd-88f4fd6632ea None None] Starting request: 10.222.0.31 "DELETE /placement/allocations/3382c035-0253-4d5c-970b-476133abb8b2" {{(pid=103632) __call__ /opt/stack/placement/placement/requestlog.py:55}}
Dec 12 18:10:19.734935 n-d-760354-5 devstack@placement-api.service[103632]: DEBUG placement.handlers.allocation [req-543f03dc-7f73-465e-bb7e-8bcb43e6fe8e req-411491d0-4690-4303-a2fd-88f4fd6632ea service placement] Successfully deleted allocations [, , ] {{(pid=103632) delete_allocations /opt/stack/placement/placement/handlers/allocation.py:627}}
Dec 12 18:10:19.735567 n-d-760354-5 devstack@placement-api.service[103632]: INFO placement.requestlog [req-543f03dc-7f73-465e-bb7e-8bcb43e6fe8e req-411491d0-4690-4303-a2fd-88f4fd6632ea service placement] 10.222.0.31 "DELETE /placement/allocations/3382c035-0253-4d5c-970b-476133abb8b2" status: 204 len: 0 microversion: 1.0
Dec 12 18:10:19.736072 n-d-760354-5 devstack@placement-api.service[103632]: [pid: 103632|app: 0|req: 539/1087] 10.222.0.31 () {60 vars in 1355 bytes} [Sun Dec 12 18:10:19 2021] DELETE /placement/allocations/3382c035-0253-4d5c-970b-476133abb8b2 => generated 0 bytes in 29 msecs (HTTP/1.1 204) 5 headers in 198 bytes (1 switches on core 0)
Dec 12 18:10:26.028607 n-d-760354-5 devstack@placement-api.service[103633]: DEBUG placement.requestlog [req-536304f5-e5a0-4630-8eb4-16d9d6598fb0 req-2977a38d-fe79-460e-a711-c1347e587baa None None] Starting request: 10.222.0.20 "DELETE /placement/allocations/10b79f60-3c90-41f0-9450-8c62a4c8195b" {{(pid=103633) __call__ /opt/stack/placement/placement/requestlog.py:55}}
Dec 12 18:10:26.059874 n-d-760354-5 devstack@placement-api.service[103633]: DEBUG placement.handlers.allocation [req-536304f5-e5a0-4630-8eb4-16d9d6598fb0 req-2977a38d-fe79-460e-a711-c1347e587baa service placement] Successfully deleted allocations [, ] {{(pid=103633) delete_allocations /opt/stack/placement/placement/handlers/allocation.py:627}}
Dec 12 18:10:26.060435 n-d-760354-5 devstack@placement-api.service[103633]: INFO placement.requestlog [req-536304f5-e5a0-4630-8eb4-16d9d6598fb0 req-2977a38d-fe79-460e-a711-c1347e587baa service placement] 10.222.0.20 "DELETE /placement/allocations/10b79f60-3c90-41f0-9450-8c62a4c8195b" status: 204 len: 0 microversion: 1.0
Dec 12 18:10:26.060877 n-d-760354-5 devstack@placement-api.service[103633]: [pid: 103633|app: 0|req: 549/1088] 10.222.0.20 () {60 vars in 1355 bytes} [Sun Dec 12 18:10:26 2021] DELETE /placement/allocations/10b79f60-3c90-41f0-9450-8c62a4c8195b => generated 0 bytes in 33 msecs (HTTP/1.1 204) 5 headers in 198 bytes (2 switches on core 0)
Dec 12 18:10:28.126499 n-d-760354-5 devstack@placement-api.service[103632]: DEBUG placement.requestlog [req-b0a89d84-a4dc-4378-8b4f-e7ffb803ed93 req-35fe3dc7-861c-4c55-8bba-9fb1a6bca420 None None] Starting request: 10.222.0.18 "GET /placement/allocation_candidates?limit=1000&resources=DISK_GB%3A1%2CMEMORY_MB%3A1024%2CVCPU%3A1&root_required=%21COMPUTE_STATUS_DISABLED" {{(pid=103632) __call__ /opt/stack/placement/placement/requestlog.py:55}}
Dec 12 18:10:28.177381 n-d-760354-5 devstack@placement-api.service[103632]: DEBUG placement.objects.research_context [req-b0a89d84-a4dc-4378-8b4f-e7ffb803ed93 req-35fe3dc7-861c-4c55-8bba-9fb1a6bca420 service placement] getting providers with 1 DISK_GB {{(pid=103632) __init__ /opt/stack/placement/placement/objects/research_context.py:126}}
Dec 12 18:10:28.185300 n-d-760354-5 devstack@placement-api.service[103632]: DEBUG placement.objects.research_context [req-b0a89d84-a4dc-4378-8b4f-e7ffb803ed93 req-35fe3dc7-861c-4c55-8bba-9fb1a6bca420 service placement] getting providers with 1024 MEMORY_MB {{(pid=103632) __init__ /opt/stack/placement/placement/objects/research_context.py:126}}
Dec 12 18:10:28.191512 n-d-760354-5 devstack@placement-api.service[103632]: DEBUG placement.objects.research_context [req-b0a89d84-a4dc-4378-8b4f-e7ffb803ed93 req-35fe3dc7-861c-4c55-8bba-9fb1a6bca420 service placement] getting providers with 1 VCPU {{(pid=103632) __init__ /opt/stack/placement/placement/objects/research_context.py:126}}
Dec 12 18:10:28.197245 n-d-760354-5 devstack@placement-api.service[103632]: DEBUG placement.objects.research_context [req-b0a89d84-a4dc-4378-8b4f-e7ffb803ed93 req-35fe3dc7-861c-4c55-8bba-9fb1a6bca420 service placement] found 2 providers with available 1 DISK_GB {{(pid=103632) get_provider_ids_matching /opt/stack/placement/placement/objects/research_context.py:549}}
Dec 12 18:10:28.197522 n-d-760354-5 devstack@placement-api.service[103632]: DEBUG placement.objects.research_context [req-b0a89d84-a4dc-4378-8b4f-e7ffb803ed93 req-35fe3dc7-861c-4c55-8bba-9fb1a6bca420 service placement] found 2 providers with available 1024 MEMORY_MB {{(pid=103632) get_provider_ids_matching /opt/stack/placement/placement/objects/research_context.py:549}}
Dec 12 18:10:28.197797 n-d-760354-5 devstack@placement-api.service[103632]: DEBUG placement.objects.research_context [req-b0a89d84-a4dc-4378-8b4f-e7ffb803ed93 req-35fe3dc7-861c-4c55-8bba-9fb1a6bca420 service placement] found 2 providers after filtering by previous result {{(pid=103632) get_provider_ids_matching /opt/stack/placement/placement/objects/research_context.py:580}}
Dec 12 18:10:28.198053 n-d-760354-5 devstack@placement-api.service[103632]: DEBUG placement.objects.research_context [req-b0a89d84-a4dc-4378-8b4f-e7ffb803ed93 req-35fe3dc7-861c-4c55-8bba-9fb1a6bca420 service placement] found 2 providers with available 1 VCPU {{(pid=103632) get_provider_ids_matching /opt/stack/placement/placement/objects/research_context.py:549}}
Dec 12 18:10:28.198321 n-d-760354-5 devstack@placement-api.service[103632]: DEBUG placement.objects.research_context [req-b0a89d84-a4dc-4378-8b4f-e7ffb803ed93 req-35fe3dc7-861c-4c55-8bba-9fb1a6bca420 service placement] found 2 providers after filtering by previous result {{(pid=103632) get_provider_ids_matching /opt/stack/placement/placement/objects/research_context.py:580}}
Dec 12 18:10:28.209912 n-d-760354-5 devstack@placement-api.service[103632]: DEBUG placement.objects.allocation_candidate [req-b0a89d84-a4dc-4378-8b4f-e7ffb803ed93 req-35fe3dc7-861c-4c55-8bba-9fb1a6bca420 service placement] RequestGroup(use_same_provider=False, resources={DISK_GB:1, MEMORY_MB:1024, VCPU:1}, traits=[], aggregates=[]) (suffix '') returned 2 matches {{(pid=103632) _get_by_requests /opt/stack/placement/placement/objects/allocation_candidate.py:145}}
Dec 12 18:10:28.210882 n-d-760354-5 devstack@placement-api.service[103632]: DEBUG placement.objects.allocation_candidate [req-b0a89d84-a4dc-4378-8b4f-e7ffb803ed93 req-35fe3dc7-861c-4c55-8bba-9fb1a6bca420 service placement] Merging candidates yields 2 allocation requests and 2 provider summaries {{(pid=103632) _merge_candidates /opt/stack/placement/placement/objects/allocation_candidate.py:783}}
Dec 12 18:10:28.213463 n-d-760354-5 devstack@placement-api.service[103632]: INFO placement.requestlog [req-b0a89d84-a4dc-4378-8b4f-e7ffb803ed93 req-35fe3dc7-861c-4c55-8bba-9fb1a6bca420 service placement] 10.222.0.18 "GET /placement/allocation_candidates?limit=1000&resources=DISK_GB%3A1%2CMEMORY_MB%3A1024%2CVCPU%3A1&root_required=%21COMPUTE_STATUS_DISABLED" status: 200 len: 1306 microversion: 1.36
Dec 12 18:10:28.214029 n-d-760354-5 devstack@placement-api.service[103632]: [pid: 103632|app: 0|req: 540/1089] 10.222.0.18 () {60 vars in 1506 bytes} [Sun Dec 12 18:10:28 2021] GET /placement/allocation_candidates?limit=1000&resources=DISK_GB%3A1%2CMEMORY_MB%3A1024%2CVCPU%3A1&root_required=%21COMPUTE_STATUS_DISABLED => generated 1306 bytes in 88 msecs (HTTP/1.1 200) 8 headers in 297 bytes (2 switches on core 0)
Dec 12 18:10:28.270037 n-d-760354-5 devstack@placement-api.service[103633]: DEBUG placement.requestlog [req-b0a89d84-a4dc-4378-8b4f-e7ffb803ed93 req-a477af9c-0811-43dc-90c1-f32daa33cf57 None None] Starting request: 10.222.0.18 "GET /placement/allocations/409db575-74fa-4060-83e6-46ff0f3898c2" {{(pid=103633) __call__ /opt/stack/placement/placement/requestlog.py:55}}
Dec 12 18:10:28.282601 n-d-760354-5 devstack@placement-api.service[103633]: INFO placement.requestlog [req-b0a89d84-a4dc-4378-8b4f-e7ffb803ed93 req-a477af9c-0811-43dc-90c1-f32daa33cf57 service placement] 10.222.0.18 "GET /placement/allocations/409db575-74fa-4060-83e6-46ff0f3898c2" status: 200 len: 19 microversion: 1.28
Dec 12 18:10:28.284309 n-d-760354-5 devstack@placement-api.service[103633]: [pid: 103633|app: 0|req: 550/1090] 10.222.0.18 () {60 vars in 1380 bytes} [Sun Dec 12 18:10:28 2021] GET /placement/allocations/409db575-74fa-4060-83e6-46ff0f3898c2 => generated 19 bytes in 14 msecs (HTTP/1.1 200) 8 headers in 295 bytes (1 switches on core 0)
Dec 12 18:10:28.289888 n-d-760354-5 devstack@placement-api.service[103632]: DEBUG placement.requestlog [req-b0a89d84-a4dc-4378-8b4f-e7ffb803ed93 req-85535919-8c26-494d-a764-32f386c75823 None None] Starting request: 10.222.0.18 "PUT /placement/allocations/409db575-74fa-4060-83e6-46ff0f3898c2" {{(pid=103632) __call__ /opt/stack/placement/placement/requestlog.py:55}}
Dec 12 18:10:28.353357 n-d-760354-5 devstack@placement-api.service[103632]: DEBUG placement.handlers.allocation [req-b0a89d84-a4dc-4378-8b4f-e7ffb803ed93 req-85535919-8c26-494d-a764-32f386c75823 service placement] Successfully wrote allocations [, , ] {{(pid=103632) _update_consumers_and_create_allocations /opt/stack/placement/placement/handlers/allocation.py:462}}
Dec 12 18:10:28.358477 n-d-760354-5 devstack@placement-api.service[103632]: INFO placement.requestlog [req-b0a89d84-a4dc-4378-8b4f-e7ffb803ed93 req-85535919-8c26-494d-a764-32f386c75823 service placement] 10.222.0.18 "PUT /placement/allocations/409db575-74fa-4060-83e6-46ff0f3898c2" status: 204 len: 0 microversion: 1.36
Dec 12 18:10:28.359296 n-d-760354-5 devstack@placement-api.service[103632]: [pid: 103632|app: 0|req: 541/1091] 10.222.0.18 () {64 vars in 1433 bytes} [Sun Dec 12 18:10:28 2021] PUT /placement/allocations/409db575-74fa-4060-83e6-46ff0f3898c2 => generated 0 bytes in 69 msecs (HTTP/1.1 204) 5 headers in 199 bytes (1 switches on core 0)
Dec 12 18:10:28.650242 n-d-760354-5 devstack@placement-api.service[103633]: DEBUG placement.requestlog [req-b0a89d84-a4dc-4378-8b4f-e7ffb803ed93 req-911ca9fb-4ffe-49f5-9283-c3c9cb362b4e None None] Starting request: 10.222.0.20 "GET /placement/allocations/409db575-74fa-4060-83e6-46ff0f3898c2" {{(pid=103633) __call__ /opt/stack/placement/placement/requestlog.py:55}}
Dec 12 18:10:28.674108 n-d-760354-5 devstack@placement-api.service[103633]: INFO placement.requestlog [req-b0a89d84-a4dc-4378-8b4f-e7ffb803ed93 req-911ca9fb-4ffe-49f5-9283-c3c9cb362b4e service placement] 10.222.0.20 "GET /placement/allocations/409db575-74fa-4060-83e6-46ff0f3898c2" status: 200 len: 260 microversion: 1.28
Dec 12 18:10:28.675744 n-d-760354-5 devstack@placement-api.service[103633]: [pid: 103633|app: 0|req: 551/1092] 10.222.0.20 () {60 vars in 1377 bytes} [Sun Dec 12 18:10:28 2021] GET /placement/allocations/409db575-74fa-4060-83e6-46ff0f3898c2 => generated 260 bytes in 26 msecs (HTTP/1.1 200) 8 headers in 296 bytes (1 switches on core 0)
Dec 12 18:10:54.906397 n-d-760354-5 devstack@placement-api.service[103632]: DEBUG placement.requestlog [req-c71894d9-f9fb-4a27-91cd-9f0e8a3e3e1d req-68d98749-727f-4494-8566-1f12626030a3 None None] Starting request: 10.222.0.18 "GET /placement/allocation_candidates?limit=1000&resources=DISK_GB%3A1%2CMEMORY_MB%3A1024%2CVCPU%3A1&root_required=%21COMPUTE_STATUS_DISABLED" {{(pid=103632) __call__ /opt/stack/placement/placement/requestlog.py:55}}
Dec 12 18:10:54.913028 n-d-760354-5 devstack@placement-api.service[103633]: DEBUG placement.requestlog [req-847148a4-ed6e-4b28-bfcf-ef4cfe88764c req-0184cbd5-d753-4bde-b51e-0f40522a4119 None None] Starting request: 10.222.0.18 "GET /placement/allocation_candidates?limit=1000&resources=MEMORY_MB%3A1024%2CVCPU%3A1&root_required=%21COMPUTE_STATUS_DISABLED" {{(pid=103633) __call__ /opt/stack/placement/placement/requestlog.py:55}}
Dec 12 18:10:54.938636 n-d-760354-5 devstack@placement-api.service[103632]: DEBUG placement.objects.research_context [req-c71894d9-f9fb-4a27-91cd-9f0e8a3e3e1d req-68d98749-727f-4494-8566-1f12626030a3 service placement] getting providers with 1 DISK_GB {{(pid=103632) __init__ /opt/stack/placement/placement/objects/research_context.py:126}}
Dec 12 18:10:54.944738 n-d-760354-5 devstack@placement-api.service[103632]: DEBUG placement.objects.research_context [req-c71894d9-f9fb-4a27-91cd-9f0e8a3e3e1d req-68d98749-727f-4494-8566-1f12626030a3 service placement] getting providers with 1024 MEMORY_MB {{(pid=103632) __init__ /opt/stack/placement/placement/objects/research_context.py:126}}
Dec 12 18:10:54.950601 n-d-760354-5 devstack@placement-api.service[103632]: DEBUG placement.objects.research_context [req-c71894d9-f9fb-4a27-91cd-9f0e8a3e3e1d req-68d98749-727f-4494-8566-1f12626030a3 service placement] getting providers with 1 VCPU {{(pid=103632) __init__ /opt/stack/placement/placement/objects/research_context.py:126}}
Dec 12 18:10:54.956767 n-d-760354-5 devstack@placement-api.service[103632]: DEBUG placement.objects.research_context [req-c71894d9-f9fb-4a27-91cd-9f0e8a3e3e1d req-68d98749-727f-4494-8566-1f12626030a3 service placement] found 2 providers with available 1 DISK_GB {{(pid=103632) get_provider_ids_matching /opt/stack/placement/placement/objects/research_context.py:549}}
Dec 12 18:10:54.958324 n-d-760354-5 devstack@placement-api.service[103632]: DEBUG placement.objects.research_context [req-c71894d9-f9fb-4a27-91cd-9f0e8a3e3e1d req-68d98749-727f-4494-8566-1f12626030a3 service placement] found 2 providers with available 1024 MEMORY_MB {{(pid=103632) get_provider_ids_matching /opt/stack/placement/placement/objects/research_context.py:549}}
Dec 12 18:10:54.958769 n-d-760354-5 devstack@placement-api.service[103632]: DEBUG placement.objects.research_context [req-c71894d9-f9fb-4a27-91cd-9f0e8a3e3e1d req-68d98749-727f-4494-8566-1f12626030a3 service placement] found 2 providers after filtering by previous result {{(pid=103632) get_provider_ids_matching /opt/stack/placement/placement/objects/research_context.py:580}}
Dec 12 18:10:54.959248 n-d-760354-5 devstack@placement-api.service[103632]: DEBUG placement.objects.research_context [req-c71894d9-f9fb-4a27-91cd-9f0e8a3e3e1d req-68d98749-727f-4494-8566-1f12626030a3 service placement] found 2 providers with available 1 VCPU {{(pid=103632) get_provider_ids_matching /opt/stack/placement/placement/objects/research_context.py:549}}
Dec 12 18:10:54.959692 n-d-760354-5 devstack@placement-api.service[103632]: DEBUG placement.objects.research_context [req-c71894d9-f9fb-4a27-91cd-9f0e8a3e3e1d req-68d98749-727f-4494-8566-1f12626030a3 service placement] found 2 providers after filtering by previous result {{(pid=103632) get_provider_ids_matching /opt/stack/placement/placement/objects/research_context.py:580}}
Dec 12 18:10:54.973397 n-d-760354-5 devstack@placement-api.service[103632]: DEBUG placement.objects.allocation_candidate [req-c71894d9-f9fb-4a27-91cd-9f0e8a3e3e1d req-68d98749-727f-4494-8566-1f12626030a3 service placement] RequestGroup(use_same_provider=False, resources={DISK_GB:1, MEMORY_MB:1024, VCPU:1}, traits=[], aggregates=[]) (suffix '') returned 2 matches {{(pid=103632) _get_by_requests /opt/stack/placement/placement/objects/allocation_candidate.py:145}}
Dec 12 18:10:54.973774 n-d-760354-5 devstack@placement-api.service[103632]: DEBUG placement.objects.allocation_candidate [req-c71894d9-f9fb-4a27-91cd-9f0e8a3e3e1d req-68d98749-727f-4494-8566-1f12626030a3 service placement] Merging candidates yields 2 allocation requests and 2 provider summaries {{(pid=103632) _merge_candidates /opt/stack/placement/placement/objects/allocation_candidate.py:783}}
Dec 12 18:10:54.976462 n-d-760354-5 devstack@placement-api.service[103632]: INFO placement.requestlog [req-c71894d9-f9fb-4a27-91cd-9f0e8a3e3e1d req-68d98749-727f-4494-8566-1f12626030a3 service placement] 10.222.0.18 "GET /placement/allocation_candidates?limit=1000&resources=DISK_GB%3A1%2CMEMORY_MB%3A1024%2CVCPU%3A1&root_required=%21COMPUTE_STATUS_DISABLED" status: 200 len: 1309 microversion: 1.36
Dec 12 18:10:54.979541 n-d-760354-5 devstack@placement-api.service[103633]: DEBUG placement.objects.research_context [req-847148a4-ed6e-4b28-bfcf-ef4cfe88764c req-0184cbd5-d753-4bde-b51e-0f40522a4119 service placement] getting providers with 1024 MEMORY_MB {{(pid=103633) __init__ /opt/stack/placement/placement/objects/research_context.py:126}}
Dec 12 18:10:54.980139 n-d-760354-5 devstack@placement-api.service[103632]: [pid: 103632|app: 0|req: 542/1093] 10.222.0.18 () {60 vars in 1506 bytes} [Sun Dec 12 18:10:54 2021] GET /placement/allocation_candidates?limit=1000&resources=DISK_GB%3A1%2CMEMORY_MB%3A1024%2CVCPU%3A1&root_required=%21COMPUTE_STATUS_DISABLED => generated 1309 bytes in 74 msecs (HTTP/1.1 200) 8 headers in 297 bytes (1 switches on core 0)
Dec 12 18:10:54.987090 n-d-760354-5 devstack@placement-api.service[103633]: DEBUG placement.objects.research_context [req-847148a4-ed6e-4b28-bfcf-ef4cfe88764c req-0184cbd5-d753-4bde-b51e-0f40522a4119 service placement] getting providers with 1 VCPU {{(pid=103633) __init__ /opt/stack/placement/placement/objects/research_context.py:126}}
Dec 12 18:10:54.995312 n-d-760354-5 devstack@placement-api.service[103633]: DEBUG placement.objects.research_context [req-847148a4-ed6e-4b28-bfcf-ef4cfe88764c req-0184cbd5-d753-4bde-b51e-0f40522a4119 service placement] found 2 providers with available 1024 MEMORY_MB {{(pid=103633) get_provider_ids_matching /opt/stack/placement/placement/objects/research_context.py:549}}
Dec 12 18:10:54.995833 n-d-760354-5 devstack@placement-api.service[103633]: DEBUG placement.objects.research_context [req-847148a4-ed6e-4b28-bfcf-ef4cfe88764c req-0184cbd5-d753-4bde-b51e-0f40522a4119 service placement] found 2 providers with available 1 VCPU {{(pid=103633) get_provider_ids_matching /opt/stack/placement/placement/objects/research_context.py:549}}
Dec 12 18:10:54.996297 n-d-760354-5 devstack@placement-api.service[103633]: DEBUG placement.objects.research_context [req-847148a4-ed6e-4b28-bfcf-ef4cfe88764c req-0184cbd5-d753-4bde-b51e-0f40522a4119 service placement] found 2 providers after filtering by previous result {{(pid=103633) get_provider_ids_matching /opt/stack/placement/placement/objects/research_context.py:580}}
Dec 12 18:10:55.014828 n-d-760354-5 devstack@placement-api.service[103633]: DEBUG placement.objects.allocation_candidate [req-847148a4-ed6e-4b28-bfcf-ef4cfe88764c req-0184cbd5-d753-4bde-b51e-0f40522a4119 service placement] RequestGroup(use_same_provider=False, resources={MEMORY_MB:1024, VCPU:1}, traits=[], aggregates=[]) (suffix '') returned 2 matches {{(pid=103633) _get_by_requests /opt/stack/placement/placement/objects/allocation_candidate.py:145}}
Dec 12 18:10:55.015432 n-d-760354-5 devstack@placement-api.service[103633]: DEBUG placement.objects.allocation_candidate [req-847148a4-ed6e-4b28-bfcf-ef4cfe88764c req-0184cbd5-d753-4bde-b51e-0f40522a4119 service placement] Merging candidates yields 2 allocation requests and 2 provider summaries {{(pid=103633) _merge_candidates /opt/stack/placement/placement/objects/allocation_candidate.py:783}}
Dec 12 18:10:55.017325 n-d-760354-5 devstack@placement-api.service[103633]: INFO placement.requestlog [req-847148a4-ed6e-4b28-bfcf-ef4cfe88764c req-0184cbd5-d753-4bde-b51e-0f40522a4119 service placement] 10.222.0.18 "GET /placement/allocation_candidates?limit=1000&resources=MEMORY_MB%3A1024%2CVCPU%3A1&root_required=%21COMPUTE_STATUS_DISABLED" status: 200 len: 1281 microversion: 1.36
Dec 12 18:10:55.018596 n-d-760354-5 devstack@placement-api.service[103633]: [pid: 103633|app: 0|req: 552/1094] 10.222.0.18 () {60 vars in 1478 bytes} [Sun Dec 12 18:10:54 2021] GET /placement/allocation_candidates?limit=1000&resources=MEMORY_MB%3A1024%2CVCPU%3A1&root_required=%21COMPUTE_STATUS_DISABLED => generated 1281 bytes in 105 msecs (HTTP/1.1 200) 8 headers in 297 bytes (1 switches on core 0)
Dec 12 18:10:55.071089 n-d-760354-5 devstack@placement-api.service[103632]: DEBUG placement.requestlog [req-c71894d9-f9fb-4a27-91cd-9f0e8a3e3e1d req-c211c97c-47ec-413e-afbc-8e062fb87897 None None] Starting request: 10.222.0.18 "GET /placement/allocations/4d67664b-5c97-4824-a233-210441453a69" {{(pid=103632) __call__ /opt/stack/placement/placement/requestlog.py:55}}
Dec 12 18:10:55.087579 n-d-760354-5 devstack@placement-api.service[103632]: INFO placement.requestlog [req-c71894d9-f9fb-4a27-91cd-9f0e8a3e3e1d req-c211c97c-47ec-413e-afbc-8e062fb87897 service placement] 10.222.0.18 "GET /placement/allocations/4d67664b-5c97-4824-a233-210441453a69" status: 200 len: 19 microversion: 1.28
Dec 12 18:10:55.087579 n-d-760354-5 devstack@placement-api.service[103632]: [pid: 103632|app: 0|req: 543/1095] 10.222.0.18 () {60 vars in 1380 bytes} [Sun Dec 12 18:10:55 2021] GET /placement/allocations/4d67664b-5c97-4824-a233-210441453a69 => generated 19 bytes in 15 msecs (HTTP/1.1 200) 8 headers in 295 bytes (1 switches on core 0)
Dec 12 18:10:55.105656 n-d-760354-5 devstack@placement-api.service[103633]: DEBUG placement.requestlog [req-c71894d9-f9fb-4a27-91cd-9f0e8a3e3e1d req-0859bb52-b671-4c8e-a7f5-986b1ca45cab None None] Starting request: 10.222.0.18 "PUT /placement/allocations/4d67664b-5c97-4824-a233-210441453a69" {{(pid=103633) __call__ /opt/stack/placement/placement/requestlog.py:55}}
Dec 12 18:10:55.114076 n-d-760354-5 devstack@placement-api.service[103632]: DEBUG placement.requestlog [req-847148a4-ed6e-4b28-bfcf-ef4cfe88764c req-88e8cefb-3530-4c88-a826-35c37f6b3dd4 None None] Starting request: 10.222.0.18 "GET /placement/allocations/a34fa24d-266d-4535-a70e-ce84facf5769" {{(pid=103632) __call__ /opt/stack/placement/placement/requestlog.py:55}}
Dec 12 18:10:55.137654 n-d-760354-5 devstack@placement-api.service[103632]: INFO placement.requestlog [req-847148a4-ed6e-4b28-bfcf-ef4cfe88764c req-88e8cefb-3530-4c88-a826-35c37f6b3dd4 service placement] 10.222.0.18 "GET /placement/allocations/a34fa24d-266d-4535-a70e-ce84facf5769" status: 200 len: 19 microversion: 1.28
Dec 12 18:10:55.139887 n-d-760354-5 devstack@placement-api.service[103632]: [pid: 103632|app: 0|req: 544/1096] 10.222.0.18 () {60 vars in 1380 bytes} [Sun Dec 12 18:10:55 2021] GET /placement/allocations/a34fa24d-266d-4535-a70e-ce84facf5769 => generated 19 bytes in 26 msecs (HTTP/1.1 200) 8 headers in 295 bytes (1 switches on core 0)
Dec 12 18:10:55.147420 n-d-760354-5 devstack@placement-api.service[103632]: DEBUG placement.requestlog [req-847148a4-ed6e-4b28-bfcf-ef4cfe88764c req-e4976c9c-5692-4b32-b762-78aa41a9b27a None None] Starting request: 10.222.0.18 "PUT /placement/allocations/a34fa24d-266d-4535-a70e-ce84facf5769" {{(pid=103632) __call__ /opt/stack/placement/placement/requestlog.py:55}}
Dec 12 18:10:55.194199 n-d-760354-5 devstack@placement-api.service[103633]: DEBUG placement.handlers.allocation [req-c71894d9-f9fb-4a27-91cd-9f0e8a3e3e1d req-0859bb52-b671-4c8e-a7f5-986b1ca45cab service placement] Successfully wrote allocations [, , ] {{(pid=103633) _update_consumers_and_create_allocations /opt/stack/placement/placement/handlers/allocation.py:462}}
Dec 12 18:10:55.209892 n-d-760354-5 devstack@placement-api.service[103633]: INFO placement.requestlog [req-c71894d9-f9fb-4a27-91cd-9f0e8a3e3e1d req-0859bb52-b671-4c8e-a7f5-986b1ca45cab service placement] 10.222.0.18 "PUT /placement/allocations/4d67664b-5c97-4824-a233-210441453a69" status: 204 len: 0 microversion: 1.36
Dec 12 18:10:55.210452 n-d-760354-5 devstack@placement-api.service[103633]: [pid: 103633|app: 0|req: 553/1097] 10.222.0.18 () {64 vars in 1433 bytes} [Sun Dec 12 18:10:55 2021] PUT /placement/allocations/4d67664b-5c97-4824-a233-210441453a69 => generated 0 bytes in 108 msecs (HTTP/1.1 204) 5 headers in 199 bytes (1 switches on core 0)
Dec 12 18:10:55.223720 n-d-760354-5 devstack@placement-api.service[103632]: DEBUG placement.objects.allocation [req-847148a4-ed6e-4b28-bfcf-ef4cfe88764c req-e4976c9c-5692-4b32-b762-78aa41a9b27a service placement] Retrying allocations write on resource provider generation conflict {{(pid=103632) replace_all /opt/stack/placement/placement/objects/allocation.py:507}}
Dec 12 18:10:55.247645 n-d-760354-5 devstack@placement-api.service[103632]: DEBUG placement.handlers.allocation [req-847148a4-ed6e-4b28-bfcf-ef4cfe88764c req-e4976c9c-5692-4b32-b762-78aa41a9b27a service placement] Successfully wrote allocations [, ] {{(pid=103632) _update_consumers_and_create_allocations /opt/stack/placement/placement/handlers/allocation.py:462}}
Dec 12 18:10:55.255099 n-d-760354-5 devstack@placement-api.service[103632]: INFO placement.requestlog [req-847148a4-ed6e-4b28-bfcf-ef4cfe88764c req-e4976c9c-5692-4b32-b762-78aa41a9b27a service placement] 10.222.0.18 "PUT /placement/allocations/a34fa24d-266d-4535-a70e-ce84facf5769" status: 204 len: 0 microversion: 1.36
Dec 12 18:10:55.256023 n-d-760354-5 devstack@placement-api.service[103632]: [pid: 103632|app: 0|req: 545/1098] 10.222.0.18 () {64 vars in 1433 bytes} [Sun Dec 12 18:10:55 2021] PUT /placement/allocations/a34fa24d-266d-4535-a70e-ce84facf5769 => generated 0 bytes in 109 msecs (HTTP/1.1 204) 5 headers in 199 bytes (1 switches on core 0)
Dec 12 18:10:55.656650 n-d-760354-5 devstack@placement-api.service[103632]: DEBUG placement.requestlog [req-847148a4-ed6e-4b28-bfcf-ef4cfe88764c req-ee5afab7-c410-4684-bb65-b761a2129ab6 None None] Starting request: 10.222.0.31 "GET /placement/allocations/a34fa24d-266d-4535-a70e-ce84facf5769" {{(pid=103632) __call__ /opt/stack/placement/placement/requestlog.py:55}}
Dec 12 18:10:55.657471 n-d-760354-5 devstack@placement-api.service[103633]: DEBUG placement.requestlog [req-c71894d9-f9fb-4a27-91cd-9f0e8a3e3e1d req-4466b9ac-122b-472e-b549-65731ab1ae64 None None] Starting request: 10.222.0.31 "GET /placement/allocations/4d67664b-5c97-4824-a233-210441453a69" {{(pid=103633) __call__ /opt/stack/placement/placement/requestlog.py:55}}
Dec 12 18:10:55.675644 n-d-760354-5 devstack@placement-api.service[103632]: INFO placement.requestlog [req-847148a4-ed6e-4b28-bfcf-ef4cfe88764c req-ee5afab7-c410-4684-bb65-b761a2129ab6 service placement] 10.222.0.31 "GET /placement/allocations/a34fa24d-266d-4535-a70e-ce84facf5769" status: 200 len: 245 microversion: 1.28
Dec 12 18:10:55.675865 n-d-760354-5 devstack@placement-api.service[103633]: INFO placement.requestlog [req-c71894d9-f9fb-4a27-91cd-9f0e8a3e3e1d req-4466b9ac-122b-472e-b549-65731ab1ae64 service placement] 10.222.0.31 "GET /placement/allocations/4d67664b-5c97-4824-a233-210441453a69" status: 200 len: 259 microversion: 1.28
Dec 12 18:10:55.676410 n-d-760354-5 devstack@placement-api.service[103633]: [pid: 103633|app: 0|req: 554/1099] 10.222.0.31 () {60 vars in 1377 bytes} [Sun Dec 12 18:10:55 2021] GET /placement/allocations/4d67664b-5c97-4824-a233-210441453a69 => generated 259 bytes in 21 msecs (HTTP/1.1 200) 8 headers in 296 bytes (2 switches on core 0)
Dec 12 18:10:55.676706 n-d-760354-5 devstack@placement-api.service[103632]: [pid: 103632|app: 0|req: 546/1100] 10.222.0.31 () {60 vars in 1377 bytes} [Sun Dec 12 18:10:55 2021] GET /placement/allocations/a34fa24d-266d-4535-a70e-ce84facf5769 => generated 245 bytes in 20 msecs (HTTP/1.1 200) 8 headers in 296 bytes (1 switches on core 0)
Dec 12 18:10:58.175986 n-d-760354-5 devstack@placement-api.service[103633]: DEBUG placement.requestlog [req-79eff9ff-c5be-4332-a192-93bf582bb595 req-c3c91ad2-a078-48ce-ad19-baefd1929216 None None] Starting request: 10.222.0.20 "GET /placement/resource_providers/a786a17d-7c8f-4a9d-ae4f-4c83dd0eb50f/allocations" {{(pid=103633) __call__ /opt/stack/placement/placement/requestlog.py:55}}
Dec 12 18:10:58.506867 n-d-760354-5 devstack@placement-api.service[103633]: INFO placement.requestlog [req-79eff9ff-c5be-4332-a192-93bf582bb595 req-c3c91ad2-a078-48ce-ad19-baefd1929216 service placement] 10.222.0.20 "GET /placement/resource_providers/a786a17d-7c8f-4a9d-ae4f-4c83dd0eb50f/allocations" status: 200 len: 155 microversion: 1.0
Dec 12 18:10:58.507543 n-d-760354-5 devstack@placement-api.service[103633]: [pid: 103633|app: 0|req: 555/1101] 10.222.0.20 () {58 vars in 1390 bytes} [Sun Dec 12 18:10:58 2021] GET /placement/resource_providers/a786a17d-7c8f-4a9d-ae4f-4c83dd0eb50f/allocations => generated 155 bytes in 332 msecs (HTTP/1.1 200) 6 headers in 224 bytes (1 switches on core 0)
Dec 12 18:10:58.568021 n-d-760354-5 devstack@placement-api.service[103632]: DEBUG placement.requestlog [req-79eff9ff-c5be-4332-a192-93bf582bb595 req-3d8203fb-6e45-4e48-8c11-2cf932f34614 None None] Starting request: 10.222.0.20 "GET /placement/resource_providers?in_tree=a786a17d-7c8f-4a9d-ae4f-4c83dd0eb50f" {{(pid=103632) __call__ /opt/stack/placement/placement/requestlog.py:55}}
Dec 12 18:10:58.619426 n-d-760354-5 devstack@placement-api.service[103632]: INFO placement.requestlog [req-79eff9ff-c5be-4332-a192-93bf582bb595 req-3d8203fb-6e45-4e48-8c11-2cf932f34614 service placement] 10.222.0.20 "GET /placement/resource_providers?in_tree=a786a17d-7c8f-4a9d-ae4f-4c83dd0eb50f" status: 200 len: 864 microversion: 1.14
Dec 12 18:10:58.621130 n-d-760354-5 devstack@placement-api.service[103632]: [pid: 103632|app: 0|req: 547/1102] 10.222.0.20 () {60 vars in 1376 bytes} [Sun Dec 12 18:10:58 2021] GET /placement/resource_providers?in_tree=a786a17d-7c8f-4a9d-ae4f-4c83dd0eb50f => generated 864 bytes in 53 msecs (HTTP/1.1 200) 6 headers in 225 bytes (1 switches on core 0)
Dec 12 18:10:58.630826 n-d-760354-5 devstack@placement-api.service[103633]: DEBUG placement.requestlog [req-79eff9ff-c5be-4332-a192-93bf582bb595 req-9c45657a-8f05-47aa-a7cf-871c39a7516b None None] Starting request: 10.222.0.20 "GET /placement/resource_providers/a786a17d-7c8f-4a9d-ae4f-4c83dd0eb50f/inventories" {{(pid=103633) __call__ /opt/stack/placement/placement/requestlog.py:55}}
Dec 12 18:10:58.692290 n-d-760354-5 devstack@placement-api.service[103633]: INFO placement.requestlog [req-79eff9ff-c5be-4332-a192-93bf582bb595 req-9c45657a-8f05-47aa-a7cf-871c39a7516b service placement] 10.222.0.20 "GET /placement/resource_providers/a786a17d-7c8f-4a9d-ae4f-4c83dd0eb50f/inventories" status: 200 len: 399 microversion: 1.0
Dec 12 18:10:58.692655 n-d-760354-5 devstack@placement-api.service[103633]: [pid: 103633|app: 0|req: 556/1103] 10.222.0.20 () {58 vars in 1390 bytes} [Sun Dec 12 18:10:58 2021] GET /placement/resource_providers/a786a17d-7c8f-4a9d-ae4f-4c83dd0eb50f/inventories => generated 399 bytes in 62 msecs (HTTP/1.1 200) 6 headers in 224 bytes (1 switches on core 0)
Dec 12 18:10:58.704817 n-d-760354-5 devstack@placement-api.service[103632]: DEBUG placement.requestlog [req-79eff9ff-c5be-4332-a192-93bf582bb595 req-9cb5e384-efe2-4cf8-a1d4-59ebc85f69ee None None] Starting request: 10.222.0.20 "GET /placement/resource_providers/a786a17d-7c8f-4a9d-ae4f-4c83dd0eb50f/aggregates" {{(pid=103632) __call__ /opt/stack/placement/placement/requestlog.py:55}}
