Jul 05 09:36:42.777878 n-d-758944-42 devstack@placement-api.service[94515]: DEBUG placement.handlers.allocation [req-b213bf57-c757-413e-8619-5567f5ac04ec req-ce8a498c-e3a7-40ec-9b1d-ca4b8013a167 service placement] Successfully wrote allocations [, , ] {{(pid=94515) _create_allocations /opt/stack/placement/placement/handlers/allocation.py:435}}
Jul 05 09:36:42.778835 n-d-758944-42 devstack@placement-api.service[94515]: INFO placement.requestlog [req-b213bf57-c757-413e-8619-5567f5ac04ec req-ce8a498c-e3a7-40ec-9b1d-ca4b8013a167 service placement] 10.222.0.50 "PUT /placement/allocations/5311c629-9749-4a55-b451-281f1eda49cb" status: 204 len: 0 microversion: 1.35
Jul 05 09:36:42.779326 n-d-758944-42 devstack@placement-api.service[94515]: [pid: 94515|app: 0|req: 19/34] 10.222.0.50 () {64 vars in 1434 bytes} [Mon Jul 5 09:36:42 2021] PUT /placement/allocations/5311c629-9749-4a55-b451-281f1eda49cb => generated 0 bytes in 207 msecs (HTTP/1.1 204) 5 headers in 199 bytes (1 switches on core 0)
Jul 05 09:36:43.494592 n-d-758944-42 devstack@placement-api.service[94514]: DEBUG placement.requestlog [req-31d2e420-d4ab-4004-93d0-4344844dc3f0 req-f0fc86e9-5904-447c-b75b-9b2a537323e4 None None] Starting request: 10.222.0.50 "GET /placement/resource_providers?name=n-h1-758944-42" {{(pid=94514) __call__ /opt/stack/placement/placement/requestlog.py:55}}
Jul 05 09:36:43.522439 n-d-758944-42 devstack@placement-api.service[94514]: INFO placement.requestlog [req-31d2e420-d4ab-4004-93d0-4344844dc3f0 req-f0fc86e9-5904-447c-b75b-9b2a537323e4 service placement] 10.222.0.50 "GET /placement/resource_providers?name=n-h1-758944-42" status: 200 len: 441 microversion: 1.0
Jul 05 09:36:43.531248 n-d-758944-42 devstack@placement-api.service[94514]: [pid: 94514|app: 0|req: 16/35] 10.222.0.50 () {58 vars in 1277 bytes} [Mon Jul 5 09:36:43 2021] GET /placement/resource_providers?name=n-h1-758944-42 => generated 441 bytes in 36 msecs (HTTP/1.1 200) 6 headers in 224 bytes (1 switches on core 0)
Jul 05 09:36:43.537448 n-d-758944-42 devstack@placement-api.service[94515]: DEBUG placement.requestlog [req-31d2e420-d4ab-4004-93d0-4344844dc3f0 req-0da2cdb3-6202-4106-a506-8a2664546251 None None] Starting request: 10.222.0.50 "GET /placement/resource_providers/f4935f64-6348-4b9a-bcb5-ac7efdac87ce/aggregates" {{(pid=94515) __call__ /opt/stack/placement/placement/requestlog.py:55}}
Jul 05 09:36:43.572910 n-d-758944-42 devstack@placement-api.service[94515]: INFO placement.requestlog [req-31d2e420-d4ab-4004-93d0-4344844dc3f0 req-0da2cdb3-6202-4106-a506-8a2664546251 service placement] 10.222.0.50 "GET /placement/resource_providers/f4935f64-6348-4b9a-bcb5-ac7efdac87ce/aggregates" status: 200 len: 53 microversion: 1.19
Jul 05 09:36:43.583684 n-d-758944-42 devstack@placement-api.service[94514]: DEBUG placement.requestlog [req-31d2e420-d4ab-4004-93d0-4344844dc3f0 req-505ccde2-0ec1-47d7-9dfe-dcc0d22905c4 None None] Starting request: 10.222.0.50 "PUT /placement/resource_providers/f4935f64-6348-4b9a-bcb5-ac7efdac87ce/aggregates" {{(pid=94514) __call__ /opt/stack/placement/placement/requestlog.py:55}}
Jul 05 09:36:43.590953 n-d-758944-42 devstack@placement-api.service[94515]: [pid: 94515|app: 0|req: 20/36] 10.222.0.50 () {60 vars in 1426 bytes} [Mon Jul 5 09:36:43 2021] GET /placement/resource_providers/f4935f64-6348-4b9a-bcb5-ac7efdac87ce/aggregates => generated 53 bytes in 54 msecs (HTTP/1.1 200) 8 headers in 295 bytes (2 switches on core 0)
Jul 05 09:36:43.606894 n-d-758944-42 devstack@placement-api.service[94514]: DEBUG placement.objects.resource_provider [req-31d2e420-d4ab-4004-93d0-4344844dc3f0 req-505ccde2-0ec1-47d7-9dfe-dcc0d22905c4 service placement] _ensure_aggregate() did not find aggregate 35f36c29-262a-4881-b723-b3168906d280. Attempting to create it. {{(pid=94514) _ensure_aggregate /opt/stack/placement/placement/objects/resource_provider.py:319}}
Jul 05 09:36:43.611476 n-d-758944-42 devstack@placement-api.service[94514]: DEBUG placement.objects.resource_provider [req-31d2e420-d4ab-4004-93d0-4344844dc3f0 req-505ccde2-0ec1-47d7-9dfe-dcc0d22905c4 service placement] _ensure_aggregate() created new aggregate 35f36c29-262a-4881-b723-b3168906d280 (id=2). {{(pid=94514) _ensure_aggregate /opt/stack/placement/placement/objects/resource_provider.py:325}}
Jul 05 09:36:43.614949 n-d-758944-42 devstack@placement-api.service[94514]: DEBUG placement.objects.resource_provider [req-31d2e420-d4ab-4004-93d0-4344844dc3f0 req-505ccde2-0ec1-47d7-9dfe-dcc0d22905c4 service placement] Setting aggregates for provider f4935f64-6348-4b9a-bcb5-ac7efdac87ce. Successfully associated aggregate 35f36c29-262a-4881-b723-b3168906d280. {{(pid=94514) _set_aggregates /opt/stack/placement/placement/objects/resource_provider.py:387}}
Jul 05 09:36:43.626876 n-d-758944-42 devstack@placement-api.service[94514]: INFO placement.requestlog [req-31d2e420-d4ab-4004-93d0-4344844dc3f0 req-505ccde2-0ec1-47d7-9dfe-dcc0d22905c4 service placement] 10.222.0.50 "PUT /placement/resource_providers/f4935f64-6348-4b9a-bcb5-ac7efdac87ce/aggregates" status: 200 len: 91 microversion: 1.19
Jul 05 09:36:43.627558 n-d-758944-42 devstack@placement-api.service[94514]: [pid: 94514|app: 0|req: 17/37] 10.222.0.50 () {64 vars in 1478 bytes} [Mon Jul 5 09:36:43 2021] PUT /placement/resource_providers/f4935f64-6348-4b9a-bcb5-ac7efdac87ce/aggregates => generated 91 bytes in 44 msecs (HTTP/1.1 200) 8 headers in 295 bytes (2 switches on core 0)
Jul 05 09:36:43.897396 n-d-758944-42 devstack@placement-api.service[94515]: DEBUG placement.requestlog [req-b213bf57-c757-413e-8619-5567f5ac04ec req-69c6e9ea-fffb-4ef2-8d91-2a427497d658 None None] Starting request: 10.222.0.55 "GET /placement/allocations/5311c629-9749-4a55-b451-281f1eda49cb" {{(pid=94515) __call__ /opt/stack/placement/placement/requestlog.py:55}}
Jul 05 09:36:43.938266 n-d-758944-42 devstack@placement-api.service[94515]: INFO placement.requestlog [req-b213bf57-c757-413e-8619-5567f5ac04ec req-69c6e9ea-fffb-4ef2-8d91-2a427497d658 service placement] 10.222.0.55 "GET /placement/allocations/5311c629-9749-4a55-b451-281f1eda49cb" status: 200 len: 258 microversion: 1.28
Jul 05 09:36:43.939965 n-d-758944-42 devstack@placement-api.service[94515]: [pid: 94515|app: 0|req: 21/38] 10.222.0.55 () {60 vars in 1378 bytes} [Mon Jul 5 09:36:43 2021] GET /placement/allocations/5311c629-9749-4a55-b451-281f1eda49cb => generated 258 bytes in 43 msecs (HTTP/1.1 200) 8 headers in 296 bytes (1 switches on core 0)
Jul 05 09:36:46.395575 n-d-758944-42 devstack@placement-api.service[94514]: DEBUG placement.requestlog [req-af0b466e-5dd9-4f57-85df-e915e82effd9 req-727d088f-ec72-41ad-908f-2921009c76ff None None] Starting request: 10.222.0.50 "GET /placement/allocation_candidates?limit=1000&resources=DISK_GB%3A1%2CMEMORY_MB%3A1024%2CVCPU%3A1&root_required=%21COMPUTE_STATUS_DISABLED" {{(pid=94514) __call__ /opt/stack/placement/placement/requestlog.py:55}}
Jul 05 09:36:46.551426 n-d-758944-42 devstack@placement-api.service[94514]: DEBUG placement.objects.research_context [req-af0b466e-5dd9-4f57-85df-e915e82effd9 req-727d088f-ec72-41ad-908f-2921009c76ff service placement] getting providers with 1 DISK_GB {{(pid=94514) __init__ /opt/stack/placement/placement/objects/research_context.py:126}}
Jul 05 09:36:46.569606 n-d-758944-42 devstack@placement-api.service[94514]: DEBUG placement.objects.research_context [req-af0b466e-5dd9-4f57-85df-e915e82effd9 req-727d088f-ec72-41ad-908f-2921009c76ff service placement] getting providers with 1024 MEMORY_MB {{(pid=94514) __init__ /opt/stack/placement/placement/objects/research_context.py:126}}
Jul 05 09:36:46.587322 n-d-758944-42 devstack@placement-api.service[94514]: DEBUG placement.objects.research_context [req-af0b466e-5dd9-4f57-85df-e915e82effd9 req-727d088f-ec72-41ad-908f-2921009c76ff service placement] getting providers with 1 VCPU {{(pid=94514) __init__ /opt/stack/placement/placement/objects/research_context.py:126}}
Jul 05 09:36:46.612219 n-d-758944-42 devstack@placement-api.service[94514]: DEBUG placement.objects.research_context [req-af0b466e-5dd9-4f57-85df-e915e82effd9 req-727d088f-ec72-41ad-908f-2921009c76ff service placement] found 2 providers with available 1 DISK_GB {{(pid=94514) get_provider_ids_matching /opt/stack/placement/placement/objects/research_context.py:549}}
Jul 05 09:36:46.613147 n-d-758944-42 devstack@placement-api.service[94514]: DEBUG placement.objects.research_context [req-af0b466e-5dd9-4f57-85df-e915e82effd9 req-727d088f-ec72-41ad-908f-2921009c76ff service placement] found 2 providers with available 1024 MEMORY_MB {{(pid=94514) get_provider_ids_matching /opt/stack/placement/placement/objects/research_context.py:549}}
Jul 05 09:36:46.613850 n-d-758944-42 devstack@placement-api.service[94514]: DEBUG placement.objects.research_context [req-af0b466e-5dd9-4f57-85df-e915e82effd9 req-727d088f-ec72-41ad-908f-2921009c76ff service placement] found 2 providers after filtering by previous result {{(pid=94514) get_provider_ids_matching /opt/stack/placement/placement/objects/research_context.py:580}}
Jul 05 09:36:46.614602 n-d-758944-42 devstack@placement-api.service[94514]: DEBUG placement.objects.research_context [req-af0b466e-5dd9-4f57-85df-e915e82effd9 req-727d088f-ec72-41ad-908f-2921009c76ff service placement] found 2 providers with available 1 VCPU {{(pid=94514) get_provider_ids_matching /opt/stack/placement/placement/objects/research_context.py:549}}
Jul 05 09:36:46.615491 n-d-758944-42 devstack@placement-api.service[94514]: DEBUG placement.objects.research_context [req-af0b466e-5dd9-4f57-85df-e915e82effd9 req-727d088f-ec72-41ad-908f-2921009c76ff service placement] found 2 providers after filtering by previous result {{(pid=94514) get_provider_ids_matching /opt/stack/placement/placement/objects/research_context.py:580}}
Jul 05 09:36:46.658042 n-d-758944-42 devstack@placement-api.service[94514]: DEBUG placement.objects.allocation_candidate [req-af0b466e-5dd9-4f57-85df-e915e82effd9 req-727d088f-ec72-41ad-908f-2921009c76ff service placement] RequestGroup(use_same_provider=False, resources={DISK_GB:1, MEMORY_MB:1024, VCPU:1}, traits=[], aggregates=[]) (suffix '') returned 2 matches {{(pid=94514) _get_by_requests /opt/stack/placement/placement/objects/allocation_candidate.py:145}}
Jul 05 09:36:46.658758 n-d-758944-42 devstack@placement-api.service[94514]: DEBUG placement.objects.allocation_candidate [req-af0b466e-5dd9-4f57-85df-e915e82effd9 req-727d088f-ec72-41ad-908f-2921009c76ff service placement] Merging candidates yields 2 allocation requests and 2 provider summaries {{(pid=94514) _merge_candidates /opt/stack/placement/placement/objects/allocation_candidate.py:783}}
Jul 05 09:36:46.664228 n-d-758944-42 devstack@placement-api.service[94514]: INFO placement.requestlog [req-af0b466e-5dd9-4f57-85df-e915e82effd9 req-727d088f-ec72-41ad-908f-2921009c76ff service placement] 10.222.0.50 "GET /placement/allocation_candidates?limit=1000&resources=DISK_GB%3A1%2CMEMORY_MB%3A1024%2CVCPU%3A1&root_required=%21COMPUTE_STATUS_DISABLED" status: 200 len: 1306 microversion: 1.35
Jul 05 09:36:46.664629 n-d-758944-42 devstack@placement-api.service[94514]: [pid: 94514|app: 0|req: 18/39] 10.222.0.50 () {60 vars in 1507 bytes} [Mon Jul 5 09:36:46 2021] GET /placement/allocation_candidates?limit=1000&resources=DISK_GB%3A1%2CMEMORY_MB%3A1024%2CVCPU%3A1&root_required=%21COMPUTE_STATUS_DISABLED => generated 1306 bytes in 270 msecs (HTTP/1.1 200) 8 headers in 297 bytes (1 switches on core 0)
Jul 05 09:36:47.141926 n-d-758944-42 devstack@placement-api.service[94515]: DEBUG placement.requestlog [req-af0b466e-5dd9-4f57-85df-e915e82effd9 req-0f3f9207-04ab-4efa-98d1-876c33e522e2 None None] Starting request: 10.222.0.50 "GET /placement/allocations/0ab66808-107d-44e7-bf68-dafc83cb7363" {{(pid=94515) __call__ /opt/stack/placement/placement/requestlog.py:55}}
Jul 05 09:36:47.177183 n-d-758944-42 devstack@placement-api.service[94515]: INFO placement.requestlog [req-af0b466e-5dd9-4f57-85df-e915e82effd9 req-0f3f9207-04ab-4efa-98d1-876c33e522e2 service placement] 10.222.0.50 "GET /placement/allocations/0ab66808-107d-44e7-bf68-dafc83cb7363" status: 200 len: 19 microversion: 1.28
Jul 05 09:36:47.191634 n-d-758944-42 devstack@placement-api.service[94515]: [pid: 94515|app: 0|req: 22/40] 10.222.0.50 () {60 vars in 1381 bytes} [Mon Jul 5 09:36:47 2021] GET /placement/allocations/0ab66808-107d-44e7-bf68-dafc83cb7363 => generated 19 bytes in 50 msecs (HTTP/1.1 200) 8 headers in 295 bytes (1 switches on core 0)
Jul 05 09:36:47.191920 n-d-758944-42 devstack@placement-api.service[94514]: DEBUG placement.requestlog [req-af0b466e-5dd9-4f57-85df-e915e82effd9 req-d4024322-a1f1-474b-922d-4466af25bc06 None None] Starting request: 10.222.0.50 "PUT /placement/allocations/0ab66808-107d-44e7-bf68-dafc83cb7363" {{(pid=94514) __call__ /opt/stack/placement/placement/requestlog.py:55}}
Jul 05 09:36:47.535770 n-d-758944-42 devstack@placement-api.service[94514]: DEBUG placement.handlers.allocation [req-af0b466e-5dd9-4f57-85df-e915e82effd9 req-d4024322-a1f1-474b-922d-4466af25bc06 service placement] Successfully wrote allocations [, , ] {{(pid=94514) _create_allocations /opt/stack/placement/placement/handlers/allocation.py:435}}
Jul 05 09:36:47.541068 n-d-758944-42 devstack@placement-api.service[94514]: INFO placement.requestlog [req-af0b466e-5dd9-4f57-85df-e915e82effd9 req-d4024322-a1f1-474b-922d-4466af25bc06 service placement] 10.222.0.50 "PUT /placement/allocations/0ab66808-107d-44e7-bf68-dafc83cb7363" status: 204 len: 0 microversion: 1.35
Jul 05 09:36:47.557816 n-d-758944-42 devstack@placement-api.service[94514]: [pid: 94514|app: 0|req: 19/41] 10.222.0.50 () {64 vars in 1434 bytes} [Mon Jul 5 09:36:47 2021] PUT /placement/allocations/0ab66808-107d-44e7-bf68-dafc83cb7363 => generated 0 bytes in 355 msecs (HTTP/1.1 204) 5 headers in 199 bytes (1 switches on core 0)
Jul 05 09:36:49.763044 n-d-758944-42 devstack@placement-api.service[94515]: DEBUG placement.requestlog [req-af0b466e-5dd9-4f57-85df-e915e82effd9 req-bf9a4a8f-a9b0-4e59-af6b-f17be7756ca2 None None] Starting request: 10.222.0.55 "GET /placement/allocations/0ab66808-107d-44e7-bf68-dafc83cb7363" {{(pid=94515) __call__ /opt/stack/placement/placement/requestlog.py:55}}
Jul 05 09:36:49.806972 n-d-758944-42 devstack@placement-api.service[94515]: INFO placement.requestlog [req-af0b466e-5dd9-4f57-85df-e915e82effd9 req-bf9a4a8f-a9b0-4e59-af6b-f17be7756ca2 service placement] 10.222.0.55 "GET /placement/allocations/0ab66808-107d-44e7-bf68-dafc83cb7363" status: 200 len: 258 microversion: 1.28
Jul 05 09:36:49.808054 n-d-758944-42 devstack@placement-api.service[94515]: [pid: 94515|app: 0|req: 23/42] 10.222.0.55 () {60 vars in 1378 bytes} [Mon Jul 5 09:36:49 2021] GET /placement/allocations/0ab66808-107d-44e7-bf68-dafc83cb7363 => generated 258 bytes in 46 msecs (HTTP/1.1 200) 8 headers in 296 bytes (1 switches on core 0)
Jul 05 09:37:05.021448 n-d-758944-42 devstack@placement-api.service[94514]: DEBUG placement.requestlog [req-8ea75394-a3e6-494d-8b2e-a8962a67375f req-7b200825-a1e8-4e64-b972-be7ea8307614 None None] Starting request: 10.222.0.55 "GET /placement/resource_providers/f4935f64-6348-4b9a-bcb5-ac7efdac87ce/allocations" {{(pid=94514) __call__ /opt/stack/placement/placement/requestlog.py:55}}
Jul 05 09:37:05.100448 n-d-758944-42 devstack@placement-api.service[94514]: INFO placement.requestlog [req-8ea75394-a3e6-494d-8b2e-a8962a67375f req-7b200825-a1e8-4e64-b972-be7ea8307614 service placement] 10.222.0.55 "GET /placement/resource_providers/f4935f64-6348-4b9a-bcb5-ac7efdac87ce/allocations" status: 200 len: 254 microversion: 1.0
Jul 05 09:37:05.101274 n-d-758944-42 devstack@placement-api.service[94514]: [pid: 94514|app: 0|req: 20/43] 10.222.0.55 () {58 vars in 1391 bytes} [Mon Jul 5 09:37:05 2021] GET /placement/resource_providers/f4935f64-6348-4b9a-bcb5-ac7efdac87ce/allocations => generated 254 bytes in 80 msecs (HTTP/1.1 200) 6 headers in 224 bytes (1 switches on core 0)
Jul 05 09:37:09.591040 n-d-758944-42 devstack@placement-api.service[94515]: DEBUG placement.requestlog [req-90249c68-61da-449e-a992-7ca2cad751f9 req-ebf53f08-a5ae-413e-a62e-abd4acf8096d None None] Starting request: 10.222.0.69 "GET /placement/resource_providers/f2688f26-aa80-41d1-8b1e-47114801eaf0/allocations" {{(pid=94515) __call__ /opt/stack/placement/placement/requestlog.py:55}}
Jul 05 09:37:09.652370 n-d-758944-42 devstack@placement-api.service[94515]: INFO placement.requestlog [req-90249c68-61da-449e-a992-7ca2cad751f9 req-ebf53f08-a5ae-413e-a62e-abd4acf8096d service placement] 10.222.0.69 "GET /placement/resource_providers/f2688f26-aa80-41d1-8b1e-47114801eaf0/allocations" status: 200 len: 54 microversion: 1.0
Jul 05 09:37:09.655452 n-d-758944-42 devstack@placement-api.service[94515]: [pid: 94515|app: 0|req: 24/44] 10.222.0.69 () {58 vars in 1391 bytes} [Mon Jul 5 09:37:09 2021] GET /placement/resource_providers/f2688f26-aa80-41d1-8b1e-47114801eaf0/allocations => generated 54 bytes in 65 msecs (HTTP/1.1 200) 6 headers in 223 bytes (1 switches on core 0)
Jul 05 09:37:20.502335 n-d-758944-42 devstack@placement-api.service[94514]: DEBUG placement.requestlog [req-5ec0d958-8762-4c43-a198-026d5dafdd49 req-36a37ff5-852f-402b-8e7c-5fdd4ad036c0 None None] Starting request: 10.222.0.50 "GET /placement/resource_providers?name=n-h1-758944-42" {{(pid=94514) __call__ /opt/stack/placement/placement/requestlog.py:55}}
Jul 05 09:37:20.554152 n-d-758944-42 devstack@placement-api.service[94514]: INFO placement.requestlog [req-5ec0d958-8762-4c43-a198-026d5dafdd49 req-36a37ff5-852f-402b-8e7c-5fdd4ad036c0 service placement] 10.222.0.50 "GET /placement/resource_providers?name=n-h1-758944-42" status: 200 len: 441 microversion: 1.0
Jul 05 09:37:20.562291 n-d-758944-42 devstack@placement-api.service[94515]: DEBUG placement.requestlog [req-5ec0d958-8762-4c43-a198-026d5dafdd49 req-4e6a38ef-3ae0-484c-81cd-30f550d5f3a8 None None] Starting request: 10.222.0.50 "GET /placement/resource_providers/f4935f64-6348-4b9a-bcb5-ac7efdac87ce/aggregates" {{(pid=94515) __call__ /opt/stack/placement/placement/requestlog.py:55}}
Jul 05 09:37:20.563134 n-d-758944-42 devstack@placement-api.service[94514]: [pid: 94514|app: 0|req: 21/45] 10.222.0.50 () {58 vars in 1277 bytes} [Mon Jul 5 09:37:20 2021] GET /placement/resource_providers?name=n-h1-758944-42 => generated 441 bytes in 61 msecs (HTTP/1.1 200) 6 headers in 224 bytes (1 switches on core 0)
Jul 05 09:37:20.583623 n-d-758944-42 devstack@placement-api.service[94515]: INFO placement.requestlog [req-5ec0d958-8762-4c43-a198-026d5dafdd49 req-4e6a38ef-3ae0-484c-81cd-30f550d5f3a8 service placement] 10.222.0.50 "GET /placement/resource_providers/f4935f64-6348-4b9a-bcb5-ac7efdac87ce/aggregates" status: 200 len: 91 microversion: 1.19
Jul 05 09:37:20.591918 n-d-758944-42 devstack@placement-api.service[94514]: DEBUG placement.requestlog [req-5ec0d958-8762-4c43-a198-026d5dafdd49 req-be667e99-156d-427c-9e0b-d8024d1d904e None None] Starting request: 10.222.0.50 "PUT /placement/resource_providers/f4935f64-6348-4b9a-bcb5-ac7efdac87ce/aggregates" {{(pid=94514) __call__ /opt/stack/placement/placement/requestlog.py:55}}
Jul 05 09:37:20.599698 n-d-758944-42 devstack@placement-api.service[94515]: [pid: 94515|app: 0|req: 25/46] 10.222.0.50 () {60 vars in 1426 bytes} [Mon Jul 5 09:37:20 2021] GET /placement/resource_providers/f4935f64-6348-4b9a-bcb5-ac7efdac87ce/aggregates => generated 91 bytes in 37 msecs (HTTP/1.1 200) 8 headers in 295 bytes (2 switches on core 0)
Jul 05 09:37:20.648280 n-d-758944-42 devstack@placement-api.service[94514]: DEBUG placement.objects.resource_provider [req-5ec0d958-8762-4c43-a198-026d5dafdd49 req-be667e99-156d-427c-9e0b-d8024d1d904e service placement] Setting aggregates for provider f4935f64-6348-4b9a-bcb5-ac7efdac87ce. Successfully disassociated aggregate 35f36c29-262a-4881-b723-b3168906d280. {{(pid=94514) _set_aggregates /opt/stack/placement/placement/objects/resource_provider.py:402}}
Jul 05 09:37:20.670178 n-d-758944-42 devstack@placement-api.service[94514]: INFO placement.requestlog [req-5ec0d958-8762-4c43-a198-026d5dafdd49 req-be667e99-156d-427c-9e0b-d8024d1d904e service placement] 10.222.0.50 "PUT /placement/resource_providers/f4935f64-6348-4b9a-bcb5-ac7efdac87ce/aggregates" status: 200 len: 53 microversion: 1.19
Jul 05 09:37:20.672678 n-d-758944-42 devstack@placement-api.service[94514]: [pid: 94514|app: 0|req: 22/47] 10.222.0.50 () {64 vars in 1478 bytes} [Mon Jul 5 09:37:20 2021] PUT /placement/resource_providers/f4935f64-6348-4b9a-bcb5-ac7efdac87ce/aggregates => generated 53 bytes in 82 msecs (HTTP/1.1 200) 8 headers in 295 bytes (1 switches on core 0)
Jul 05 09:37:21.257341 n-d-758944-42 devstack@placement-api.service[94515]: DEBUG placement.requestlog [req-0645e7ba-b048-498c-a203-4402d0163150 req-22f28ebd-fdfe-4006-88a6-6e7a2970ca12 None None] Starting request: 10.222.0.50 "GET /placement/resource_providers?name=n-h1-758944-42" {{(pid=94515) __call__ /opt/stack/placement/placement/requestlog.py:55}}
Jul 05 09:37:21.305148 n-d-758944-42 devstack@placement-api.service[94515]: INFO placement.requestlog [req-0645e7ba-b048-498c-a203-4402d0163150 req-22f28ebd-fdfe-4006-88a6-6e7a2970ca12 service placement] 10.222.0.50 "GET /placement/resource_providers?name=n-h1-758944-42" status: 200 len: 441 microversion: 1.0
Jul 05 09:37:21.309653 n-d-758944-42 devstack@placement-api.service[94515]: [pid: 94515|app: 0|req: 26/48] 10.222.0.50 () {58 vars in 1277 bytes} [Mon Jul 5 09:37:21 2021] GET /placement/resource_providers?name=n-h1-758944-42 => generated 441 bytes in 53 msecs (HTTP/1.1 200) 6 headers in 224 bytes (1 switches on core 0)
Jul 05 09:37:21.319420 n-d-758944-42 devstack@placement-api.service[94514]: DEBUG placement.requestlog [req-0645e7ba-b048-498c-a203-4402d0163150 req-6d470415-2629-432d-a790-d68bb689d389 None None] Starting request: 10.222.0.50 "GET /placement/resource_providers/f4935f64-6348-4b9a-bcb5-ac7efdac87ce/aggregates" {{(pid=94514) __call__ /opt/stack/placement/placement/requestlog.py:55}}
Jul 05 09:37:21.382646 n-d-758944-42 devstack@placement-api.service[94514]: INFO placement.requestlog [req-0645e7ba-b048-498c-a203-4402d0163150 req-6d470415-2629-432d-a790-d68bb689d389 service placement] 10.222.0.50 "GET /placement/resource_providers/f4935f64-6348-4b9a-bcb5-ac7efdac87ce/aggregates" status: 200 len: 53 microversion: 1.19
Jul 05 09:37:21.390304 n-d-758944-42 devstack@placement-api.service[94514]: [pid: 94514|app: 0|req: 23/49] 10.222.0.50 () {60 vars in 1426 bytes} [Mon Jul 5 09:37:21 2021] GET /placement/resource_providers/f4935f64-6348-4b9a-bcb5-ac7efdac87ce/aggregates => generated 53 bytes in 68 msecs (HTTP/1.1 200) 8 headers in 295 bytes (1 switches on core 0)
Jul 05 09:37:21.404208 n-d-758944-42 devstack@placement-api.service[94515]: DEBUG placement.requestlog [req-0645e7ba-b048-498c-a203-4402d0163150 req-5a278877-b3fd-46a4-b907-1d2ea536b64b None None] Starting request: 10.222.0.50 "PUT /placement/resource_providers/f4935f64-6348-4b9a-bcb5-ac7efdac87ce/aggregates" {{(pid=94515) __call__ /opt/stack/placement/placement/requestlog.py:55}}
Jul 05 09:37:21.471529 n-d-758944-42 devstack@placement-api.service[94515]: DEBUG placement.objects.resource_provider [req-0645e7ba-b048-498c-a203-4402d0163150 req-5a278877-b3fd-46a4-b907-1d2ea536b64b service placement] _ensure_aggregate() did not find aggregate 7beabef9-70d2-48b0-a74d-f2f303449dd4. Attempting to create it. {{(pid=94515) _ensure_aggregate /opt/stack/placement/placement/objects/resource_provider.py:319}}
Jul 05 09:37:21.473780 n-d-758944-42 devstack@placement-api.service[94515]: DEBUG placement.objects.resource_provider [req-0645e7ba-b048-498c-a203-4402d0163150 req-5a278877-b3fd-46a4-b907-1d2ea536b64b service placement] _ensure_aggregate() created new aggregate 7beabef9-70d2-48b0-a74d-f2f303449dd4 (id=3). {{(pid=94515) _ensure_aggregate /opt/stack/placement/placement/objects/resource_provider.py:325}}
Jul 05 09:37:21.476113 n-d-758944-42 devstack@placement-api.service[94515]: DEBUG placement.objects.resource_provider [req-0645e7ba-b048-498c-a203-4402d0163150 req-5a278877-b3fd-46a4-b907-1d2ea536b64b service placement] Setting aggregates for provider f4935f64-6348-4b9a-bcb5-ac7efdac87ce. Successfully associated aggregate 7beabef9-70d2-48b0-a74d-f2f303449dd4. {{(pid=94515) _set_aggregates /opt/stack/placement/placement/objects/resource_provider.py:387}}
Jul 05 09:37:21.489251 n-d-758944-42 devstack@placement-api.service[94515]: INFO placement.requestlog [req-0645e7ba-b048-498c-a203-4402d0163150 req-5a278877-b3fd-46a4-b907-1d2ea536b64b service placement] 10.222.0.50 "PUT /placement/resource_providers/f4935f64-6348-4b9a-bcb5-ac7efdac87ce/aggregates" status: 200 len: 91 microversion: 1.19
Jul 05 09:37:21.490491 n-d-758944-42 devstack@placement-api.service[94515]: [pid: 94515|app: 0|req: 27/50] 10.222.0.50 () {64 vars in 1478 bytes} [Mon Jul 5 09:37:21 2021] PUT /placement/resource_providers/f4935f64-6348-4b9a-bcb5-ac7efdac87ce/aggregates => generated 91 bytes in 87 msecs (HTTP/1.1 200) 8 headers in 295 bytes (2 switches on core 0)
Jul 05 09:37:21.848532 n-d-758944-42 devstack@placement-api.service[94514]: DEBUG placement.requestlog [req-0e677d95-c62e-40e1-a3a6-cf9042af5936 req-60443f09-22f7-4f58-bac1-2032941884ea None None] Starting request: 10.222.0.50 "GET /placement/resource_providers?name=n-h1-758944-42" {{(pid=94514) __call__ /opt/stack/placement/placement/requestlog.py:55}}
Jul 05 09:37:21.888506 n-d-758944-42 devstack@placement-api.service[94514]: INFO placement.requestlog [req-0e677d95-c62e-40e1-a3a6-cf9042af5936 req-60443f09-22f7-4f58-bac1-2032941884ea service placement] 10.222.0.50 "GET /placement/resource_providers?name=n-h1-758944-42" status: 200 len: 441 microversion: 1.0
Jul 05 09:37:21.889715 n-d-758944-42 devstack@placement-api.service[94514]: [pid: 94514|app: 0|req: 24/51] 10.222.0.50 () {58 vars in 1277 bytes} [Mon Jul 5 09:37:21 2021] GET /placement/resource_providers?name=n-h1-758944-42 => generated 441 bytes in 45 msecs (HTTP/1.1 200) 6 headers in 224 bytes (1 switches on core 0)
Jul 05 09:37:21.902791 n-d-758944-42 devstack@placement-api.service[94515]: DEBUG placement.requestlog [req-0e677d95-c62e-40e1-a3a6-cf9042af5936 req-2d227fc6-612f-40dc-a74b-2209aadb035e None None] Starting request: 10.222.0.50 "GET /placement/resource_providers/f4935f64-6348-4b9a-bcb5-ac7efdac87ce/aggregates" {{(pid=94515) __call__ /opt/stack/placement/placement/requestlog.py:55}}
Jul 05 09:37:21.932674 n-d-758944-42 devstack@placement-api.service[94515]: INFO placement.requestlog [req-0e677d95-c62e-40e1-a3a6-cf9042af5936 req-2d227fc6-612f-40dc-a74b-2209aadb035e service placement] 10.222.0.50 "GET /placement/resource_providers/f4935f64-6348-4b9a-bcb5-ac7efdac87ce/aggregates" status: 200 len: 91 microversion: 1.19
Jul 05 09:37:21.933958 n-d-758944-42 devstack@placement-api.service[94515]: [pid: 94515|app: 0|req: 28/52] 10.222.0.50 () {60 vars in 1426 bytes} [Mon Jul 5 09:37:21 2021] GET /placement/resource_providers/f4935f64-6348-4b9a-bcb5-ac7efdac87ce/aggregates => generated 91 bytes in 32 msecs (HTTP/1.1 200) 8 headers in 295 bytes (2 switches on core 0)
Jul 05 09:37:21.963079 n-d-758944-42 devstack@placement-api.service[94514]: DEBUG placement.requestlog [req-0e677d95-c62e-40e1-a3a6-cf9042af5936 req-489e249d-70df-4a68-b7e3-92c257acc014 None None] Starting request: 10.222.0.50 "PUT /placement/resource_providers/f4935f64-6348-4b9a-bcb5-ac7efdac87ce/aggregates" {{(pid=94514) __call__ /opt/stack/placement/placement/requestlog.py:55}}
Jul 05 09:37:21.994093 n-d-758944-42 devstack@placement-api.service[94514]: DEBUG placement.objects.resource_provider [req-0e677d95-c62e-40e1-a3a6-cf9042af5936 req-489e249d-70df-4a68-b7e3-92c257acc014 service placement] Setting aggregates for provider f4935f64-6348-4b9a-bcb5-ac7efdac87ce. Successfully disassociated aggregate 7beabef9-70d2-48b0-a74d-f2f303449dd4. {{(pid=94514) _set_aggregates /opt/stack/placement/placement/objects/resource_provider.py:402}}
Jul 05 09:37:22.012149 n-d-758944-42 devstack@placement-api.service[94514]: INFO placement.requestlog [req-0e677d95-c62e-40e1-a3a6-cf9042af5936 req-489e249d-70df-4a68-b7e3-92c257acc014 service placement] 10.222.0.50 "PUT /placement/resource_providers/f4935f64-6348-4b9a-bcb5-ac7efdac87ce/aggregates" status: 200 len: 54 microversion: 1.19
Jul 05 09:37:22.017333 n-d-758944-42 devstack@placement-api.service[94514]: [pid: 94514|app: 0|req: 25/53] 10.222.0.50 () {64 vars in 1478 bytes} [Mon Jul 5 09:37:21 2021] PUT /placement/resource_providers/f4935f64-6348-4b9a-bcb5-ac7efdac87ce/aggregates => generated 54 bytes in 55 msecs (HTTP/1.1 200) 8 headers in 295 bytes (1 switches on core 0)
Jul 05 09:37:23.047814 n-d-758944-42 devstack@placement-api.service[94515]: DEBUG placement.requestlog [req-17f6039d-8291-4933-b16f-ac12ccbd177d req-8f968cf3-1699-4722-a342-1aa61194b1c8 None None] Starting request: 10.222.0.50 "GET /placement/resource_providers?name=n-h1-758944-42" {{(pid=94515) __call__ /opt/stack/placement/placement/requestlog.py:55}}
Jul 05 09:37:23.099177 n-d-758944-42 devstack@placement-api.service[94515]: INFO placement.requestlog [req-17f6039d-8291-4933-b16f-ac12ccbd177d req-8f968cf3-1699-4722-a342-1aa61194b1c8 service placement] 10.222.0.50 "GET /placement/resource_providers?name=n-h1-758944-42" status: 200 len: 442 microversion: 1.0
Jul 05 09:37:23.102012 n-d-758944-42 devstack@placement-api.service[94515]: [pid: 94515|app: 0|req: 29/54] 10.222.0.50 () {58 vars in 1277 bytes} [Mon Jul 5 09:37:23 2021] GET /placement/resource_providers?name=n-h1-758944-42 => generated 442 bytes in 55 msecs (HTTP/1.1 200) 6 headers in 224 bytes (1 switches on core 0)
Jul 05 09:37:23.110424 n-d-758944-42 devstack@placement-api.service[94514]: DEBUG placement.requestlog [req-17f6039d-8291-4933-b16f-ac12ccbd177d req-b4b611be-988e-4df6-b88c-1bfacd596def None None] Starting request: 10.222.0.50 "GET /placement/resource_providers/f4935f64-6348-4b9a-bcb5-ac7efdac87ce/aggregates" {{(pid=94514) __call__ /opt/stack/placement/placement/requestlog.py:55}}
Jul 05 09:37:23.185618 n-d-758944-42 devstack@placement-api.service[94514]: INFO placement.requestlog [req-17f6039d-8291-4933-b16f-ac12ccbd177d req-b4b611be-988e-4df6-b88c-1bfacd596def service placement] 10.222.0.50 "GET /placement/resource_providers/f4935f64-6348-4b9a-bcb5-ac7efdac87ce/aggregates" status: 200 len: 54 microversion: 1.19
Jul 05 09:37:23.188110 n-d-758944-42 devstack@placement-api.service[94514]: [pid: 94514|app: 0|req: 26/55] 10.222.0.50 () {60 vars in 1426 bytes} [Mon Jul 5 09:37:23 2021] GET /placement/resource_providers/f4935f64-6348-4b9a-bcb5-ac7efdac87ce/aggregates => generated 54 bytes in 78 msecs (HTTP/1.1 200) 8 headers in 295 bytes (1 switches on core 0)
Jul 05 09:37:23.199176 n-d-758944-42 devstack@placement-api.service[94515]: DEBUG placement.requestlog [req-17f6039d-8291-4933-b16f-ac12ccbd177d req-cbe83944-86fb-4d1b-a243-3e7f4179ca0d None None] Starting request: 10.222.0.50 "PUT /placement/resource_providers/f4935f64-6348-4b9a-bcb5-ac7efdac87ce/aggregates" {{(pid=94515) __call__ /opt/stack/placement/placement/requestlog.py:55}}
Jul 05 09:37:23.245869 n-d-758944-42 devstack@placement-api.service[94515]: DEBUG placement.objects.resource_provider [req-17f6039d-8291-4933-b16f-ac12ccbd177d req-cbe83944-86fb-4d1b-a243-3e7f4179ca0d service placement] _ensure_aggregate() did not find aggregate 7be390ca-34da-4aeb-8dd1-faff47f481dd. Attempting to create it. {{(pid=94515) _ensure_aggregate /opt/stack/placement/placement/objects/resource_provider.py:319}}
Jul 05 09:37:23.250176 n-d-758944-42 devstack@placement-api.service[94515]: DEBUG placement.objects.resource_provider [req-17f6039d-8291-4933-b16f-ac12ccbd177d req-cbe83944-86fb-4d1b-a243-3e7f4179ca0d service placement] _ensure_aggregate() created new aggregate 7be390ca-34da-4aeb-8dd1-faff47f481dd (id=4). {{(pid=94515) _ensure_aggregate /opt/stack/placement/placement/objects/resource_provider.py:325}}
Jul 05 09:37:23.259709 n-d-758944-42 devstack@placement-api.service[94515]: DEBUG placement.objects.resource_provider [req-17f6039d-8291-4933-b16f-ac12ccbd177d req-cbe83944-86fb-4d1b-a243-3e7f4179ca0d service placement] Setting aggregates for provider f4935f64-6348-4b9a-bcb5-ac7efdac87ce. Successfully associated aggregate 7be390ca-34da-4aeb-8dd1-faff47f481dd. {{(pid=94515) _set_aggregates /opt/stack/placement/placement/objects/resource_provider.py:387}}
Jul 05 09:37:23.274493 n-d-758944-42 devstack@placement-api.service[94515]: INFO placement.requestlog [req-17f6039d-8291-4933-b16f-ac12ccbd177d req-cbe83944-86fb-4d1b-a243-3e7f4179ca0d service placement] 10.222.0.50 "PUT /placement/resource_providers/f4935f64-6348-4b9a-bcb5-ac7efdac87ce/aggregates" status: 200 len: 92 microversion: 1.19
Jul 05 09:37:23.277618 n-d-758944-42 devstack@placement-api.service[94515]: [pid: 94515|app: 0|req: 30/56] 10.222.0.50 () {64 vars in 1478 bytes} [Mon Jul 5 09:37:23 2021] PUT /placement/resource_providers/f4935f64-6348-4b9a-bcb5-ac7efdac87ce/aggregates => generated 92 bytes in 79 msecs (HTTP/1.1 200) 8 headers in 295 bytes (1 switches on core 0)
Jul 05 09:37:23.525338 n-d-758944-42 devstack@placement-api.service[94514]: DEBUG placement.requestlog [req-320f3934-a815-4f92-9dd8-539614f0d66a req-acbe9178-a831-4b9d-b095-4bc4b233df68 None None] Starting request: 10.222.0.50 "GET /placement/resource_providers?name=n-h1-758944-42" {{(pid=94514) __call__ /opt/stack/placement/placement/requestlog.py:55}}
Jul 05 09:37:23.592893 n-d-758944-42 devstack@placement-api.service[94514]: INFO placement.requestlog [req-320f3934-a815-4f92-9dd8-539614f0d66a req-acbe9178-a831-4b9d-b095-4bc4b233df68 service placement] 10.222.0.50 "GET /placement/resource_providers?name=n-h1-758944-42" status: 200 len: 442 microversion: 1.0
Jul 05 09:37:23.597117 n-d-758944-42 devstack@placement-api.service[94514]: [pid: 94514|app: 0|req: 27/57] 10.222.0.50 () {58 vars in 1277 bytes} [Mon Jul 5 09:37:23 2021] GET /placement/resource_providers?name=n-h1-758944-42 => generated 442 bytes in 71 msecs (HTTP/1.1 200) 6 headers in 224 bytes (1 switches on core 0)
Jul 05 09:37:23.605035 n-d-758944-42 devstack@placement-api.service[94515]: DEBUG placement.requestlog [req-320f3934-a815-4f92-9dd8-539614f0d66a req-b21b753a-d445-431e-a5ef-657b5615d246 None None] Starting request: 10.222.0.50 "GET /placement/resource_providers/f4935f64-6348-4b9a-bcb5-ac7efdac87ce/aggregates" {{(pid=94515) __call__ /opt/stack/placement/placement/requestlog.py:55}}
Jul 05 09:37:23.669241 n-d-758944-42 devstack@placement-api.service[94515]: INFO placement.requestlog [req-320f3934-a815-4f92-9dd8-539614f0d66a req-b21b753a-d445-431e-a5ef-657b5615d246 service placement] 10.222.0.50 "GET /placement/resource_providers/f4935f64-6348-4b9a-bcb5-ac7efdac87ce/aggregates" status: 200 len: 92 microversion: 1.19
Jul 05 09:37:23.670275 n-d-758944-42 devstack@placement-api.service[94515]: [pid: 94515|app: 0|req: 31/58] 10.222.0.50 () {60 vars in 1426 bytes} [Mon Jul 5 09:37:23 2021] GET /placement/resource_providers/f4935f64-6348-4b9a-bcb5-ac7efdac87ce/aggregates => generated 92 bytes in 66 msecs (HTTP/1.1 200) 8 headers in 295 bytes (1 switches on core 0)
Jul 05 09:37:23.677049 n-d-758944-42 devstack@placement-api.service[94514]: DEBUG placement.requestlog [req-320f3934-a815-4f92-9dd8-539614f0d66a req-ee98e4cb-bb54-4381-9feb-ca407f9ad0c5 None None] Starting request: 10.222.0.50 "PUT /placement/resource_providers/f4935f64-6348-4b9a-bcb5-ac7efdac87ce/aggregates" {{(pid=94514) __call__ /opt/stack/placement/placement/requestlog.py:55}}
Jul 05 09:37:23.705524 n-d-758944-42 devstack@placement-api.service[94514]: DEBUG placement.objects.resource_provider [req-320f3934-a815-4f92-9dd8-539614f0d66a req-ee98e4cb-bb54-4381-9feb-ca407f9ad0c5 service placement] Setting aggregates for provider f4935f64-6348-4b9a-bcb5-ac7efdac87ce. Successfully disassociated aggregate 7be390ca-34da-4aeb-8dd1-faff47f481dd. {{(pid=94514) _set_aggregates /opt/stack/placement/placement/objects/resource_provider.py:402}}
Jul 05 09:37:23.717443 n-d-758944-42 devstack@placement-api.service[94514]: INFO placement.requestlog [req-320f3934-a815-4f92-9dd8-539614f0d66a req-ee98e4cb-bb54-4381-9feb-ca407f9ad0c5 service placement] 10.222.0.50 "PUT /placement/resource_providers/f4935f64-6348-4b9a-bcb5-ac7efdac87ce/aggregates" status: 200 len: 54 microversion: 1.19
Jul 05 09:37:23.718079 n-d-758944-42 devstack@placement-api.service[94514]: [pid: 94514|app: 0|req: 28/59] 10.222.0.50 () {64 vars in 1478 bytes} [Mon Jul 5 09:37:23 2021] PUT /placement/resource_providers/f4935f64-6348-4b9a-bcb5-ac7efdac87ce/aggregates => generated 54 bytes in 41 msecs (HTTP/1.1 200) 8 headers in 295 bytes (2 switches on core 0)
Jul 05 09:37:24.151441 n-d-758944-42 devstack@placement-api.service[94515]: DEBUG placement.requestlog [req-b5bc375d-3d14-407b-807b-692ced4b499a req-00d55cd8-8059-4ed6-b71a-704b4a997fc2 None None] Starting request: 10.222.0.50 "GET /placement/resource_providers?name=n-h1-758944-42" {{(pid=94515) __call__ /opt/stack/placement/placement/requestlog.py:55}}
Jul 05 09:37:24.171094 n-d-758944-42 devstack@placement-api.service[94515]: INFO placement.requestlog [req-b5bc375d-3d14-407b-807b-692ced4b499a req-00d55cd8-8059-4ed6-b71a-704b4a997fc2 service placement] 10.222.0.50 "GET /placement/resource_providers?name=n-h1-758944-42" status: 200 len: 442 microversion: 1.0
Jul 05 09:37:24.177426 n-d-758944-42 devstack@placement-api.service[94515]: [pid: 94515|app: 0|req: 32/60] 10.222.0.50 () {58 vars in 1277 bytes} [Mon Jul 5 09:37:24 2021] GET /placement/resource_providers?name=n-h1-758944-42 => generated 442 bytes in 26 msecs (HTTP/1.1 200) 6 headers in 224 bytes (1 switches on core 0)
Jul 05 09:37:24.182931 n-d-758944-42 devstack@placement-api.service[94514]: DEBUG placement.requestlog [req-b5bc375d-3d14-407b-807b-692ced4b499a req-a077b9d4-2409-4baf-9bfc-730f6db0e240 None None] Starting request: 10.222.0.50 "GET /placement/resource_providers/f4935f64-6348-4b9a-bcb5-ac7efdac87ce/aggregates" {{(pid=94514) __call__ /opt/stack/placement/placement/requestlog.py:55}}
Jul 05 09:37:24.218774 n-d-758944-42 devstack@placement-api.service[94514]: INFO placement.requestlog [req-b5bc375d-3d14-407b-807b-692ced4b499a req-a077b9d4-2409-4baf-9bfc-730f6db0e240 service placement] 10.222.0.50 "GET /placement/resource_providers/f4935f64-6348-4b9a-bcb5-ac7efdac87ce/aggregates" status: 200 len: 54 microversion: 1.19
Jul 05 09:37:24.226966 n-d-758944-42 devstack@placement-api.service[94514]: [pid: 94514|app: 0|req: 29/61] 10.222.0.50 () {60 vars in 1426 bytes} [Mon Jul 5 09:37:24 2021] GET /placement/resource_providers/f4935f64-6348-4b9a-bcb5-ac7efdac87ce/aggregates => generated 54 bytes in 44 msecs (HTTP/1.1 200) 8 headers in 295 bytes (1 switches on core 0)
Jul 05 09:37:24.228104 n-d-758944-42 devstack@placement-api.service[94515]: DEBUG placement.requestlog [req-b5bc375d-3d14-407b-807b-692ced4b499a req-18009b34-668e-43b0-bd39-be1e03702064 None None] Starting request: 10.222.0.50 "PUT /placement/resource_providers/f4935f64-6348-4b9a-bcb5-ac7efdac87ce/aggregates" {{(pid=94515) __call__ /opt/stack/placement/placement/requestlog.py:55}}
Jul 05 09:37:24.293519 n-d-758944-42 devstack@placement-api.service[94515]: DEBUG placement.objects.resource_provider [req-b5bc375d-3d14-407b-807b-692ced4b499a req-18009b34-668e-43b0-bd39-be1e03702064 service placement] _ensure_aggregate() did not find aggregate b54e6c1b-59bf-4ff6-8728-9be265edf2b8. Attempting to create it. {{(pid=94515) _ensure_aggregate /opt/stack/placement/placement/objects/resource_provider.py:319}}
Jul 05 09:37:24.297433 n-d-758944-42 devstack@placement-api.service[94515]: DEBUG placement.objects.resource_provider [req-b5bc375d-3d14-407b-807b-692ced4b499a req-18009b34-668e-43b0-bd39-be1e03702064 service placement] _ensure_aggregate() created new aggregate b54e6c1b-59bf-4ff6-8728-9be265edf2b8 (id=5). {{(pid=94515) _ensure_aggregate /opt/stack/placement/placement/objects/resource_provider.py:325}}
Jul 05 09:37:24.299690 n-d-758944-42 devstack@placement-api.service[94515]: DEBUG placement.objects.resource_provider [req-b5bc375d-3d14-407b-807b-692ced4b499a req-18009b34-668e-43b0-bd39-be1e03702064 service placement] Setting aggregates for provider f4935f64-6348-4b9a-bcb5-ac7efdac87ce. Successfully associated aggregate b54e6c1b-59bf-4ff6-8728-9be265edf2b8. {{(pid=94515) _set_aggregates /opt/stack/placement/placement/objects/resource_provider.py:387}}
Jul 05 09:37:24.310514 n-d-758944-42 devstack@placement-api.service[94515]: INFO placement.requestlog [req-b5bc375d-3d14-407b-807b-692ced4b499a req-18009b34-668e-43b0-bd39-be1e03702064 service placement] 10.222.0.50 "PUT /placement/resource_providers/f4935f64-6348-4b9a-bcb5-ac7efdac87ce/aggregates" status: 200 len: 92 microversion: 1.19
Jul 05 09:37:24.312569 n-d-758944-42 devstack@placement-api.service[94515]: [pid: 94515|app: 0|req: 33/62] 10.222.0.50 () {64 vars in 1478 bytes} [Mon Jul 5 09:37:24 2021] PUT /placement/resource_providers/f4935f64-6348-4b9a-bcb5-ac7efdac87ce/aggregates => generated 92 bytes in 85 msecs (HTTP/1.1 200) 8 headers in 295 bytes (1 switches on core 0)
Jul 05 09:37:24.487912 n-d-758944-42 devstack@placement-api.service[94514]: DEBUG placement.requestlog [req-800a9057-4045-4433-9091-99b01b844927 req-24834c29-aed4-48d7-a402-599b88f54cfb None None] Starting request: 10.222.0.50 "GET /placement/resource_providers?name=n-h1-758944-42" {{(pid=94514) __call__ /opt/stack/placement/placement/requestlog.py:55}}
Jul 05 09:37:24.503881 n-d-758944-42 devstack@placement-api.service[94514]: INFO placement.requestlog [req-800a9057-4045-4433-9091-99b01b844927 req-24834c29-aed4-48d7-a402-599b88f54cfb service placement] 10.222.0.50 "GET /placement/resource_providers?name=n-h1-758944-42" status: 200 len: 442 microversion: 1.0
Jul 05 09:37:24.504451 n-d-758944-42 devstack@placement-api.service[94514]: [pid: 94514|app: 0|req: 30/63] 10.222.0.50 () {58 vars in 1277 bytes} [Mon Jul 5 09:37:24 2021] GET /placement/resource_providers?name=n-h1-758944-42 => generated 442 bytes in 17 msecs (HTTP/1.1 200) 6 headers in 224 bytes (2 switches on core 0)
Jul 05 09:37:24.515848 n-d-758944-42 devstack@placement-api.service[94515]: DEBUG placement.requestlog [req-800a9057-4045-4433-9091-99b01b844927 req-50a98465-a63b-4d1b-9a01-a4ccc236d09a None None] Starting request: 10.222.0.50 "GET /placement/resource_providers/f4935f64-6348-4b9a-bcb5-ac7efdac87ce/aggregates" {{(pid=94515) __call__ /opt/stack/placement/placement/requestlog.py:55}}
Jul 05 09:37:24.562434 n-d-758944-42 devstack@placement-api.service[94515]: INFO placement.requestlog [req-800a9057-4045-4433-9091-99b01b844927 req-50a98465-a63b-4d1b-9a01-a4ccc236d09a service placement] 10.222.0.50 "GET /placement/resource_providers/f4935f64-6348-4b9a-bcb5-ac7efdac87ce/aggregates" status: 200 len: 92 microversion: 1.19
Jul 05 09:37:24.565375 n-d-758944-42 devstack@placement-api.service[94515]: [pid: 94515|app: 0|req: 34/64] 10.222.0.50 () {60 vars in 1426 bytes} [Mon Jul 5 09:37:24 2021] GET /placement/resource_providers/f4935f64-6348-4b9a-bcb5-ac7efdac87ce/aggregates => generated 92 bytes in 50 msecs (HTTP/1.1 200) 8 headers in 295 bytes (1 switches on core 0)
Jul 05 09:37:24.571866 n-d-758944-42 devstack@placement-api.service[94514]: DEBUG placement.requestlog [req-800a9057-4045-4433-9091-99b01b844927 req-5b1ec392-a16e-455e-bd41-8a7c9b002206 None None] Starting request: 10.222.0.50 "PUT /placement/resource_providers/f4935f64-6348-4b9a-bcb5-ac7efdac87ce/aggregates" {{(pid=94514) __call__ /opt/stack/placement/placement/requestlog.py:55}}
Jul 05 09:37:24.605337 n-d-758944-42 devstack@placement-api.service[94514]: DEBUG placement.objects.resource_provider [req-800a9057-4045-4433-9091-99b01b844927 req-5b1ec392-a16e-455e-bd41-8a7c9b002206 service placement] Setting aggregates for provider f4935f64-6348-4b9a-bcb5-ac7efdac87ce. Successfully disassociated aggregate b54e6c1b-59bf-4ff6-8728-9be265edf2b8. {{(pid=94514) _set_aggregates /opt/stack/placement/placement/objects/resource_provider.py:402}}
Jul 05 09:37:24.634010 n-d-758944-42 devstack@placement-api.service[94514]: INFO placement.requestlog [req-800a9057-4045-4433-9091-99b01b844927 req-5b1ec392-a16e-455e-bd41-8a7c9b002206 service placement] 10.222.0.50 "PUT /placement/resource_providers/f4935f64-6348-4b9a-bcb5-ac7efdac87ce/aggregates" status: 200 len: 54 microversion: 1.19
Jul 05 09:37:24.636911 n-d-758944-42 devstack@placement-api.service[94514]: [pid: 94514|app: 0|req: 31/65] 10.222.0.50 () {64 vars in 1478 bytes} [Mon Jul 5 09:37:24 2021] PUT /placement/resource_providers/f4935f64-6348-4b9a-bcb5-ac7efdac87ce/aggregates => generated 54 bytes in 65 msecs (HTTP/1.1 200) 8 headers in 295 bytes (1 switches on core 0)
Jul 05 09:37:24.669388 n-d-758944-42 devstack@placement-api.service[94515]: DEBUG placement.requestlog [req-783799b8-f1b4-41e8-8bb4-335c8e86a588 req-3bba17bb-19f2-4d68-9726-629e787afb25 None None] Starting request: 10.222.0.55 "GET /placement/allocations/5311c629-9749-4a55-b451-281f1eda49cb" {{(pid=94515) __call__ /opt/stack/placement/placement/requestlog.py:55}}
Jul 05 09:37:24.709718 n-d-758944-42 devstack@placement-api.service[94515]: INFO placement.requestlog [req-783799b8-f1b4-41e8-8bb4-335c8e86a588 req-3bba17bb-19f2-4d68-9726-629e787afb25 service placement] 10.222.0.55 "GET /placement/allocations/5311c629-9749-4a55-b451-281f1eda49cb" status: 200 len: 259 microversion: 1.28
Jul 05 09:37:24.710558 n-d-758944-42 devstack@placement-api.service[94515]: [pid: 94515|app: 0|req: 35/66] 10.222.0.55 () {60 vars in 1378 bytes} [Mon Jul 5 09:37:24 2021] GET /placement/allocations/5311c629-9749-4a55-b451-281f1eda49cb => generated 259 bytes in 41 msecs (HTTP/1.1 200) 8 headers in 296 bytes (2 switches on core 0)
Jul 05 09:37:24.717511 n-d-758944-42 devstack@placement-api.service[94514]: DEBUG placement.requestlog [req-783799b8-f1b4-41e8-8bb4-335c8e86a588 req-06defb0c-da4b-49e7-b4c9-f4c51f4cefb3 None None] Starting request: 10.222.0.55 "PUT /placement/allocations/5311c629-9749-4a55-b451-281f1eda49cb" {{(pid=94514) __call__ /opt/stack/placement/placement/requestlog.py:55}}
Jul 05 09:37:24.859403 n-d-758944-42 devstack@placement-api.service[94514]: DEBUG placement.handlers.allocation [req-783799b8-f1b4-41e8-8bb4-335c8e86a588 req-06defb0c-da4b-49e7-b4c9-f4c51f4cefb3 service placement] Successfully wrote allocations [, , ] {{(pid=94514) _create_allocations /opt/stack/placement/placement/handlers/allocation.py:435}}
Jul 05 09:37:24.860875 n-d-758944-42 devstack@placement-api.service[94514]: INFO placement.requestlog [req-783799b8-f1b4-41e8-8bb4-335c8e86a588 req-06defb0c-da4b-49e7-b4c9-f4c51f4cefb3 service placement] 10.222.0.55 "PUT /placement/allocations/5311c629-9749-4a55-b451-281f1eda49cb" status: 204 len: 0 microversion: 1.28
Jul 05 09:37:24.862268 n-d-758944-42 devstack@placement-api.service[94514]: [pid: 94514|app: 0|req: 32/67] 10.222.0.55 () {64 vars in 1431 bytes} [Mon Jul 5 09:37:24 2021] PUT /placement/allocations/5311c629-9749-4a55-b451-281f1eda49cb => generated 0 bytes in 145 msecs (HTTP/1.1 204) 5 headers in 199 bytes (2 switches on core 0)
Jul 05 09:37:25.096367 n-d-758944-42 devstack@placement-api.service[94515]: DEBUG placement.requestlog [req-c3f59751-9731-49cc-b62f-861ca255ce76 req-335261d8-8ea1-4050-bf40-d9fc3c819f7f None None] Starting request: 10.222.0.50 "GET /placement/resource_providers?name=n-h1-758944-42" {{(pid=94515) __call__ /opt/stack/placement/placement/requestlog.py:55}}
Jul 05 09:37:25.114764 n-d-758944-42 devstack@placement-api.service[94515]: INFO placement.requestlog [req-c3f59751-9731-49cc-b62f-861ca255ce76 req-335261d8-8ea1-4050-bf40-d9fc3c819f7f service placement] 10.222.0.50 "GET /placement/resource_providers?name=n-h1-758944-42" status: 200 len: 442 microversion: 1.0
Jul 05 09:37:25.116476 n-d-758944-42 devstack@placement-api.service[94515]: [pid: 94515|app: 0|req: 36/68] 10.222.0.50 () {58 vars in 1277 bytes} [Mon Jul 5 09:37:25 2021] GET /placement/resource_providers?name=n-h1-758944-42 => generated 442 bytes in 20 msecs (HTTP/1.1 200) 6 headers in 224 bytes (2 switches on core 0)
Jul 05 09:37:25.127712 n-d-758944-42 devstack@placement-api.service[94514]: DEBUG placement.requestlog [req-c3f59751-9731-49cc-b62f-861ca255ce76 req-c435d231-205d-4071-8406-c9a7e147b64a None None] Starting request: 10.222.0.50 "GET /placement/resource_providers/f4935f64-6348-4b9a-bcb5-ac7efdac87ce/aggregates" {{(pid=94514) __call__ /opt/stack/placement/placement/requestlog.py:55}}
Jul 05 09:37:25.164561 n-d-758944-42 devstack@placement-api.service[94514]: INFO placement.requestlog [req-c3f59751-9731-49cc-b62f-861ca255ce76 req-c435d231-205d-4071-8406-c9a7e147b64a service placement] 10.222.0.50 "GET /placement/resource_providers/f4935f64-6348-4b9a-bcb5-ac7efdac87ce/aggregates" status: 200 len: 54 microversion: 1.19
Jul 05 09:37:25.165827 n-d-758944-42 devstack@placement-api.service[94514]: [pid: 94514|app: 0|req: 33/69] 10.222.0.50 () {60 vars in 1426 bytes} [Mon Jul 5 09:37:25 2021] GET /placement/resource_providers/f4935f64-6348-4b9a-bcb5-ac7efdac87ce/aggregates => generated 54 bytes in 38 msecs (HTTP/1.1 200) 8 headers in 295 bytes (1 switches on core 0)
Jul 05 09:37:25.179414 n-d-758944-42 devstack@placement-api.service[94515]: DEBUG placement.requestlog [req-c3f59751-9731-49cc-b62f-861ca255ce76 req-9d931d2a-9c3b-4267-8724-abc4ce3d3a90 None None] Starting request: 10.222.0.50 "PUT /placement/resource_providers/f4935f64-6348-4b9a-bcb5-ac7efdac87ce/aggregates" {{(pid=94515) __call__ /opt/stack/placement/placement/requestlog.py:55}}
Jul 05 09:37:25.232955 n-d-758944-42 devstack@placement-api.service[94515]: DEBUG placement.objects.resource_provider [req-c3f59751-9731-49cc-b62f-861ca255ce76 req-9d931d2a-9c3b-4267-8724-abc4ce3d3a90 service placement] _ensure_aggregate() did not find aggregate 8b542edc-6cb4-44a8-a97b-1d9bb23be84d. Attempting to create it. {{(pid=94515) _ensure_aggregate /opt/stack/placement/placement/objects/resource_provider.py:319}}
