Jun 28 06:59:01.633515 n-d-758944-37 devstack@placement-api.service[94218]: DEBUG placement.requestlog [req-ebe4679b-ccdf-4e9c-a995-d68b645d9660 req-2c6ba748-248a-4f18-9193-17c44868b124 None None] Starting request: 10.222.0.47 "GET /placement/allocations/ee32d877-0e90-46c4-a8d9-cd37c4aaaa2c" {{(pid=94218) __call__ /opt/stack/placement/placement/requestlog.py:55}}
Jun 28 06:59:01.634427 n-d-758944-37 devstack@placement-api.service[94219]: [pid: 94219|app: 0|req: 95/188] 10.222.0.47 () {60 vars in 1380 bytes} [Mon Jun 28 06:59:01 2021] GET /placement/allocations/ee32d877-0e90-46c4-a8d9-cd37c4aaaa2c => generated 259 bytes in 80 msecs (HTTP/1.1 200) 8 headers in 296 bytes (1 switches on core 0)
Jun 28 06:59:01.649568 n-d-758944-37 devstack@placement-api.service[94218]: INFO placement.requestlog [req-ebe4679b-ccdf-4e9c-a995-d68b645d9660 req-2c6ba748-248a-4f18-9193-17c44868b124 service placement] 10.222.0.47 "GET /placement/allocations/ee32d877-0e90-46c4-a8d9-cd37c4aaaa2c" status: 200 len: 259 microversion: 1.28
Jun 28 06:59:01.655595 n-d-758944-37 devstack@placement-api.service[94219]: DEBUG placement.requestlog [req-ebe4679b-ccdf-4e9c-a995-d68b645d9660 req-5cced2c7-a3b0-458f-8d36-ee66fb0f9b4c None None] Starting request: 10.222.0.47 "GET /placement/allocations/91637ce2-5a36-4149-bf4a-c0b6eaacdfdd" {{(pid=94219) __call__ /opt/stack/placement/placement/requestlog.py:55}}
Jun 28 06:59:01.669907 n-d-758944-37 devstack@placement-api.service[94218]: [pid: 94218|app: 0|req: 94/189] 10.222.0.47 () {60 vars in 1380 bytes} [Mon Jun 28 06:59:01 2021] GET /placement/allocations/ee32d877-0e90-46c4-a8d9-cd37c4aaaa2c => generated 259 bytes in 23 msecs (HTTP/1.1 200) 8 headers in 296 bytes (1 switches on core 0)
Jun 28 06:59:01.681637 n-d-758944-37 devstack@placement-api.service[94219]: INFO placement.requestlog [req-ebe4679b-ccdf-4e9c-a995-d68b645d9660 req-5cced2c7-a3b0-458f-8d36-ee66fb0f9b4c service placement] 10.222.0.47 "GET /placement/allocations/91637ce2-5a36-4149-bf4a-c0b6eaacdfdd" status: 200 len: 19 microversion: 1.28
Jun 28 06:59:01.688130 n-d-758944-37 devstack@placement-api.service[94218]: DEBUG placement.requestlog [req-ebe4679b-ccdf-4e9c-a995-d68b645d9660 req-43aed4ce-07b9-41c8-8120-1b414667851e None None] Starting request: 10.222.0.47 "POST /placement/allocations" {{(pid=94218) __call__ /opt/stack/placement/placement/requestlog.py:55}}
Jun 28 06:59:01.696989 n-d-758944-37 devstack@placement-api.service[94219]: [pid: 94219|app: 0|req: 96/190] 10.222.0.47 () {60 vars in 1380 bytes} [Mon Jun 28 06:59:01 2021] GET /placement/allocations/91637ce2-5a36-4149-bf4a-c0b6eaacdfdd => generated 19 bytes in 41 msecs (HTTP/1.1 200) 8 headers in 295 bytes (2 switches on core 0)
Jun 28 06:59:01.764354 n-d-758944-37 devstack@placement-api.service[94219]: DEBUG placement.requestlog [req-fbc1bad2-e9ab-444e-a269-57b533558fd9 req-8020da0e-a087-452e-98c0-08172e38549d None None] Starting request: 10.222.0.15 "GET /placement/allocations/c069540e-9b98-4839-8a0f-18fd0974a948" {{(pid=94219) __call__ /opt/stack/placement/placement/requestlog.py:55}}
Jun 28 06:59:01.787573 n-d-758944-37 devstack@placement-api.service[94219]: INFO placement.requestlog [req-fbc1bad2-e9ab-444e-a269-57b533558fd9 req-8020da0e-a087-452e-98c0-08172e38549d service placement] 10.222.0.15 "GET /placement/allocations/c069540e-9b98-4839-8a0f-18fd0974a948" status: 200 len: 259 microversion: 1.28
Jun 28 06:59:01.790635 n-d-758944-37 devstack@placement-api.service[94219]: [pid: 94219|app: 0|req: 97/191] 10.222.0.15 () {60 vars in 1378 bytes} [Mon Jun 28 06:59:01 2021] GET /placement/allocations/c069540e-9b98-4839-8a0f-18fd0974a948 => generated 259 bytes in 26 msecs (HTTP/1.1 200) 8 headers in 296 bytes (2 switches on core 0)
Jun 28 06:59:01.837052 n-d-758944-37 devstack@placement-api.service[94218]: DEBUG placement.handlers.allocation [req-ebe4679b-ccdf-4e9c-a995-d68b645d9660 req-43aed4ce-07b9-41c8-8120-1b414667851e service placement] Successfully wrote allocations [, , , , , ] {{(pid=94218) _create_allocations /opt/stack/placement/placement/handlers/allocation.py:524}}
Jun 28 06:59:01.837669 n-d-758944-37 devstack@placement-api.service[94218]: INFO placement.requestlog [req-ebe4679b-ccdf-4e9c-a995-d68b645d9660 req-43aed4ce-07b9-41c8-8120-1b414667851e service placement] 10.222.0.47 "POST /placement/allocations" status: 204 len: 0 microversion: 1.28
Jun 28 06:59:01.841552 n-d-758944-37 devstack@placement-api.service[94218]: [pid: 94218|app: 0|req: 95/192] 10.222.0.47 () {64 vars in 1323 bytes} [Mon Jun 28 06:59:01 2021] POST /placement/allocations => generated 0 bytes in 150 msecs (HTTP/1.1 204) 5 headers in 199 bytes (2 switches on core 0)
Jun 28 06:59:01.909825 n-d-758944-37 devstack@placement-api.service[94219]: DEBUG placement.requestlog [req-ebe4679b-ccdf-4e9c-a995-d68b645d9660 req-d39792e1-3c0c-4f63-a040-56b0d6188105 None None] Starting request: 10.222.0.47 "GET /placement/allocations/ee32d877-0e90-46c4-a8d9-cd37c4aaaa2c" {{(pid=94219) __call__ /opt/stack/placement/placement/requestlog.py:55}}
Jun 28 06:59:01.921656 n-d-758944-37 devstack@placement-api.service[94219]: INFO placement.requestlog [req-ebe4679b-ccdf-4e9c-a995-d68b645d9660 req-d39792e1-3c0c-4f63-a040-56b0d6188105 service placement] 10.222.0.47 "GET /placement/allocations/ee32d877-0e90-46c4-a8d9-cd37c4aaaa2c" status: 200 len: 19 microversion: 1.28
Jun 28 06:59:01.922388 n-d-758944-37 devstack@placement-api.service[94219]: [pid: 94219|app: 0|req: 98/193] 10.222.0.47 () {60 vars in 1380 bytes} [Mon Jun 28 06:59:01 2021] GET /placement/allocations/ee32d877-0e90-46c4-a8d9-cd37c4aaaa2c => generated 19 bytes in 13 msecs (HTTP/1.1 200) 8 headers in 295 bytes (1 switches on core 0)
Jun 28 06:59:01.928216 n-d-758944-37 devstack@placement-api.service[94218]: DEBUG placement.requestlog [req-ebe4679b-ccdf-4e9c-a995-d68b645d9660 req-29081882-2913-45eb-b2a3-06cb355316bb None None] Starting request: 10.222.0.47 "PUT /placement/allocations/ee32d877-0e90-46c4-a8d9-cd37c4aaaa2c" {{(pid=94218) __call__ /opt/stack/placement/placement/requestlog.py:55}}
Jun 28 06:59:02.023985 n-d-758944-37 devstack@placement-api.service[94218]: DEBUG placement.handlers.allocation [req-ebe4679b-ccdf-4e9c-a995-d68b645d9660 req-29081882-2913-45eb-b2a3-06cb355316bb service placement] Successfully wrote allocations [, , ] {{(pid=94218) _create_allocations /opt/stack/placement/placement/handlers/allocation.py:435}}
Jun 28 06:59:02.024903 n-d-758944-37 devstack@placement-api.service[94218]: INFO placement.requestlog [req-ebe4679b-ccdf-4e9c-a995-d68b645d9660 req-29081882-2913-45eb-b2a3-06cb355316bb service placement] 10.222.0.47 "PUT /placement/allocations/ee32d877-0e90-46c4-a8d9-cd37c4aaaa2c" status: 204 len: 0 microversion: 1.28
Jun 28 06:59:02.025313 n-d-758944-37 devstack@placement-api.service[94218]: [pid: 94218|app: 0|req: 96/194] 10.222.0.47 () {64 vars in 1433 bytes} [Mon Jun 28 06:59:01 2021] PUT /placement/allocations/ee32d877-0e90-46c4-a8d9-cd37c4aaaa2c => generated 0 bytes in 97 msecs (HTTP/1.1 204) 5 headers in 199 bytes (1 switches on core 0)
Jun 28 06:59:02.290609 n-d-758944-37 devstack@placement-api.service[94219]: DEBUG placement.requestlog [req-ebe4679b-ccdf-4e9c-a995-d68b645d9660 req-7512ab1f-ed8f-4aab-b159-0930546cdf69 None None] Starting request: 10.222.0.60 "GET /placement/allocations/ee32d877-0e90-46c4-a8d9-cd37c4aaaa2c" {{(pid=94219) __call__ /opt/stack/placement/placement/requestlog.py:55}}
Jun 28 06:59:02.319098 n-d-758944-37 devstack@placement-api.service[94219]: INFO placement.requestlog [req-ebe4679b-ccdf-4e9c-a995-d68b645d9660 req-7512ab1f-ed8f-4aab-b159-0930546cdf69 service placement] 10.222.0.60 "GET /placement/allocations/ee32d877-0e90-46c4-a8d9-cd37c4aaaa2c" status: 200 len: 259 microversion: 1.28
Jun 28 06:59:02.323439 n-d-758944-37 devstack@placement-api.service[94219]: [pid: 94219|app: 0|req: 99/195] 10.222.0.60 () {60 vars in 1378 bytes} [Mon Jun 28 06:59:02 2021] GET /placement/allocations/ee32d877-0e90-46c4-a8d9-cd37c4aaaa2c => generated 259 bytes in 33 msecs (HTTP/1.1 200) 8 headers in 296 bytes (1 switches on core 0)
Jun 28 06:59:04.120919 n-d-758944-37 devstack@placement-api.service[94218]: DEBUG placement.requestlog [req-8d9c0053-987f-4517-9b84-587322e45c5c req-0045d1a5-5d38-405b-92e3-d1b51191b427 None None] Starting request: 10.222.0.60 "GET /placement/resource_providers/2b15a00c-fc06-4188-b392-341bd8c27e7c/allocations" {{(pid=94218) __call__ /opt/stack/placement/placement/requestlog.py:55}}
Jun 28 06:59:04.212633 n-d-758944-37 devstack@placement-api.service[94218]: INFO placement.requestlog [req-8d9c0053-987f-4517-9b84-587322e45c5c req-0045d1a5-5d38-405b-92e3-d1b51191b427 service placement] 10.222.0.60 "GET /placement/resource_providers/2b15a00c-fc06-4188-b392-341bd8c27e7c/allocations" status: 200 len: 861 microversion: 1.0
Jun 28 06:59:04.213583 n-d-758944-37 devstack@placement-api.service[94218]: [pid: 94218|app: 0|req: 97/196] 10.222.0.60 () {58 vars in 1391 bytes} [Mon Jun 28 06:59:04 2021] GET /placement/resource_providers/2b15a00c-fc06-4188-b392-341bd8c27e7c/allocations => generated 861 bytes in 93 msecs (HTTP/1.1 200) 6 headers in 224 bytes (1 switches on core 0)
Jun 28 06:59:04.952371 n-d-758944-37 devstack@placement-api.service[94219]: DEBUG placement.requestlog [req-8d9c0053-987f-4517-9b84-587322e45c5c req-5bf3fc28-d869-43d4-9ec2-7e041224795b None None] Starting request: 10.222.0.60 "GET /placement/allocations/e5623d2b-563f-4c5e-a4f1-8ed6ad916f74" {{(pid=94219) __call__ /opt/stack/placement/placement/requestlog.py:55}}
Jun 28 06:59:04.997885 n-d-758944-37 devstack@placement-api.service[94219]: INFO placement.requestlog [req-8d9c0053-987f-4517-9b84-587322e45c5c req-5bf3fc28-d869-43d4-9ec2-7e041224795b service placement] 10.222.0.60 "GET /placement/allocations/e5623d2b-563f-4c5e-a4f1-8ed6ad916f74" status: 200 len: 259 microversion: 1.28
Jun 28 06:59:04.998530 n-d-758944-37 devstack@placement-api.service[94219]: [pid: 94219|app: 0|req: 100/197] 10.222.0.60 () {60 vars in 1378 bytes} [Mon Jun 28 06:59:04 2021] GET /placement/allocations/e5623d2b-563f-4c5e-a4f1-8ed6ad916f74 => generated 259 bytes in 46 msecs (HTTP/1.1 200) 8 headers in 296 bytes (1 switches on core 0)
Jun 28 06:59:05.045504 n-d-758944-37 devstack@placement-api.service[94218]: DEBUG placement.requestlog [req-8d9c0053-987f-4517-9b84-587322e45c5c req-3245fa31-10cf-466e-a2a9-8a334e89416c None None] Starting request: 10.222.0.60 "PUT /placement/allocations/e5623d2b-563f-4c5e-a4f1-8ed6ad916f74" {{(pid=94218) __call__ /opt/stack/placement/placement/requestlog.py:55}}
Jun 28 06:59:05.107955 n-d-758944-37 devstack@placement-api.service[94218]: DEBUG placement.handlers.allocation [req-8d9c0053-987f-4517-9b84-587322e45c5c req-3245fa31-10cf-466e-a2a9-8a334e89416c service placement] Successfully wrote allocations [, , ] {{(pid=94218) _create_allocations /opt/stack/placement/placement/handlers/allocation.py:435}}
Jun 28 06:59:05.108832 n-d-758944-37 devstack@placement-api.service[94218]: INFO placement.requestlog [req-8d9c0053-987f-4517-9b84-587322e45c5c req-3245fa31-10cf-466e-a2a9-8a334e89416c service placement] 10.222.0.60 "PUT /placement/allocations/e5623d2b-563f-4c5e-a4f1-8ed6ad916f74" status: 204 len: 0 microversion: 1.28
Jun 28 06:59:05.109984 n-d-758944-37 devstack@placement-api.service[94218]: [pid: 94218|app: 0|req: 98/198] 10.222.0.60 () {64 vars in 1431 bytes} [Mon Jun 28 06:59:05 2021] PUT /placement/allocations/e5623d2b-563f-4c5e-a4f1-8ed6ad916f74 => generated 0 bytes in 65 msecs (HTTP/1.1 204) 5 headers in 199 bytes (2 switches on core 0)
Jun 28 06:59:08.909187 n-d-758944-37 devstack@placement-api.service[94219]: DEBUG placement.requestlog [req-17c62bfc-edf4-4c06-8ead-5df53cdf7e2c req-7ff17319-2a67-4ea8-9716-3ebb77320d42 None None] Starting request: 10.222.0.47 "GET /placement/allocation_candidates?limit=1000&resources=DISK_GB%3A1%2CMEMORY_MB%3A1024%2CVCPU%3A1&root_required=%21COMPUTE_STATUS_DISABLED" {{(pid=94219) __call__ /opt/stack/placement/placement/requestlog.py:55}}
Jun 28 06:59:08.987261 n-d-758944-37 devstack@placement-api.service[94219]: DEBUG placement.objects.research_context [req-17c62bfc-edf4-4c06-8ead-5df53cdf7e2c req-7ff17319-2a67-4ea8-9716-3ebb77320d42 service placement] getting providers with 1 DISK_GB {{(pid=94219) __init__ /opt/stack/placement/placement/objects/research_context.py:126}}
Jun 28 06:59:09.005032 n-d-758944-37 devstack@placement-api.service[94219]: DEBUG placement.objects.research_context [req-17c62bfc-edf4-4c06-8ead-5df53cdf7e2c req-7ff17319-2a67-4ea8-9716-3ebb77320d42 service placement] getting providers with 1024 MEMORY_MB {{(pid=94219) __init__ /opt/stack/placement/placement/objects/research_context.py:126}}
Jun 28 06:59:09.011797 n-d-758944-37 devstack@placement-api.service[94219]: DEBUG placement.objects.research_context [req-17c62bfc-edf4-4c06-8ead-5df53cdf7e2c req-7ff17319-2a67-4ea8-9716-3ebb77320d42 service placement] getting providers with 1 VCPU {{(pid=94219) __init__ /opt/stack/placement/placement/objects/research_context.py:126}}
Jun 28 06:59:09.025752 n-d-758944-37 devstack@placement-api.service[94219]: DEBUG placement.objects.research_context [req-17c62bfc-edf4-4c06-8ead-5df53cdf7e2c req-7ff17319-2a67-4ea8-9716-3ebb77320d42 service placement] found 2 providers with available 1 DISK_GB {{(pid=94219) get_provider_ids_matching /opt/stack/placement/placement/objects/research_context.py:549}}
Jun 28 06:59:09.026028 n-d-758944-37 devstack@placement-api.service[94219]: DEBUG placement.objects.research_context [req-17c62bfc-edf4-4c06-8ead-5df53cdf7e2c req-7ff17319-2a67-4ea8-9716-3ebb77320d42 service placement] found 2 providers with available 1024 MEMORY_MB {{(pid=94219) get_provider_ids_matching /opt/stack/placement/placement/objects/research_context.py:549}}
Jun 28 06:59:09.031046 n-d-758944-37 devstack@placement-api.service[94219]: DEBUG placement.objects.research_context [req-17c62bfc-edf4-4c06-8ead-5df53cdf7e2c req-7ff17319-2a67-4ea8-9716-3ebb77320d42 service placement] found 2 providers after filtering by previous result {{(pid=94219) get_provider_ids_matching /opt/stack/placement/placement/objects/research_context.py:580}}
Jun 28 06:59:09.031563 n-d-758944-37 devstack@placement-api.service[94219]: DEBUG placement.objects.research_context [req-17c62bfc-edf4-4c06-8ead-5df53cdf7e2c req-7ff17319-2a67-4ea8-9716-3ebb77320d42 service placement] found 2 providers with available 1 VCPU {{(pid=94219) get_provider_ids_matching /opt/stack/placement/placement/objects/research_context.py:549}}
Jun 28 06:59:09.032032 n-d-758944-37 devstack@placement-api.service[94219]: DEBUG placement.objects.research_context [req-17c62bfc-edf4-4c06-8ead-5df53cdf7e2c req-7ff17319-2a67-4ea8-9716-3ebb77320d42 service placement] found 2 providers after filtering by previous result {{(pid=94219) get_provider_ids_matching /opt/stack/placement/placement/objects/research_context.py:580}}
Jun 28 06:59:09.051710 n-d-758944-37 devstack@placement-api.service[94219]: DEBUG placement.objects.allocation_candidate [req-17c62bfc-edf4-4c06-8ead-5df53cdf7e2c req-7ff17319-2a67-4ea8-9716-3ebb77320d42 service placement] RequestGroup(use_same_provider=False, resources={DISK_GB:1, MEMORY_MB:1024, VCPU:1}, traits=[], aggregates=[]) (suffix '') returned 2 matches {{(pid=94219) _get_by_requests /opt/stack/placement/placement/objects/allocation_candidate.py:145}}
Jun 28 06:59:09.052264 n-d-758944-37 devstack@placement-api.service[94219]: DEBUG placement.objects.allocation_candidate [req-17c62bfc-edf4-4c06-8ead-5df53cdf7e2c req-7ff17319-2a67-4ea8-9716-3ebb77320d42 service placement] Merging candidates yields 2 allocation requests and 2 provider summaries {{(pid=94219) _merge_candidates /opt/stack/placement/placement/objects/allocation_candidate.py:783}}
Jun 28 06:59:09.054074 n-d-758944-37 devstack@placement-api.service[94219]: INFO placement.requestlog [req-17c62bfc-edf4-4c06-8ead-5df53cdf7e2c req-7ff17319-2a67-4ea8-9716-3ebb77320d42 service placement] 10.222.0.47 "GET /placement/allocation_candidates?limit=1000&resources=DISK_GB%3A1%2CMEMORY_MB%3A1024%2CVCPU%3A1&root_required=%21COMPUTE_STATUS_DISABLED" status: 200 len: 1309 microversion: 1.35
Jun 28 06:59:09.054640 n-d-758944-37 devstack@placement-api.service[94219]: [pid: 94219|app: 0|req: 101/199] 10.222.0.47 () {60 vars in 1506 bytes} [Mon Jun 28 06:59:08 2021] GET /placement/allocation_candidates?limit=1000&resources=DISK_GB%3A1%2CMEMORY_MB%3A1024%2CVCPU%3A1&root_required=%21COMPUTE_STATUS_DISABLED => generated 1309 bytes in 146 msecs (HTTP/1.1 200) 8 headers in 297 bytes (1 switches on core 0)
Jun 28 06:59:09.180218 n-d-758944-37 devstack@placement-api.service[94218]: DEBUG placement.requestlog [req-17c62bfc-edf4-4c06-8ead-5df53cdf7e2c req-9ddeb7c8-2764-4c40-80d9-963bfb9d173e None None] Starting request: 10.222.0.47 "GET /placement/allocations/d9adfc49-22ea-4147-9804-e5e75ccf0c5f" {{(pid=94218) __call__ /opt/stack/placement/placement/requestlog.py:55}}
Jun 28 06:59:09.191806 n-d-758944-37 devstack@placement-api.service[94218]: INFO placement.requestlog [req-17c62bfc-edf4-4c06-8ead-5df53cdf7e2c req-9ddeb7c8-2764-4c40-80d9-963bfb9d173e service placement] 10.222.0.47 "GET /placement/allocations/d9adfc49-22ea-4147-9804-e5e75ccf0c5f" status: 200 len: 19 microversion: 1.28
Jun 28 06:59:09.192025 n-d-758944-37 devstack@placement-api.service[94218]: [pid: 94218|app: 0|req: 99/200] 10.222.0.47 () {60 vars in 1380 bytes} [Mon Jun 28 06:59:09 2021] GET /placement/allocations/d9adfc49-22ea-4147-9804-e5e75ccf0c5f => generated 19 bytes in 12 msecs (HTTP/1.1 200) 8 headers in 295 bytes (1 switches on core 0)
Jun 28 06:59:09.198705 n-d-758944-37 devstack@placement-api.service[94219]: DEBUG placement.requestlog [req-17c62bfc-edf4-4c06-8ead-5df53cdf7e2c req-ab162355-c1f3-4c05-a3da-027e791a6bd6 None None] Starting request: 10.222.0.47 "PUT /placement/allocations/d9adfc49-22ea-4147-9804-e5e75ccf0c5f" {{(pid=94219) __call__ /opt/stack/placement/placement/requestlog.py:55}}
Jun 28 06:59:09.295754 n-d-758944-37 devstack@placement-api.service[94219]: DEBUG placement.handlers.allocation [req-17c62bfc-edf4-4c06-8ead-5df53cdf7e2c req-ab162355-c1f3-4c05-a3da-027e791a6bd6 service placement] Successfully wrote allocations [, , ] {{(pid=94219) _create_allocations /opt/stack/placement/placement/handlers/allocation.py:435}}
Jun 28 06:59:09.298176 n-d-758944-37 devstack@placement-api.service[94219]: INFO placement.requestlog [req-17c62bfc-edf4-4c06-8ead-5df53cdf7e2c req-ab162355-c1f3-4c05-a3da-027e791a6bd6 service placement] 10.222.0.47 "PUT /placement/allocations/d9adfc49-22ea-4147-9804-e5e75ccf0c5f" status: 204 len: 0 microversion: 1.35
Jun 28 06:59:09.307573 n-d-758944-37 devstack@placement-api.service[94219]: [pid: 94219|app: 0|req: 102/201] 10.222.0.47 () {64 vars in 1433 bytes} [Mon Jun 28 06:59:09 2021] PUT /placement/allocations/d9adfc49-22ea-4147-9804-e5e75ccf0c5f => generated 0 bytes in 101 msecs (HTTP/1.1 204) 5 headers in 199 bytes (2 switches on core 0)
Jun 28 06:59:10.132221 n-d-758944-37 devstack@placement-api.service[94218]: DEBUG placement.requestlog [req-17c62bfc-edf4-4c06-8ead-5df53cdf7e2c req-a1213ff9-441b-4d20-ba37-3e5635819b52 None None] Starting request: 10.222.0.15 "GET /placement/allocations/d9adfc49-22ea-4147-9804-e5e75ccf0c5f" {{(pid=94218) __call__ /opt/stack/placement/placement/requestlog.py:55}}
Jun 28 06:59:10.156695 n-d-758944-37 devstack@placement-api.service[94218]: INFO placement.requestlog [req-17c62bfc-edf4-4c06-8ead-5df53cdf7e2c req-a1213ff9-441b-4d20-ba37-3e5635819b52 service placement] 10.222.0.15 "GET /placement/allocations/d9adfc49-22ea-4147-9804-e5e75ccf0c5f" status: 200 len: 259 microversion: 1.28
Jun 28 06:59:10.158188 n-d-758944-37 devstack@placement-api.service[94218]: [pid: 94218|app: 0|req: 100/202] 10.222.0.15 () {60 vars in 1378 bytes} [Mon Jun 28 06:59:10 2021] GET /placement/allocations/d9adfc49-22ea-4147-9804-e5e75ccf0c5f => generated 259 bytes in 26 msecs (HTTP/1.1 200) 8 headers in 296 bytes (1 switches on core 0)
Jun 28 06:59:16.877259 n-d-758944-37 devstack@placement-api.service[94219]: DEBUG placement.requestlog [req-ebe4679b-ccdf-4e9c-a995-d68b645d9660 req-4014089e-736e-4b67-86b5-1299ca921fbc None None] Starting request: 10.222.0.15 "GET /placement/resource_providers/8552574f-7b89-40cc-ba7f-34518c0f888e/allocations" {{(pid=94219) __call__ /opt/stack/placement/placement/requestlog.py:55}}
Jun 28 06:59:16.912111 n-d-758944-37 devstack@placement-api.service[94219]: INFO placement.requestlog [req-ebe4679b-ccdf-4e9c-a995-d68b645d9660 req-4014089e-736e-4b67-86b5-1299ca921fbc service placement] 10.222.0.15 "GET /placement/resource_providers/8552574f-7b89-40cc-ba7f-34518c0f888e/allocations" status: 200 len: 659 microversion: 1.0
Jun 28 06:59:16.913216 n-d-758944-37 devstack@placement-api.service[94219]: [pid: 94219|app: 0|req: 103/203] 10.222.0.15 () {58 vars in 1391 bytes} [Mon Jun 28 06:59:16 2021] GET /placement/resource_providers/8552574f-7b89-40cc-ba7f-34518c0f888e/allocations => generated 659 bytes in 37 msecs (HTTP/1.1 200) 6 headers in 224 bytes (1 switches on core 0)
Jun 28 06:59:17.317638 n-d-758944-37 devstack@placement-api.service[94218]: DEBUG placement.requestlog [req-ebe4679b-ccdf-4e9c-a995-d68b645d9660 req-31ef61a6-2c31-4b2e-88ad-e71162a365d8 None None] Starting request: 10.222.0.15 "GET /placement/allocations/91637ce2-5a36-4149-bf4a-c0b6eaacdfdd" {{(pid=94218) __call__ /opt/stack/placement/placement/requestlog.py:55}}
Jun 28 06:59:17.333353 n-d-758944-37 devstack@placement-api.service[94218]: INFO placement.requestlog [req-ebe4679b-ccdf-4e9c-a995-d68b645d9660 req-31ef61a6-2c31-4b2e-88ad-e71162a365d8 service placement] 10.222.0.15 "GET /placement/allocations/91637ce2-5a36-4149-bf4a-c0b6eaacdfdd" status: 200 len: 259 microversion: 1.28
Jun 28 06:59:17.334346 n-d-758944-37 devstack@placement-api.service[94218]: [pid: 94218|app: 0|req: 101/204] 10.222.0.15 () {60 vars in 1378 bytes} [Mon Jun 28 06:59:17 2021] GET /placement/allocations/91637ce2-5a36-4149-bf4a-c0b6eaacdfdd => generated 259 bytes in 17 msecs (HTTP/1.1 200) 8 headers in 296 bytes (1 switches on core 0)
Jun 28 06:59:17.343851 n-d-758944-37 devstack@placement-api.service[94219]: DEBUG placement.requestlog [req-ebe4679b-ccdf-4e9c-a995-d68b645d9660 req-670c36a0-4f4c-4280-92d1-c1cfd7d2dd5a None None] Starting request: 10.222.0.15 "PUT /placement/allocations/91637ce2-5a36-4149-bf4a-c0b6eaacdfdd" {{(pid=94219) __call__ /opt/stack/placement/placement/requestlog.py:55}}
Jun 28 06:59:17.414533 n-d-758944-37 devstack@placement-api.service[94219]: DEBUG placement.handlers.allocation [req-ebe4679b-ccdf-4e9c-a995-d68b645d9660 req-670c36a0-4f4c-4280-92d1-c1cfd7d2dd5a service placement] Successfully wrote allocations [, , ] {{(pid=94219) _create_allocations /opt/stack/placement/placement/handlers/allocation.py:435}}
Jun 28 06:59:17.415527 n-d-758944-37 devstack@placement-api.service[94219]: INFO placement.requestlog [req-ebe4679b-ccdf-4e9c-a995-d68b645d9660 req-670c36a0-4f4c-4280-92d1-c1cfd7d2dd5a service placement] 10.222.0.15 "PUT /placement/allocations/91637ce2-5a36-4149-bf4a-c0b6eaacdfdd" status: 204 len: 0 microversion: 1.28
Jun 28 06:59:17.416501 n-d-758944-37 devstack@placement-api.service[94219]: [pid: 94219|app: 0|req: 104/205] 10.222.0.15 () {64 vars in 1431 bytes} [Mon Jun 28 06:59:17 2021] PUT /placement/allocations/91637ce2-5a36-4149-bf4a-c0b6eaacdfdd => generated 0 bytes in 73 msecs (HTTP/1.1 204) 5 headers in 199 bytes (2 switches on core 0)
Jun 28 06:59:21.298681 n-d-758944-37 devstack@placement-api.service[94218]: DEBUG placement.requestlog [req-1783baca-b0e3-40fa-b884-79eadf7c2297 req-fde28590-9011-4599-a408-39f231347609 None None] Starting request: 10.222.0.47 "GET /placement/allocation_candidates?limit=1000&resources=DISK_GB%3A1%2CMEMORY_MB%3A1024%2CVCPU%3A1&root_required=%21COMPUTE_STATUS_DISABLED" {{(pid=94218) __call__ /opt/stack/placement/placement/requestlog.py:55}}
Jun 28 06:59:21.335672 n-d-758944-37 devstack@placement-api.service[94218]: DEBUG placement.objects.research_context [req-1783baca-b0e3-40fa-b884-79eadf7c2297 req-fde28590-9011-4599-a408-39f231347609 service placement] getting providers with 1 DISK_GB {{(pid=94218) __init__ /opt/stack/placement/placement/objects/research_context.py:126}}
Jun 28 06:59:21.341675 n-d-758944-37 devstack@placement-api.service[94218]: DEBUG placement.objects.research_context [req-1783baca-b0e3-40fa-b884-79eadf7c2297 req-fde28590-9011-4599-a408-39f231347609 service placement] getting providers with 1024 MEMORY_MB {{(pid=94218) __init__ /opt/stack/placement/placement/objects/research_context.py:126}}
Jun 28 06:59:21.347192 n-d-758944-37 devstack@placement-api.service[94218]: DEBUG placement.objects.research_context [req-1783baca-b0e3-40fa-b884-79eadf7c2297 req-fde28590-9011-4599-a408-39f231347609 service placement] getting providers with 1 VCPU {{(pid=94218) __init__ /opt/stack/placement/placement/objects/research_context.py:126}}
Jun 28 06:59:21.359279 n-d-758944-37 devstack@placement-api.service[94218]: DEBUG placement.objects.research_context [req-1783baca-b0e3-40fa-b884-79eadf7c2297 req-fde28590-9011-4599-a408-39f231347609 service placement] found 2 providers with available 1 DISK_GB {{(pid=94218) get_provider_ids_matching /opt/stack/placement/placement/objects/research_context.py:549}}
Jun 28 06:59:21.359572 n-d-758944-37 devstack@placement-api.service[94218]: DEBUG placement.objects.research_context [req-1783baca-b0e3-40fa-b884-79eadf7c2297 req-fde28590-9011-4599-a408-39f231347609 service placement] found 2 providers with available 1024 MEMORY_MB {{(pid=94218) get_provider_ids_matching /opt/stack/placement/placement/objects/research_context.py:549}}
Jun 28 06:59:21.359860 n-d-758944-37 devstack@placement-api.service[94218]: DEBUG placement.objects.research_context [req-1783baca-b0e3-40fa-b884-79eadf7c2297 req-fde28590-9011-4599-a408-39f231347609 service placement] found 2 providers after filtering by previous result {{(pid=94218) get_provider_ids_matching /opt/stack/placement/placement/objects/research_context.py:580}}
Jun 28 06:59:21.360129 n-d-758944-37 devstack@placement-api.service[94218]: DEBUG placement.objects.research_context [req-1783baca-b0e3-40fa-b884-79eadf7c2297 req-fde28590-9011-4599-a408-39f231347609 service placement] found 2 providers with available 1 VCPU {{(pid=94218) get_provider_ids_matching /opt/stack/placement/placement/objects/research_context.py:549}}
Jun 28 06:59:21.360402 n-d-758944-37 devstack@placement-api.service[94218]: DEBUG placement.objects.research_context [req-1783baca-b0e3-40fa-b884-79eadf7c2297 req-fde28590-9011-4599-a408-39f231347609 service placement] found 2 providers after filtering by previous result {{(pid=94218) get_provider_ids_matching /opt/stack/placement/placement/objects/research_context.py:580}}
Jun 28 06:59:21.372849 n-d-758944-37 devstack@placement-api.service[94218]: DEBUG placement.objects.allocation_candidate [req-1783baca-b0e3-40fa-b884-79eadf7c2297 req-fde28590-9011-4599-a408-39f231347609 service placement] RequestGroup(use_same_provider=False, resources={DISK_GB:1, MEMORY_MB:1024, VCPU:1}, traits=[], aggregates=[]) (suffix '') returned 2 matches {{(pid=94218) _get_by_requests /opt/stack/placement/placement/objects/allocation_candidate.py:145}}
Jun 28 06:59:21.373805 n-d-758944-37 devstack@placement-api.service[94218]: DEBUG placement.objects.allocation_candidate [req-1783baca-b0e3-40fa-b884-79eadf7c2297 req-fde28590-9011-4599-a408-39f231347609 service placement] Merging candidates yields 2 allocation requests and 2 provider summaries {{(pid=94218) _merge_candidates /opt/stack/placement/placement/objects/allocation_candidate.py:783}}
Jun 28 06:59:21.376203 n-d-758944-37 devstack@placement-api.service[94218]: INFO placement.requestlog [req-1783baca-b0e3-40fa-b884-79eadf7c2297 req-fde28590-9011-4599-a408-39f231347609 service placement] 10.222.0.47 "GET /placement/allocation_candidates?limit=1000&resources=DISK_GB%3A1%2CMEMORY_MB%3A1024%2CVCPU%3A1&root_required=%21COMPUTE_STATUS_DISABLED" status: 200 len: 1309 microversion: 1.35
Jun 28 06:59:21.379670 n-d-758944-37 devstack@placement-api.service[94218]: [pid: 94218|app: 0|req: 102/206] 10.222.0.47 () {60 vars in 1506 bytes} [Mon Jun 28 06:59:21 2021] GET /placement/allocation_candidates?limit=1000&resources=DISK_GB%3A1%2CMEMORY_MB%3A1024%2CVCPU%3A1&root_required=%21COMPUTE_STATUS_DISABLED => generated 1309 bytes in 81 msecs (HTTP/1.1 200) 8 headers in 297 bytes (1 switches on core 0)
Jun 28 06:59:21.435335 n-d-758944-37 devstack@placement-api.service[94219]: DEBUG placement.requestlog [req-1783baca-b0e3-40fa-b884-79eadf7c2297 req-c35da0c1-ffeb-4a69-bff4-90ad5956023c None None] Starting request: 10.222.0.47 "GET /placement/allocations/428c1efe-314f-4bee-b58f-0c4043e89d81" {{(pid=94219) __call__ /opt/stack/placement/placement/requestlog.py:55}}
Jun 28 06:59:21.447501 n-d-758944-37 devstack@placement-api.service[94219]: INFO placement.requestlog [req-1783baca-b0e3-40fa-b884-79eadf7c2297 req-c35da0c1-ffeb-4a69-bff4-90ad5956023c service placement] 10.222.0.47 "GET /placement/allocations/428c1efe-314f-4bee-b58f-0c4043e89d81" status: 200 len: 19 microversion: 1.28
Jun 28 06:59:21.448037 n-d-758944-37 devstack@placement-api.service[94219]: [pid: 94219|app: 0|req: 105/207] 10.222.0.47 () {60 vars in 1380 bytes} [Mon Jun 28 06:59:21 2021] GET /placement/allocations/428c1efe-314f-4bee-b58f-0c4043e89d81 => generated 19 bytes in 13 msecs (HTTP/1.1 200) 8 headers in 295 bytes (1 switches on core 0)
Jun 28 06:59:21.453456 n-d-758944-37 devstack@placement-api.service[94218]: DEBUG placement.requestlog [req-1783baca-b0e3-40fa-b884-79eadf7c2297 req-fa091910-90c2-4fde-a35f-b4b61973bf8a None None] Starting request: 10.222.0.47 "PUT /placement/allocations/428c1efe-314f-4bee-b58f-0c4043e89d81" {{(pid=94218) __call__ /opt/stack/placement/placement/requestlog.py:55}}
Jun 28 06:59:21.508814 n-d-758944-37 devstack@placement-api.service[94218]: DEBUG placement.handlers.allocation [req-1783baca-b0e3-40fa-b884-79eadf7c2297 req-fa091910-90c2-4fde-a35f-b4b61973bf8a service placement] Successfully wrote allocations [, , ] {{(pid=94218) _create_allocations /opt/stack/placement/placement/handlers/allocation.py:435}}
Jun 28 06:59:21.509609 n-d-758944-37 devstack@placement-api.service[94218]: INFO placement.requestlog [req-1783baca-b0e3-40fa-b884-79eadf7c2297 req-fa091910-90c2-4fde-a35f-b4b61973bf8a service placement] 10.222.0.47 "PUT /placement/allocations/428c1efe-314f-4bee-b58f-0c4043e89d81" status: 204 len: 0 microversion: 1.35
Jun 28 06:59:21.514662 n-d-758944-37 devstack@placement-api.service[94218]: [pid: 94218|app: 0|req: 103/208] 10.222.0.47 () {64 vars in 1433 bytes} [Mon Jun 28 06:59:21 2021] PUT /placement/allocations/428c1efe-314f-4bee-b58f-0c4043e89d81 => generated 0 bytes in 57 msecs (HTTP/1.1 204) 5 headers in 199 bytes (2 switches on core 0)
Jun 28 06:59:21.855181 n-d-758944-37 devstack@placement-api.service[94219]: DEBUG placement.requestlog [req-1783baca-b0e3-40fa-b884-79eadf7c2297 req-e385d4d6-18bb-47de-b179-fa769813807f None None] Starting request: 10.222.0.15 "GET /placement/allocations/428c1efe-314f-4bee-b58f-0c4043e89d81" {{(pid=94219) __call__ /opt/stack/placement/placement/requestlog.py:55}}
Jun 28 06:59:21.869615 n-d-758944-37 devstack@placement-api.service[94219]: INFO placement.requestlog [req-1783baca-b0e3-40fa-b884-79eadf7c2297 req-e385d4d6-18bb-47de-b179-fa769813807f service placement] 10.222.0.15 "GET /placement/allocations/428c1efe-314f-4bee-b58f-0c4043e89d81" status: 200 len: 259 microversion: 1.28
Jun 28 06:59:21.869832 n-d-758944-37 devstack@placement-api.service[94219]: [pid: 94219|app: 0|req: 106/209] 10.222.0.15 () {60 vars in 1378 bytes} [Mon Jun 28 06:59:21 2021] GET /placement/allocations/428c1efe-314f-4bee-b58f-0c4043e89d81 => generated 259 bytes in 15 msecs (HTTP/1.1 200) 8 headers in 296 bytes (1 switches on core 0)
Jun 28 06:59:22.516359 n-d-758944-37 devstack@placement-api.service[94218]: DEBUG placement.requestlog [req-83c101df-110d-4665-ae35-a56bb9fc2328 req-99d442bb-6b3e-41ae-95d8-a6c3011cbde0 None None] Starting request: 10.222.0.47 "GET /placement/allocation_candidates?limit=1000&resources=DISK_GB%3A1%2CMEMORY_MB%3A1024%2CVCPU%3A1&root_required=%21COMPUTE_STATUS_DISABLED" {{(pid=94218) __call__ /opt/stack/placement/placement/requestlog.py:55}}
Jun 28 06:59:22.556006 n-d-758944-37 devstack@placement-api.service[94218]: DEBUG placement.objects.research_context [req-83c101df-110d-4665-ae35-a56bb9fc2328 req-99d442bb-6b3e-41ae-95d8-a6c3011cbde0 service placement] getting providers with 1 DISK_GB {{(pid=94218) __init__ /opt/stack/placement/placement/objects/research_context.py:126}}
Jun 28 06:59:22.562814 n-d-758944-37 devstack@placement-api.service[94218]: DEBUG placement.objects.research_context [req-83c101df-110d-4665-ae35-a56bb9fc2328 req-99d442bb-6b3e-41ae-95d8-a6c3011cbde0 service placement] getting providers with 1024 MEMORY_MB {{(pid=94218) __init__ /opt/stack/placement/placement/objects/research_context.py:126}}
Jun 28 06:59:22.570123 n-d-758944-37 devstack@placement-api.service[94218]: DEBUG placement.objects.research_context [req-83c101df-110d-4665-ae35-a56bb9fc2328 req-99d442bb-6b3e-41ae-95d8-a6c3011cbde0 service placement] getting providers with 1 VCPU {{(pid=94218) __init__ /opt/stack/placement/placement/objects/research_context.py:126}}
Jun 28 06:59:22.577374 n-d-758944-37 devstack@placement-api.service[94218]: DEBUG placement.objects.research_context [req-83c101df-110d-4665-ae35-a56bb9fc2328 req-99d442bb-6b3e-41ae-95d8-a6c3011cbde0 service placement] found 2 providers with available 1 DISK_GB {{(pid=94218) get_provider_ids_matching /opt/stack/placement/placement/objects/research_context.py:549}}
Jun 28 06:59:22.577908 n-d-758944-37 devstack@placement-api.service[94218]: DEBUG placement.objects.research_context [req-83c101df-110d-4665-ae35-a56bb9fc2328 req-99d442bb-6b3e-41ae-95d8-a6c3011cbde0 service placement] found 2 providers with available 1024 MEMORY_MB {{(pid=94218) get_provider_ids_matching /opt/stack/placement/placement/objects/research_context.py:549}}
Jun 28 06:59:22.578614 n-d-758944-37 devstack@placement-api.service[94218]: DEBUG placement.objects.research_context [req-83c101df-110d-4665-ae35-a56bb9fc2328 req-99d442bb-6b3e-41ae-95d8-a6c3011cbde0 service placement] found 2 providers after filtering by previous result {{(pid=94218) get_provider_ids_matching /opt/stack/placement/placement/objects/research_context.py:580}}
Jun 28 06:59:22.578817 n-d-758944-37 devstack@placement-api.service[94218]: DEBUG placement.objects.research_context [req-83c101df-110d-4665-ae35-a56bb9fc2328 req-99d442bb-6b3e-41ae-95d8-a6c3011cbde0 service placement] found 2 providers with available 1 VCPU {{(pid=94218) get_provider_ids_matching /opt/stack/placement/placement/objects/research_context.py:549}}
Jun 28 06:59:22.579441 n-d-758944-37 devstack@placement-api.service[94218]: DEBUG placement.objects.research_context [req-83c101df-110d-4665-ae35-a56bb9fc2328 req-99d442bb-6b3e-41ae-95d8-a6c3011cbde0 service placement] found 2 providers after filtering by previous result {{(pid=94218) get_provider_ids_matching /opt/stack/placement/placement/objects/research_context.py:580}}
Jun 28 06:59:22.592332 n-d-758944-37 devstack@placement-api.service[94218]: DEBUG placement.objects.allocation_candidate [req-83c101df-110d-4665-ae35-a56bb9fc2328 req-99d442bb-6b3e-41ae-95d8-a6c3011cbde0 service placement] RequestGroup(use_same_provider=False, resources={DISK_GB:1, MEMORY_MB:1024, VCPU:1}, traits=[], aggregates=[]) (suffix '') returned 2 matches {{(pid=94218) _get_by_requests /opt/stack/placement/placement/objects/allocation_candidate.py:145}}
Jun 28 06:59:22.592864 n-d-758944-37 devstack@placement-api.service[94218]: DEBUG placement.objects.allocation_candidate [req-83c101df-110d-4665-ae35-a56bb9fc2328 req-99d442bb-6b3e-41ae-95d8-a6c3011cbde0 service placement] Merging candidates yields 2 allocation requests and 2 provider summaries {{(pid=94218) _merge_candidates /opt/stack/placement/placement/objects/allocation_candidate.py:783}}
Jun 28 06:59:22.594683 n-d-758944-37 devstack@placement-api.service[94218]: INFO placement.requestlog [req-83c101df-110d-4665-ae35-a56bb9fc2328 req-99d442bb-6b3e-41ae-95d8-a6c3011cbde0 service placement] 10.222.0.47 "GET /placement/allocation_candidates?limit=1000&resources=DISK_GB%3A1%2CMEMORY_MB%3A1024%2CVCPU%3A1&root_required=%21COMPUTE_STATUS_DISABLED" status: 200 len: 1309 microversion: 1.35
Jun 28 06:59:22.595014 n-d-758944-37 devstack@placement-api.service[94218]: [pid: 94218|app: 0|req: 104/210] 10.222.0.47 () {60 vars in 1506 bytes} [Mon Jun 28 06:59:22 2021] GET /placement/allocation_candidates?limit=1000&resources=DISK_GB%3A1%2CMEMORY_MB%3A1024%2CVCPU%3A1&root_required=%21COMPUTE_STATUS_DISABLED => generated 1309 bytes in 79 msecs (HTTP/1.1 200) 8 headers in 297 bytes (1 switches on core 0)
Jun 28 06:59:22.654449 n-d-758944-37 devstack@placement-api.service[94219]: DEBUG placement.requestlog [req-83c101df-110d-4665-ae35-a56bb9fc2328 req-5eb94a97-9dab-4930-aac3-bad52071287d None None] Starting request: 10.222.0.47 "GET /placement/allocations/b7fcdf30-6526-412d-b41b-20275bb01831" {{(pid=94219) __call__ /opt/stack/placement/placement/requestlog.py:55}}
Jun 28 06:59:22.669000 n-d-758944-37 devstack@placement-api.service[94219]: INFO placement.requestlog [req-83c101df-110d-4665-ae35-a56bb9fc2328 req-5eb94a97-9dab-4930-aac3-bad52071287d service placement] 10.222.0.47 "GET /placement/allocations/b7fcdf30-6526-412d-b41b-20275bb01831" status: 200 len: 19 microversion: 1.28
Jun 28 06:59:22.669611 n-d-758944-37 devstack@placement-api.service[94219]: [pid: 94219|app: 0|req: 107/211] 10.222.0.47 () {60 vars in 1380 bytes} [Mon Jun 28 06:59:22 2021] GET /placement/allocations/b7fcdf30-6526-412d-b41b-20275bb01831 => generated 19 bytes in 15 msecs (HTTP/1.1 200) 8 headers in 295 bytes (1 switches on core 0)
Jun 28 06:59:22.675320 n-d-758944-37 devstack@placement-api.service[94218]: DEBUG placement.requestlog [req-83c101df-110d-4665-ae35-a56bb9fc2328 req-efd308d5-6408-40d0-8804-6498b4ddf401 None None] Starting request: 10.222.0.47 "PUT /placement/allocations/b7fcdf30-6526-412d-b41b-20275bb01831" {{(pid=94218) __call__ /opt/stack/placement/placement/requestlog.py:55}}
Jun 28 06:59:22.757634 n-d-758944-37 devstack@placement-api.service[94218]: DEBUG placement.handlers.allocation [req-83c101df-110d-4665-ae35-a56bb9fc2328 req-efd308d5-6408-40d0-8804-6498b4ddf401 service placement] Successfully wrote allocations [, , ] {{(pid=94218) _create_allocations /opt/stack/placement/placement/handlers/allocation.py:435}}
Jun 28 06:59:22.758409 n-d-758944-37 devstack@placement-api.service[94218]: INFO placement.requestlog [req-83c101df-110d-4665-ae35-a56bb9fc2328 req-efd308d5-6408-40d0-8804-6498b4ddf401 service placement] 10.222.0.47 "PUT /placement/allocations/b7fcdf30-6526-412d-b41b-20275bb01831" status: 204 len: 0 microversion: 1.35
Jun 28 06:59:22.758894 n-d-758944-37 devstack@placement-api.service[94218]: [pid: 94218|app: 0|req: 105/212] 10.222.0.47 () {64 vars in 1433 bytes} [Mon Jun 28 06:59:22 2021] PUT /placement/allocations/b7fcdf30-6526-412d-b41b-20275bb01831 => generated 0 bytes in 84 msecs (HTTP/1.1 204) 5 headers in 199 bytes (1 switches on core 0)
Jun 28 06:59:23.136506 n-d-758944-37 devstack@placement-api.service[94219]: DEBUG placement.requestlog [req-83c101df-110d-4665-ae35-a56bb9fc2328 req-e6bc601a-037b-4e05-9a1a-2a7d221cc452 None None] Starting request: 10.222.0.60 "GET /placement/allocations/b7fcdf30-6526-412d-b41b-20275bb01831" {{(pid=94219) __call__ /opt/stack/placement/placement/requestlog.py:55}}
Jun 28 06:59:23.153574 n-d-758944-37 devstack@placement-api.service[94219]: INFO placement.requestlog [req-83c101df-110d-4665-ae35-a56bb9fc2328 req-e6bc601a-037b-4e05-9a1a-2a7d221cc452 service placement] 10.222.0.60 "GET /placement/allocations/b7fcdf30-6526-412d-b41b-20275bb01831" status: 200 len: 259 microversion: 1.28
Jun 28 06:59:23.154065 n-d-758944-37 devstack@placement-api.service[94219]: [pid: 94219|app: 0|req: 108/213] 10.222.0.60 () {60 vars in 1378 bytes} [Mon Jun 28 06:59:23 2021] GET /placement/allocations/b7fcdf30-6526-412d-b41b-20275bb01831 => generated 259 bytes in 18 msecs (HTTP/1.1 200) 8 headers in 296 bytes (1 switches on core 0)
Jun 28 06:59:26.409008 n-d-758944-37 devstack@placement-api.service[94218]: DEBUG placement.requestlog [req-c7e0942d-6e1b-498e-8c94-3312661c8ea1 req-3888fcfd-5fd0-4aba-b753-76822820540f None None] Starting request: 10.222.0.47 "GET /placement/allocation_candidates?resources=DISK_GB%3A1%2CMEMORY_MB%3A1024%2CVCPU%3A1&root_required=%21COMPUTE_STATUS_DISABLED" {{(pid=94218) __call__ /opt/stack/placement/placement/requestlog.py:55}}
Jun 28 06:59:26.439906 n-d-758944-37 devstack@placement-api.service[94218]: DEBUG placement.objects.research_context [req-c7e0942d-6e1b-498e-8c94-3312661c8ea1 req-3888fcfd-5fd0-4aba-b753-76822820540f service placement] getting providers with 1 DISK_GB {{(pid=94218) __init__ /opt/stack/placement/placement/objects/research_context.py:126}}
Jun 28 06:59:26.445391 n-d-758944-37 devstack@placement-api.service[94218]: DEBUG placement.objects.research_context [req-c7e0942d-6e1b-498e-8c94-3312661c8ea1 req-3888fcfd-5fd0-4aba-b753-76822820540f service placement] getting providers with 1024 MEMORY_MB {{(pid=94218) __init__ /opt/stack/placement/placement/objects/research_context.py:126}}
Jun 28 06:59:26.451119 n-d-758944-37 devstack@placement-api.service[94218]: DEBUG placement.objects.research_context [req-c7e0942d-6e1b-498e-8c94-3312661c8ea1 req-3888fcfd-5fd0-4aba-b753-76822820540f service placement] getting providers with 1 VCPU {{(pid=94218) __init__ /opt/stack/placement/placement/objects/research_context.py:126}}
Jun 28 06:59:26.456878 n-d-758944-37 devstack@placement-api.service[94218]: DEBUG placement.objects.research_context [req-c7e0942d-6e1b-498e-8c94-3312661c8ea1 req-3888fcfd-5fd0-4aba-b753-76822820540f service placement] found 2 providers with available 1 DISK_GB {{(pid=94218) get_provider_ids_matching /opt/stack/placement/placement/objects/research_context.py:549}}
Jun 28 06:59:26.457335 n-d-758944-37 devstack@placement-api.service[94218]: DEBUG placement.objects.research_context [req-c7e0942d-6e1b-498e-8c94-3312661c8ea1 req-3888fcfd-5fd0-4aba-b753-76822820540f service placement] found 2 providers with available 1024 MEMORY_MB {{(pid=94218) get_provider_ids_matching /opt/stack/placement/placement/objects/research_context.py:549}}
Jun 28 06:59:26.457617 n-d-758944-37 devstack@placement-api.service[94218]: DEBUG placement.objects.research_context [req-c7e0942d-6e1b-498e-8c94-3312661c8ea1 req-3888fcfd-5fd0-4aba-b753-76822820540f service placement] found 2 providers after filtering by previous result {{(pid=94218) get_provider_ids_matching /opt/stack/placement/placement/objects/research_context.py:580}}
Jun 28 06:59:26.457883 n-d-758944-37 devstack@placement-api.service[94218]: DEBUG placement.objects.research_context [req-c7e0942d-6e1b-498e-8c94-3312661c8ea1 req-3888fcfd-5fd0-4aba-b753-76822820540f service placement] found 2 providers with available 1 VCPU {{(pid=94218) get_provider_ids_matching /opt/stack/placement/placement/objects/research_context.py:549}}
Jun 28 06:59:26.458284 n-d-758944-37 devstack@placement-api.service[94218]: DEBUG placement.objects.research_context [req-c7e0942d-6e1b-498e-8c94-3312661c8ea1 req-3888fcfd-5fd0-4aba-b753-76822820540f service placement] found 2 providers after filtering by previous result {{(pid=94218) get_provider_ids_matching /opt/stack/placement/placement/objects/research_context.py:580}}
Jun 28 06:59:26.469446 n-d-758944-37 devstack@placement-api.service[94218]: DEBUG placement.objects.allocation_candidate [req-c7e0942d-6e1b-498e-8c94-3312661c8ea1 req-3888fcfd-5fd0-4aba-b753-76822820540f service placement] RequestGroup(use_same_provider=False, resources={DISK_GB:1, MEMORY_MB:1024, VCPU:1}, traits=[], aggregates=[]) (suffix '') returned 2 matches {{(pid=94218) _get_by_requests /opt/stack/placement/placement/objects/allocation_candidate.py:145}}
Jun 28 06:59:26.469827 n-d-758944-37 devstack@placement-api.service[94218]: DEBUG placement.objects.allocation_candidate [req-c7e0942d-6e1b-498e-8c94-3312661c8ea1 req-3888fcfd-5fd0-4aba-b753-76822820540f service placement] Merging candidates yields 2 allocation requests and 2 provider summaries {{(pid=94218) _merge_candidates /opt/stack/placement/placement/objects/allocation_candidate.py:783}}
Jun 28 06:59:26.471409 n-d-758944-37 devstack@placement-api.service[94218]: INFO placement.requestlog [req-c7e0942d-6e1b-498e-8c94-3312661c8ea1 req-3888fcfd-5fd0-4aba-b753-76822820540f service placement] 10.222.0.47 "GET /placement/allocation_candidates?resources=DISK_GB%3A1%2CMEMORY_MB%3A1024%2CVCPU%3A1&root_required=%21COMPUTE_STATUS_DISABLED" status: 200 len: 1309 microversion: 1.35
Jun 28 06:59:26.471975 n-d-758944-37 devstack@placement-api.service[94218]: [pid: 94218|app: 0|req: 106/214] 10.222.0.47 () {60 vars in 1484 bytes} [Mon Jun 28 06:59:26 2021] GET /placement/allocation_candidates?resources=DISK_GB%3A1%2CMEMORY_MB%3A1024%2CVCPU%3A1&root_required=%21COMPUTE_STATUS_DISABLED => generated 1309 bytes in 63 msecs (HTTP/1.1 200) 8 headers in 297 bytes (1 switches on core 0)
Jun 28 06:59:26.532834 n-d-758944-37 devstack@placement-api.service[94219]: DEBUG placement.requestlog [req-c7e0942d-6e1b-498e-8c94-3312661c8ea1 req-dfb3a1dd-582c-4b06-83ba-b7db717df8d2 None None] Starting request: 10.222.0.47 "GET /placement/allocations/ed2c7c8b-736b-462d-99b8-44ca1a1bf9e1" {{(pid=94219) __call__ /opt/stack/placement/placement/requestlog.py:55}}
Jun 28 06:59:26.545298 n-d-758944-37 devstack@placement-api.service[94219]: INFO placement.requestlog [req-c7e0942d-6e1b-498e-8c94-3312661c8ea1 req-dfb3a1dd-582c-4b06-83ba-b7db717df8d2 service placement] 10.222.0.47 "GET /placement/allocations/ed2c7c8b-736b-462d-99b8-44ca1a1bf9e1" status: 200 len: 19 microversion: 1.28
Jun 28 06:59:26.546065 n-d-758944-37 devstack@placement-api.service[94219]: [pid: 94219|app: 0|req: 109/215] 10.222.0.47 () {60 vars in 1380 bytes} [Mon Jun 28 06:59:26 2021] GET /placement/allocations/ed2c7c8b-736b-462d-99b8-44ca1a1bf9e1 => generated 19 bytes in 13 msecs (HTTP/1.1 200) 8 headers in 295 bytes (1 switches on core 0)
Jun 28 06:59:26.552012 n-d-758944-37 devstack@placement-api.service[94218]: DEBUG placement.requestlog [req-c7e0942d-6e1b-498e-8c94-3312661c8ea1 req-730af1bc-3003-494c-9663-9bf5729f3e4c None None] Starting request: 10.222.0.47 "PUT /placement/allocations/ed2c7c8b-736b-462d-99b8-44ca1a1bf9e1" {{(pid=94218) __call__ /opt/stack/placement/placement/requestlog.py:55}}
Jun 28 06:59:26.630317 n-d-758944-37 devstack@placement-api.service[94218]: DEBUG placement.handlers.allocation [req-c7e0942d-6e1b-498e-8c94-3312661c8ea1 req-730af1bc-3003-494c-9663-9bf5729f3e4c service placement] Successfully wrote allocations [, , ] {{(pid=94218) _create_allocations /opt/stack/placement/placement/handlers/allocation.py:435}}
Jun 28 06:59:26.630977 n-d-758944-37 devstack@placement-api.service[94218]: INFO placement.requestlog [req-c7e0942d-6e1b-498e-8c94-3312661c8ea1 req-730af1bc-3003-494c-9663-9bf5729f3e4c service placement] 10.222.0.47 "PUT /placement/allocations/ed2c7c8b-736b-462d-99b8-44ca1a1bf9e1" status: 204 len: 0 microversion: 1.35
Jun 28 06:59:26.631435 n-d-758944-37 devstack@placement-api.service[94218]: [pid: 94218|app: 0|req: 107/216] 10.222.0.47 () {64 vars in 1433 bytes} [Mon Jun 28 06:59:26 2021] PUT /placement/allocations/ed2c7c8b-736b-462d-99b8-44ca1a1bf9e1 => generated 0 bytes in 80 msecs (HTTP/1.1 204) 5 headers in 199 bytes (2 switches on core 0)
Jun 28 06:59:26.642437 n-d-758944-37 devstack@placement-api.service[94219]: DEBUG placement.requestlog [req-c7e0942d-6e1b-498e-8c94-3312661c8ea1 req-9ed81426-3ef7-414b-900e-9c64784657ad None None] Starting request: 10.222.0.47 "GET /placement/allocations/c68ab9b0-9610-40ab-b2de-50adb57374ea" {{(pid=94219) __call__ /opt/stack/placement/placement/requestlog.py:55}}
Jun 28 06:59:26.653737 n-d-758944-37 devstack@placement-api.service[94219]: INFO placement.requestlog [req-c7e0942d-6e1b-498e-8c94-3312661c8ea1 req-9ed81426-3ef7-414b-900e-9c64784657ad service placement] 10.222.0.47 "GET /placement/allocations/c68ab9b0-9610-40ab-b2de-50adb57374ea" status: 200 len: 19 microversion: 1.28
Jun 28 06:59:26.654270 n-d-758944-37 devstack@placement-api.service[94219]: [pid: 94219|app: 0|req: 110/217] 10.222.0.47 () {60 vars in 1380 bytes} [Mon Jun 28 06:59:26 2021] GET /placement/allocations/c68ab9b0-9610-40ab-b2de-50adb57374ea => generated 19 bytes in 12 msecs (HTTP/1.1 200) 8 headers in 295 bytes (1 switches on core 0)
Jun 28 06:59:26.659824 n-d-758944-37 devstack@placement-api.service[94218]: DEBUG placement.requestlog [req-c7e0942d-6e1b-498e-8c94-3312661c8ea1 req-30bbbc3a-9f1a-46f9-9c14-f3ffb9918c52 None None] Starting request: 10.222.0.47 "PUT /placement/allocations/c68ab9b0-9610-40ab-b2de-50adb57374ea" {{(pid=94218) __call__ /opt/stack/placement/placement/requestlog.py:55}}
Jun 28 06:59:26.713478 n-d-758944-37 devstack@placement-api.service[94218]: DEBUG placement.handlers.allocation [req-c7e0942d-6e1b-498e-8c94-3312661c8ea1 req-30bbbc3a-9f1a-46f9-9c14-f3ffb9918c52 service placement] Successfully wrote allocations [, , ] {{(pid=94218) _create_allocations /opt/stack/placement/placement/handlers/allocation.py:435}}
Jun 28 06:59:26.714012 n-d-758944-37 devstack@placement-api.service[94218]: INFO placement.requestlog [req-c7e0942d-6e1b-498e-8c94-3312661c8ea1 req-30bbbc3a-9f1a-46f9-9c14-f3ffb9918c52 service placement] 10.222.0.47 "PUT /placement/allocations/c68ab9b0-9610-40ab-b2de-50adb57374ea" status: 204 len: 0 microversion: 1.35
Jun 28 06:59:26.714486 n-d-758944-37 devstack@placement-api.service[94218]: [pid: 94218|app: 0|req: 108/218] 10.222.0.47 () {64 vars in 1433 bytes} [Mon Jun 28 06:59:26 2021] PUT /placement/allocations/c68ab9b0-9610-40ab-b2de-50adb57374ea => generated 0 bytes in 55 msecs (HTTP/1.1 204) 5 headers in 199 bytes (1 switches on core 0)
