Jun 25 09:27:15.835916 n-d-758944-36 devstack@placement-api.service[94959]: DEBUG placement.requestlog [req-83eb12ca-0a50-4a2b-b9bd-7a1aa1a14a72 req-c885db8b-70cc-42db-8820-5f645d2d889e None None] Starting request: 10.222.0.67 "PUT /placement/allocations/e900e898-8db8-4c88-b52c-15c85637e887" {{(pid=94959) __call__ /opt/stack/placement/placement/requestlog.py:55}}
Jun 25 09:27:16.180283 n-d-758944-36 devstack@placement-api.service[94959]: DEBUG placement.handlers.allocation [req-83eb12ca-0a50-4a2b-b9bd-7a1aa1a14a72 req-c885db8b-70cc-42db-8820-5f645d2d889e service placement] Successfully wrote allocations [, , ] {{(pid=94959) _create_allocations /opt/stack/placement/placement/handlers/allocation.py:435}}
Jun 25 09:27:16.183655 n-d-758944-36 devstack@placement-api.service[94959]: INFO placement.requestlog [req-83eb12ca-0a50-4a2b-b9bd-7a1aa1a14a72 req-c885db8b-70cc-42db-8820-5f645d2d889e service placement] 10.222.0.67 "PUT /placement/allocations/e900e898-8db8-4c88-b52c-15c85637e887" status: 204 len: 0 microversion: 1.35
Jun 25 09:27:16.192989 n-d-758944-36 devstack@placement-api.service[94959]: [pid: 94959|app: 0|req: 220/425] 10.222.0.67 () {64 vars in 1433 bytes} [Fri Jun 25 09:27:15 2021] PUT /placement/allocations/e900e898-8db8-4c88-b52c-15c85637e887 => generated 0 bytes in 349 msecs (HTTP/1.1 204) 5 headers in 199 bytes (1 switches on core 0)
Jun 25 09:27:17.563871 n-d-758944-36 devstack@placement-api.service[94960]: DEBUG placement.requestlog [req-83eb12ca-0a50-4a2b-b9bd-7a1aa1a14a72 req-1d6f7790-b413-4dcd-aa6c-e7628b136e48 None None] Starting request: 10.222.0.74 "GET /placement/allocations/e900e898-8db8-4c88-b52c-15c85637e887" {{(pid=94960) __call__ /opt/stack/placement/placement/requestlog.py:55}}
Jun 25 09:27:17.616473 n-d-758944-36 devstack@placement-api.service[94960]: INFO placement.requestlog [req-83eb12ca-0a50-4a2b-b9bd-7a1aa1a14a72 req-1d6f7790-b413-4dcd-aa6c-e7628b136e48 service placement] 10.222.0.74 "GET /placement/allocations/e900e898-8db8-4c88-b52c-15c85637e887" status: 200 len: 259 microversion: 1.28
Jun 25 09:27:17.620566 n-d-758944-36 devstack@placement-api.service[94960]: [pid: 94960|app: 0|req: 206/426] 10.222.0.74 () {60 vars in 1378 bytes} [Fri Jun 25 09:27:17 2021] GET /placement/allocations/e900e898-8db8-4c88-b52c-15c85637e887 => generated 259 bytes in 61 msecs (HTTP/1.1 200) 8 headers in 296 bytes (1 switches on core 0)
Jun 25 09:27:19.127884 n-d-758944-36 devstack@placement-api.service[94959]: DEBUG placement.requestlog [req-a3fe8a8b-abe5-47c8-be82-1bcc1c1bc741 req-a342ee04-6c90-4bc9-b107-7a2337164144 None None] Starting request: 10.222.0.74 "GET /placement/allocations/090895cd-072f-46a4-a5de-7a2b8d3287a0" {{(pid=94959) __call__ /opt/stack/placement/placement/requestlog.py:55}}
Jun 25 09:27:19.160195 n-d-758944-36 devstack@placement-api.service[94959]: INFO placement.requestlog [req-a3fe8a8b-abe5-47c8-be82-1bcc1c1bc741 req-a342ee04-6c90-4bc9-b107-7a2337164144 service placement] 10.222.0.74 "GET /placement/allocations/090895cd-072f-46a4-a5de-7a2b8d3287a0" status: 200 len: 259 microversion: 1.28
Jun 25 09:27:19.161091 n-d-758944-36 devstack@placement-api.service[94959]: [pid: 94959|app: 0|req: 221/427] 10.222.0.74 () {60 vars in 1378 bytes} [Fri Jun 25 09:27:19 2021] GET /placement/allocations/090895cd-072f-46a4-a5de-7a2b8d3287a0 => generated 259 bytes in 33 msecs (HTTP/1.1 200) 8 headers in 296 bytes (1 switches on core 0)
Jun 25 09:27:19.169461 n-d-758944-36 devstack@placement-api.service[94960]: DEBUG placement.requestlog [req-a3fe8a8b-abe5-47c8-be82-1bcc1c1bc741 req-de1842f6-8f00-41db-abc0-f2ead9de3475 None None] Starting request: 10.222.0.74 "PUT /placement/allocations/090895cd-072f-46a4-a5de-7a2b8d3287a0" {{(pid=94960) __call__ /opt/stack/placement/placement/requestlog.py:55}}
Jun 25 09:27:19.443667 n-d-758944-36 devstack@placement-api.service[94960]: DEBUG placement.handlers.allocation [req-a3fe8a8b-abe5-47c8-be82-1bcc1c1bc741 req-de1842f6-8f00-41db-abc0-f2ead9de3475 service placement] Successfully wrote allocations [, , ] {{(pid=94960) _create_allocations /opt/stack/placement/placement/handlers/allocation.py:435}}
Jun 25 09:27:19.446855 n-d-758944-36 devstack@placement-api.service[94960]: INFO placement.requestlog [req-a3fe8a8b-abe5-47c8-be82-1bcc1c1bc741 req-de1842f6-8f00-41db-abc0-f2ead9de3475 service placement] 10.222.0.74 "PUT /placement/allocations/090895cd-072f-46a4-a5de-7a2b8d3287a0" status: 204 len: 0 microversion: 1.28
Jun 25 09:27:19.446855 n-d-758944-36 devstack@placement-api.service[94960]: [pid: 94960|app: 0|req: 207/428] 10.222.0.74 () {64 vars in 1431 bytes} [Fri Jun 25 09:27:19 2021] PUT /placement/allocations/090895cd-072f-46a4-a5de-7a2b8d3287a0 => generated 0 bytes in 275 msecs (HTTP/1.1 204) 5 headers in 199 bytes (1 switches on core 0)
Jun 25 09:27:19.797515 n-d-758944-36 devstack@placement-api.service[94959]: DEBUG placement.requestlog [req-1d34c5e6-589c-440a-af37-d45dc6421300 req-c5acd79a-d33f-4dd4-b440-b6303bdd57c3 None None] Starting request: 10.222.0.84 "GET /placement/allocations/41a69d46-cd3b-402f-bc2d-846d89e7df3f" {{(pid=94959) __call__ /opt/stack/placement/placement/requestlog.py:55}}
Jun 25 09:27:19.825497 n-d-758944-36 devstack@placement-api.service[94959]: INFO placement.requestlog [req-1d34c5e6-589c-440a-af37-d45dc6421300 req-c5acd79a-d33f-4dd4-b440-b6303bdd57c3 service placement] 10.222.0.84 "GET /placement/allocations/41a69d46-cd3b-402f-bc2d-846d89e7df3f" status: 200 len: 245 microversion: 1.28
Jun 25 09:27:19.826024 n-d-758944-36 devstack@placement-api.service[94959]: [pid: 94959|app: 0|req: 222/429] 10.222.0.84 () {60 vars in 1378 bytes} [Fri Jun 25 09:27:19 2021] GET /placement/allocations/41a69d46-cd3b-402f-bc2d-846d89e7df3f => generated 245 bytes in 29 msecs (HTTP/1.1 200) 8 headers in 296 bytes (1 switches on core 0)
Jun 25 09:27:19.843156 n-d-758944-36 devstack@placement-api.service[94960]: DEBUG placement.requestlog [req-1d34c5e6-589c-440a-af37-d45dc6421300 req-3d7c9cd3-6592-49a4-a52f-a09c5a731ed4 None None] Starting request: 10.222.0.84 "PUT /placement/allocations/41a69d46-cd3b-402f-bc2d-846d89e7df3f" {{(pid=94960) __call__ /opt/stack/placement/placement/requestlog.py:55}}
Jun 25 09:27:20.020238 n-d-758944-36 devstack@placement-api.service[94960]: DEBUG placement.handlers.allocation [req-1d34c5e6-589c-440a-af37-d45dc6421300 req-3d7c9cd3-6592-49a4-a52f-a09c5a731ed4 service placement] Successfully wrote allocations [, ] {{(pid=94960) _create_allocations /opt/stack/placement/placement/handlers/allocation.py:435}}
Jun 25 09:27:20.021030 n-d-758944-36 devstack@placement-api.service[94960]: INFO placement.requestlog [req-1d34c5e6-589c-440a-af37-d45dc6421300 req-3d7c9cd3-6592-49a4-a52f-a09c5a731ed4 service placement] 10.222.0.84 "PUT /placement/allocations/41a69d46-cd3b-402f-bc2d-846d89e7df3f" status: 204 len: 0 microversion: 1.28
Jun 25 09:27:20.022079 n-d-758944-36 devstack@placement-api.service[94960]: [pid: 94960|app: 0|req: 208/430] 10.222.0.84 () {64 vars in 1431 bytes} [Fri Jun 25 09:27:19 2021] PUT /placement/allocations/41a69d46-cd3b-402f-bc2d-846d89e7df3f => generated 0 bytes in 179 msecs (HTTP/1.1 204) 5 headers in 199 bytes (2 switches on core 0)
Jun 25 09:27:22.771767 n-d-758944-36 devstack@placement-api.service[94959]: DEBUG placement.requestlog [req-0ba893dd-0bae-4ab8-bffc-9f0d054382de req-afb5d548-e268-45b4-a441-e4a9cf60ad16 None None] Starting request: 10.222.0.74 "GET /placement/resource_providers/ccb4eb47-0992-438f-9613-7c7945b52b77/allocations" {{(pid=94959) __call__ /opt/stack/placement/placement/requestlog.py:55}}
Jun 25 09:27:22.848068 n-d-758944-36 devstack@placement-api.service[94959]: INFO placement.requestlog [req-0ba893dd-0bae-4ab8-bffc-9f0d054382de req-afb5d548-e268-45b4-a441-e4a9cf60ad16 service placement] 10.222.0.74 "GET /placement/resource_providers/ccb4eb47-0992-438f-9613-7c7945b52b77/allocations" status: 200 len: 556 microversion: 1.0
Jun 25 09:27:22.848314 n-d-758944-36 devstack@placement-api.service[94959]: [pid: 94959|app: 0|req: 223/431] 10.222.0.74 () {58 vars in 1391 bytes} [Fri Jun 25 09:27:22 2021] GET /placement/resource_providers/ccb4eb47-0992-438f-9613-7c7945b52b77/allocations => generated 556 bytes in 77 msecs (HTTP/1.1 200) 6 headers in 224 bytes (1 switches on core 0)
Jun 25 09:27:27.283310 n-d-758944-36 devstack@placement-api.service[94960]: DEBUG placement.requestlog [req-32f72cf9-6b22-4ecf-902e-84a47f3d39fa req-12758767-32d4-48cf-83d6-9ccb4b700989 None None] Starting request: 10.222.0.84 "GET /placement/allocations/3a6dbad7-9b22-41a6-aa48-7d341ac50814" {{(pid=94960) __call__ /opt/stack/placement/placement/requestlog.py:55}}
Jun 25 09:27:27.308493 n-d-758944-36 devstack@placement-api.service[94960]: INFO placement.requestlog [req-32f72cf9-6b22-4ecf-902e-84a47f3d39fa req-12758767-32d4-48cf-83d6-9ccb4b700989 service placement] 10.222.0.84 "GET /placement/allocations/3a6dbad7-9b22-41a6-aa48-7d341ac50814" status: 200 len: 259 microversion: 1.28
Jun 25 09:27:27.309268 n-d-758944-36 devstack@placement-api.service[94960]: [pid: 94960|app: 0|req: 209/432] 10.222.0.84 () {60 vars in 1378 bytes} [Fri Jun 25 09:27:27 2021] GET /placement/allocations/3a6dbad7-9b22-41a6-aa48-7d341ac50814 => generated 259 bytes in 35 msecs (HTTP/1.1 200) 8 headers in 296 bytes (1 switches on core 0)
Jun 25 09:27:27.379068 n-d-758944-36 devstack@placement-api.service[94959]: DEBUG placement.requestlog [req-32f72cf9-6b22-4ecf-902e-84a47f3d39fa req-6c26d358-b1e9-4dad-810c-dfa431dba014 None None] Starting request: 10.222.0.84 "PUT /placement/allocations/3a6dbad7-9b22-41a6-aa48-7d341ac50814" {{(pid=94959) __call__ /opt/stack/placement/placement/requestlog.py:55}}
Jun 25 09:27:27.574055 n-d-758944-36 devstack@placement-api.service[94959]: DEBUG placement.handlers.allocation [req-32f72cf9-6b22-4ecf-902e-84a47f3d39fa req-6c26d358-b1e9-4dad-810c-dfa431dba014 service placement] Successfully wrote allocations [, , ] {{(pid=94959) _create_allocations /opt/stack/placement/placement/handlers/allocation.py:435}}
Jun 25 09:27:27.578865 n-d-758944-36 devstack@placement-api.service[94959]: INFO placement.requestlog [req-32f72cf9-6b22-4ecf-902e-84a47f3d39fa req-6c26d358-b1e9-4dad-810c-dfa431dba014 service placement] 10.222.0.84 "PUT /placement/allocations/3a6dbad7-9b22-41a6-aa48-7d341ac50814" status: 204 len: 0 microversion: 1.28
Jun 25 09:27:27.578865 n-d-758944-36 devstack@placement-api.service[94959]: [pid: 94959|app: 0|req: 224/433] 10.222.0.84 () {64 vars in 1431 bytes} [Fri Jun 25 09:27:27 2021] PUT /placement/allocations/3a6dbad7-9b22-41a6-aa48-7d341ac50814 => generated 0 bytes in 197 msecs (HTTP/1.1 204) 5 headers in 199 bytes (1 switches on core 0)
Jun 25 09:27:29.061886 n-d-758944-36 devstack@placement-api.service[94960]: DEBUG placement.requestlog [req-3ce9c60b-441e-4753-b362-a54bd4ffe0e7 req-9193188a-59cc-428f-b55d-237b15ea9a95 None None] Starting request: 10.222.0.84 "GET /placement/resource_providers/ba64e45b-2ab5-4a1b-9924-080e3d9af8f4/allocations" {{(pid=94960) __call__ /opt/stack/placement/placement/requestlog.py:55}}
Jun 25 09:27:29.117529 n-d-758944-36 devstack@placement-api.service[94959]: DEBUG placement.requestlog [req-ac2d2ea9-7877-464a-ad4b-e1617cc330e9 req-c2643d95-e91d-48d1-b859-aa935f9c3c9f None None] Starting request: 10.222.0.67 "GET /placement/allocation_candidates?limit=1000&resources=DISK_GB%3A1%2CMEMORY_MB%3A1024%2CVCPU%3A1&root_required=%21COMPUTE_STATUS_DISABLED" {{(pid=94959) __call__ /opt/stack/placement/placement/requestlog.py:55}}
Jun 25 09:27:29.119648 n-d-758944-36 devstack@placement-api.service[94960]: INFO placement.requestlog [req-3ce9c60b-441e-4753-b362-a54bd4ffe0e7 req-9193188a-59cc-428f-b55d-237b15ea9a95 service placement] 10.222.0.84 "GET /placement/resource_providers/ba64e45b-2ab5-4a1b-9924-080e3d9af8f4/allocations" status: 200 len: 948 microversion: 1.0
Jun 25 09:27:29.120107 n-d-758944-36 devstack@placement-api.service[94960]: [pid: 94960|app: 0|req: 210/434] 10.222.0.84 () {58 vars in 1391 bytes} [Fri Jun 25 09:27:29 2021] GET /placement/resource_providers/ba64e45b-2ab5-4a1b-9924-080e3d9af8f4/allocations => generated 948 bytes in 62 msecs (HTTP/1.1 200) 6 headers in 224 bytes (1 switches on core 0)
Jun 25 09:27:29.210985 n-d-758944-36 devstack@placement-api.service[94959]: DEBUG placement.objects.research_context [req-ac2d2ea9-7877-464a-ad4b-e1617cc330e9 req-c2643d95-e91d-48d1-b859-aa935f9c3c9f service placement] getting providers with 1 DISK_GB {{(pid=94959) __init__ /opt/stack/placement/placement/objects/research_context.py:126}}
Jun 25 09:27:29.247188 n-d-758944-36 devstack@placement-api.service[94959]: DEBUG placement.objects.research_context [req-ac2d2ea9-7877-464a-ad4b-e1617cc330e9 req-c2643d95-e91d-48d1-b859-aa935f9c3c9f service placement] getting providers with 1024 MEMORY_MB {{(pid=94959) __init__ /opt/stack/placement/placement/objects/research_context.py:126}}
Jun 25 09:27:29.254975 n-d-758944-36 devstack@placement-api.service[94959]: DEBUG placement.objects.research_context [req-ac2d2ea9-7877-464a-ad4b-e1617cc330e9 req-c2643d95-e91d-48d1-b859-aa935f9c3c9f service placement] getting providers with 1 VCPU {{(pid=94959) __init__ /opt/stack/placement/placement/objects/research_context.py:126}}
Jun 25 09:27:29.272621 n-d-758944-36 devstack@placement-api.service[94959]: DEBUG placement.objects.research_context [req-ac2d2ea9-7877-464a-ad4b-e1617cc330e9 req-c2643d95-e91d-48d1-b859-aa935f9c3c9f service placement] found 2 providers with available 1 DISK_GB {{(pid=94959) get_provider_ids_matching /opt/stack/placement/placement/objects/research_context.py:549}}
Jun 25 09:27:29.272914 n-d-758944-36 devstack@placement-api.service[94959]: DEBUG placement.objects.research_context [req-ac2d2ea9-7877-464a-ad4b-e1617cc330e9 req-c2643d95-e91d-48d1-b859-aa935f9c3c9f service placement] found 2 providers with available 1024 MEMORY_MB {{(pid=94959) get_provider_ids_matching /opt/stack/placement/placement/objects/research_context.py:549}}
Jun 25 09:27:29.273364 n-d-758944-36 devstack@placement-api.service[94959]: DEBUG placement.objects.research_context [req-ac2d2ea9-7877-464a-ad4b-e1617cc330e9 req-c2643d95-e91d-48d1-b859-aa935f9c3c9f service placement] found 2 providers after filtering by previous result {{(pid=94959) get_provider_ids_matching /opt/stack/placement/placement/objects/research_context.py:580}}
Jun 25 09:27:29.273662 n-d-758944-36 devstack@placement-api.service[94959]: DEBUG placement.objects.research_context [req-ac2d2ea9-7877-464a-ad4b-e1617cc330e9 req-c2643d95-e91d-48d1-b859-aa935f9c3c9f service placement] found 2 providers with available 1 VCPU {{(pid=94959) get_provider_ids_matching /opt/stack/placement/placement/objects/research_context.py:549}}
Jun 25 09:27:29.274006 n-d-758944-36 devstack@placement-api.service[94959]: DEBUG placement.objects.research_context [req-ac2d2ea9-7877-464a-ad4b-e1617cc330e9 req-c2643d95-e91d-48d1-b859-aa935f9c3c9f service placement] found 2 providers after filtering by previous result {{(pid=94959) get_provider_ids_matching /opt/stack/placement/placement/objects/research_context.py:580}}
Jun 25 09:27:29.285244 n-d-758944-36 devstack@placement-api.service[94959]: DEBUG placement.objects.allocation_candidate [req-ac2d2ea9-7877-464a-ad4b-e1617cc330e9 req-c2643d95-e91d-48d1-b859-aa935f9c3c9f service placement] RequestGroup(use_same_provider=False, resources={DISK_GB:1, MEMORY_MB:1024, VCPU:1}, traits=[], aggregates=[]) (suffix '') returned 2 matches {{(pid=94959) _get_by_requests /opt/stack/placement/placement/objects/allocation_candidate.py:145}}
Jun 25 09:27:29.285623 n-d-758944-36 devstack@placement-api.service[94959]: DEBUG placement.objects.allocation_candidate [req-ac2d2ea9-7877-464a-ad4b-e1617cc330e9 req-c2643d95-e91d-48d1-b859-aa935f9c3c9f service placement] Merging candidates yields 2 allocation requests and 2 provider summaries {{(pid=94959) _merge_candidates /opt/stack/placement/placement/objects/allocation_candidate.py:783}}
Jun 25 09:27:29.287133 n-d-758944-36 devstack@placement-api.service[94959]: INFO placement.requestlog [req-ac2d2ea9-7877-464a-ad4b-e1617cc330e9 req-c2643d95-e91d-48d1-b859-aa935f9c3c9f service placement] 10.222.0.67 "GET /placement/allocation_candidates?limit=1000&resources=DISK_GB%3A1%2CMEMORY_MB%3A1024%2CVCPU%3A1&root_required=%21COMPUTE_STATUS_DISABLED" status: 200 len: 1309 microversion: 1.35
Jun 25 09:27:29.291379 n-d-758944-36 devstack@placement-api.service[94959]: [pid: 94959|app: 0|req: 225/435] 10.222.0.67 () {60 vars in 1506 bytes} [Fri Jun 25 09:27:29 2021] GET /placement/allocation_candidates?limit=1000&resources=DISK_GB%3A1%2CMEMORY_MB%3A1024%2CVCPU%3A1&root_required=%21COMPUTE_STATUS_DISABLED => generated 1309 bytes in 174 msecs (HTTP/1.1 200) 8 headers in 297 bytes (2 switches on core 0)
Jun 25 09:27:29.376825 n-d-758944-36 devstack@placement-api.service[94960]: DEBUG placement.requestlog [req-ac2d2ea9-7877-464a-ad4b-e1617cc330e9 req-5ba2a19a-2a16-4939-93de-0df67e492404 None None] Starting request: 10.222.0.67 "GET /placement/allocations/a66d05fd-23c7-4a64-a88b-faca1f602ffc" {{(pid=94960) __call__ /opt/stack/placement/placement/requestlog.py:55}}
Jun 25 09:27:29.385200 n-d-758944-36 devstack@placement-api.service[94960]: INFO placement.requestlog [req-ac2d2ea9-7877-464a-ad4b-e1617cc330e9 req-5ba2a19a-2a16-4939-93de-0df67e492404 service placement] 10.222.0.67 "GET /placement/allocations/a66d05fd-23c7-4a64-a88b-faca1f602ffc" status: 200 len: 19 microversion: 1.28
Jun 25 09:27:29.391382 n-d-758944-36 devstack@placement-api.service[94960]: [pid: 94960|app: 0|req: 211/436] 10.222.0.67 () {60 vars in 1380 bytes} [Fri Jun 25 09:27:29 2021] GET /placement/allocations/a66d05fd-23c7-4a64-a88b-faca1f602ffc => generated 19 bytes in 21 msecs (HTTP/1.1 200) 8 headers in 295 bytes (1 switches on core 0)
Jun 25 09:27:29.393444 n-d-758944-36 devstack@placement-api.service[94959]: DEBUG placement.requestlog [req-ac2d2ea9-7877-464a-ad4b-e1617cc330e9 req-ec777ab0-f06f-4520-8d3b-8b69ad1b2b4f None None] Starting request: 10.222.0.67 "PUT /placement/allocations/a66d05fd-23c7-4a64-a88b-faca1f602ffc" {{(pid=94959) __call__ /opt/stack/placement/placement/requestlog.py:55}}
Jun 25 09:27:30.139279 n-d-758944-36 devstack@placement-api.service[94959]: DEBUG placement.handlers.allocation [req-ac2d2ea9-7877-464a-ad4b-e1617cc330e9 req-ec777ab0-f06f-4520-8d3b-8b69ad1b2b4f service placement] Successfully wrote allocations [, , ] {{(pid=94959) _create_allocations /opt/stack/placement/placement/handlers/allocation.py:435}}
Jun 25 09:27:30.143373 n-d-758944-36 devstack@placement-api.service[94959]: INFO placement.requestlog [req-ac2d2ea9-7877-464a-ad4b-e1617cc330e9 req-ec777ab0-f06f-4520-8d3b-8b69ad1b2b4f service placement] 10.222.0.67 "PUT /placement/allocations/a66d05fd-23c7-4a64-a88b-faca1f602ffc" status: 204 len: 0 microversion: 1.35
Jun 25 09:27:30.157645 n-d-758944-36 devstack@placement-api.service[94959]: [pid: 94959|app: 0|req: 226/437] 10.222.0.67 () {64 vars in 1433 bytes} [Fri Jun 25 09:27:29 2021] PUT /placement/allocations/a66d05fd-23c7-4a64-a88b-faca1f602ffc => generated 0 bytes in 751 msecs (HTTP/1.1 204) 5 headers in 199 bytes (2 switches on core 0)
Jun 25 09:27:30.331305 n-d-758944-36 devstack@placement-api.service[94960]: DEBUG placement.requestlog [req-20c4c968-93e7-4ecc-a363-03be32d7eaeb req-eeb12b1b-714d-4567-8dd6-4032d76ab438 None None] Starting request: 10.222.0.84 "GET /placement/allocations/ca007a82-a7f4-4b47-a46d-47771cca1813" {{(pid=94960) __call__ /opt/stack/placement/placement/requestlog.py:55}}
Jun 25 09:27:30.389613 n-d-758944-36 devstack@placement-api.service[94960]: INFO placement.requestlog [req-20c4c968-93e7-4ecc-a363-03be32d7eaeb req-eeb12b1b-714d-4567-8dd6-4032d76ab438 service placement] 10.222.0.84 "GET /placement/allocations/ca007a82-a7f4-4b47-a46d-47771cca1813" status: 200 len: 259 microversion: 1.28
Jun 25 09:27:30.390614 n-d-758944-36 devstack@placement-api.service[94960]: [pid: 94960|app: 0|req: 212/438] 10.222.0.84 () {60 vars in 1378 bytes} [Fri Jun 25 09:27:30 2021] GET /placement/allocations/ca007a82-a7f4-4b47-a46d-47771cca1813 => generated 259 bytes in 60 msecs (HTTP/1.1 200) 8 headers in 296 bytes (1 switches on core 0)
Jun 25 09:27:30.399867 n-d-758944-36 devstack@placement-api.service[94959]: DEBUG placement.requestlog [req-20c4c968-93e7-4ecc-a363-03be32d7eaeb req-d1416030-57a9-404f-8cd1-3a081406e262 None None] Starting request: 10.222.0.84 "PUT /placement/allocations/ca007a82-a7f4-4b47-a46d-47771cca1813" {{(pid=94959) __call__ /opt/stack/placement/placement/requestlog.py:55}}
Jun 25 09:27:30.594335 n-d-758944-36 devstack@placement-api.service[94959]: DEBUG placement.handlers.allocation [req-20c4c968-93e7-4ecc-a363-03be32d7eaeb req-d1416030-57a9-404f-8cd1-3a081406e262 service placement] Successfully wrote allocations [, , ] {{(pid=94959) _create_allocations /opt/stack/placement/placement/handlers/allocation.py:435}}
Jun 25 09:27:30.595143 n-d-758944-36 devstack@placement-api.service[94959]: INFO placement.requestlog [req-20c4c968-93e7-4ecc-a363-03be32d7eaeb req-d1416030-57a9-404f-8cd1-3a081406e262 service placement] 10.222.0.84 "PUT /placement/allocations/ca007a82-a7f4-4b47-a46d-47771cca1813" status: 204 len: 0 microversion: 1.28
Jun 25 09:27:30.595898 n-d-758944-36 devstack@placement-api.service[94959]: [pid: 94959|app: 0|req: 227/439] 10.222.0.84 () {64 vars in 1431 bytes} [Fri Jun 25 09:27:30 2021] PUT /placement/allocations/ca007a82-a7f4-4b47-a46d-47771cca1813 => generated 0 bytes in 196 msecs (HTTP/1.1 204) 5 headers in 199 bytes (1 switches on core 0)
Jun 25 09:27:30.960504 n-d-758944-36 devstack@placement-api.service[94960]: DEBUG placement.requestlog [req-0e37b864-b8c5-4f6d-96f6-87a46cb4a990 req-81d26baf-bf46-47bd-befa-4290f65f9c9e None None] Starting request: 10.222.0.84 "GET /placement/allocations/70b44e0d-40fa-493a-82b6-c9f23b6971a1" {{(pid=94960) __call__ /opt/stack/placement/placement/requestlog.py:55}}
Jun 25 09:27:30.981060 n-d-758944-36 devstack@placement-api.service[94960]: INFO placement.requestlog [req-0e37b864-b8c5-4f6d-96f6-87a46cb4a990 req-81d26baf-bf46-47bd-befa-4290f65f9c9e service placement] 10.222.0.84 "GET /placement/allocations/70b44e0d-40fa-493a-82b6-c9f23b6971a1" status: 200 len: 259 microversion: 1.28
Jun 25 09:27:30.985192 n-d-758944-36 devstack@placement-api.service[94960]: [pid: 94960|app: 0|req: 213/440] 10.222.0.84 () {60 vars in 1378 bytes} [Fri Jun 25 09:27:30 2021] GET /placement/allocations/70b44e0d-40fa-493a-82b6-c9f23b6971a1 => generated 259 bytes in 22 msecs (HTTP/1.1 200) 8 headers in 296 bytes (1 switches on core 0)
Jun 25 09:27:31.003253 n-d-758944-36 devstack@placement-api.service[94959]: DEBUG placement.requestlog [req-0e37b864-b8c5-4f6d-96f6-87a46cb4a990 req-7584a4ab-84d5-4b6b-875e-0e9acf2a061e None None] Starting request: 10.222.0.84 "PUT /placement/allocations/70b44e0d-40fa-493a-82b6-c9f23b6971a1" {{(pid=94959) __call__ /opt/stack/placement/placement/requestlog.py:55}}
Jun 25 09:27:31.255126 n-d-758944-36 devstack@placement-api.service[94959]: DEBUG placement.handlers.allocation [req-0e37b864-b8c5-4f6d-96f6-87a46cb4a990 req-7584a4ab-84d5-4b6b-875e-0e9acf2a061e service placement] Successfully wrote allocations [, , ] {{(pid=94959) _create_allocations /opt/stack/placement/placement/handlers/allocation.py:435}}
Jun 25 09:27:31.255850 n-d-758944-36 devstack@placement-api.service[94959]: INFO placement.requestlog [req-0e37b864-b8c5-4f6d-96f6-87a46cb4a990 req-7584a4ab-84d5-4b6b-875e-0e9acf2a061e service placement] 10.222.0.84 "PUT /placement/allocations/70b44e0d-40fa-493a-82b6-c9f23b6971a1" status: 204 len: 0 microversion: 1.28
Jun 25 09:27:31.266182 n-d-758944-36 devstack@placement-api.service[94959]: [pid: 94959|app: 0|req: 228/441] 10.222.0.84 () {64 vars in 1431 bytes} [Fri Jun 25 09:27:31 2021] PUT /placement/allocations/70b44e0d-40fa-493a-82b6-c9f23b6971a1 => generated 0 bytes in 253 msecs (HTTP/1.1 204) 5 headers in 199 bytes (2 switches on core 0)
Jun 25 09:27:31.894009 n-d-758944-36 devstack@placement-api.service[94960]: DEBUG placement.requestlog [req-ac2d2ea9-7877-464a-ad4b-e1617cc330e9 req-fc9e1c59-aae1-411b-a892-b708337e2bd3 None None] Starting request: 10.222.0.74 "GET /placement/allocations/a66d05fd-23c7-4a64-a88b-faca1f602ffc" {{(pid=94960) __call__ /opt/stack/placement/placement/requestlog.py:55}}
Jun 25 09:27:31.915266 n-d-758944-36 devstack@placement-api.service[94960]: INFO placement.requestlog [req-ac2d2ea9-7877-464a-ad4b-e1617cc330e9 req-fc9e1c59-aae1-411b-a892-b708337e2bd3 service placement] 10.222.0.74 "GET /placement/allocations/a66d05fd-23c7-4a64-a88b-faca1f602ffc" status: 200 len: 259 microversion: 1.28
Jun 25 09:27:31.916475 n-d-758944-36 devstack@placement-api.service[94960]: [pid: 94960|app: 0|req: 214/442] 10.222.0.74 () {60 vars in 1378 bytes} [Fri Jun 25 09:27:31 2021] GET /placement/allocations/a66d05fd-23c7-4a64-a88b-faca1f602ffc => generated 259 bytes in 23 msecs (HTTP/1.1 200) 8 headers in 296 bytes (1 switches on core 0)
Jun 25 09:27:36.778758 n-d-758944-36 devstack@placement-api.service[94959]: DEBUG placement.requestlog [req-3ede92e6-8885-4bc1-9b89-bd7e133ff945 req-762c3653-8f20-4565-be50-31ce117b3ce9 None None] Starting request: 10.222.0.84 "GET /placement/allocations/5e869282-70ce-4171-9d50-1cbd4386288d" {{(pid=94959) __call__ /opt/stack/placement/placement/requestlog.py:55}}
Jun 25 09:27:36.794448 n-d-758944-36 devstack@placement-api.service[94959]: INFO placement.requestlog [req-3ede92e6-8885-4bc1-9b89-bd7e133ff945 req-762c3653-8f20-4565-be50-31ce117b3ce9 service placement] 10.222.0.84 "GET /placement/allocations/5e869282-70ce-4171-9d50-1cbd4386288d" status: 200 len: 259 microversion: 1.28
Jun 25 09:27:36.795305 n-d-758944-36 devstack@placement-api.service[94959]: [pid: 94959|app: 0|req: 229/443] 10.222.0.84 () {60 vars in 1378 bytes} [Fri Jun 25 09:27:36 2021] GET /placement/allocations/5e869282-70ce-4171-9d50-1cbd4386288d => generated 259 bytes in 17 msecs (HTTP/1.1 200) 8 headers in 296 bytes (1 switches on core 0)
Jun 25 09:27:36.803824 n-d-758944-36 devstack@placement-api.service[94960]: DEBUG placement.requestlog [req-3ede92e6-8885-4bc1-9b89-bd7e133ff945 req-72ea3b9e-6ac3-4ac3-8997-1e234c7c034d None None] Starting request: 10.222.0.84 "PUT /placement/allocations/5e869282-70ce-4171-9d50-1cbd4386288d" {{(pid=94960) __call__ /opt/stack/placement/placement/requestlog.py:55}}
Jun 25 09:27:37.013861 n-d-758944-36 devstack@placement-api.service[94960]: DEBUG placement.handlers.allocation [req-3ede92e6-8885-4bc1-9b89-bd7e133ff945 req-72ea3b9e-6ac3-4ac3-8997-1e234c7c034d service placement] Successfully wrote allocations [, , ] {{(pid=94960) _create_allocations /opt/stack/placement/placement/handlers/allocation.py:435}}
Jun 25 09:27:37.013861 n-d-758944-36 devstack@placement-api.service[94960]: INFO placement.requestlog [req-3ede92e6-8885-4bc1-9b89-bd7e133ff945 req-72ea3b9e-6ac3-4ac3-8997-1e234c7c034d service placement] 10.222.0.84 "PUT /placement/allocations/5e869282-70ce-4171-9d50-1cbd4386288d" status: 204 len: 0 microversion: 1.28
Jun 25 09:27:37.013861 n-d-758944-36 devstack@placement-api.service[94960]: [pid: 94960|app: 0|req: 215/444] 10.222.0.84 () {64 vars in 1431 bytes} [Fri Jun 25 09:27:36 2021] PUT /placement/allocations/5e869282-70ce-4171-9d50-1cbd4386288d => generated 0 bytes in 200 msecs (HTTP/1.1 204) 5 headers in 199 bytes (2 switches on core 0)
Jun 25 09:27:39.465715 n-d-758944-36 devstack@placement-api.service[94959]: DEBUG placement.requestlog [req-66cb87f9-2162-4bff-9b42-d86790eafabd req-89fd8ab0-dbf0-4f0c-830c-19627c523d08 None None] Starting request: 10.222.0.84 "GET /placement/allocations/a7717093-8e8e-4844-bc91-f69b1a5d99e0" {{(pid=94959) __call__ /opt/stack/placement/placement/requestlog.py:55}}
Jun 25 09:27:39.493169 n-d-758944-36 devstack@placement-api.service[94959]: INFO placement.requestlog [req-66cb87f9-2162-4bff-9b42-d86790eafabd req-89fd8ab0-dbf0-4f0c-830c-19627c523d08 service placement] 10.222.0.84 "GET /placement/allocations/a7717093-8e8e-4844-bc91-f69b1a5d99e0" status: 200 len: 259 microversion: 1.28
Jun 25 09:27:39.494673 n-d-758944-36 devstack@placement-api.service[94959]: [pid: 94959|app: 0|req: 230/445] 10.222.0.84 () {60 vars in 1378 bytes} [Fri Jun 25 09:27:39 2021] GET /placement/allocations/a7717093-8e8e-4844-bc91-f69b1a5d99e0 => generated 259 bytes in 29 msecs (HTTP/1.1 200) 8 headers in 296 bytes (2 switches on core 0)
Jun 25 09:27:42.361836 n-d-758944-36 devstack@placement-api.service[94960]: DEBUG placement.requestlog [req-8b2300b4-5696-44d3-9d59-e904b26cf669 req-48554760-a89a-4303-aa37-9f66b22c9eee None None] Starting request: 10.222.0.74 "GET /placement/allocations/dd5de3ec-c197-4be0-89be-5e2782221cc9" {{(pid=94960) __call__ /opt/stack/placement/placement/requestlog.py:55}}
Jun 25 09:27:42.377144 n-d-758944-36 devstack@placement-api.service[94960]: INFO placement.requestlog [req-8b2300b4-5696-44d3-9d59-e904b26cf669 req-48554760-a89a-4303-aa37-9f66b22c9eee service placement] 10.222.0.74 "GET /placement/allocations/dd5de3ec-c197-4be0-89be-5e2782221cc9" status: 200 len: 259 microversion: 1.28
Jun 25 09:27:42.377537 n-d-758944-36 devstack@placement-api.service[94960]: [pid: 94960|app: 0|req: 216/446] 10.222.0.74 () {60 vars in 1378 bytes} [Fri Jun 25 09:27:42 2021] GET /placement/allocations/dd5de3ec-c197-4be0-89be-5e2782221cc9 => generated 259 bytes in 16 msecs (HTTP/1.1 200) 8 headers in 296 bytes (1 switches on core 0)
Jun 25 09:27:42.395903 n-d-758944-36 devstack@placement-api.service[94959]: DEBUG placement.requestlog [req-8b2300b4-5696-44d3-9d59-e904b26cf669 req-022a7c1b-58c3-44bd-ab31-12dfa2fe0ac7 None None] Starting request: 10.222.0.74 "PUT /placement/allocations/dd5de3ec-c197-4be0-89be-5e2782221cc9" {{(pid=94959) __call__ /opt/stack/placement/placement/requestlog.py:55}}
Jun 25 09:27:42.620051 n-d-758944-36 devstack@placement-api.service[94959]: DEBUG placement.handlers.allocation [req-8b2300b4-5696-44d3-9d59-e904b26cf669 req-022a7c1b-58c3-44bd-ab31-12dfa2fe0ac7 service placement] Successfully wrote allocations [, , ] {{(pid=94959) _create_allocations /opt/stack/placement/placement/handlers/allocation.py:435}}
Jun 25 09:27:42.620868 n-d-758944-36 devstack@placement-api.service[94959]: INFO placement.requestlog [req-8b2300b4-5696-44d3-9d59-e904b26cf669 req-022a7c1b-58c3-44bd-ab31-12dfa2fe0ac7 service placement] 10.222.0.74 "PUT /placement/allocations/dd5de3ec-c197-4be0-89be-5e2782221cc9" status: 204 len: 0 microversion: 1.28
Jun 25 09:27:42.622763 n-d-758944-36 devstack@placement-api.service[94959]: [pid: 94959|app: 0|req: 231/447] 10.222.0.74 () {64 vars in 1431 bytes} [Fri Jun 25 09:27:42 2021] PUT /placement/allocations/dd5de3ec-c197-4be0-89be-5e2782221cc9 => generated 0 bytes in 227 msecs (HTTP/1.1 204) 5 headers in 199 bytes (1 switches on core 0)
Jun 25 09:27:51.502730 n-d-758944-36 devstack@placement-api.service[94960]: DEBUG placement.requestlog [req-da1667f7-eef6-4327-a6ff-f29fcaf2d4c4 req-20ef8a86-6208-439d-85ef-07d37fa118ff None None] Starting request: 10.222.0.74 "GET /placement/allocations/adbf580f-88a9-4049-a27f-c3bf50dffa5a" {{(pid=94960) __call__ /opt/stack/placement/placement/requestlog.py:55}}
Jun 25 09:27:51.537959 n-d-758944-36 devstack@placement-api.service[94960]: INFO placement.requestlog [req-da1667f7-eef6-4327-a6ff-f29fcaf2d4c4 req-20ef8a86-6208-439d-85ef-07d37fa118ff service placement] 10.222.0.74 "GET /placement/allocations/adbf580f-88a9-4049-a27f-c3bf50dffa5a" status: 200 len: 259 microversion: 1.28
Jun 25 09:27:51.540567 n-d-758944-36 devstack@placement-api.service[94960]: [pid: 94960|app: 0|req: 217/448] 10.222.0.74 () {60 vars in 1378 bytes} [Fri Jun 25 09:27:51 2021] GET /placement/allocations/adbf580f-88a9-4049-a27f-c3bf50dffa5a => generated 259 bytes in 38 msecs (HTTP/1.1 200) 8 headers in 296 bytes (1 switches on core 0)
Jun 25 09:27:51.554375 n-d-758944-36 devstack@placement-api.service[94959]: DEBUG placement.requestlog [req-da1667f7-eef6-4327-a6ff-f29fcaf2d4c4 req-b7ce3912-e6f4-47d5-9a5d-1f7d577701ed None None] Starting request: 10.222.0.74 "GET /placement/allocations/adbf580f-88a9-4049-a27f-c3bf50dffa5a" {{(pid=94959) __call__ /opt/stack/placement/placement/requestlog.py:55}}
Jun 25 09:27:51.585068 n-d-758944-36 devstack@placement-api.service[94959]: INFO placement.requestlog [req-da1667f7-eef6-4327-a6ff-f29fcaf2d4c4 req-b7ce3912-e6f4-47d5-9a5d-1f7d577701ed service placement] 10.222.0.74 "GET /placement/allocations/adbf580f-88a9-4049-a27f-c3bf50dffa5a" status: 200 len: 259 microversion: 1.28
Jun 25 09:27:51.588504 n-d-758944-36 devstack@placement-api.service[94959]: [pid: 94959|app: 0|req: 232/449] 10.222.0.74 () {60 vars in 1378 bytes} [Fri Jun 25 09:27:51 2021] GET /placement/allocations/adbf580f-88a9-4049-a27f-c3bf50dffa5a => generated 259 bytes in 34 msecs (HTTP/1.1 200) 8 headers in 296 bytes (1 switches on core 0)
Jun 25 09:27:51.596575 n-d-758944-36 devstack@placement-api.service[94960]: DEBUG placement.requestlog [req-da1667f7-eef6-4327-a6ff-f29fcaf2d4c4 req-7f8e1344-4904-4d1d-8bef-bcaf682a646a None None] Starting request: 10.222.0.74 "GET /placement/allocations/a7717093-8e8e-4844-bc91-f69b1a5d99e0" {{(pid=94960) __call__ /opt/stack/placement/placement/requestlog.py:55}}
Jun 25 09:27:51.620519 n-d-758944-36 devstack@placement-api.service[94960]: INFO placement.requestlog [req-da1667f7-eef6-4327-a6ff-f29fcaf2d4c4 req-7f8e1344-4904-4d1d-8bef-bcaf682a646a service placement] 10.222.0.74 "GET /placement/allocations/a7717093-8e8e-4844-bc91-f69b1a5d99e0" status: 200 len: 259 microversion: 1.28
Jun 25 09:27:51.620773 n-d-758944-36 devstack@placement-api.service[94960]: [pid: 94960|app: 0|req: 218/450] 10.222.0.74 () {60 vars in 1378 bytes} [Fri Jun 25 09:27:51 2021] GET /placement/allocations/a7717093-8e8e-4844-bc91-f69b1a5d99e0 => generated 259 bytes in 24 msecs (HTTP/1.1 200) 8 headers in 296 bytes (1 switches on core 0)
Jun 25 09:27:51.637505 n-d-758944-36 devstack@placement-api.service[94959]: DEBUG placement.requestlog [req-da1667f7-eef6-4327-a6ff-f29fcaf2d4c4 req-c17d0ff9-a6bf-463f-a1d6-2a410e391c14 None None] Starting request: 10.222.0.74 "POST /placement/allocations" {{(pid=94959) __call__ /opt/stack/placement/placement/requestlog.py:55}}
Jun 25 09:27:52.012392 n-d-758944-36 devstack@placement-api.service[94959]: DEBUG placement.handlers.allocation [req-da1667f7-eef6-4327-a6ff-f29fcaf2d4c4 req-c17d0ff9-a6bf-463f-a1d6-2a410e391c14 service placement] Successfully wrote allocations [, , , , , ] {{(pid=94959) _create_allocations /opt/stack/placement/placement/handlers/allocation.py:524}}
Jun 25 09:27:52.014385 n-d-758944-36 devstack@placement-api.service[94959]: INFO placement.requestlog [req-da1667f7-eef6-4327-a6ff-f29fcaf2d4c4 req-c17d0ff9-a6bf-463f-a1d6-2a410e391c14 service placement] 10.222.0.74 "POST /placement/allocations" status: 204 len: 0 microversion: 1.28
Jun 25 09:27:52.015113 n-d-758944-36 devstack@placement-api.service[94959]: [pid: 94959|app: 0|req: 233/451] 10.222.0.74 () {64 vars in 1321 bytes} [Fri Jun 25 09:27:51 2021] POST /placement/allocations => generated 0 bytes in 378 msecs (HTTP/1.1 204) 5 headers in 199 bytes (1 switches on core 0)
Jun 25 09:27:53.752213 n-d-758944-36 devstack@placement-api.service[94960]: DEBUG placement.requestlog [req-d70b6128-961f-4a67-aa73-ac274312eead req-9ee6b7f1-b473-4fac-83eb-cecde69273ef None None] Starting request: 10.222.0.84 "GET /placement/allocations/3206a787-8017-456c-8979-7c71a71875af" {{(pid=94960) __call__ /opt/stack/placement/placement/requestlog.py:55}}
Jun 25 09:27:53.776822 n-d-758944-36 devstack@placement-api.service[94960]: INFO placement.requestlog [req-d70b6128-961f-4a67-aa73-ac274312eead req-9ee6b7f1-b473-4fac-83eb-cecde69273ef service placement] 10.222.0.84 "GET /placement/allocations/3206a787-8017-456c-8979-7c71a71875af" status: 200 len: 245 microversion: 1.28
Jun 25 09:27:53.780907 n-d-758944-36 devstack@placement-api.service[94960]: [pid: 94960|app: 0|req: 219/452] 10.222.0.84 () {60 vars in 1378 bytes} [Fri Jun 25 09:27:53 2021] GET /placement/allocations/3206a787-8017-456c-8979-7c71a71875af => generated 245 bytes in 25 msecs (HTTP/1.1 200) 8 headers in 296 bytes (2 switches on core 0)
Jun 25 09:27:53.808108 n-d-758944-36 devstack@placement-api.service[94959]: DEBUG placement.requestlog [req-d70b6128-961f-4a67-aa73-ac274312eead req-b335d0a3-a272-4f12-8843-b5ce34299b02 None None] Starting request: 10.222.0.84 "PUT /placement/allocations/3206a787-8017-456c-8979-7c71a71875af" {{(pid=94959) __call__ /opt/stack/placement/placement/requestlog.py:55}}
Jun 25 09:27:54.087855 n-d-758944-36 devstack@placement-api.service[94959]: DEBUG placement.handlers.allocation [req-d70b6128-961f-4a67-aa73-ac274312eead req-b335d0a3-a272-4f12-8843-b5ce34299b02 service placement] Successfully wrote allocations [, ] {{(pid=94959) _create_allocations /opt/stack/placement/placement/handlers/allocation.py:435}}
Jun 25 09:27:54.088797 n-d-758944-36 devstack@placement-api.service[94959]: INFO placement.requestlog [req-d70b6128-961f-4a67-aa73-ac274312eead req-b335d0a3-a272-4f12-8843-b5ce34299b02 service placement] 10.222.0.84 "PUT /placement/allocations/3206a787-8017-456c-8979-7c71a71875af" status: 204 len: 0 microversion: 1.28
Jun 25 09:27:54.089856 n-d-758944-36 devstack@placement-api.service[94959]: [pid: 94959|app: 0|req: 234/453] 10.222.0.84 () {64 vars in 1431 bytes} [Fri Jun 25 09:27:53 2021] PUT /placement/allocations/3206a787-8017-456c-8979-7c71a71875af => generated 0 bytes in 282 msecs (HTTP/1.1 204) 5 headers in 199 bytes (2 switches on core 0)
Jun 25 09:27:58.352393 n-d-758944-36 devstack@placement-api.service[94960]: DEBUG placement.requestlog [req-6f94cf6d-ab5b-43d7-8302-1b9d7df4e72a req-1ff3099c-dcb4-42ca-bdc2-f58065a5e4c2 None None] Starting request: 10.222.0.67 "GET /placement/allocation_candidates?limit=1000&resources=DISK_GB%3A1%2CMEMORY_MB%3A1024%2CVCPU%3A1&root_required=%21COMPUTE_STATUS_DISABLED" {{(pid=94960) __call__ /opt/stack/placement/placement/requestlog.py:55}}
Jun 25 09:27:58.416074 n-d-758944-36 devstack@placement-api.service[94960]: DEBUG placement.objects.research_context [req-6f94cf6d-ab5b-43d7-8302-1b9d7df4e72a req-1ff3099c-dcb4-42ca-bdc2-f58065a5e4c2 service placement] getting providers with 1 DISK_GB {{(pid=94960) __init__ /opt/stack/placement/placement/objects/research_context.py:126}}
Jun 25 09:27:58.432832 n-d-758944-36 devstack@placement-api.service[94960]: DEBUG placement.objects.research_context [req-6f94cf6d-ab5b-43d7-8302-1b9d7df4e72a req-1ff3099c-dcb4-42ca-bdc2-f58065a5e4c2 service placement] getting providers with 1024 MEMORY_MB {{(pid=94960) __init__ /opt/stack/placement/placement/objects/research_context.py:126}}
Jun 25 09:27:58.447336 n-d-758944-36 devstack@placement-api.service[94960]: DEBUG placement.objects.research_context [req-6f94cf6d-ab5b-43d7-8302-1b9d7df4e72a req-1ff3099c-dcb4-42ca-bdc2-f58065a5e4c2 service placement] getting providers with 1 VCPU {{(pid=94960) __init__ /opt/stack/placement/placement/objects/research_context.py:126}}
Jun 25 09:27:58.465543 n-d-758944-36 devstack@placement-api.service[94960]: DEBUG placement.objects.research_context [req-6f94cf6d-ab5b-43d7-8302-1b9d7df4e72a req-1ff3099c-dcb4-42ca-bdc2-f58065a5e4c2 service placement] found 2 providers with available 1 DISK_GB {{(pid=94960) get_provider_ids_matching /opt/stack/placement/placement/objects/research_context.py:549}}
Jun 25 09:27:58.466560 n-d-758944-36 devstack@placement-api.service[94960]: DEBUG placement.objects.research_context [req-6f94cf6d-ab5b-43d7-8302-1b9d7df4e72a req-1ff3099c-dcb4-42ca-bdc2-f58065a5e4c2 service placement] found 2 providers with available 1024 MEMORY_MB {{(pid=94960) get_provider_ids_matching /opt/stack/placement/placement/objects/research_context.py:549}}
Jun 25 09:27:58.467416 n-d-758944-36 devstack@placement-api.service[94960]: DEBUG placement.objects.research_context [req-6f94cf6d-ab5b-43d7-8302-1b9d7df4e72a req-1ff3099c-dcb4-42ca-bdc2-f58065a5e4c2 service placement] found 2 providers after filtering by previous result {{(pid=94960) get_provider_ids_matching /opt/stack/placement/placement/objects/research_context.py:580}}
Jun 25 09:27:58.468510 n-d-758944-36 devstack@placement-api.service[94960]: DEBUG placement.objects.research_context [req-6f94cf6d-ab5b-43d7-8302-1b9d7df4e72a req-1ff3099c-dcb4-42ca-bdc2-f58065a5e4c2 service placement] found 2 providers with available 1 VCPU {{(pid=94960) get_provider_ids_matching /opt/stack/placement/placement/objects/research_context.py:549}}
Jun 25 09:27:58.469358 n-d-758944-36 devstack@placement-api.service[94960]: DEBUG placement.objects.research_context [req-6f94cf6d-ab5b-43d7-8302-1b9d7df4e72a req-1ff3099c-dcb4-42ca-bdc2-f58065a5e4c2 service placement] found 2 providers after filtering by previous result {{(pid=94960) get_provider_ids_matching /opt/stack/placement/placement/objects/research_context.py:580}}
Jun 25 09:27:58.497546 n-d-758944-36 devstack@placement-api.service[94960]: DEBUG placement.objects.allocation_candidate [req-6f94cf6d-ab5b-43d7-8302-1b9d7df4e72a req-1ff3099c-dcb4-42ca-bdc2-f58065a5e4c2 service placement] RequestGroup(use_same_provider=False, resources={DISK_GB:1, MEMORY_MB:1024, VCPU:1}, traits=[], aggregates=[]) (suffix '') returned 2 matches {{(pid=94960) _get_by_requests /opt/stack/placement/placement/objects/allocation_candidate.py:145}}
Jun 25 09:27:58.498301 n-d-758944-36 devstack@placement-api.service[94960]: DEBUG placement.objects.allocation_candidate [req-6f94cf6d-ab5b-43d7-8302-1b9d7df4e72a req-1ff3099c-dcb4-42ca-bdc2-f58065a5e4c2 service placement] Merging candidates yields 2 allocation requests and 2 provider summaries {{(pid=94960) _merge_candidates /opt/stack/placement/placement/objects/allocation_candidate.py:783}}
Jun 25 09:27:58.500715 n-d-758944-36 devstack@placement-api.service[94960]: INFO placement.requestlog [req-6f94cf6d-ab5b-43d7-8302-1b9d7df4e72a req-1ff3099c-dcb4-42ca-bdc2-f58065a5e4c2 service placement] 10.222.0.67 "GET /placement/allocation_candidates?limit=1000&resources=DISK_GB%3A1%2CMEMORY_MB%3A1024%2CVCPU%3A1&root_required=%21COMPUTE_STATUS_DISABLED" status: 200 len: 1309 microversion: 1.35
Jun 25 09:27:58.501229 n-d-758944-36 devstack@placement-api.service[94960]: [pid: 94960|app: 0|req: 220/454] 10.222.0.67 () {60 vars in 1506 bytes} [Fri Jun 25 09:27:58 2021] GET /placement/allocation_candidates?limit=1000&resources=DISK_GB%3A1%2CMEMORY_MB%3A1024%2CVCPU%3A1&root_required=%21COMPUTE_STATUS_DISABLED => generated 1309 bytes in 149 msecs (HTTP/1.1 200) 8 headers in 297 bytes (1 switches on core 0)
Jun 25 09:27:58.649633 n-d-758944-36 devstack@placement-api.service[94959]: DEBUG placement.requestlog [req-945305db-a0bd-4e37-8c46-c56cb6b1c20b req-8845911e-c2c7-4488-b7d6-427f334c372e None None] Starting request: 10.222.0.67 "GET /placement/allocation_candidates?limit=1000&resources=DISK_GB%3A1%2CMEMORY_MB%3A1024%2CVCPU%3A1&root_required=%21COMPUTE_STATUS_DISABLED" {{(pid=94959) __call__ /opt/stack/placement/placement/requestlog.py:55}}
Jun 25 09:27:58.692277 n-d-758944-36 devstack@placement-api.service[94960]: DEBUG placement.requestlog [req-6f94cf6d-ab5b-43d7-8302-1b9d7df4e72a req-33565bf4-f39c-4b10-8c18-38c17fbc70f1 None None] Starting request: 10.222.0.67 "GET /placement/allocations/dbb20093-36ad-476c-add5-1ddc04d3a6be" {{(pid=94960) __call__ /opt/stack/placement/placement/requestlog.py:55}}
Jun 25 09:27:58.708351 n-d-758944-36 devstack@placement-api.service[94960]: INFO placement.requestlog [req-6f94cf6d-ab5b-43d7-8302-1b9d7df4e72a req-33565bf4-f39c-4b10-8c18-38c17fbc70f1 service placement] 10.222.0.67 "GET /placement/allocations/dbb20093-36ad-476c-add5-1ddc04d3a6be" status: 200 len: 19 microversion: 1.28
Jun 25 09:27:58.711946 n-d-758944-36 devstack@placement-api.service[94960]: [pid: 94960|app: 0|req: 221/455] 10.222.0.67 () {60 vars in 1380 bytes} [Fri Jun 25 09:27:58 2021] GET /placement/allocations/dbb20093-36ad-476c-add5-1ddc04d3a6be => generated 19 bytes in 20 msecs (HTTP/1.1 200) 8 headers in 295 bytes (1 switches on core 0)
Jun 25 09:27:58.713592 n-d-758944-36 devstack@placement-api.service[94959]: DEBUG placement.objects.research_context [req-945305db-a0bd-4e37-8c46-c56cb6b1c20b req-8845911e-c2c7-4488-b7d6-427f334c372e service placement] getting providers with 1 DISK_GB {{(pid=94959) __init__ /opt/stack/placement/placement/objects/research_context.py:126}}
Jun 25 09:27:58.723189 n-d-758944-36 devstack@placement-api.service[94960]: DEBUG placement.requestlog [req-6f94cf6d-ab5b-43d7-8302-1b9d7df4e72a req-b1ca96d0-8ef6-46cc-adbc-66bf4a3147da None None] Starting request: 10.222.0.67 "PUT /placement/allocations/dbb20093-36ad-476c-add5-1ddc04d3a6be" {{(pid=94960) __call__ /opt/stack/placement/placement/requestlog.py:55}}
Jun 25 09:27:58.730463 n-d-758944-36 devstack@placement-api.service[94959]: DEBUG placement.objects.research_context [req-945305db-a0bd-4e37-8c46-c56cb6b1c20b req-8845911e-c2c7-4488-b7d6-427f334c372e service placement] getting providers with 1024 MEMORY_MB {{(pid=94959) __init__ /opt/stack/placement/placement/objects/research_context.py:126}}
Jun 25 09:27:58.745773 n-d-758944-36 devstack@placement-api.service[94959]: DEBUG placement.objects.research_context [req-945305db-a0bd-4e37-8c46-c56cb6b1c20b req-8845911e-c2c7-4488-b7d6-427f334c372e service placement] getting providers with 1 VCPU {{(pid=94959) __init__ /opt/stack/placement/placement/objects/research_context.py:126}}
Jun 25 09:27:58.759485 n-d-758944-36 devstack@placement-api.service[94959]: DEBUG placement.objects.research_context [req-945305db-a0bd-4e37-8c46-c56cb6b1c20b req-8845911e-c2c7-4488-b7d6-427f334c372e service placement] found 2 providers with available 1 DISK_GB {{(pid=94959) get_provider_ids_matching /opt/stack/placement/placement/objects/research_context.py:549}}
Jun 25 09:27:58.765122 n-d-758944-36 devstack@placement-api.service[94959]: DEBUG placement.objects.research_context [req-945305db-a0bd-4e37-8c46-c56cb6b1c20b req-8845911e-c2c7-4488-b7d6-427f334c372e service placement] found 2 providers with available 1024 MEMORY_MB {{(pid=94959) get_provider_ids_matching /opt/stack/placement/placement/objects/research_context.py:549}}
Jun 25 09:27:58.765122 n-d-758944-36 devstack@placement-api.service[94959]: DEBUG placement.objects.research_context [req-945305db-a0bd-4e37-8c46-c56cb6b1c20b req-8845911e-c2c7-4488-b7d6-427f334c372e service placement] found 2 providers after filtering by previous result {{(pid=94959) get_provider_ids_matching /opt/stack/placement/placement/objects/research_context.py:580}}
Jun 25 09:27:58.765122 n-d-758944-36 devstack@placement-api.service[94959]: DEBUG placement.objects.research_context [req-945305db-a0bd-4e37-8c46-c56cb6b1c20b req-8845911e-c2c7-4488-b7d6-427f334c372e service placement] found 2 providers with available 1 VCPU {{(pid=94959) get_provider_ids_matching /opt/stack/placement/placement/objects/research_context.py:549}}
Jun 25 09:27:58.765122 n-d-758944-36 devstack@placement-api.service[94959]: DEBUG placement.objects.research_context [req-945305db-a0bd-4e37-8c46-c56cb6b1c20b req-8845911e-c2c7-4488-b7d6-427f334c372e service placement] found 2 providers after filtering by previous result {{(pid=94959) get_provider_ids_matching /opt/stack/placement/placement/objects/research_context.py:580}}
Jun 25 09:27:58.773947 n-d-758944-36 devstack@placement-api.service[94959]: DEBUG placement.objects.allocation_candidate [req-945305db-a0bd-4e37-8c46-c56cb6b1c20b req-8845911e-c2c7-4488-b7d6-427f334c372e service placement] RequestGroup(use_same_provider=False, resources={DISK_GB:1, MEMORY_MB:1024, VCPU:1}, traits=[], aggregates=[]) (suffix '') returned 2 matches {{(pid=94959) _get_by_requests /opt/stack/placement/placement/objects/allocation_candidate.py:145}}
Jun 25 09:27:58.774592 n-d-758944-36 devstack@placement-api.service[94959]: DEBUG placement.objects.allocation_candidate [req-945305db-a0bd-4e37-8c46-c56cb6b1c20b req-8845911e-c2c7-4488-b7d6-427f334c372e service placement] Merging candidates yields 2 allocation requests and 2 provider summaries {{(pid=94959) _merge_candidates /opt/stack/placement/placement/objects/allocation_candidate.py:783}}
Jun 25 09:27:58.776390 n-d-758944-36 devstack@placement-api.service[94959]: INFO placement.requestlog [req-945305db-a0bd-4e37-8c46-c56cb6b1c20b req-8845911e-c2c7-4488-b7d6-427f334c372e service placement] 10.222.0.67 "GET /placement/allocation_candidates?limit=1000&resources=DISK_GB%3A1%2CMEMORY_MB%3A1024%2CVCPU%3A1&root_required=%21COMPUTE_STATUS_DISABLED" status: 200 len: 1309 microversion: 1.35
Jun 25 09:27:58.777159 n-d-758944-36 devstack@placement-api.service[94959]: [pid: 94959|app: 0|req: 235/456] 10.222.0.67 () {60 vars in 1506 bytes} [Fri Jun 25 09:27:58 2021] GET /placement/allocation_candidates?limit=1000&resources=DISK_GB%3A1%2CMEMORY_MB%3A1024%2CVCPU%3A1&root_required=%21COMPUTE_STATUS_DISABLED => generated 1309 bytes in 129 msecs (HTTP/1.1 200) 8 headers in 297 bytes (1 switches on core 0)
Jun 25 09:27:58.883716 n-d-758944-36 devstack@placement-api.service[94959]: DEBUG placement.requestlog [req-945305db-a0bd-4e37-8c46-c56cb6b1c20b req-01c26d4b-d0c8-415c-bae8-2379989cddbb None None] Starting request: 10.222.0.67 "GET /placement/allocations/2b717189-a748-47e3-b7ef-e682804bfc47" {{(pid=94959) __call__ /opt/stack/placement/placement/requestlog.py:55}}
Jun 25 09:27:58.896889 n-d-758944-36 devstack@placement-api.service[94959]: INFO placement.requestlog [req-945305db-a0bd-4e37-8c46-c56cb6b1c20b req-01c26d4b-d0c8-415c-bae8-2379989cddbb service placement] 10.222.0.67 "GET /placement/allocations/2b717189-a748-47e3-b7ef-e682804bfc47" status: 200 len: 19 microversion: 1.28
Jun 25 09:27:58.901566 n-d-758944-36 devstack@placement-api.service[94959]: [pid: 94959|app: 0|req: 236/457] 10.222.0.67 () {60 vars in 1380 bytes} [Fri Jun 25 09:27:58 2021] GET /placement/allocations/2b717189-a748-47e3-b7ef-e682804bfc47 => generated 19 bytes in 18 msecs (HTTP/1.1 200) 8 headers in 295 bytes (2 switches on core 0)
