Jun 10 02:33:06.546558 n-d-758944-27 devstack@n-api.service[114523]: DEBUG nova.policy [None req-020e1764-cfae-449b-b8dc-b4eab1c25275 tempest-DeleteServersAdminTestJSON-230414723 tempest-DeleteServersAdminTestJSON-230414723-project] Policy check for os_compute_api:os-extended-server-attributes failed with credentials {'is_admin': False, 'user_id': 'ad9223b5f5bb4f80a5684f5e73475e61', 'user_domain_id': 'default', 'system_scope': None, 'domain_id': None, 'project_id': 'bbc30259754941a1b42d226768d36b27', 'project_domain_id': 'default', 'roles': ['reader', 'member'], 'is_admin_project': True, 'service_user_id': None, 'service_user_domain_id': None, 'service_project_id': None, 'service_project_domain_id': None, 'service_roles': []} {{(pid=114523) authorize /opt/stack/nova/nova/policy.py:199}}
Jun 10 02:33:06.566029 n-d-758944-27 devstack@n-api.service[114523]: INFO nova.api.openstack.requestlog [None req-020e1764-cfae-449b-b8dc-b4eab1c25275 tempest-DeleteServersAdminTestJSON-230414723 tempest-DeleteServersAdminTestJSON-230414723-project] 10.222.0.58 "GET /compute/v2.1/servers/ff6b0dc1-d900-46ec-b205-f0ed25361298" status: 200 len: 1319 microversion: 2.1 time: 0.531372
Jun 10 02:33:06.575835 n-d-758944-27 devstack@n-api.service[114523]: [pid: 114523|app: 0|req: 44/96] 10.222.0.58 () {58 vars in 1236 bytes} [Thu Jun 10 02:33:06 2021] GET /compute/v2.1/servers/ff6b0dc1-d900-46ec-b205-f0ed25361298 => generated 1319 bytes in 542 msecs (HTTP/1.1 200) 9 headers in 358 bytes (1 switches on core 0)
Jun 10 02:33:06.887101 n-d-758944-27 devstack@n-api.service[114522]: DEBUG nova.policy [None req-db15bed0-95d6-4962-9838-84a8f8121316 tempest-AggregatesAdminTestJSON-1501704268 tempest-AggregatesAdminTestJSON-1501704268-project] Policy check for os_compute_api:os-extended-server-attributes failed with credentials {'is_admin': False, 'user_id': '3eb00e908e7e4c7a93e449eede00ecdc', 'user_domain_id': 'default', 'system_scope': None, 'domain_id': None, 'project_id': '4cc9becd6cec4af5bda00826b3ae0fbd', 'project_domain_id': 'default', 'roles': ['reader', 'member'], 'is_admin_project': True, 'service_user_id': None, 'service_user_domain_id': None, 'service_project_id': None, 'service_project_domain_id': None, 'service_roles': []} {{(pid=114522) authorize /opt/stack/nova/nova/policy.py:199}}
Jun 10 02:33:06.903357 n-d-758944-27 devstack@n-api.service[114522]: INFO nova.api.openstack.requestlog [None req-db15bed0-95d6-4962-9838-84a8f8121316 tempest-AggregatesAdminTestJSON-1501704268 tempest-AggregatesAdminTestJSON-1501704268-project] 10.222.0.58 "GET /compute/v2.1/servers/7986e29a-d973-47b4-b0eb-18a92fa37c45" status: 200 len: 1338 microversion: 2.1 time: 0.477314
Jun 10 02:33:06.904857 n-d-758944-27 devstack@n-api.service[114522]: [pid: 114522|app: 0|req: 53/97] 10.222.0.58 () {58 vars in 1236 bytes} [Thu Jun 10 02:33:06 2021] GET /compute/v2.1/servers/7986e29a-d973-47b4-b0eb-18a92fa37c45 => generated 1338 bytes in 479 msecs (HTTP/1.1 200) 9 headers in 358 bytes (2 switches on core 0)
Jun 10 02:33:07.587846 n-d-758944-27 devstack@n-api.service[114523]: DEBUG nova.api.openstack.wsgi [None req-87e8260a-55b4-4ba6-837a-847fd388ac90 tempest-DeleteServersAdminTestJSON-230414723 tempest-DeleteServersAdminTestJSON-230414723-project] Calling method '>' {{(pid=114523) _process_stack /opt/stack/nova/nova/api/openstack/wsgi.py:513}}
Jun 10 02:33:07.588542 n-d-758944-27 devstack@n-api.service[114523]: DEBUG nova.compute.api [None req-87e8260a-55b4-4ba6-837a-847fd388ac90 tempest-DeleteServersAdminTestJSON-230414723 tempest-DeleteServersAdminTestJSON-230414723-project] [instance: ff6b0dc1-d900-46ec-b205-f0ed25361298] Fetching instance by UUID {{(pid=114523) get /opt/stack/nova/nova/compute/api.py:2795}}
Jun 10 02:33:07.607618 n-d-758944-27 devstack@n-api.service[114523]: DEBUG oslo_concurrency.lockutils [None req-87e8260a-55b4-4ba6-837a-847fd388ac90 tempest-DeleteServersAdminTestJSON-230414723 tempest-DeleteServersAdminTestJSON-230414723-project] Lock "1601e519-7b65-440a-898b-5135ec656083" acquired by "nova.context.set_target_cell..get_or_set_cached_cell_and_set_connections" :: waited 0.000s {{(pid=114523) inner /usr/local/lib/python3.8/dist-packages/oslo_concurrency/lockutils.py:355}}
Jun 10 02:33:07.607995 n-d-758944-27 devstack@n-api.service[114523]: DEBUG oslo_concurrency.lockutils [None req-87e8260a-55b4-4ba6-837a-847fd388ac90 tempest-DeleteServersAdminTestJSON-230414723 tempest-DeleteServersAdminTestJSON-230414723-project] Lock "1601e519-7b65-440a-898b-5135ec656083" released by "nova.context.set_target_cell..get_or_set_cached_cell_and_set_connections" :: held 0.001s {{(pid=114523) inner /usr/local/lib/python3.8/dist-packages/oslo_concurrency/lockutils.py:367}}
Jun 10 02:33:07.608807 n-d-758944-27 devstack@n-api.service[114523]: DEBUG oslo_concurrency.lockutils [None req-87e8260a-55b4-4ba6-837a-847fd388ac90 tempest-DeleteServersAdminTestJSON-230414723 tempest-DeleteServersAdminTestJSON-230414723-project] Lock "1601e519-7b65-440a-898b-5135ec656083" acquired by "nova.context.set_target_cell..get_or_set_cached_cell_and_set_connections" :: waited 0.000s {{(pid=114523) inner /usr/local/lib/python3.8/dist-packages/oslo_concurrency/lockutils.py:355}}
Jun 10 02:33:07.609253 n-d-758944-27 devstack@n-api.service[114523]: DEBUG oslo_concurrency.lockutils [None req-87e8260a-55b4-4ba6-837a-847fd388ac90 tempest-DeleteServersAdminTestJSON-230414723 tempest-DeleteServersAdminTestJSON-230414723-project] Lock "1601e519-7b65-440a-898b-5135ec656083" released by "nova.context.set_target_cell..get_or_set_cached_cell_and_set_connections" :: held 0.000s {{(pid=114523) inner /usr/local/lib/python3.8/dist-packages/oslo_concurrency/lockutils.py:367}}
Jun 10 02:33:07.922826 n-d-758944-27 devstack@n-api.service[114522]: DEBUG nova.api.openstack.wsgi [None req-1c0f1a77-fb5a-42ab-9fa4-f0b4463a2468 tempest-AggregatesAdminTestJSON-1501704268 tempest-AggregatesAdminTestJSON-1501704268-project] Calling method '>' {{(pid=114522) _process_stack /opt/stack/nova/nova/api/openstack/wsgi.py:513}}
Jun 10 02:33:07.948340 n-d-758944-27 devstack@n-api.service[114522]: DEBUG nova.compute.api [None req-1c0f1a77-fb5a-42ab-9fa4-f0b4463a2468 tempest-AggregatesAdminTestJSON-1501704268 tempest-AggregatesAdminTestJSON-1501704268-project] [instance: 7986e29a-d973-47b4-b0eb-18a92fa37c45] Fetching instance by UUID {{(pid=114522) get /opt/stack/nova/nova/compute/api.py:2795}}
Jun 10 02:33:07.958990 n-d-758944-27 devstack@n-api.service[114522]: DEBUG oslo_concurrency.lockutils [None req-1c0f1a77-fb5a-42ab-9fa4-f0b4463a2468 tempest-AggregatesAdminTestJSON-1501704268 tempest-AggregatesAdminTestJSON-1501704268-project] Lock "1601e519-7b65-440a-898b-5135ec656083" acquired by "nova.context.set_target_cell..get_or_set_cached_cell_and_set_connections" :: waited 0.000s {{(pid=114522) inner /usr/local/lib/python3.8/dist-packages/oslo_concurrency/lockutils.py:355}}
Jun 10 02:33:07.959562 n-d-758944-27 devstack@n-api.service[114522]: DEBUG oslo_concurrency.lockutils [None req-1c0f1a77-fb5a-42ab-9fa4-f0b4463a2468 tempest-AggregatesAdminTestJSON-1501704268 tempest-AggregatesAdminTestJSON-1501704268-project] Lock "1601e519-7b65-440a-898b-5135ec656083" released by "nova.context.set_target_cell..get_or_set_cached_cell_and_set_connections" :: held 0.001s {{(pid=114522) inner /usr/local/lib/python3.8/dist-packages/oslo_concurrency/lockutils.py:367}}
Jun 10 02:33:07.983387 n-d-758944-27 devstack@n-api.service[114522]: DEBUG oslo_concurrency.lockutils [None req-1c0f1a77-fb5a-42ab-9fa4-f0b4463a2468 tempest-AggregatesAdminTestJSON-1501704268 tempest-AggregatesAdminTestJSON-1501704268-project] Lock "1601e519-7b65-440a-898b-5135ec656083" acquired by "nova.context.set_target_cell..get_or_set_cached_cell_and_set_connections" :: waited 0.000s {{(pid=114522) inner /usr/local/lib/python3.8/dist-packages/oslo_concurrency/lockutils.py:355}}
Jun 10 02:33:07.995259 n-d-758944-27 devstack@n-api.service[114522]: DEBUG oslo_concurrency.lockutils [None req-1c0f1a77-fb5a-42ab-9fa4-f0b4463a2468 tempest-AggregatesAdminTestJSON-1501704268 tempest-AggregatesAdminTestJSON-1501704268-project] Lock "1601e519-7b65-440a-898b-5135ec656083" released by "nova.context.set_target_cell..get_or_set_cached_cell_and_set_connections" :: held 0.001s {{(pid=114522) inner /usr/local/lib/python3.8/dist-packages/oslo_concurrency/lockutils.py:367}}
Jun 10 02:33:08.326091 n-d-758944-27 devstack@n-api.service[114523]: DEBUG nova.policy [None req-87e8260a-55b4-4ba6-837a-847fd388ac90 tempest-DeleteServersAdminTestJSON-230414723 tempest-DeleteServersAdminTestJSON-230414723-project] Policy check for os_compute_api:os-extended-server-attributes failed with credentials {'is_admin': False, 'user_id': 'ad9223b5f5bb4f80a5684f5e73475e61', 'user_domain_id': 'default', 'system_scope': None, 'domain_id': None, 'project_id': 'bbc30259754941a1b42d226768d36b27', 'project_domain_id': 'default', 'roles': ['reader', 'member'], 'is_admin_project': True, 'service_user_id': None, 'service_user_domain_id': None, 'service_project_id': None, 'service_project_domain_id': None, 'service_roles': []} {{(pid=114523) authorize /opt/stack/nova/nova/policy.py:199}}
Jun 10 02:33:08.337241 n-d-758944-27 devstack@n-api.service[114522]: DEBUG nova.policy [None req-1c0f1a77-fb5a-42ab-9fa4-f0b4463a2468 tempest-AggregatesAdminTestJSON-1501704268 tempest-AggregatesAdminTestJSON-1501704268-project] Policy check for os_compute_api:os-extended-server-attributes failed with credentials {'is_admin': False, 'user_id': '3eb00e908e7e4c7a93e449eede00ecdc', 'user_domain_id': 'default', 'system_scope': None, 'domain_id': None, 'project_id': '4cc9becd6cec4af5bda00826b3ae0fbd', 'project_domain_id': 'default', 'roles': ['reader', 'member'], 'is_admin_project': True, 'service_user_id': None, 'service_user_domain_id': None, 'service_project_id': None, 'service_project_domain_id': None, 'service_roles': []} {{(pid=114522) authorize /opt/stack/nova/nova/policy.py:199}}
Jun 10 02:33:08.341441 n-d-758944-27 devstack@n-api.service[114523]: INFO nova.api.openstack.requestlog [None req-87e8260a-55b4-4ba6-837a-847fd388ac90 tempest-DeleteServersAdminTestJSON-230414723 tempest-DeleteServersAdminTestJSON-230414723-project] 10.222.0.58 "GET /compute/v2.1/servers/ff6b0dc1-d900-46ec-b205-f0ed25361298" status: 200 len: 1319 microversion: 2.1 time: 0.756262
Jun 10 02:33:08.342843 n-d-758944-27 devstack@n-api.service[114523]: [pid: 114523|app: 0|req: 45/98] 10.222.0.58 () {58 vars in 1236 bytes} [Thu Jun 10 02:33:07 2021] GET /compute/v2.1/servers/ff6b0dc1-d900-46ec-b205-f0ed25361298 => generated 1319 bytes in 759 msecs (HTTP/1.1 200) 9 headers in 358 bytes (1 switches on core 0)
Jun 10 02:33:08.355451 n-d-758944-27 devstack@n-api.service[114522]: INFO nova.api.openstack.requestlog [None req-1c0f1a77-fb5a-42ab-9fa4-f0b4463a2468 tempest-AggregatesAdminTestJSON-1501704268 tempest-AggregatesAdminTestJSON-1501704268-project] 10.222.0.58 "GET /compute/v2.1/servers/7986e29a-d973-47b4-b0eb-18a92fa37c45" status: 200 len: 1338 microversion: 2.1 time: 0.436241
Jun 10 02:33:08.357707 n-d-758944-27 devstack@n-api.service[114522]: [pid: 114522|app: 0|req: 54/99] 10.222.0.58 () {58 vars in 1236 bytes} [Thu Jun 10 02:33:07 2021] GET /compute/v2.1/servers/7986e29a-d973-47b4-b0eb-18a92fa37c45 => generated 1338 bytes in 440 msecs (HTTP/1.1 200) 9 headers in 358 bytes (1 switches on core 0)
Jun 10 02:33:09.073884 n-d-758944-27 devstack@n-api.service[114523]: DEBUG nova.api.openstack.wsgi [req-d8c37201-b87f-4231-937c-0c2f162da95b req-2ef5e9de-d183-45cc-bb6a-d8da535e12c2 service nova] Action: 'create', calling method: >, body: {"events": [{"name": "network-changed", "server_uuid": "ff6b0dc1-d900-46ec-b205-f0ed25361298", "tag": "7f4cba22-475b-48e7-a010-002e69f5a10b"}]} {{(pid=114523) _process_stack /opt/stack/nova/nova/api/openstack/wsgi.py:511}}
Jun 10 02:33:09.075536 n-d-758944-27 devstack@n-api.service[114523]: /usr/local/lib/python3.8/dist-packages/oslo_policy/policy.py:1064: UserWarning: Policy os_compute_api:os-server-external-events:create failed scope check. The token used to make the request was project scoped but the policy requires ['system'] scope. This behavior may change in the future where using the intended scope is required
Jun 10 02:33:09.075536 n-d-758944-27 devstack@n-api.service[114523]: warnings.warn(msg)
Jun 10 02:33:09.095333 n-d-758944-27 devstack@n-api.service[114523]: DEBUG oslo_concurrency.lockutils [req-d8c37201-b87f-4231-937c-0c2f162da95b req-2ef5e9de-d183-45cc-bb6a-d8da535e12c2 service nova] Lock "1601e519-7b65-440a-898b-5135ec656083" acquired by "nova.context.set_target_cell..get_or_set_cached_cell_and_set_connections" :: waited 0.000s {{(pid=114523) inner /usr/local/lib/python3.8/dist-packages/oslo_concurrency/lockutils.py:355}}
Jun 10 02:33:09.096249 n-d-758944-27 devstack@n-api.service[114523]: DEBUG oslo_concurrency.lockutils [req-d8c37201-b87f-4231-937c-0c2f162da95b req-2ef5e9de-d183-45cc-bb6a-d8da535e12c2 service nova] Lock "1601e519-7b65-440a-898b-5135ec656083" released by "nova.context.set_target_cell..get_or_set_cached_cell_and_set_connections" :: held 0.003s {{(pid=114523) inner /usr/local/lib/python3.8/dist-packages/oslo_concurrency/lockutils.py:367}}
Jun 10 02:33:09.131356 n-d-758944-27 devstack@n-api.service[114523]: INFO nova.api.openstack.compute.server_external_events [req-d8c37201-b87f-4231-937c-0c2f162da95b req-2ef5e9de-d183-45cc-bb6a-d8da535e12c2 service nova] Creating event network-changed:7f4cba22-475b-48e7-a010-002e69f5a10b for instance ff6b0dc1-d900-46ec-b205-f0ed25361298 on n-h2-758944-27
Jun 10 02:33:09.132948 n-d-758944-27 devstack@n-api.service[114523]: DEBUG oslo_concurrency.lockutils [req-d8c37201-b87f-4231-937c-0c2f162da95b req-2ef5e9de-d183-45cc-bb6a-d8da535e12c2 service nova] Acquired lock "compute-rpcapi-router" {{(pid=114523) lock /usr/local/lib/python3.8/dist-packages/oslo_concurrency/lockutils.py:266}}
Jun 10 02:33:09.134284 n-d-758944-27 devstack@n-api.service[114523]: DEBUG oslo_concurrency.lockutils [None req-f7dc556f-b8b1-4ed0-850f-2f1f5ca62153 None None] Lock "00000000-0000-0000-0000-000000000000" acquired by "nova.context.set_target_cell..get_or_set_cached_cell_and_set_connections" :: waited 0.000s {{(pid=114523) inner /usr/local/lib/python3.8/dist-packages/oslo_concurrency/lockutils.py:355}}
Jun 10 02:33:09.135172 n-d-758944-27 devstack@n-api.service[114523]: DEBUG oslo_concurrency.lockutils [None req-f7dc556f-b8b1-4ed0-850f-2f1f5ca62153 None None] Lock "00000000-0000-0000-0000-000000000000" released by "nova.context.set_target_cell..get_or_set_cached_cell_and_set_connections" :: held 0.001s {{(pid=114523) inner /usr/local/lib/python3.8/dist-packages/oslo_concurrency/lockutils.py:367}}
Jun 10 02:33:09.136492 n-d-758944-27 devstack@n-api.service[114523]: DEBUG oslo_concurrency.lockutils [None req-f7dc556f-b8b1-4ed0-850f-2f1f5ca62153 None None] Lock "1601e519-7b65-440a-898b-5135ec656083" acquired by "nova.context.set_target_cell..get_or_set_cached_cell_and_set_connections" :: waited 0.000s {{(pid=114523) inner /usr/local/lib/python3.8/dist-packages/oslo_concurrency/lockutils.py:355}}
Jun 10 02:33:09.137152 n-d-758944-27 devstack@n-api.service[114523]: DEBUG oslo_concurrency.lockutils [None req-f7dc556f-b8b1-4ed0-850f-2f1f5ca62153 None None] Lock "1601e519-7b65-440a-898b-5135ec656083" released by "nova.context.set_target_cell..get_or_set_cached_cell_and_set_connections" :: held 0.001s {{(pid=114523) inner /usr/local/lib/python3.8/dist-packages/oslo_concurrency/lockutils.py:367}}
Jun 10 02:33:09.149690 n-d-758944-27 devstack@n-api.service[114523]: INFO nova.compute.rpcapi [None req-f7dc556f-b8b1-4ed0-850f-2f1f5ca62153 None None] Automatically selected compute RPC version 6.0 from minimum service version 56
Jun 10 02:33:09.150825 n-d-758944-27 devstack@n-api.service[114523]: DEBUG oslo_concurrency.lockutils [None req-f7dc556f-b8b1-4ed0-850f-2f1f5ca62153 None None] Releasing lock "compute-rpcapi-router" {{(pid=114523) lock /usr/local/lib/python3.8/dist-packages/oslo_concurrency/lockutils.py:282}}
Jun 10 02:33:09.181121 n-d-758944-27 devstack@n-api.service[114523]: INFO nova.api.openstack.requestlog [None req-f7dc556f-b8b1-4ed0-850f-2f1f5ca62153 None None] 10.222.0.58 "POST /compute/v2.1/os-server-external-events" status: 200 len: 179 microversion: 2.1 time: 0.389724
Jun 10 02:33:09.182093 n-d-758944-27 devstack@n-api.service[114523]: [pid: 114523|app: 0|req: 46/100] 10.222.0.58 () {64 vars in 1318 bytes} [Thu Jun 10 02:33:08 2021] POST /compute/v2.1/os-server-external-events => generated 179 bytes in 392 msecs (HTTP/1.1 200) 9 headers in 357 bytes (1 switches on core 0)
Jun 10 02:33:09.362314 n-d-758944-27 devstack@n-api.service[114523]: DEBUG nova.api.openstack.wsgi [None req-fd9f4379-6884-4fbd-88bd-de39f88a1d9d tempest-DeleteServersAdminTestJSON-230414723 tempest-DeleteServersAdminTestJSON-230414723-project] Calling method '>' {{(pid=114523) _process_stack /opt/stack/nova/nova/api/openstack/wsgi.py:513}}
Jun 10 02:33:09.368636 n-d-758944-27 devstack@n-api.service[114523]: DEBUG nova.compute.api [None req-fd9f4379-6884-4fbd-88bd-de39f88a1d9d tempest-DeleteServersAdminTestJSON-230414723 tempest-DeleteServersAdminTestJSON-230414723-project] [instance: ff6b0dc1-d900-46ec-b205-f0ed25361298] Fetching instance by UUID {{(pid=114523) get /opt/stack/nova/nova/compute/api.py:2795}}
Jun 10 02:33:09.382293 n-d-758944-27 devstack@n-api.service[114523]: DEBUG oslo_concurrency.lockutils [None req-fd9f4379-6884-4fbd-88bd-de39f88a1d9d tempest-DeleteServersAdminTestJSON-230414723 tempest-DeleteServersAdminTestJSON-230414723-project] Lock "1601e519-7b65-440a-898b-5135ec656083" acquired by "nova.context.set_target_cell..get_or_set_cached_cell_and_set_connections" :: waited 0.000s {{(pid=114523) inner /usr/local/lib/python3.8/dist-packages/oslo_concurrency/lockutils.py:355}}
Jun 10 02:33:09.385814 n-d-758944-27 devstack@n-api.service[114523]: DEBUG oslo_concurrency.lockutils [None req-fd9f4379-6884-4fbd-88bd-de39f88a1d9d tempest-DeleteServersAdminTestJSON-230414723 tempest-DeleteServersAdminTestJSON-230414723-project] Lock "1601e519-7b65-440a-898b-5135ec656083" released by "nova.context.set_target_cell..get_or_set_cached_cell_and_set_connections" :: held 0.003s {{(pid=114523) inner /usr/local/lib/python3.8/dist-packages/oslo_concurrency/lockutils.py:367}}
Jun 10 02:33:09.387608 n-d-758944-27 devstack@n-api.service[114523]: DEBUG oslo_concurrency.lockutils [None req-fd9f4379-6884-4fbd-88bd-de39f88a1d9d tempest-DeleteServersAdminTestJSON-230414723 tempest-DeleteServersAdminTestJSON-230414723-project] Lock "1601e519-7b65-440a-898b-5135ec656083" acquired by "nova.context.set_target_cell..get_or_set_cached_cell_and_set_connections" :: waited 0.000s {{(pid=114523) inner /usr/local/lib/python3.8/dist-packages/oslo_concurrency/lockutils.py:355}}
Jun 10 02:33:09.388468 n-d-758944-27 devstack@n-api.service[114523]: DEBUG oslo_concurrency.lockutils [None req-fd9f4379-6884-4fbd-88bd-de39f88a1d9d tempest-DeleteServersAdminTestJSON-230414723 tempest-DeleteServersAdminTestJSON-230414723-project] Lock "1601e519-7b65-440a-898b-5135ec656083" released by "nova.context.set_target_cell..get_or_set_cached_cell_and_set_connections" :: held 0.001s {{(pid=114523) inner /usr/local/lib/python3.8/dist-packages/oslo_concurrency/lockutils.py:367}}
Jun 10 02:33:09.833175 n-d-758944-27 devstack@n-api.service[114522]: DEBUG nova.api.openstack.wsgi [None req-bc7a6459-41ef-4cc4-8625-9110eeb1ed78 tempest-ServerDiagnosticsNegativeTest-2139373716 tempest-ServerDiagnosticsNegativeTest-2139373716-project] Action: 'create', calling method: >, body: {"server": {"name": "tempest-ServerDiagnosticsNegativeTest-server-353434820", "imageRef": "a1aa26b0-4632-4f83-8008-acc2f5d95a4e", "flavorRef": "452"}} {{(pid=114522) _process_stack /opt/stack/nova/nova/api/openstack/wsgi.py:511}}
Jun 10 02:33:09.980740 n-d-758944-27 devstack@n-api.service[114522]: DEBUG nova.network.neutron [None req-bc7a6459-41ef-4cc4-8625-9110eeb1ed78 tempest-ServerDiagnosticsNegativeTest-2139373716 tempest-ServerDiagnosticsNegativeTest-2139373716-project] validate_networks() for None {{(pid=114522) validate_networks /opt/stack/nova/nova/network/neutron.py:2376}}
Jun 10 02:33:10.275440 n-d-758944-27 devstack@n-api.service[114523]: DEBUG nova.policy [None req-fd9f4379-6884-4fbd-88bd-de39f88a1d9d tempest-DeleteServersAdminTestJSON-230414723 tempest-DeleteServersAdminTestJSON-230414723-project] Policy check for os_compute_api:os-extended-server-attributes failed with credentials {'is_admin': False, 'user_id': 'ad9223b5f5bb4f80a5684f5e73475e61', 'user_domain_id': 'default', 'system_scope': None, 'domain_id': None, 'project_id': 'bbc30259754941a1b42d226768d36b27', 'project_domain_id': 'default', 'roles': ['reader', 'member'], 'is_admin_project': True, 'service_user_id': None, 'service_user_domain_id': None, 'service_project_id': None, 'service_project_domain_id': None, 'service_roles': []} {{(pid=114523) authorize /opt/stack/nova/nova/policy.py:199}}
Jun 10 02:33:10.289761 n-d-758944-27 devstack@n-api.service[114523]: INFO nova.api.openstack.requestlog [None req-fd9f4379-6884-4fbd-88bd-de39f88a1d9d tempest-DeleteServersAdminTestJSON-230414723 tempest-DeleteServersAdminTestJSON-230414723-project] 10.222.0.58 "GET /compute/v2.1/servers/ff6b0dc1-d900-46ec-b205-f0ed25361298" status: 200 len: 1319 microversion: 2.1 time: 0.932214
Jun 10 02:33:10.292164 n-d-758944-27 devstack@n-api.service[114523]: [pid: 114523|app: 0|req: 47/101] 10.222.0.58 () {58 vars in 1236 bytes} [Thu Jun 10 02:33:09 2021] GET /compute/v2.1/servers/ff6b0dc1-d900-46ec-b205-f0ed25361298 => generated 1319 bytes in 938 msecs (HTTP/1.1 200) 9 headers in 358 bytes (1 switches on core 0)
Jun 10 02:33:10.299336 n-d-758944-27 devstack@n-api.service[114523]: DEBUG nova.api.openstack.wsgi [None req-904354cb-39a8-44f5-867d-bb83b9836aa6 tempest-AggregatesAdminTestJSON-1501704268 tempest-AggregatesAdminTestJSON-1501704268-project] Calling method '>' {{(pid=114523) _process_stack /opt/stack/nova/nova/api/openstack/wsgi.py:513}}
Jun 10 02:33:10.299956 n-d-758944-27 devstack@n-api.service[114523]: DEBUG nova.compute.api [None req-904354cb-39a8-44f5-867d-bb83b9836aa6 tempest-AggregatesAdminTestJSON-1501704268 tempest-AggregatesAdminTestJSON-1501704268-project] [instance: 7986e29a-d973-47b4-b0eb-18a92fa37c45] Fetching instance by UUID {{(pid=114523) get /opt/stack/nova/nova/compute/api.py:2795}}
Jun 10 02:33:10.319402 n-d-758944-27 devstack@n-api.service[114523]: DEBUG oslo_concurrency.lockutils [None req-904354cb-39a8-44f5-867d-bb83b9836aa6 tempest-AggregatesAdminTestJSON-1501704268 tempest-AggregatesAdminTestJSON-1501704268-project] Lock "1601e519-7b65-440a-898b-5135ec656083" acquired by "nova.context.set_target_cell..get_or_set_cached_cell_and_set_connections" :: waited 0.000s {{(pid=114523) inner /usr/local/lib/python3.8/dist-packages/oslo_concurrency/lockutils.py:355}}
Jun 10 02:33:10.324674 n-d-758944-27 devstack@n-api.service[114523]: DEBUG oslo_concurrency.lockutils [None req-904354cb-39a8-44f5-867d-bb83b9836aa6 tempest-AggregatesAdminTestJSON-1501704268 tempest-AggregatesAdminTestJSON-1501704268-project] Lock "1601e519-7b65-440a-898b-5135ec656083" released by "nova.context.set_target_cell..get_or_set_cached_cell_and_set_connections" :: held 0.001s {{(pid=114523) inner /usr/local/lib/python3.8/dist-packages/oslo_concurrency/lockutils.py:367}}
Jun 10 02:33:10.324674 n-d-758944-27 devstack@n-api.service[114523]: DEBUG oslo_concurrency.lockutils [None req-904354cb-39a8-44f5-867d-bb83b9836aa6 tempest-AggregatesAdminTestJSON-1501704268 tempest-AggregatesAdminTestJSON-1501704268-project] Lock "1601e519-7b65-440a-898b-5135ec656083" acquired by "nova.context.set_target_cell..get_or_set_cached_cell_and_set_connections" :: waited 0.000s {{(pid=114523) inner /usr/local/lib/python3.8/dist-packages/oslo_concurrency/lockutils.py:355}}
Jun 10 02:33:10.324674 n-d-758944-27 devstack@n-api.service[114523]: DEBUG oslo_concurrency.lockutils [None req-904354cb-39a8-44f5-867d-bb83b9836aa6 tempest-AggregatesAdminTestJSON-1501704268 tempest-AggregatesAdminTestJSON-1501704268-project] Lock "1601e519-7b65-440a-898b-5135ec656083" released by "nova.context.set_target_cell..get_or_set_cached_cell_and_set_connections" :: held 0.000s {{(pid=114523) inner /usr/local/lib/python3.8/dist-packages/oslo_concurrency/lockutils.py:367}}
Jun 10 02:33:10.647225 n-d-758944-27 devstack@n-api.service[114522]: DEBUG nova.virt.hardware [None req-bc7a6459-41ef-4cc4-8625-9110eeb1ed78 tempest-ServerDiagnosticsNegativeTest-2139373716 tempest-ServerDiagnosticsNegativeTest-2139373716-project] Flavor limits 0:0:0 {{(pid=114522) get_cpu_topology_constraints /opt/stack/nova/nova/virt/hardware.py:344}}
Jun 10 02:33:10.647641 n-d-758944-27 devstack@n-api.service[114522]: DEBUG nova.virt.hardware [None req-bc7a6459-41ef-4cc4-8625-9110eeb1ed78 tempest-ServerDiagnosticsNegativeTest-2139373716 tempest-ServerDiagnosticsNegativeTest-2139373716-project] Image limits 0:0:0 {{(pid=114522) get_cpu_topology_constraints /opt/stack/nova/nova/virt/hardware.py:348}}
Jun 10 02:33:10.648655 n-d-758944-27 devstack@n-api.service[114522]: DEBUG nova.virt.hardware [None req-bc7a6459-41ef-4cc4-8625-9110eeb1ed78 tempest-ServerDiagnosticsNegativeTest-2139373716 tempest-ServerDiagnosticsNegativeTest-2139373716-project] Flavor pref 0:0:0 {{(pid=114522) get_cpu_topology_constraints /opt/stack/nova/nova/virt/hardware.py:384}}
Jun 10 02:33:10.649080 n-d-758944-27 devstack@n-api.service[114522]: DEBUG nova.virt.hardware [None req-bc7a6459-41ef-4cc4-8625-9110eeb1ed78 tempest-ServerDiagnosticsNegativeTest-2139373716 tempest-ServerDiagnosticsNegativeTest-2139373716-project] Image pref 0:0:0 {{(pid=114522) get_cpu_topology_constraints /opt/stack/nova/nova/virt/hardware.py:388}}
Jun 10 02:33:10.649505 n-d-758944-27 devstack@n-api.service[114522]: DEBUG nova.virt.hardware [None req-bc7a6459-41ef-4cc4-8625-9110eeb1ed78 tempest-ServerDiagnosticsNegativeTest-2139373716 tempest-ServerDiagnosticsNegativeTest-2139373716-project] Chose sockets=0, cores=0, threads=0; limits were sockets=65536, cores=65536, threads=65536 {{(pid=114522) get_cpu_topology_constraints /opt/stack/nova/nova/virt/hardware.py:426}}
Jun 10 02:33:10.660793 n-d-758944-27 devstack@n-api.service[114522]: DEBUG oslo_concurrency.lockutils [None req-bc7a6459-41ef-4cc4-8625-9110eeb1ed78 tempest-ServerDiagnosticsNegativeTest-2139373716 tempest-ServerDiagnosticsNegativeTest-2139373716-project] Lock "00000000-0000-0000-0000-000000000000" acquired by "nova.context.set_target_cell..get_or_set_cached_cell_and_set_connections" :: waited 0.000s {{(pid=114522) inner /usr/local/lib/python3.8/dist-packages/oslo_concurrency/lockutils.py:355}}
Jun 10 02:33:10.661311 n-d-758944-27 devstack@n-api.service[114522]: DEBUG oslo_concurrency.lockutils [None req-bc7a6459-41ef-4cc4-8625-9110eeb1ed78 tempest-ServerDiagnosticsNegativeTest-2139373716 tempest-ServerDiagnosticsNegativeTest-2139373716-project] Lock "00000000-0000-0000-0000-000000000000" released by "nova.context.set_target_cell..get_or_set_cached_cell_and_set_connections" :: held 0.001s {{(pid=114522) inner /usr/local/lib/python3.8/dist-packages/oslo_concurrency/lockutils.py:367}}
Jun 10 02:33:10.662115 n-d-758944-27 devstack@n-api.service[114522]: DEBUG oslo_concurrency.lockutils [None req-bc7a6459-41ef-4cc4-8625-9110eeb1ed78 tempest-ServerDiagnosticsNegativeTest-2139373716 tempest-ServerDiagnosticsNegativeTest-2139373716-project] Lock "1601e519-7b65-440a-898b-5135ec656083" acquired by "nova.context.set_target_cell..get_or_set_cached_cell_and_set_connections" :: waited 0.000s {{(pid=114522) inner /usr/local/lib/python3.8/dist-packages/oslo_concurrency/lockutils.py:355}}
Jun 10 02:33:10.662555 n-d-758944-27 devstack@n-api.service[114522]: DEBUG oslo_concurrency.lockutils [None req-bc7a6459-41ef-4cc4-8625-9110eeb1ed78 tempest-ServerDiagnosticsNegativeTest-2139373716 tempest-ServerDiagnosticsNegativeTest-2139373716-project] Lock "1601e519-7b65-440a-898b-5135ec656083" released by "nova.context.set_target_cell..get_or_set_cached_cell_and_set_connections" :: held 0.000s {{(pid=114522) inner /usr/local/lib/python3.8/dist-packages/oslo_concurrency/lockutils.py:367}}
Jun 10 02:33:10.722832 n-d-758944-27 devstack@n-api.service[114522]: DEBUG nova.quota [None req-bc7a6459-41ef-4cc4-8625-9110eeb1ed78 tempest-ServerDiagnosticsNegativeTest-2139373716 tempest-ServerDiagnosticsNegativeTest-2139373716-project] Getting quotas for project d791bffcebe24fdaa5be49fe31b1bdb3. Resources: {'instances', 'ram', 'cores'} {{(pid=114522) _get_quotas /opt/stack/nova/nova/quota.py:387}}
Jun 10 02:33:10.727142 n-d-758944-27 devstack@n-api.service[114522]: DEBUG nova.quota [None req-bc7a6459-41ef-4cc4-8625-9110eeb1ed78 tempest-ServerDiagnosticsNegativeTest-2139373716 tempest-ServerDiagnosticsNegativeTest-2139373716-project] Getting quotas for user a402ca294ca44b138fec285405f9a683 and project d791bffcebe24fdaa5be49fe31b1bdb3. Resources: {'instances', 'ram', 'cores'} {{(pid=114522) _get_quotas /opt/stack/nova/nova/quota.py:377}}
Jun 10 02:33:10.763850 n-d-758944-27 devstack@n-api.service[114522]: DEBUG nova.compute.api [None req-bc7a6459-41ef-4cc4-8625-9110eeb1ed78 tempest-ServerDiagnosticsNegativeTest-2139373716 tempest-ServerDiagnosticsNegativeTest-2139373716-project] Going to run 1 instances... {{(pid=114522) _provision_instances /opt/stack/nova/nova/compute/api.py:1282}}
Jun 10 02:33:10.763850 n-d-758944-27 devstack@n-api.service[114522]: DEBUG nova.compute.api [None req-bc7a6459-41ef-4cc4-8625-9110eeb1ed78 tempest-ServerDiagnosticsNegativeTest-2139373716 tempest-ServerDiagnosticsNegativeTest-2139373716-project] [instance: cfee348a-c868-48e6-b238-4bbc96b063dc] block_device_mapping [BlockDeviceMapping(attachment_id=,boot_index=0,connection_info=None,created_at=,delete_on_termination=True,deleted=,deleted_at=,destination_type='local',device_name=None,device_type='disk',disk_bus=None,guest_format=None,id=,image_id='a1aa26b0-4632-4f83-8008-acc2f5d95a4e',instance=,instance_uuid=,no_device=False,snapshot_id=None,source_type='image',tag=None,updated_at=,uuid=,volume_id=None,volume_size=None,volume_type=None)] {{(pid=114522) _bdm_validate_set_size_and_instance /opt/stack/nova/nova/compute/api.py:1687}}
Jun 10 02:33:10.841456 n-d-758944-27 devstack@n-api.service[114523]: DEBUG nova.policy [None req-904354cb-39a8-44f5-867d-bb83b9836aa6 tempest-AggregatesAdminTestJSON-1501704268 tempest-AggregatesAdminTestJSON-1501704268-project] Policy check for os_compute_api:os-extended-server-attributes failed with credentials {'is_admin': False, 'user_id': '3eb00e908e7e4c7a93e449eede00ecdc', 'user_domain_id': 'default', 'system_scope': None, 'domain_id': None, 'project_id': '4cc9becd6cec4af5bda00826b3ae0fbd', 'project_domain_id': 'default', 'roles': ['reader', 'member'], 'is_admin_project': True, 'service_user_id': None, 'service_user_domain_id': None, 'service_project_id': None, 'service_project_domain_id': None, 'service_roles': []} {{(pid=114523) authorize /opt/stack/nova/nova/policy.py:199}}
Jun 10 02:33:10.852195 n-d-758944-27 devstack@n-api.service[114523]: INFO nova.api.openstack.requestlog [None req-904354cb-39a8-44f5-867d-bb83b9836aa6 tempest-AggregatesAdminTestJSON-1501704268 tempest-AggregatesAdminTestJSON-1501704268-project] 10.222.0.58 "GET /compute/v2.1/servers/7986e29a-d973-47b4-b0eb-18a92fa37c45" status: 200 len: 1338 microversion: 2.1 time: 0.557220
Jun 10 02:33:10.853089 n-d-758944-27 devstack@n-api.service[114523]: [pid: 114523|app: 0|req: 48/102] 10.222.0.58 () {58 vars in 1236 bytes} [Thu Jun 10 02:33:10 2021] GET /compute/v2.1/servers/7986e29a-d973-47b4-b0eb-18a92fa37c45 => generated 1338 bytes in 559 msecs (HTTP/1.1 200) 9 headers in 358 bytes (1 switches on core 0)
Jun 10 02:33:11.037029 n-d-758944-27 devstack@n-api.service[114522]: INFO nova.api.openstack.requestlog [None req-bc7a6459-41ef-4cc4-8625-9110eeb1ed78 tempest-ServerDiagnosticsNegativeTest-2139373716 tempest-ServerDiagnosticsNegativeTest-2139373716-project] 10.222.0.58 "POST /compute/v2.1/servers" status: 202 len: 380 microversion: 2.1 time: 1.745003
Jun 10 02:33:11.041314 n-d-758944-27 devstack@n-api.service[114522]: [pid: 114522|app: 0|req: 55/103] 10.222.0.58 () {60 vars in 1147 bytes} [Thu Jun 10 02:33:09 2021] POST /compute/v2.1/servers => generated 380 bytes in 1754 msecs (HTTP/1.1 202) 10 headers in 451 bytes (1 switches on core 0)
Jun 10 02:33:11.055604 n-d-758944-27 devstack@n-api.service[114522]: DEBUG nova.api.openstack.wsgi [None req-d4fa36b4-1c9e-4dcd-8ab7-ebea27ca3ad7 tempest-ServerDiagnosticsNegativeTest-2139373716 tempest-ServerDiagnosticsNegativeTest-2139373716-project] Calling method '>' {{(pid=114522) _process_stack /opt/stack/nova/nova/api/openstack/wsgi.py:513}}
Jun 10 02:33:11.057167 n-d-758944-27 devstack@n-api.service[114522]: DEBUG nova.compute.api [None req-d4fa36b4-1c9e-4dcd-8ab7-ebea27ca3ad7 tempest-ServerDiagnosticsNegativeTest-2139373716 tempest-ServerDiagnosticsNegativeTest-2139373716-project] [instance: cfee348a-c868-48e6-b238-4bbc96b063dc] Fetching instance by UUID {{(pid=114522) get /opt/stack/nova/nova/compute/api.py:2795}}
Jun 10 02:33:11.421497 n-d-758944-27 devstack@n-api.service[114523]: DEBUG nova.api.openstack.wsgi [None req-89f6a4bd-51b9-4091-be6b-a1f04c73c386 tempest-HypervisorAdminNegativeUnderV252Test-1984043362 tempest-HypervisorAdminNegativeUnderV252Test-1984043362-project-admin] Calling method '.version_select at 0x7f88c0f77d30>' {{(pid=114523) _process_stack /opt/stack/nova/nova/api/openstack/wsgi.py:513}}
Jun 10 02:33:11.422426 n-d-758944-27 devstack@n-api.service[114523]: /usr/local/lib/python3.8/dist-packages/oslo_policy/policy.py:1064: UserWarning: Policy os_compute_api:os-hypervisors:list failed scope check. The token used to make the request was project scoped but the policy requires ['system'] scope. This behavior may change in the future where using the intended scope is required
Jun 10 02:33:11.422426 n-d-758944-27 devstack@n-api.service[114523]: warnings.warn(msg)
Jun 10 02:33:11.425387 n-d-758944-27 devstack@n-api.service[114523]: DEBUG oslo_concurrency.lockutils [None req-89f6a4bd-51b9-4091-be6b-a1f04c73c386 tempest-HypervisorAdminNegativeUnderV252Test-1984043362 tempest-HypervisorAdminNegativeUnderV252Test-1984043362-project-admin] Lock "1601e519-7b65-440a-898b-5135ec656083" acquired by "nova.context.set_target_cell..get_or_set_cached_cell_and_set_connections" :: waited 0.000s {{(pid=114523) inner /usr/local/lib/python3.8/dist-packages/oslo_concurrency/lockutils.py:355}}
Jun 10 02:33:11.426319 n-d-758944-27 devstack@n-api.service[114523]: DEBUG oslo_concurrency.lockutils [None req-89f6a4bd-51b9-4091-be6b-a1f04c73c386 tempest-HypervisorAdminNegativeUnderV252Test-1984043362 tempest-HypervisorAdminNegativeUnderV252Test-1984043362-project-admin] Lock "1601e519-7b65-440a-898b-5135ec656083" released by "nova.context.set_target_cell..get_or_set_cached_cell_and_set_connections" :: held 0.001s {{(pid=114523) inner /usr/local/lib/python3.8/dist-packages/oslo_concurrency/lockutils.py:367}}
Jun 10 02:33:11.449235 n-d-758944-27 devstack@n-api.service[114523]: DEBUG oslo_concurrency.lockutils [None req-89f6a4bd-51b9-4091-be6b-a1f04c73c386 tempest-HypervisorAdminNegativeUnderV252Test-1984043362 tempest-HypervisorAdminNegativeUnderV252Test-1984043362-project-admin] Lock "1601e519-7b65-440a-898b-5135ec656083" acquired by "nova.context.set_target_cell..get_or_set_cached_cell_and_set_connections" :: waited 0.000s {{(pid=114523) inner /usr/local/lib/python3.8/dist-packages/oslo_concurrency/lockutils.py:355}}
Jun 10 02:33:11.470160 n-d-758944-27 devstack@n-api.service[114523]: DEBUG oslo_concurrency.lockutils [None req-89f6a4bd-51b9-4091-be6b-a1f04c73c386 tempest-HypervisorAdminNegativeUnderV252Test-1984043362 tempest-HypervisorAdminNegativeUnderV252Test-1984043362-project-admin] Lock "1601e519-7b65-440a-898b-5135ec656083" released by "nova.context.set_target_cell..get_or_set_cached_cell_and_set_connections" :: held 0.001s {{(pid=114523) inner /usr/local/lib/python3.8/dist-packages/oslo_concurrency/lockutils.py:367}}
Jun 10 02:33:11.475539 n-d-758944-27 devstack@n-api.service[114522]: DEBUG nova.policy [None req-d4fa36b4-1c9e-4dcd-8ab7-ebea27ca3ad7 tempest-ServerDiagnosticsNegativeTest-2139373716 tempest-ServerDiagnosticsNegativeTest-2139373716-project] Policy check for os_compute_api:os-extended-server-attributes failed with credentials {'is_admin': False, 'user_id': 'a402ca294ca44b138fec285405f9a683', 'user_domain_id': 'default', 'system_scope': None, 'domain_id': None, 'project_id': 'd791bffcebe24fdaa5be49fe31b1bdb3', 'project_domain_id': 'default', 'roles': ['reader', 'member'], 'is_admin_project': True, 'service_user_id': None, 'service_user_domain_id': None, 'service_project_id': None, 'service_project_domain_id': None, 'service_roles': []} {{(pid=114522) authorize /opt/stack/nova/nova/policy.py:199}}
Jun 10 02:33:11.488218 n-d-758944-27 devstack@n-api.service[114522]: INFO nova.api.openstack.requestlog [None req-d4fa36b4-1c9e-4dcd-8ab7-ebea27ca3ad7 tempest-ServerDiagnosticsNegativeTest-2139373716 tempest-ServerDiagnosticsNegativeTest-2139373716-project] 10.222.0.58 "GET /compute/v2.1/servers/cfee348a-c868-48e6-b238-4bbc96b063dc" status: 200 len: 1222 microversion: 2.1 time: 0.440215
Jun 10 02:33:11.489917 n-d-758944-27 devstack@n-api.service[114522]: [pid: 114522|app: 0|req: 56/104] 10.222.0.58 () {58 vars in 1236 bytes} [Thu Jun 10 02:33:11 2021] GET /compute/v2.1/servers/cfee348a-c868-48e6-b238-4bbc96b063dc => generated 1222 bytes in 446 msecs (HTTP/1.1 200) 9 headers in 358 bytes (2 switches on core 0)
Jun 10 02:33:11.501474 n-d-758944-27 devstack@n-api.service[114522]: DEBUG nova.api.openstack.wsgi [None req-b9b6bf8a-41cc-43ea-9a17-3b9dc1670395 tempest-DeleteServersAdminTestJSON-230414723 tempest-DeleteServersAdminTestJSON-230414723-project] Calling method '>' {{(pid=114522) _process_stack /opt/stack/nova/nova/api/openstack/wsgi.py:513}}
Jun 10 02:33:11.502370 n-d-758944-27 devstack@n-api.service[114522]: DEBUG nova.compute.api [None req-b9b6bf8a-41cc-43ea-9a17-3b9dc1670395 tempest-DeleteServersAdminTestJSON-230414723 tempest-DeleteServersAdminTestJSON-230414723-project] [instance: ff6b0dc1-d900-46ec-b205-f0ed25361298] Fetching instance by UUID {{(pid=114522) get /opt/stack/nova/nova/compute/api.py:2795}}
Jun 10 02:33:11.514150 n-d-758944-27 devstack@n-api.service[114523]: DEBUG oslo_concurrency.lockutils [None req-89f6a4bd-51b9-4091-be6b-a1f04c73c386 tempest-HypervisorAdminNegativeUnderV252Test-1984043362 tempest-HypervisorAdminNegativeUnderV252Test-1984043362-project-admin] Lock "1601e519-7b65-440a-898b-5135ec656083" acquired by "nova.context.set_target_cell..get_or_set_cached_cell_and_set_connections" :: waited 0.000s {{(pid=114523) inner /usr/local/lib/python3.8/dist-packages/oslo_concurrency/lockutils.py:355}}
Jun 10 02:33:11.516644 n-d-758944-27 devstack@n-api.service[114523]: DEBUG oslo_concurrency.lockutils [None req-89f6a4bd-51b9-4091-be6b-a1f04c73c386 tempest-HypervisorAdminNegativeUnderV252Test-1984043362 tempest-HypervisorAdminNegativeUnderV252Test-1984043362-project-admin] Lock "1601e519-7b65-440a-898b-5135ec656083" released by "nova.context.set_target_cell..get_or_set_cached_cell_and_set_connections" :: held 0.002s {{(pid=114523) inner /usr/local/lib/python3.8/dist-packages/oslo_concurrency/lockutils.py:367}}
Jun 10 02:33:11.524337 n-d-758944-27 devstack@n-api.service[114522]: DEBUG oslo_concurrency.lockutils [None req-b9b6bf8a-41cc-43ea-9a17-3b9dc1670395 tempest-DeleteServersAdminTestJSON-230414723 tempest-DeleteServersAdminTestJSON-230414723-project] Lock "1601e519-7b65-440a-898b-5135ec656083" acquired by "nova.context.set_target_cell..get_or_set_cached_cell_and_set_connections" :: waited 0.000s {{(pid=114522) inner /usr/local/lib/python3.8/dist-packages/oslo_concurrency/lockutils.py:355}}
Jun 10 02:33:11.525393 n-d-758944-27 devstack@n-api.service[114522]: DEBUG oslo_concurrency.lockutils [None req-b9b6bf8a-41cc-43ea-9a17-3b9dc1670395 tempest-DeleteServersAdminTestJSON-230414723 tempest-DeleteServersAdminTestJSON-230414723-project] Lock "1601e519-7b65-440a-898b-5135ec656083" released by "nova.context.set_target_cell..get_or_set_cached_cell_and_set_connections" :: held 0.001s {{(pid=114522) inner /usr/local/lib/python3.8/dist-packages/oslo_concurrency/lockutils.py:367}}
Jun 10 02:33:11.527098 n-d-758944-27 devstack@n-api.service[114522]: DEBUG oslo_concurrency.lockutils [None req-b9b6bf8a-41cc-43ea-9a17-3b9dc1670395 tempest-DeleteServersAdminTestJSON-230414723 tempest-DeleteServersAdminTestJSON-230414723-project] Lock "1601e519-7b65-440a-898b-5135ec656083" acquired by "nova.context.set_target_cell..get_or_set_cached_cell_and_set_connections" :: waited 0.000s {{(pid=114522) inner /usr/local/lib/python3.8/dist-packages/oslo_concurrency/lockutils.py:355}}
Jun 10 02:33:11.530090 n-d-758944-27 devstack@n-api.service[114522]: DEBUG oslo_concurrency.lockutils [None req-b9b6bf8a-41cc-43ea-9a17-3b9dc1670395 tempest-DeleteServersAdminTestJSON-230414723 tempest-DeleteServersAdminTestJSON-230414723-project] Lock "1601e519-7b65-440a-898b-5135ec656083" released by "nova.context.set_target_cell..get_or_set_cached_cell_and_set_connections" :: held 0.003s {{(pid=114522) inner /usr/local/lib/python3.8/dist-packages/oslo_concurrency/lockutils.py:367}}
Jun 10 02:33:11.548420 n-d-758944-27 devstack@n-api.service[114523]: INFO nova.api.openstack.requestlog [None req-89f6a4bd-51b9-4091-be6b-a1f04c73c386 tempest-HypervisorAdminNegativeUnderV252Test-1984043362 tempest-HypervisorAdminNegativeUnderV252Test-1984043362-project-admin] 10.222.0.58 "GET /compute/v2.1/os-hypervisors" status: 200 len: 193 microversion: 2.1 time: 0.680803
Jun 10 02:33:11.556053 n-d-758944-27 devstack@n-api.service[114523]: [pid: 114523|app: 0|req: 49/105] 10.222.0.58 () {58 vars in 1146 bytes} [Thu Jun 10 02:33:10 2021] GET /compute/v2.1/os-hypervisors => generated 193 bytes in 702 msecs (HTTP/1.1 200) 9 headers in 357 bytes (1 switches on core 0)
Jun 10 02:33:11.889399 n-d-758944-27 devstack@n-api.service[114523]: DEBUG nova.api.openstack.wsgi [None req-85b64c18-a51b-421c-836b-2d12c02ef736 tempest-HypervisorAdminNegativeUnderV252Test-1274120204 tempest-HypervisorAdminNegativeUnderV252Test-1274120204-project] Calling method '.version_select at 0x7f88c0f80700>' {{(pid=114523) _process_stack /opt/stack/nova/nova/api/openstack/wsgi.py:513}}
Jun 10 02:33:11.890219 n-d-758944-27 devstack@n-api.service[114523]: /usr/local/lib/python3.8/dist-packages/oslo_policy/policy.py:1064: UserWarning: Policy os_compute_api:os-hypervisors:search failed scope check. The token used to make the request was project scoped but the policy requires ['system'] scope. This behavior may change in the future where using the intended scope is required
Jun 10 02:33:11.890219 n-d-758944-27 devstack@n-api.service[114523]: warnings.warn(msg)
Jun 10 02:33:11.891608 n-d-758944-27 devstack@n-api.service[114523]: DEBUG nova.policy [None req-85b64c18-a51b-421c-836b-2d12c02ef736 tempest-HypervisorAdminNegativeUnderV252Test-1274120204 tempest-HypervisorAdminNegativeUnderV252Test-1274120204-project] Policy check for os_compute_api:os-hypervisors:search failed with credentials {'is_admin': False, 'user_id': '7b509404833849f38ab5e9f777ae3bed', 'user_domain_id': 'default', 'system_scope': None, 'domain_id': None, 'project_id': 'b7dd5d2473204c47b10107f5a35b4eb6', 'project_domain_id': 'default', 'roles': ['reader', 'member'], 'is_admin_project': True, 'service_user_id': None, 'service_user_domain_id': None, 'service_project_id': None, 'service_project_domain_id': None, 'service_roles': []} {{(pid=114523) authorize /opt/stack/nova/nova/policy.py:199}}
Jun 10 02:33:11.892982 n-d-758944-27 devstack@n-api.service[114523]: DEBUG nova.api.openstack.wsgi [None req-85b64c18-a51b-421c-836b-2d12c02ef736 tempest-HypervisorAdminNegativeUnderV252Test-1274120204 tempest-HypervisorAdminNegativeUnderV252Test-1274120204-project] Returning 403 to user: Policy doesn't allow os_compute_api:os-hypervisors:search to be performed. {{(pid=114523) __call__ /opt/stack/nova/nova/api/openstack/wsgi.py:927}}
Jun 10 02:33:11.894821 n-d-758944-27 devstack@n-api.service[114523]: INFO nova.api.openstack.requestlog [None req-85b64c18-a51b-421c-836b-2d12c02ef736 tempest-HypervisorAdminNegativeUnderV252Test-1274120204 tempest-HypervisorAdminNegativeUnderV252Test-1274120204-project] 10.222.0.58 "GET /compute/v2.1/os-hypervisors/n-h1-758944-27/search" status: 403 len: 117 microversion: 2.1 time: 0.337073
Jun 10 02:33:11.901494 n-d-758944-27 devstack@n-api.service[114523]: [pid: 114523|app: 0|req: 50/106] 10.222.0.58 () {58 vars in 1212 bytes} [Thu Jun 10 02:33:11 2021] GET /compute/v2.1/os-hypervisors/n-h1-758944-27/search => generated 117 bytes in 345 msecs (HTTP/1.1 403) 9 headers in 379 bytes (1 switches on core 0)
Jun 10 02:33:12.166128 n-d-758944-27 devstack@n-api.service[114522]: DEBUG nova.policy [None req-b9b6bf8a-41cc-43ea-9a17-3b9dc1670395 tempest-DeleteServersAdminTestJSON-230414723 tempest-DeleteServersAdminTestJSON-230414723-project] Policy check for os_compute_api:os-extended-server-attributes failed with credentials {'is_admin': False, 'user_id': 'ad9223b5f5bb4f80a5684f5e73475e61', 'user_domain_id': 'default', 'system_scope': None, 'domain_id': None, 'project_id': 'bbc30259754941a1b42d226768d36b27', 'project_domain_id': 'default', 'roles': ['reader', 'member'], 'is_admin_project': True, 'service_user_id': None, 'service_user_domain_id': None, 'service_project_id': None, 'service_project_domain_id': None, 'service_roles': []} {{(pid=114522) authorize /opt/stack/nova/nova/policy.py:199}}
Jun 10 02:33:12.180689 n-d-758944-27 devstack@n-api.service[114522]: INFO nova.api.openstack.requestlog [None req-b9b6bf8a-41cc-43ea-9a17-3b9dc1670395 tempest-DeleteServersAdminTestJSON-230414723 tempest-DeleteServersAdminTestJSON-230414723-project] 10.222.0.58 "GET /compute/v2.1/servers/ff6b0dc1-d900-46ec-b205-f0ed25361298" status: 200 len: 1319 microversion: 2.1 time: 0.688151
Jun 10 02:33:12.183997 n-d-758944-27 devstack@n-api.service[114522]: [pid: 114522|app: 0|req: 57/107] 10.222.0.58 () {58 vars in 1236 bytes} [Thu Jun 10 02:33:11 2021] GET /compute/v2.1/servers/ff6b0dc1-d900-46ec-b205-f0ed25361298 => generated 1319 bytes in 693 msecs (HTTP/1.1 200) 9 headers in 358 bytes (1 switches on core 0)
Jun 10 02:33:12.208221 n-d-758944-27 devstack@n-api.service[114522]: DEBUG nova.api.openstack.wsgi [None req-30e3dc6e-ba3b-4985-92b4-9332ddf79d2c tempest-AggregatesAdminTestJSON-1501704268 tempest-AggregatesAdminTestJSON-1501704268-project] Calling method '>' {{(pid=114522) _process_stack /opt/stack/nova/nova/api/openstack/wsgi.py:513}}
Jun 10 02:33:12.208221 n-d-758944-27 devstack@n-api.service[114522]: DEBUG nova.compute.api [None req-30e3dc6e-ba3b-4985-92b4-9332ddf79d2c tempest-AggregatesAdminTestJSON-1501704268 tempest-AggregatesAdminTestJSON-1501704268-project] [instance: 7986e29a-d973-47b4-b0eb-18a92fa37c45] Fetching instance by UUID {{(pid=114522) get /opt/stack/nova/nova/compute/api.py:2795}}
Jun 10 02:33:12.222601 n-d-758944-27 devstack@n-api.service[114522]: DEBUG oslo_concurrency.lockutils [None req-30e3dc6e-ba3b-4985-92b4-9332ddf79d2c tempest-AggregatesAdminTestJSON-1501704268 tempest-AggregatesAdminTestJSON-1501704268-project] Lock "1601e519-7b65-440a-898b-5135ec656083" acquired by "nova.context.set_target_cell..get_or_set_cached_cell_and_set_connections" :: waited 0.000s {{(pid=114522) inner /usr/local/lib/python3.8/dist-packages/oslo_concurrency/lockutils.py:355}}
Jun 10 02:33:12.223097 n-d-758944-27 devstack@n-api.service[114522]: DEBUG oslo_concurrency.lockutils [None req-30e3dc6e-ba3b-4985-92b4-9332ddf79d2c tempest-AggregatesAdminTestJSON-1501704268 tempest-AggregatesAdminTestJSON-1501704268-project] Lock "1601e519-7b65-440a-898b-5135ec656083" released by "nova.context.set_target_cell..get_or_set_cached_cell_and_set_connections" :: held 0.001s {{(pid=114522) inner /usr/local/lib/python3.8/dist-packages/oslo_concurrency/lockutils.py:367}}
Jun 10 02:33:12.223884 n-d-758944-27 devstack@n-api.service[114522]: DEBUG oslo_concurrency.lockutils [None req-30e3dc6e-ba3b-4985-92b4-9332ddf79d2c tempest-AggregatesAdminTestJSON-1501704268 tempest-AggregatesAdminTestJSON-1501704268-project] Lock "1601e519-7b65-440a-898b-5135ec656083" acquired by "nova.context.set_target_cell..get_or_set_cached_cell_and_set_connections" :: waited 0.000s {{(pid=114522) inner /usr/local/lib/python3.8/dist-packages/oslo_concurrency/lockutils.py:355}}
Jun 10 02:33:12.224349 n-d-758944-27 devstack@n-api.service[114522]: DEBUG oslo_concurrency.lockutils [None req-30e3dc6e-ba3b-4985-92b4-9332ddf79d2c tempest-AggregatesAdminTestJSON-1501704268 tempest-AggregatesAdminTestJSON-1501704268-project] Lock "1601e519-7b65-440a-898b-5135ec656083" released by "nova.context.set_target_cell..get_or_set_cached_cell_and_set_connections" :: held 0.000s {{(pid=114522) inner /usr/local/lib/python3.8/dist-packages/oslo_concurrency/lockutils.py:367}}
Jun 10 02:33:12.467414 n-d-758944-27 devstack@n-api.service[114523]: DEBUG nova.api.openstack.wsgi [None req-1a28609d-d8c8-4264-b8b6-cbc3b4eb9ba0 tempest-HostsAdminTestJSON-1400202237 tempest-HostsAdminTestJSON-1400202237-project-admin] Calling method '.version_select at 0x7f88c0f77e50>' {{(pid=114523) _process_stack /opt/stack/nova/nova/api/openstack/wsgi.py:513}}
Jun 10 02:33:12.468871 n-d-758944-27 devstack@n-api.service[114523]: /usr/local/lib/python3.8/dist-packages/oslo_policy/policy.py:1064: UserWarning: Policy os_compute_api:os-hosts:list failed scope check. The token used to make the request was project scoped but the policy requires ['system'] scope. This behavior may change in the future where using the intended scope is required
Jun 10 02:33:12.468871 n-d-758944-27 devstack@n-api.service[114523]: warnings.warn(msg)
