Mar 22 19:47:15.346534 n-d-758851-6 devstack@placement-api.service[111036]: INFO placement.requestlog [req-f7405eda-808c-4ccb-8235-55c39be036d6 req-53330dba-6c5e-4d3b-95c9-034451eacedf service placement] 10.222.0.98 "GET /placement/allocations/1d603018-c0d3-4cfb-9bd3-3adcdb24fc20" status: 200 len: 19 microversion: 1.28
Mar 22 19:47:15.349808 n-d-758851-6 devstack@placement-api.service[111036]: [pid: 111036|app: 0|req: 142/280] 10.222.0.98 () {60 vars in 1380 bytes} [Tue Mar 22 19:47:15 2022] GET /placement/allocations/1d603018-c0d3-4cfb-9bd3-3adcdb24fc20 => generated 19 bytes in 20 msecs (HTTP/1.1 200) 8 headers in 295 bytes (2 switches on core 0)
Mar 22 19:47:15.354699 n-d-758851-6 devstack@placement-api.service[111037]: DEBUG placement.requestlog [req-f7405eda-808c-4ccb-8235-55c39be036d6 req-6fd10f98-7d55-479a-ab14-738528209d21 None None] Starting request: 10.222.0.98 "POST /placement/allocations" {{(pid=111037) __call__ /opt/stack/placement/placement/requestlog.py:55}}
Mar 22 19:47:15.502912 n-d-758851-6 devstack@placement-api.service[111037]: DEBUG placement.handlers.allocation [req-f7405eda-808c-4ccb-8235-55c39be036d6 req-6fd10f98-7d55-479a-ab14-738528209d21 service placement] Successfully wrote allocations [, , , , , ] {{(pid=111037) _update_consumers_and_create_allocations /opt/stack/placement/placement/handlers/allocation.py:572}}
Mar 22 19:47:15.509407 n-d-758851-6 devstack@placement-api.service[111037]: INFO placement.requestlog [req-f7405eda-808c-4ccb-8235-55c39be036d6 req-6fd10f98-7d55-479a-ab14-738528209d21 service placement] 10.222.0.98 "POST /placement/allocations" status: 204 len: 0 microversion: 1.28
Mar 22 19:47:15.524378 n-d-758851-6 devstack@placement-api.service[111037]: [pid: 111037|app: 0|req: 139/281] 10.222.0.98 () {64 vars in 1323 bytes} [Tue Mar 22 19:47:15 2022] POST /placement/allocations => generated 0 bytes in 156 msecs (HTTP/1.1 204) 5 headers in 199 bytes (1 switches on core 0)
Mar 22 19:47:15.551202 n-d-758851-6 devstack@placement-api.service[111036]: DEBUG placement.requestlog [req-f7405eda-808c-4ccb-8235-55c39be036d6 req-3a43c129-3445-4b92-997d-71630bec63e1 None None] Starting request: 10.222.0.98 "GET /placement/allocations/aff5dd9c-9d17-4a1d-af9b-da73aa729ea1" {{(pid=111036) __call__ /opt/stack/placement/placement/requestlog.py:55}}
Mar 22 19:47:15.568096 n-d-758851-6 devstack@placement-api.service[111036]: INFO placement.requestlog [req-f7405eda-808c-4ccb-8235-55c39be036d6 req-3a43c129-3445-4b92-997d-71630bec63e1 service placement] 10.222.0.98 "GET /placement/allocations/aff5dd9c-9d17-4a1d-af9b-da73aa729ea1" status: 200 len: 19 microversion: 1.28
Mar 22 19:47:15.574304 n-d-758851-6 devstack@placement-api.service[111037]: DEBUG placement.requestlog [req-f7405eda-808c-4ccb-8235-55c39be036d6 req-dc3b8599-0bfa-4ae2-ac7b-b4e8745dcfe8 None None] Starting request: 10.222.0.98 "PUT /placement/allocations/aff5dd9c-9d17-4a1d-af9b-da73aa729ea1" {{(pid=111037) __call__ /opt/stack/placement/placement/requestlog.py:55}}
Mar 22 19:47:15.584670 n-d-758851-6 devstack@placement-api.service[111036]: [pid: 111036|app: 0|req: 143/282] 10.222.0.98 () {60 vars in 1380 bytes} [Tue Mar 22 19:47:15 2022] GET /placement/allocations/aff5dd9c-9d17-4a1d-af9b-da73aa729ea1 => generated 19 bytes in 34 msecs (HTTP/1.1 200) 8 headers in 295 bytes (2 switches on core 0)
Mar 22 19:47:15.652830 n-d-758851-6 devstack@placement-api.service[111037]: DEBUG placement.handlers.allocation [req-f7405eda-808c-4ccb-8235-55c39be036d6 req-dc3b8599-0bfa-4ae2-ac7b-b4e8745dcfe8 service placement] Successfully wrote allocations [, , ] {{(pid=111037) _update_consumers_and_create_allocations /opt/stack/placement/placement/handlers/allocation.py:462}}
Mar 22 19:47:15.658341 n-d-758851-6 devstack@placement-api.service[111037]: INFO placement.requestlog [req-f7405eda-808c-4ccb-8235-55c39be036d6 req-dc3b8599-0bfa-4ae2-ac7b-b4e8745dcfe8 service placement] 10.222.0.98 "PUT /placement/allocations/aff5dd9c-9d17-4a1d-af9b-da73aa729ea1" status: 204 len: 0 microversion: 1.28
Mar 22 19:47:15.675754 n-d-758851-6 devstack@placement-api.service[111037]: [pid: 111037|app: 0|req: 140/283] 10.222.0.98 () {64 vars in 1433 bytes} [Tue Mar 22 19:47:15 2022] PUT /placement/allocations/aff5dd9c-9d17-4a1d-af9b-da73aa729ea1 => generated 0 bytes in 87 msecs (HTTP/1.1 204) 5 headers in 199 bytes (2 switches on core 0)
Mar 22 19:47:15.850223 n-d-758851-6 devstack@placement-api.service[111036]: DEBUG placement.requestlog [req-f7405eda-808c-4ccb-8235-55c39be036d6 req-b213b678-c1b5-4b41-a72b-a21170e01958 None None] Starting request: 10.222.0.94 "GET /placement/allocations/aff5dd9c-9d17-4a1d-af9b-da73aa729ea1" {{(pid=111036) __call__ /opt/stack/placement/placement/requestlog.py:55}}
Mar 22 19:47:15.886746 n-d-758851-6 devstack@placement-api.service[111036]: INFO placement.requestlog [req-f7405eda-808c-4ccb-8235-55c39be036d6 req-b213b678-c1b5-4b41-a72b-a21170e01958 service placement] 10.222.0.94 "GET /placement/allocations/aff5dd9c-9d17-4a1d-af9b-da73aa729ea1" status: 200 len: 259 microversion: 1.28
Mar 22 19:47:15.888255 n-d-758851-6 devstack@placement-api.service[111036]: [pid: 111036|app: 0|req: 144/284] 10.222.0.94 () {60 vars in 1377 bytes} [Tue Mar 22 19:47:15 2022] GET /placement/allocations/aff5dd9c-9d17-4a1d-af9b-da73aa729ea1 => generated 259 bytes in 38 msecs (HTTP/1.1 200) 8 headers in 296 bytes (1 switches on core 0)
Mar 22 19:47:21.077348 n-d-758851-6 devstack@placement-api.service[111037]: DEBUG placement.requestlog [req-33d4f1e9-63de-4493-a6e8-0640b4ec848d req-fcf41208-b32a-40dd-980f-d9fb3401ed7c None None] Starting request: 10.222.0.104 "GET /placement/resource_providers/d86dbd99-4bb3-49ce-8a3a-faa86dec78d1/allocations" {{(pid=111037) __call__ /opt/stack/placement/placement/requestlog.py:55}}
Mar 22 19:47:21.125534 n-d-758851-6 devstack@placement-api.service[111037]: INFO placement.requestlog [req-33d4f1e9-63de-4493-a6e8-0640b4ec848d req-fcf41208-b32a-40dd-980f-d9fb3401ed7c service placement] 10.222.0.104 "GET /placement/resource_providers/d86dbd99-4bb3-49ce-8a3a-faa86dec78d1/allocations" status: 200 len: 861 microversion: 1.0
Mar 22 19:47:21.128779 n-d-758851-6 devstack@placement-api.service[111037]: [pid: 111037|app: 0|req: 141/285] 10.222.0.104 () {58 vars in 1391 bytes} [Tue Mar 22 19:47:21 2022] GET /placement/resource_providers/d86dbd99-4bb3-49ce-8a3a-faa86dec78d1/allocations => generated 861 bytes in 52 msecs (HTTP/1.1 200) 6 headers in 224 bytes (1 switches on core 0)
Mar 22 19:47:21.674111 n-d-758851-6 devstack@placement-api.service[111036]: DEBUG placement.requestlog [req-85ce6759-b7d2-4deb-b68a-da669a92b563 req-dc5c5cd1-d91a-4096-b1fc-9ccc98bf251a None None] Starting request: 10.222.0.94 "GET /placement/resource_providers/ff4962db-58f5-4f4f-8d9c-60d5e6ae890e/allocations" {{(pid=111036) __call__ /opt/stack/placement/placement/requestlog.py:55}}
Mar 22 19:47:21.743114 n-d-758851-6 devstack@placement-api.service[111036]: INFO placement.requestlog [req-85ce6759-b7d2-4deb-b68a-da669a92b563 req-dc5c5cd1-d91a-4096-b1fc-9ccc98bf251a service placement] 10.222.0.94 "GET /placement/resource_providers/ff4962db-58f5-4f4f-8d9c-60d5e6ae890e/allocations" status: 200 len: 760 microversion: 1.0
Mar 22 19:47:21.743250 n-d-758851-6 devstack@placement-api.service[111036]: [pid: 111036|app: 0|req: 145/286] 10.222.0.94 () {58 vars in 1390 bytes} [Tue Mar 22 19:47:21 2022] GET /placement/resource_providers/ff4962db-58f5-4f4f-8d9c-60d5e6ae890e/allocations => generated 760 bytes in 69 msecs (HTTP/1.1 200) 6 headers in 224 bytes (1 switches on core 0)
Mar 22 19:47:22.201738 n-d-758851-6 devstack@placement-api.service[111037]: DEBUG placement.requestlog [req-466388af-397d-4000-8414-188afd387742 req-eee7efa0-c5d4-46f8-b996-8c870f19cae9 None None] Starting request: 10.222.0.104 "GET /placement/allocations/9967007a-5703-4eb3-99e2-50b5052db1f6" {{(pid=111037) __call__ /opt/stack/placement/placement/requestlog.py:55}}
Mar 22 19:47:22.242588 n-d-758851-6 devstack@placement-api.service[111037]: INFO placement.requestlog [req-466388af-397d-4000-8414-188afd387742 req-eee7efa0-c5d4-46f8-b996-8c870f19cae9 service placement] 10.222.0.104 "GET /placement/allocations/9967007a-5703-4eb3-99e2-50b5052db1f6" status: 200 len: 259 microversion: 1.28
Mar 22 19:47:22.243738 n-d-758851-6 devstack@placement-api.service[111037]: [pid: 111037|app: 0|req: 142/287] 10.222.0.104 () {60 vars in 1378 bytes} [Tue Mar 22 19:47:22 2022] GET /placement/allocations/9967007a-5703-4eb3-99e2-50b5052db1f6 => generated 259 bytes in 42 msecs (HTTP/1.1 200) 8 headers in 296 bytes (2 switches on core 0)
Mar 22 19:47:22.253581 n-d-758851-6 devstack@placement-api.service[111036]: DEBUG placement.requestlog [req-466388af-397d-4000-8414-188afd387742 req-bdf119d6-ca48-401a-824c-178b15477794 None None] Starting request: 10.222.0.104 "PUT /placement/allocations/9967007a-5703-4eb3-99e2-50b5052db1f6" {{(pid=111036) __call__ /opt/stack/placement/placement/requestlog.py:55}}
Mar 22 19:47:22.413215 n-d-758851-6 devstack@placement-api.service[111036]: DEBUG placement.handlers.allocation [req-466388af-397d-4000-8414-188afd387742 req-bdf119d6-ca48-401a-824c-178b15477794 service placement] Successfully wrote allocations [, , ] {{(pid=111036) _update_consumers_and_create_allocations /opt/stack/placement/placement/handlers/allocation.py:462}}
Mar 22 19:47:22.426472 n-d-758851-6 devstack@placement-api.service[111036]: INFO placement.requestlog [req-466388af-397d-4000-8414-188afd387742 req-bdf119d6-ca48-401a-824c-178b15477794 service placement] 10.222.0.104 "PUT /placement/allocations/9967007a-5703-4eb3-99e2-50b5052db1f6" status: 204 len: 0 microversion: 1.28
Mar 22 19:47:22.427148 n-d-758851-6 devstack@placement-api.service[111036]: [pid: 111036|app: 0|req: 146/288] 10.222.0.104 () {64 vars in 1431 bytes} [Tue Mar 22 19:47:22 2022] PUT /placement/allocations/9967007a-5703-4eb3-99e2-50b5052db1f6 => generated 0 bytes in 174 msecs (HTTP/1.1 204) 5 headers in 199 bytes (1 switches on core 0)
Mar 22 19:47:27.321151 n-d-758851-6 devstack@placement-api.service[111037]: DEBUG placement.requestlog [req-4ac11272-063b-4558-8d5a-ff093cfc4d98 req-1f53f294-e3dc-444a-aea3-0824a2334cc8 None None] Starting request: 10.222.0.98 "GET /placement/allocation_candidates?limit=1000&resources=DISK_GB%3A1%2CMEMORY_MB%3A1024%2CVCPU%3A1&root_required=%21COMPUTE_STATUS_DISABLED" {{(pid=111037) __call__ /opt/stack/placement/placement/requestlog.py:55}}
Mar 22 19:47:27.396709 n-d-758851-6 devstack@placement-api.service[111037]: DEBUG placement.objects.research_context [req-4ac11272-063b-4558-8d5a-ff093cfc4d98 req-1f53f294-e3dc-444a-aea3-0824a2334cc8 service placement] getting providers with 1 DISK_GB {{(pid=111037) __init__ /opt/stack/placement/placement/objects/research_context.py:136}}
Mar 22 19:47:27.411262 n-d-758851-6 devstack@placement-api.service[111037]: DEBUG placement.objects.research_context [req-4ac11272-063b-4558-8d5a-ff093cfc4d98 req-1f53f294-e3dc-444a-aea3-0824a2334cc8 service placement] getting providers with 1024 MEMORY_MB {{(pid=111037) __init__ /opt/stack/placement/placement/objects/research_context.py:136}}
Mar 22 19:47:27.425482 n-d-758851-6 devstack@placement-api.service[111037]: DEBUG placement.objects.research_context [req-4ac11272-063b-4558-8d5a-ff093cfc4d98 req-1f53f294-e3dc-444a-aea3-0824a2334cc8 service placement] getting providers with 1 VCPU {{(pid=111037) __init__ /opt/stack/placement/placement/objects/research_context.py:136}}
Mar 22 19:47:27.433474 n-d-758851-6 devstack@placement-api.service[111037]: DEBUG placement.objects.research_context [req-4ac11272-063b-4558-8d5a-ff093cfc4d98 req-1f53f294-e3dc-444a-aea3-0824a2334cc8 service placement] found 2 providers with available 1 DISK_GB {{(pid=111037) get_provider_ids_matching /opt/stack/placement/placement/objects/research_context.py:559}}
Mar 22 19:47:27.433725 n-d-758851-6 devstack@placement-api.service[111037]: DEBUG placement.objects.research_context [req-4ac11272-063b-4558-8d5a-ff093cfc4d98 req-1f53f294-e3dc-444a-aea3-0824a2334cc8 service placement] found 2 providers with available 1024 MEMORY_MB {{(pid=111037) get_provider_ids_matching /opt/stack/placement/placement/objects/research_context.py:559}}
Mar 22 19:47:27.434002 n-d-758851-6 devstack@placement-api.service[111037]: DEBUG placement.objects.research_context [req-4ac11272-063b-4558-8d5a-ff093cfc4d98 req-1f53f294-e3dc-444a-aea3-0824a2334cc8 service placement] found 2 providers after filtering by previous result {{(pid=111037) get_provider_ids_matching /opt/stack/placement/placement/objects/research_context.py:590}}
Mar 22 19:47:27.434624 n-d-758851-6 devstack@placement-api.service[111037]: DEBUG placement.objects.research_context [req-4ac11272-063b-4558-8d5a-ff093cfc4d98 req-1f53f294-e3dc-444a-aea3-0824a2334cc8 service placement] found 2 providers with available 1 VCPU {{(pid=111037) get_provider_ids_matching /opt/stack/placement/placement/objects/research_context.py:559}}
Mar 22 19:47:27.435060 n-d-758851-6 devstack@placement-api.service[111037]: DEBUG placement.objects.research_context [req-4ac11272-063b-4558-8d5a-ff093cfc4d98 req-1f53f294-e3dc-444a-aea3-0824a2334cc8 service placement] found 2 providers after filtering by previous result {{(pid=111037) get_provider_ids_matching /opt/stack/placement/placement/objects/research_context.py:590}}
Mar 22 19:47:27.450602 n-d-758851-6 devstack@placement-api.service[111037]: DEBUG placement.objects.allocation_candidate [req-4ac11272-063b-4558-8d5a-ff093cfc4d98 req-1f53f294-e3dc-444a-aea3-0824a2334cc8 service placement] RequestGroup(use_same_provider=False, resources={DISK_GB:1, MEMORY_MB:1024, VCPU:1}, traits=(), aggregates=[]) (suffix '') returned 2 matches {{(pid=111037) _get_by_requests /opt/stack/placement/placement/objects/allocation_candidate.py:156}}
Mar 22 19:47:27.451175 n-d-758851-6 devstack@placement-api.service[111037]: DEBUG placement.objects.allocation_candidate [req-4ac11272-063b-4558-8d5a-ff093cfc4d98 req-1f53f294-e3dc-444a-aea3-0824a2334cc8 service placement] Merging candidates yields 2 allocation requests and 2 provider summaries {{(pid=111037) _merge_candidates /opt/stack/placement/placement/objects/allocation_candidate.py:809}}
Mar 22 19:47:27.453802 n-d-758851-6 devstack@placement-api.service[111037]: INFO placement.requestlog [req-4ac11272-063b-4558-8d5a-ff093cfc4d98 req-1f53f294-e3dc-444a-aea3-0824a2334cc8 service placement] 10.222.0.98 "GET /placement/allocation_candidates?limit=1000&resources=DISK_GB%3A1%2CMEMORY_MB%3A1024%2CVCPU%3A1&root_required=%21COMPUTE_STATUS_DISABLED" status: 200 len: 1309 microversion: 1.36
Mar 22 19:47:27.454689 n-d-758851-6 devstack@placement-api.service[111037]: [pid: 111037|app: 0|req: 143/289] 10.222.0.98 () {60 vars in 1506 bytes} [Tue Mar 22 19:47:27 2022] GET /placement/allocation_candidates?limit=1000&resources=DISK_GB%3A1%2CMEMORY_MB%3A1024%2CVCPU%3A1&root_required=%21COMPUTE_STATUS_DISABLED => generated 1309 bytes in 134 msecs (HTTP/1.1 200) 8 headers in 297 bytes (1 switches on core 0)
Mar 22 19:47:27.585342 n-d-758851-6 devstack@placement-api.service[111036]: DEBUG placement.requestlog [req-4ac11272-063b-4558-8d5a-ff093cfc4d98 req-eb13e0a3-aaaf-47c2-aa9c-791ca0abbeab None None] Starting request: 10.222.0.98 "GET /placement/allocations/dcb9b555-80ad-4f10-8df6-ae85d5e79dc7" {{(pid=111036) __call__ /opt/stack/placement/placement/requestlog.py:55}}
Mar 22 19:47:27.609986 n-d-758851-6 devstack@placement-api.service[111036]: INFO placement.requestlog [req-4ac11272-063b-4558-8d5a-ff093cfc4d98 req-eb13e0a3-aaaf-47c2-aa9c-791ca0abbeab service placement] 10.222.0.98 "GET /placement/allocations/dcb9b555-80ad-4f10-8df6-ae85d5e79dc7" status: 200 len: 19 microversion: 1.28
Mar 22 19:47:27.610951 n-d-758851-6 devstack@placement-api.service[111036]: [pid: 111036|app: 0|req: 147/290] 10.222.0.98 () {60 vars in 1380 bytes} [Tue Mar 22 19:47:27 2022] GET /placement/allocations/dcb9b555-80ad-4f10-8df6-ae85d5e79dc7 => generated 19 bytes in 26 msecs (HTTP/1.1 200) 8 headers in 295 bytes (1 switches on core 0)
Mar 22 19:47:27.616988 n-d-758851-6 devstack@placement-api.service[111037]: DEBUG placement.requestlog [req-4ac11272-063b-4558-8d5a-ff093cfc4d98 req-9e12da10-38ad-4e8d-9c48-89e03688c124 None None] Starting request: 10.222.0.98 "PUT /placement/allocations/dcb9b555-80ad-4f10-8df6-ae85d5e79dc7" {{(pid=111037) __call__ /opt/stack/placement/placement/requestlog.py:55}}
Mar 22 19:47:27.721244 n-d-758851-6 devstack@placement-api.service[111037]: DEBUG placement.handlers.allocation [req-4ac11272-063b-4558-8d5a-ff093cfc4d98 req-9e12da10-38ad-4e8d-9c48-89e03688c124 service placement] Successfully wrote allocations [, , ] {{(pid=111037) _update_consumers_and_create_allocations /opt/stack/placement/placement/handlers/allocation.py:462}}
Mar 22 19:47:27.726865 n-d-758851-6 devstack@placement-api.service[111037]: INFO placement.requestlog [req-4ac11272-063b-4558-8d5a-ff093cfc4d98 req-9e12da10-38ad-4e8d-9c48-89e03688c124 service placement] 10.222.0.98 "PUT /placement/allocations/dcb9b555-80ad-4f10-8df6-ae85d5e79dc7" status: 204 len: 0 microversion: 1.36
Mar 22 19:47:27.727678 n-d-758851-6 devstack@placement-api.service[111037]: [pid: 111037|app: 0|req: 144/291] 10.222.0.98 () {64 vars in 1433 bytes} [Tue Mar 22 19:47:27 2022] PUT /placement/allocations/dcb9b555-80ad-4f10-8df6-ae85d5e79dc7 => generated 0 bytes in 111 msecs (HTTP/1.1 204) 5 headers in 199 bytes (1 switches on core 0)
Mar 22 19:47:28.132766 n-d-758851-6 devstack@placement-api.service[111036]: DEBUG placement.requestlog [req-4ac11272-063b-4558-8d5a-ff093cfc4d98 req-21f6324a-fa20-4953-914d-ad1cfc77e5a7 None None] Starting request: 10.222.0.94 "GET /placement/allocations/dcb9b555-80ad-4f10-8df6-ae85d5e79dc7" {{(pid=111036) __call__ /opt/stack/placement/placement/requestlog.py:55}}
Mar 22 19:47:28.156979 n-d-758851-6 devstack@placement-api.service[111036]: INFO placement.requestlog [req-4ac11272-063b-4558-8d5a-ff093cfc4d98 req-21f6324a-fa20-4953-914d-ad1cfc77e5a7 service placement] 10.222.0.94 "GET /placement/allocations/dcb9b555-80ad-4f10-8df6-ae85d5e79dc7" status: 200 len: 259 microversion: 1.28
Mar 22 19:47:28.157363 n-d-758851-6 devstack@placement-api.service[111036]: [pid: 111036|app: 0|req: 148/292] 10.222.0.94 () {60 vars in 1377 bytes} [Tue Mar 22 19:47:28 2022] GET /placement/allocations/dcb9b555-80ad-4f10-8df6-ae85d5e79dc7 => generated 259 bytes in 25 msecs (HTTP/1.1 200) 8 headers in 296 bytes (1 switches on core 0)
Mar 22 19:47:50.987680 n-d-758851-6 devstack@placement-api.service[111037]: DEBUG placement.requestlog [None req-3aded9df-bdef-45f1-9f18-a50d73e73644 None None] Starting request: 10.222.0.98 "GET /placement/" {{(pid=111037) __call__ /opt/stack/placement/placement/requestlog.py:55}}
Mar 22 19:47:50.989238 n-d-758851-6 devstack@placement-api.service[111037]: INFO placement.requestlog [None req-3aded9df-bdef-45f1-9f18-a50d73e73644 None None] 10.222.0.98 "GET /placement/" status: 200 len: 136 microversion: 1.0
Mar 22 19:47:50.989880 n-d-758851-6 devstack@placement-api.service[111037]: [pid: 111037|app: 0|req: 145/293] 10.222.0.98 () {54 vars in 916 bytes} [Tue Mar 22 19:47:50 2022] GET /placement => generated 136 bytes in 3 msecs (HTTP/1.1 200) 6 headers in 224 bytes (1 switches on core 0)
Mar 22 19:47:51.003215 n-d-758851-6 devstack@placement-api.service[111036]: DEBUG placement.requestlog [req-1500d16c-5a43-4556-9743-7b9462a7a708 req-ef08e108-8ac9-471c-8720-ed5fde16eff6 None None] Starting request: 10.222.0.98 "GET /placement/allocations/dcb9b555-80ad-4f10-8df6-ae85d5e79dc7" {{(pid=111036) __call__ /opt/stack/placement/placement/requestlog.py:55}}
Mar 22 19:47:51.165669 n-d-758851-6 devstack@placement-api.service[111036]: INFO placement.requestlog [req-1500d16c-5a43-4556-9743-7b9462a7a708 req-ef08e108-8ac9-471c-8720-ed5fde16eff6 service placement] 10.222.0.98 "GET /placement/allocations/dcb9b555-80ad-4f10-8df6-ae85d5e79dc7" status: 200 len: 259 microversion: 1.28
Mar 22 19:47:51.166396 n-d-758851-6 devstack@placement-api.service[111036]: [pid: 111036|app: 0|req: 149/294] 10.222.0.98 () {60 vars in 1380 bytes} [Tue Mar 22 19:47:51 2022] GET /placement/allocations/dcb9b555-80ad-4f10-8df6-ae85d5e79dc7 => generated 259 bytes in 163 msecs (HTTP/1.1 200) 8 headers in 296 bytes (1 switches on core 0)
Mar 22 19:47:51.172717 n-d-758851-6 devstack@placement-api.service[111037]: DEBUG placement.requestlog [req-1500d16c-5a43-4556-9743-7b9462a7a708 req-7375bdc3-8100-40ab-a302-1dc95e24e0d5 None None] Starting request: 10.222.0.98 "GET /placement/allocations/dcb9b555-80ad-4f10-8df6-ae85d5e79dc7" {{(pid=111037) __call__ /opt/stack/placement/placement/requestlog.py:55}}
Mar 22 19:47:51.198935 n-d-758851-6 devstack@placement-api.service[111037]: INFO placement.requestlog [req-1500d16c-5a43-4556-9743-7b9462a7a708 req-7375bdc3-8100-40ab-a302-1dc95e24e0d5 service placement] 10.222.0.98 "GET /placement/allocations/dcb9b555-80ad-4f10-8df6-ae85d5e79dc7" status: 200 len: 259 microversion: 1.28
Mar 22 19:47:51.204181 n-d-758851-6 devstack@placement-api.service[111037]: [pid: 111037|app: 0|req: 146/295] 10.222.0.98 () {60 vars in 1380 bytes} [Tue Mar 22 19:47:51 2022] GET /placement/allocations/dcb9b555-80ad-4f10-8df6-ae85d5e79dc7 => generated 259 bytes in 32 msecs (HTTP/1.1 200) 8 headers in 296 bytes (1 switches on core 0)
Mar 22 19:47:51.207301 n-d-758851-6 devstack@placement-api.service[111036]: DEBUG placement.requestlog [req-1500d16c-5a43-4556-9743-7b9462a7a708 req-70310d55-ec7f-43e2-ba67-1d6d2d8482a5 None None] Starting request: 10.222.0.98 "GET /placement/allocations/ab5c2165-d99a-4a5b-8b5b-c8da94b337ba" {{(pid=111036) __call__ /opt/stack/placement/placement/requestlog.py:55}}
Mar 22 19:47:51.225895 n-d-758851-6 devstack@placement-api.service[111036]: INFO placement.requestlog [req-1500d16c-5a43-4556-9743-7b9462a7a708 req-70310d55-ec7f-43e2-ba67-1d6d2d8482a5 service placement] 10.222.0.98 "GET /placement/allocations/ab5c2165-d99a-4a5b-8b5b-c8da94b337ba" status: 200 len: 19 microversion: 1.28
Mar 22 19:47:51.226889 n-d-758851-6 devstack@placement-api.service[111036]: [pid: 111036|app: 0|req: 150/296] 10.222.0.98 () {60 vars in 1380 bytes} [Tue Mar 22 19:47:51 2022] GET /placement/allocations/ab5c2165-d99a-4a5b-8b5b-c8da94b337ba => generated 19 bytes in 20 msecs (HTTP/1.1 200) 8 headers in 295 bytes (1 switches on core 0)
Mar 22 19:47:51.232562 n-d-758851-6 devstack@placement-api.service[111037]: DEBUG placement.requestlog [req-1500d16c-5a43-4556-9743-7b9462a7a708 req-13803a32-f805-4490-b086-58c90ce73721 None None] Starting request: 10.222.0.98 "POST /placement/allocations" {{(pid=111037) __call__ /opt/stack/placement/placement/requestlog.py:55}}
Mar 22 19:47:51.341202 n-d-758851-6 devstack@placement-api.service[111037]: DEBUG placement.handlers.allocation [req-1500d16c-5a43-4556-9743-7b9462a7a708 req-13803a32-f805-4490-b086-58c90ce73721 service placement] Successfully wrote allocations [, , , , , ] {{(pid=111037) _update_consumers_and_create_allocations /opt/stack/placement/placement/handlers/allocation.py:572}}
Mar 22 19:47:51.347586 n-d-758851-6 devstack@placement-api.service[111037]: INFO placement.requestlog [req-1500d16c-5a43-4556-9743-7b9462a7a708 req-13803a32-f805-4490-b086-58c90ce73721 service placement] 10.222.0.98 "POST /placement/allocations" status: 204 len: 0 microversion: 1.28
Mar 22 19:47:51.348865 n-d-758851-6 devstack@placement-api.service[111037]: [pid: 111037|app: 0|req: 147/297] 10.222.0.98 () {64 vars in 1323 bytes} [Tue Mar 22 19:47:51 2022] POST /placement/allocations => generated 0 bytes in 116 msecs (HTTP/1.1 204) 5 headers in 199 bytes (1 switches on core 0)
Mar 22 19:47:51.738252 n-d-758851-6 devstack@placement-api.service[111036]: DEBUG placement.requestlog [req-1500d16c-5a43-4556-9743-7b9462a7a708 req-3c858ed1-b200-4abc-9213-3909ae277653 None None] Starting request: 10.222.0.98 "GET /placement/allocation_candidates?limit=1000&resources=DISK_GB%3A1%2CMEMORY_MB%3A512%2CVCPU%3A1&root_required=%21COMPUTE_STATUS_DISABLED" {{(pid=111036) __call__ /opt/stack/placement/placement/requestlog.py:55}}
Mar 22 19:47:52.018140 n-d-758851-6 devstack@placement-api.service[111036]: DEBUG placement.objects.research_context [req-1500d16c-5a43-4556-9743-7b9462a7a708 req-3c858ed1-b200-4abc-9213-3909ae277653 service placement] getting providers with 1 DISK_GB {{(pid=111036) __init__ /opt/stack/placement/placement/objects/research_context.py:136}}
Mar 22 19:47:52.030932 n-d-758851-6 devstack@placement-api.service[111036]: DEBUG placement.objects.research_context [req-1500d16c-5a43-4556-9743-7b9462a7a708 req-3c858ed1-b200-4abc-9213-3909ae277653 service placement] getting providers with 512 MEMORY_MB {{(pid=111036) __init__ /opt/stack/placement/placement/objects/research_context.py:136}}
Mar 22 19:47:52.046688 n-d-758851-6 devstack@placement-api.service[111036]: DEBUG placement.objects.research_context [req-1500d16c-5a43-4556-9743-7b9462a7a708 req-3c858ed1-b200-4abc-9213-3909ae277653 service placement] getting providers with 1 VCPU {{(pid=111036) __init__ /opt/stack/placement/placement/objects/research_context.py:136}}
Mar 22 19:47:52.060310 n-d-758851-6 devstack@placement-api.service[111036]: DEBUG placement.objects.research_context [req-1500d16c-5a43-4556-9743-7b9462a7a708 req-3c858ed1-b200-4abc-9213-3909ae277653 service placement] found 2 providers with available 1 DISK_GB {{(pid=111036) get_provider_ids_matching /opt/stack/placement/placement/objects/research_context.py:559}}
Mar 22 19:47:52.062454 n-d-758851-6 devstack@placement-api.service[111036]: DEBUG placement.objects.research_context [req-1500d16c-5a43-4556-9743-7b9462a7a708 req-3c858ed1-b200-4abc-9213-3909ae277653 service placement] found 2 providers with available 512 MEMORY_MB {{(pid=111036) get_provider_ids_matching /opt/stack/placement/placement/objects/research_context.py:559}}
Mar 22 19:47:52.062957 n-d-758851-6 devstack@placement-api.service[111036]: DEBUG placement.objects.research_context [req-1500d16c-5a43-4556-9743-7b9462a7a708 req-3c858ed1-b200-4abc-9213-3909ae277653 service placement] found 2 providers after filtering by previous result {{(pid=111036) get_provider_ids_matching /opt/stack/placement/placement/objects/research_context.py:590}}
Mar 22 19:47:52.063375 n-d-758851-6 devstack@placement-api.service[111036]: DEBUG placement.objects.research_context [req-1500d16c-5a43-4556-9743-7b9462a7a708 req-3c858ed1-b200-4abc-9213-3909ae277653 service placement] found 2 providers with available 1 VCPU {{(pid=111036) get_provider_ids_matching /opt/stack/placement/placement/objects/research_context.py:559}}
Mar 22 19:47:52.063795 n-d-758851-6 devstack@placement-api.service[111036]: DEBUG placement.objects.research_context [req-1500d16c-5a43-4556-9743-7b9462a7a708 req-3c858ed1-b200-4abc-9213-3909ae277653 service placement] found 2 providers after filtering by previous result {{(pid=111036) get_provider_ids_matching /opt/stack/placement/placement/objects/research_context.py:590}}
Mar 22 19:47:52.106089 n-d-758851-6 devstack@placement-api.service[111036]: DEBUG placement.objects.allocation_candidate [req-1500d16c-5a43-4556-9743-7b9462a7a708 req-3c858ed1-b200-4abc-9213-3909ae277653 service placement] RequestGroup(use_same_provider=False, resources={DISK_GB:1, MEMORY_MB:512, VCPU:1}, traits=(), aggregates=[]) (suffix '') returned 2 matches {{(pid=111036) _get_by_requests /opt/stack/placement/placement/objects/allocation_candidate.py:156}}
Mar 22 19:47:52.106459 n-d-758851-6 devstack@placement-api.service[111036]: DEBUG placement.objects.allocation_candidate [req-1500d16c-5a43-4556-9743-7b9462a7a708 req-3c858ed1-b200-4abc-9213-3909ae277653 service placement] Merging candidates yields 2 allocation requests and 2 provider summaries {{(pid=111036) _merge_candidates /opt/stack/placement/placement/objects/allocation_candidate.py:809}}
Mar 22 19:47:52.126400 n-d-758851-6 devstack@placement-api.service[111036]: INFO placement.requestlog [req-1500d16c-5a43-4556-9743-7b9462a7a708 req-3c858ed1-b200-4abc-9213-3909ae277653 service placement] 10.222.0.98 "GET /placement/allocation_candidates?limit=1000&resources=DISK_GB%3A1%2CMEMORY_MB%3A512%2CVCPU%3A1&root_required=%21COMPUTE_STATUS_DISABLED" status: 200 len: 1307 microversion: 1.36
Mar 22 19:47:52.131094 n-d-758851-6 devstack@placement-api.service[111036]: [pid: 111036|app: 0|req: 151/298] 10.222.0.98 () {60 vars in 1504 bytes} [Tue Mar 22 19:47:51 2022] GET /placement/allocation_candidates?limit=1000&resources=DISK_GB%3A1%2CMEMORY_MB%3A512%2CVCPU%3A1&root_required=%21COMPUTE_STATUS_DISABLED => generated 1307 bytes in 393 msecs (HTTP/1.1 200) 8 headers in 297 bytes (1 switches on core 0)
Mar 22 19:47:52.265973 n-d-758851-6 devstack@placement-api.service[111037]: DEBUG placement.requestlog [req-1500d16c-5a43-4556-9743-7b9462a7a708 req-96bebc7c-d58d-4c89-b4c3-8ee5940a688c None None] Starting request: 10.222.0.98 "GET /placement/allocations/dcb9b555-80ad-4f10-8df6-ae85d5e79dc7" {{(pid=111037) __call__ /opt/stack/placement/placement/requestlog.py:55}}
Mar 22 19:47:52.282201 n-d-758851-6 devstack@placement-api.service[111037]: INFO placement.requestlog [req-1500d16c-5a43-4556-9743-7b9462a7a708 req-96bebc7c-d58d-4c89-b4c3-8ee5940a688c service placement] 10.222.0.98 "GET /placement/allocations/dcb9b555-80ad-4f10-8df6-ae85d5e79dc7" status: 200 len: 19 microversion: 1.28
Mar 22 19:47:52.288958 n-d-758851-6 devstack@placement-api.service[111037]: [pid: 111037|app: 0|req: 148/299] 10.222.0.98 () {60 vars in 1380 bytes} [Tue Mar 22 19:47:52 2022] GET /placement/allocations/dcb9b555-80ad-4f10-8df6-ae85d5e79dc7 => generated 19 bytes in 23 msecs (HTTP/1.1 200) 8 headers in 295 bytes (1 switches on core 0)
Mar 22 19:47:52.297506 n-d-758851-6 devstack@placement-api.service[111036]: DEBUG placement.requestlog [req-1500d16c-5a43-4556-9743-7b9462a7a708 req-a539ec2b-ae06-4405-8142-b29abdea12fb None None] Starting request: 10.222.0.98 "PUT /placement/allocations/dcb9b555-80ad-4f10-8df6-ae85d5e79dc7" {{(pid=111036) __call__ /opt/stack/placement/placement/requestlog.py:55}}
Mar 22 19:47:52.440364 n-d-758851-6 devstack@placement-api.service[111036]: DEBUG placement.handlers.allocation [req-1500d16c-5a43-4556-9743-7b9462a7a708 req-a539ec2b-ae06-4405-8142-b29abdea12fb service placement] Successfully wrote allocations [, , ] {{(pid=111036) _update_consumers_and_create_allocations /opt/stack/placement/placement/handlers/allocation.py:462}}
Mar 22 19:47:52.452112 n-d-758851-6 devstack@placement-api.service[111036]: INFO placement.requestlog [req-1500d16c-5a43-4556-9743-7b9462a7a708 req-a539ec2b-ae06-4405-8142-b29abdea12fb service placement] 10.222.0.98 "PUT /placement/allocations/dcb9b555-80ad-4f10-8df6-ae85d5e79dc7" status: 204 len: 0 microversion: 1.36
Mar 22 19:47:52.452603 n-d-758851-6 devstack@placement-api.service[111036]: [pid: 111036|app: 0|req: 152/300] 10.222.0.98 () {64 vars in 1433 bytes} [Tue Mar 22 19:47:52 2022] PUT /placement/allocations/dcb9b555-80ad-4f10-8df6-ae85d5e79dc7 => generated 0 bytes in 156 msecs (HTTP/1.1 204) 5 headers in 199 bytes (2 switches on core 0)
Mar 22 19:47:52.968793 n-d-758851-6 devstack@placement-api.service[111037]: DEBUG placement.requestlog [req-1500d16c-5a43-4556-9743-7b9462a7a708 req-b5fe69f7-1c7f-40c0-ba3d-24b3d48d36f1 None None] Starting request: 10.222.0.104 "GET /placement/allocations/dcb9b555-80ad-4f10-8df6-ae85d5e79dc7" {{(pid=111037) __call__ /opt/stack/placement/placement/requestlog.py:55}}
Mar 22 19:47:53.002624 n-d-758851-6 devstack@placement-api.service[111037]: INFO placement.requestlog [req-1500d16c-5a43-4556-9743-7b9462a7a708 req-b5fe69f7-1c7f-40c0-ba3d-24b3d48d36f1 service placement] 10.222.0.104 "GET /placement/allocations/dcb9b555-80ad-4f10-8df6-ae85d5e79dc7" status: 200 len: 258 microversion: 1.28
Mar 22 19:47:53.003309 n-d-758851-6 devstack@placement-api.service[111037]: [pid: 111037|app: 0|req: 149/301] 10.222.0.104 () {60 vars in 1378 bytes} [Tue Mar 22 19:47:52 2022] GET /placement/allocations/dcb9b555-80ad-4f10-8df6-ae85d5e79dc7 => generated 258 bytes in 35 msecs (HTTP/1.1 200) 8 headers in 296 bytes (1 switches on core 0)
Mar 22 19:48:00.817796 n-d-758851-6 devstack@placement-api.service[111036]: DEBUG placement.requestlog [req-be67b897-84a7-4d54-8ff2-0bd032f0b24e req-f04efa40-911e-4877-8dd8-4af61c174763 None None] Starting request: 10.222.0.98 "GET /placement/allocation_candidates?limit=1000&resources=DISK_GB%3A1%2CMEMORY_MB%3A1024%2CVCPU%3A1&root_required=%21COMPUTE_STATUS_DISABLED" {{(pid=111036) __call__ /opt/stack/placement/placement/requestlog.py:55}}
Mar 22 19:48:00.869983 n-d-758851-6 devstack@placement-api.service[111036]: DEBUG placement.objects.research_context [req-be67b897-84a7-4d54-8ff2-0bd032f0b24e req-f04efa40-911e-4877-8dd8-4af61c174763 service placement] getting providers with 1 DISK_GB {{(pid=111036) __init__ /opt/stack/placement/placement/objects/research_context.py:136}}
Mar 22 19:48:00.875963 n-d-758851-6 devstack@placement-api.service[111036]: DEBUG placement.objects.research_context [req-be67b897-84a7-4d54-8ff2-0bd032f0b24e req-f04efa40-911e-4877-8dd8-4af61c174763 service placement] getting providers with 1024 MEMORY_MB {{(pid=111036) __init__ /opt/stack/placement/placement/objects/research_context.py:136}}
Mar 22 19:48:00.881647 n-d-758851-6 devstack@placement-api.service[111036]: DEBUG placement.objects.research_context [req-be67b897-84a7-4d54-8ff2-0bd032f0b24e req-f04efa40-911e-4877-8dd8-4af61c174763 service placement] getting providers with 1 VCPU {{(pid=111036) __init__ /opt/stack/placement/placement/objects/research_context.py:136}}
Mar 22 19:48:00.887229 n-d-758851-6 devstack@placement-api.service[111036]: DEBUG placement.objects.research_context [req-be67b897-84a7-4d54-8ff2-0bd032f0b24e req-f04efa40-911e-4877-8dd8-4af61c174763 service placement] found 2 providers with available 1 DISK_GB {{(pid=111036) get_provider_ids_matching /opt/stack/placement/placement/objects/research_context.py:559}}
Mar 22 19:48:00.887514 n-d-758851-6 devstack@placement-api.service[111036]: DEBUG placement.objects.research_context [req-be67b897-84a7-4d54-8ff2-0bd032f0b24e req-f04efa40-911e-4877-8dd8-4af61c174763 service placement] found 2 providers with available 1024 MEMORY_MB {{(pid=111036) get_provider_ids_matching /opt/stack/placement/placement/objects/research_context.py:559}}
Mar 22 19:48:00.887792 n-d-758851-6 devstack@placement-api.service[111036]: DEBUG placement.objects.research_context [req-be67b897-84a7-4d54-8ff2-0bd032f0b24e req-f04efa40-911e-4877-8dd8-4af61c174763 service placement] found 2 providers after filtering by previous result {{(pid=111036) get_provider_ids_matching /opt/stack/placement/placement/objects/research_context.py:590}}
Mar 22 19:48:00.888061 n-d-758851-6 devstack@placement-api.service[111036]: DEBUG placement.objects.research_context [req-be67b897-84a7-4d54-8ff2-0bd032f0b24e req-f04efa40-911e-4877-8dd8-4af61c174763 service placement] found 2 providers with available 1 VCPU {{(pid=111036) get_provider_ids_matching /opt/stack/placement/placement/objects/research_context.py:559}}
Mar 22 19:48:00.888406 n-d-758851-6 devstack@placement-api.service[111036]: DEBUG placement.objects.research_context [req-be67b897-84a7-4d54-8ff2-0bd032f0b24e req-f04efa40-911e-4877-8dd8-4af61c174763 service placement] found 2 providers after filtering by previous result {{(pid=111036) get_provider_ids_matching /opt/stack/placement/placement/objects/research_context.py:590}}
Mar 22 19:48:00.900353 n-d-758851-6 devstack@placement-api.service[111036]: DEBUG placement.objects.allocation_candidate [req-be67b897-84a7-4d54-8ff2-0bd032f0b24e req-f04efa40-911e-4877-8dd8-4af61c174763 service placement] RequestGroup(use_same_provider=False, resources={DISK_GB:1, MEMORY_MB:1024, VCPU:1}, traits=(), aggregates=[]) (suffix '') returned 2 matches {{(pid=111036) _get_by_requests /opt/stack/placement/placement/objects/allocation_candidate.py:156}}
Mar 22 19:48:00.900728 n-d-758851-6 devstack@placement-api.service[111036]: DEBUG placement.objects.allocation_candidate [req-be67b897-84a7-4d54-8ff2-0bd032f0b24e req-f04efa40-911e-4877-8dd8-4af61c174763 service placement] Merging candidates yields 2 allocation requests and 2 provider summaries {{(pid=111036) _merge_candidates /opt/stack/placement/placement/objects/allocation_candidate.py:809}}
Mar 22 19:48:00.902271 n-d-758851-6 devstack@placement-api.service[111036]: INFO placement.requestlog [req-be67b897-84a7-4d54-8ff2-0bd032f0b24e req-f04efa40-911e-4877-8dd8-4af61c174763 service placement] 10.222.0.98 "GET /placement/allocation_candidates?limit=1000&resources=DISK_GB%3A1%2CMEMORY_MB%3A1024%2CVCPU%3A1&root_required=%21COMPUTE_STATUS_DISABLED" status: 200 len: 1309 microversion: 1.36
Mar 22 19:48:00.902952 n-d-758851-6 devstack@placement-api.service[111036]: [pid: 111036|app: 0|req: 153/302] 10.222.0.98 () {60 vars in 1506 bytes} [Tue Mar 22 19:48:00 2022] GET /placement/allocation_candidates?limit=1000&resources=DISK_GB%3A1%2CMEMORY_MB%3A1024%2CVCPU%3A1&root_required=%21COMPUTE_STATUS_DISABLED => generated 1309 bytes in 85 msecs (HTTP/1.1 200) 8 headers in 297 bytes (2 switches on core 0)
Mar 22 19:48:00.966143 n-d-758851-6 devstack@placement-api.service[111037]: DEBUG placement.requestlog [req-be67b897-84a7-4d54-8ff2-0bd032f0b24e req-3dc83028-dbab-4f2d-ad10-779e794a699f None None] Starting request: 10.222.0.98 "GET /placement/allocations/0a6c4cbb-11c4-4386-a65d-57dec8ace293" {{(pid=111037) __call__ /opt/stack/placement/placement/requestlog.py:55}}
Mar 22 19:48:00.976842 n-d-758851-6 devstack@placement-api.service[111037]: INFO placement.requestlog [req-be67b897-84a7-4d54-8ff2-0bd032f0b24e req-3dc83028-dbab-4f2d-ad10-779e794a699f service placement] 10.222.0.98 "GET /placement/allocations/0a6c4cbb-11c4-4386-a65d-57dec8ace293" status: 200 len: 19 microversion: 1.28
Mar 22 19:48:00.977282 n-d-758851-6 devstack@placement-api.service[111037]: [pid: 111037|app: 0|req: 150/303] 10.222.0.98 () {60 vars in 1380 bytes} [Tue Mar 22 19:48:00 2022] GET /placement/allocations/0a6c4cbb-11c4-4386-a65d-57dec8ace293 => generated 19 bytes in 11 msecs (HTTP/1.1 200) 8 headers in 295 bytes (1 switches on core 0)
Mar 22 19:48:00.984391 n-d-758851-6 devstack@placement-api.service[111036]: DEBUG placement.requestlog [req-be67b897-84a7-4d54-8ff2-0bd032f0b24e req-b3aec397-610f-42b5-8e77-a71ae30f63e8 None None] Starting request: 10.222.0.98 "PUT /placement/allocations/0a6c4cbb-11c4-4386-a65d-57dec8ace293" {{(pid=111036) __call__ /opt/stack/placement/placement/requestlog.py:55}}
Mar 22 19:48:01.045573 n-d-758851-6 devstack@placement-api.service[111036]: DEBUG placement.handlers.allocation [req-be67b897-84a7-4d54-8ff2-0bd032f0b24e req-b3aec397-610f-42b5-8e77-a71ae30f63e8 service placement] Successfully wrote allocations [, , ] {{(pid=111036) _update_consumers_and_create_allocations /opt/stack/placement/placement/handlers/allocation.py:462}}
Mar 22 19:48:01.049495 n-d-758851-6 devstack@placement-api.service[111036]: INFO placement.requestlog [req-be67b897-84a7-4d54-8ff2-0bd032f0b24e req-b3aec397-610f-42b5-8e77-a71ae30f63e8 service placement] 10.222.0.98 "PUT /placement/allocations/0a6c4cbb-11c4-4386-a65d-57dec8ace293" status: 204 len: 0 microversion: 1.36
Mar 22 19:48:01.050337 n-d-758851-6 devstack@placement-api.service[111036]: [pid: 111036|app: 0|req: 154/304] 10.222.0.98 () {64 vars in 1433 bytes} [Tue Mar 22 19:48:00 2022] PUT /placement/allocations/0a6c4cbb-11c4-4386-a65d-57dec8ace293 => generated 0 bytes in 66 msecs (HTTP/1.1 204) 5 headers in 199 bytes (1 switches on core 0)
Mar 22 19:48:01.375535 n-d-758851-6 devstack@placement-api.service[111037]: DEBUG placement.requestlog [req-be67b897-84a7-4d54-8ff2-0bd032f0b24e req-772262f6-f974-4e9f-bc66-c307c8557662 None None] Starting request: 10.222.0.104 "GET /placement/allocations/0a6c4cbb-11c4-4386-a65d-57dec8ace293" {{(pid=111037) __call__ /opt/stack/placement/placement/requestlog.py:55}}
Mar 22 19:48:01.409491 n-d-758851-6 devstack@placement-api.service[111037]: INFO placement.requestlog [req-be67b897-84a7-4d54-8ff2-0bd032f0b24e req-772262f6-f974-4e9f-bc66-c307c8557662 service placement] 10.222.0.104 "GET /placement/allocations/0a6c4cbb-11c4-4386-a65d-57dec8ace293" status: 200 len: 259 microversion: 1.28
Mar 22 19:48:01.410015 n-d-758851-6 devstack@placement-api.service[111037]: [pid: 111037|app: 0|req: 151/305] 10.222.0.104 () {60 vars in 1378 bytes} [Tue Mar 22 19:48:01 2022] GET /placement/allocations/0a6c4cbb-11c4-4386-a65d-57dec8ace293 => generated 259 bytes in 36 msecs (HTTP/1.1 200) 8 headers in 296 bytes (1 switches on core 0)
Mar 22 19:48:03.365129 n-d-758851-6 devstack@placement-api.service[111036]: DEBUG placement.requestlog [req-7f3145e3-0a46-428c-b886-49d1e5ce2d7c req-53bdfa17-6b51-4e5a-b79d-a37be7f73fff None None] Starting request: 10.222.0.104 "DELETE /placement/allocations/06f380d7-888e-4975-9218-f75220c63d8e" {{(pid=111036) __call__ /opt/stack/placement/placement/requestlog.py:55}}
Mar 22 19:48:03.419634 n-d-758851-6 devstack@placement-api.service[111036]: DEBUG placement.handlers.allocation [req-7f3145e3-0a46-428c-b886-49d1e5ce2d7c req-53bdfa17-6b51-4e5a-b79d-a37be7f73fff service placement] Successfully deleted allocations [, , ] {{(pid=111036) delete_allocations /opt/stack/placement/placement/handlers/allocation.py:627}}
Mar 22 19:48:03.420364 n-d-758851-6 devstack@placement-api.service[111036]: INFO placement.requestlog [req-7f3145e3-0a46-428c-b886-49d1e5ce2d7c req-53bdfa17-6b51-4e5a-b79d-a37be7f73fff service placement] 10.222.0.104 "DELETE /placement/allocations/06f380d7-888e-4975-9218-f75220c63d8e" status: 204 len: 0 microversion: 1.0
Mar 22 19:48:03.420903 n-d-758851-6 devstack@placement-api.service[111036]: [pid: 111036|app: 0|req: 155/306] 10.222.0.104 () {60 vars in 1356 bytes} [Tue Mar 22 19:48:03 2022] DELETE /placement/allocations/06f380d7-888e-4975-9218-f75220c63d8e => generated 0 bytes in 56 msecs (HTTP/1.1 204) 5 headers in 198 bytes (1 switches on core 0)
Mar 22 19:48:05.030382 n-d-758851-6 devstack@placement-api.service[111037]: DEBUG placement.requestlog [req-f5874833-3013-4970-ad79-f7a492d20622 req-f12a2819-d2df-473d-938d-2de4fc4786aa None None] Starting request: 10.222.0.94 "DELETE /placement/allocations/1a1157b6-acab-49ca-b0b6-23cfcc5ef0fa" {{(pid=111037) __call__ /opt/stack/placement/placement/requestlog.py:55}}
Mar 22 19:48:05.083970 n-d-758851-6 devstack@placement-api.service[111037]: DEBUG placement.handlers.allocation [req-f5874833-3013-4970-ad79-f7a492d20622 req-f12a2819-d2df-473d-938d-2de4fc4786aa service placement] Successfully deleted allocations [, , ] {{(pid=111037) delete_allocations /opt/stack/placement/placement/handlers/allocation.py:627}}
Mar 22 19:48:05.084915 n-d-758851-6 devstack@placement-api.service[111037]: INFO placement.requestlog [req-f5874833-3013-4970-ad79-f7a492d20622 req-f12a2819-d2df-473d-938d-2de4fc4786aa service placement] 10.222.0.94 "DELETE /placement/allocations/1a1157b6-acab-49ca-b0b6-23cfcc5ef0fa" status: 204 len: 0 microversion: 1.0
Mar 22 19:48:05.085908 n-d-758851-6 devstack@placement-api.service[111037]: [pid: 111037|app: 0|req: 152/307] 10.222.0.94 () {60 vars in 1355 bytes} [Tue Mar 22 19:48:05 2022] DELETE /placement/allocations/1a1157b6-acab-49ca-b0b6-23cfcc5ef0fa => generated 0 bytes in 57 msecs (HTTP/1.1 204) 5 headers in 198 bytes (1 switches on core 0)
Mar 22 19:48:08.973407 n-d-758851-6 devstack@placement-api.service[111036]: DEBUG placement.requestlog [req-e5eab901-8406-434d-8f31-df83e14e2e96 req-5cc3245e-c839-4f6c-957f-aa0553142fb4 None None] Starting request: 10.222.0.104 "DELETE /placement/allocations/2aadb15b-cbcd-4be8-be16-413f7dfc08b0" {{(pid=111036) __call__ /opt/stack/placement/placement/requestlog.py:55}}
Mar 22 19:48:09.016758 n-d-758851-6 devstack@placement-api.service[111036]: DEBUG placement.handlers.allocation [req-e5eab901-8406-434d-8f31-df83e14e2e96 req-5cc3245e-c839-4f6c-957f-aa0553142fb4 service placement] Successfully deleted allocations [, , ] {{(pid=111036) delete_allocations /opt/stack/placement/placement/handlers/allocation.py:627}}
Mar 22 19:48:09.017598 n-d-758851-6 devstack@placement-api.service[111036]: INFO placement.requestlog [req-e5eab901-8406-434d-8f31-df83e14e2e96 req-5cc3245e-c839-4f6c-957f-aa0553142fb4 service placement] 10.222.0.104 "DELETE /placement/allocations/2aadb15b-cbcd-4be8-be16-413f7dfc08b0" status: 204 len: 0 microversion: 1.0
Mar 22 19:48:09.018513 n-d-758851-6 devstack@placement-api.service[111036]: [pid: 111036|app: 0|req: 156/308] 10.222.0.104 () {60 vars in 1356 bytes} [Tue Mar 22 19:48:08 2022] DELETE /placement/allocations/2aadb15b-cbcd-4be8-be16-413f7dfc08b0 => generated 0 bytes in 45 msecs (HTTP/1.1 204) 5 headers in 198 bytes (1 switches on core 0)
Mar 22 19:48:12.137345 n-d-758851-6 devstack@placement-api.service[111037]: DEBUG placement.requestlog [req-4bdb353b-7e0a-44b1-94aa-754651c79cbd req-7400b18b-9122-4f62-a4d8-e6bcb6277369 None None] Starting request: 10.222.0.94 "GET /placement/resource_providers/ff4962db-58f5-4f4f-8d9c-60d5e6ae890e/allocations" {{(pid=111037) __call__ /opt/stack/placement/placement/requestlog.py:55}}
Mar 22 19:48:12.186438 n-d-758851-6 devstack@placement-api.service[111037]: INFO placement.requestlog [req-4bdb353b-7e0a-44b1-94aa-754651c79cbd req-7400b18b-9122-4f62-a4d8-e6bcb6277369 service placement] 10.222.0.94 "GET /placement/resource_providers/ff4962db-58f5-4f4f-8d9c-60d5e6ae890e/allocations" status: 200 len: 760 microversion: 1.0
Mar 22 19:48:12.187105 n-d-758851-6 devstack@placement-api.service[111037]: [pid: 111037|app: 0|req: 153/309] 10.222.0.94 () {58 vars in 1390 bytes} [Tue Mar 22 19:48:12 2022] GET /placement/resource_providers/ff4962db-58f5-4f4f-8d9c-60d5e6ae890e/allocations => generated 760 bytes in 50 msecs (HTTP/1.1 200) 6 headers in 224 bytes (1 switches on core 0)
Mar 22 19:48:12.769986 n-d-758851-6 devstack@placement-api.service[111036]: DEBUG placement.requestlog [req-4bdb353b-7e0a-44b1-94aa-754651c79cbd req-530c0696-3440-44f9-a31f-76bf8cd4bc40 None None] Starting request: 10.222.0.94 "GET /placement/allocations/10d585a9-4ad6-4445-ad5a-2c8bb8ce1757" {{(pid=111036) __call__ /opt/stack/placement/placement/requestlog.py:55}}
Mar 22 19:48:12.834427 n-d-758851-6 devstack@placement-api.service[111036]: INFO placement.requestlog [req-4bdb353b-7e0a-44b1-94aa-754651c79cbd req-530c0696-3440-44f9-a31f-76bf8cd4bc40 service placement] 10.222.0.94 "GET /placement/allocations/10d585a9-4ad6-4445-ad5a-2c8bb8ce1757" status: 200 len: 259 microversion: 1.28
Mar 22 19:48:12.836144 n-d-758851-6 devstack@placement-api.service[111036]: [pid: 111036|app: 0|req: 157/310] 10.222.0.94 () {60 vars in 1377 bytes} [Tue Mar 22 19:48:12 2022] GET /placement/allocations/10d585a9-4ad6-4445-ad5a-2c8bb8ce1757 => generated 259 bytes in 66 msecs (HTTP/1.1 200) 8 headers in 296 bytes (1 switches on core 0)
Mar 22 19:48:12.848029 n-d-758851-6 devstack@placement-api.service[111037]: DEBUG placement.requestlog [req-4bdb353b-7e0a-44b1-94aa-754651c79cbd req-4bfd2b2e-6043-447f-8d22-3f23ce66759a None None] Starting request: 10.222.0.94 "PUT /placement/allocations/10d585a9-4ad6-4445-ad5a-2c8bb8ce1757" {{(pid=111037) __call__ /opt/stack/placement/placement/requestlog.py:55}}
Mar 22 19:48:12.932861 n-d-758851-6 devstack@placement-api.service[111037]: DEBUG placement.handlers.allocation [req-4bdb353b-7e0a-44b1-94aa-754651c79cbd req-4bfd2b2e-6043-447f-8d22-3f23ce66759a service placement] Successfully wrote allocations [, , ] {{(pid=111037) _update_consumers_and_create_allocations /opt/stack/placement/placement/handlers/allocation.py:462}}
Mar 22 19:48:12.949685 n-d-758851-6 devstack@placement-api.service[111037]: INFO placement.requestlog [req-4bdb353b-7e0a-44b1-94aa-754651c79cbd req-4bfd2b2e-6043-447f-8d22-3f23ce66759a service placement] 10.222.0.94 "PUT /placement/allocations/10d585a9-4ad6-4445-ad5a-2c8bb8ce1757" status: 204 len: 0 microversion: 1.28
Mar 22 19:48:12.950868 n-d-758851-6 devstack@placement-api.service[111037]: [pid: 111037|app: 0|req: 154/311] 10.222.0.94 () {64 vars in 1430 bytes} [Tue Mar 22 19:48:12 2022] PUT /placement/allocations/10d585a9-4ad6-4445-ad5a-2c8bb8ce1757 => generated 0 bytes in 103 msecs (HTTP/1.1 204) 5 headers in 199 bytes (2 switches on core 0)
Mar 22 19:48:17.921762 n-d-758851-6 devstack@placement-api.service[111036]: DEBUG placement.requestlog [req-35837046-f282-424a-ab8c-9bc32d896b31 req-d745dfba-4049-42a9-8cc3-6c73eaf21526 None None] Starting request: 10.222.0.104 "GET /placement/resource_providers/d86dbd99-4bb3-49ce-8a3a-faa86dec78d1/allocations" {{(pid=111036) __call__ /opt/stack/placement/placement/requestlog.py:55}}
Mar 22 19:48:17.975205 n-d-758851-6 devstack@placement-api.service[111036]: INFO placement.requestlog [req-35837046-f282-424a-ab8c-9bc32d896b31 req-d745dfba-4049-42a9-8cc3-6c73eaf21526 service placement] 10.222.0.104 "GET /placement/resource_providers/d86dbd99-4bb3-49ce-8a3a-faa86dec78d1/allocations" status: 200 len: 759 microversion: 1.0
Mar 22 19:48:17.978517 n-d-758851-6 devstack@placement-api.service[111036]: [pid: 111036|app: 0|req: 158/312] 10.222.0.104 () {58 vars in 1391 bytes} [Tue Mar 22 19:48:17 2022] GET /placement/resource_providers/d86dbd99-4bb3-49ce-8a3a-faa86dec78d1/allocations => generated 759 bytes in 57 msecs (HTTP/1.1 200) 6 headers in 224 bytes (1 switches on core 0)
Mar 22 19:48:19.437503 n-d-758851-6 devstack@placement-api.service[111037]: DEBUG placement.requestlog [req-e3da7d86-0d0f-45bf-80eb-ef578b9bce13 req-f8e7b357-dafb-4426-aa64-5714d29aa6bf None None] Starting request: 10.222.0.94 "GET /placement/resource_providers/ff4962db-58f5-4f4f-8d9c-60d5e6ae890e/allocations" {{(pid=111037) __call__ /opt/stack/placement/placement/requestlog.py:55}}
Mar 22 19:48:19.517332 n-d-758851-6 devstack@placement-api.service[111037]: INFO placement.requestlog [req-e3da7d86-0d0f-45bf-80eb-ef578b9bce13 req-f8e7b357-dafb-4426-aa64-5714d29aa6bf service placement] 10.222.0.94 "GET /placement/resource_providers/ff4962db-58f5-4f4f-8d9c-60d5e6ae890e/allocations" status: 200 len: 659 microversion: 1.0
