Jul 22 23:25:58.715953 n-d-758851-4 neutron-server[93793]: DEBUG neutron.api.rpc.handlers.l3_rpc [None req-0b309dfb-e721-4e55-bc3a-7ed94a26aa45 None None] Checking router: 2c91b1ac-3e19-42e6-9fd4-c9e74a7b70fa for host: n-d-758851-4 {{(pid=93793) _ensure_host_set_on_ports /opt/stack/neutron/neutron/api/rpc/handlers/l3_rpc.py:155}}
Jul 22 23:25:58.716841 n-d-758851-4 neutron-server[93793]: DEBUG neutron.api.rpc.handlers.l3_rpc [None req-0b309dfb-e721-4e55-bc3a-7ed94a26aa45 None None] Updating router 2c91b1ac-3e19-42e6-9fd4-c9e74a7b70fa port 690e6a85-e6f9-4c8e-83e9-f9d9aca52a98 binding host n-d-758851-4 {{(pid=93793) _ensure_host_set_on_port /opt/stack/neutron/neutron/api/rpc/handlers/l3_rpc.py:205}}
Jul 22 23:25:58.767029 n-d-758851-4 neutron-server[93793]: DEBUG neutron_lib.callbacks.manager [None req-0b309dfb-e721-4e55-bc3a-7ed94a26aa45 None None] Notify callbacks ['neutron.plugins.ml2.plugin.SecurityGroupDbMixin._ensure_default_security_group_handler-1618441'] for port, before_update {{(pid=93793) _notify_loop /usr/local/lib/python3.8/dist-packages/neutron_lib/callbacks/manager.py:192}}
Jul 22 23:25:58.816327 n-d-758851-4 neutron-server[93791]: INFO neutron.wsgi [req-941a00ed-a4ae-4ab1-b715-231267e3b05f req-20903776-3708-48d1-9d1f-69fe4353d089 tempest-LiveMigrationNegativeTest-500754459 tempest-LiveMigrationNegativeTest-500754459-project] 10.222.0.21 "GET /v2.0/ports?device_id=f8decec8-4e2d-4d5c-bb1a-c2f39c0f8650 HTTP/1.1" status: 200 len: 210 time: 0.0895205
Jul 22 23:25:58.833677 n-d-758851-4 neutron-server[93790]: DEBUG neutron_lib.callbacks.manager [req-caa107f0-2357-4e4e-b3da-b26b037f640d req-5d13e9b6-1145-4bed-bfbf-cc67d8142c92 tempest-LiveMigrationNegativeTest-500754459 tempest-LiveMigrationNegativeTest-500754459-project] Notify callbacks [] for security_group, precommit_create {{(pid=93790) _notify_loop /usr/local/lib/python3.8/dist-packages/neutron_lib/callbacks/manager.py:192}}
Jul 22 23:25:58.849678 n-d-758851-4 neutron-server[93791]: INFO neutron.wsgi [req-6f443a14-d0be-4705-b4d6-9b82feb64154 req-3defe1dc-e281-40cc-97b6-8b0029a3b653 service neutron] 10.222.0.48 "GET /v2.0/networks/dedf0601-95b2-4e0e-8580-90ac3f1fd028?fields=provider%3Aphysical_network&fields=provider%3Anetwork_type HTTP/1.1" status: 200 len: 281 time: 0.2082968
Jul 22 23:25:58.903980 n-d-758851-4 neutron-server[93791]: DEBUG novaclient.v2.client [-] RESP: [200] Connection: close Content-Length: 179 Content-Type: application/json Date: Thu, 22 Jul 2021 23:25:58 GMT OpenStack-API-Version: compute 2.1 Server: Apache/2.4.41 (Ubuntu) Vary: OpenStack-API-Version,X-OpenStack-Nova-API-Version X-OpenStack-Nova-API-Version: 2.1 x-compute-request-id: req-0b1fa05f-b64d-46e5-9b3d-4ed93207554d x-openstack-request-id: req-0b1fa05f-b64d-46e5-9b3d-4ed93207554d {{(pid=93791) _http_log_response /usr/local/lib/python3.8/dist-packages/keystoneauth1/session.py:550}}
Jul 22 23:25:58.904639 n-d-758851-4 neutron-server[93791]: DEBUG novaclient.v2.client [-] RESP BODY: {"events": [{"name": "network-changed", "server_uuid": "69bac1da-45e6-478e-8099-b7a4bbf96107", "tag": "118ac7f5-cdc1-4f60-9d6f-29a927d12839", "status": "completed", "code": 200}]} {{(pid=93791) _http_log_response /usr/local/lib/python3.8/dist-packages/keystoneauth1/session.py:582}}
Jul 22 23:25:58.905221 n-d-758851-4 neutron-server[93791]: DEBUG novaclient.v2.client [-] POST call to compute for http://10.222.0.21/compute/v2.1/os-server-external-events used request id req-0b1fa05f-b64d-46e5-9b3d-4ed93207554d {{(pid=93791) request /usr/local/lib/python3.8/dist-packages/keystoneauth1/session.py:954}}
Jul 22 23:25:58.905824 n-d-758851-4 neutron-server[93791]: INFO neutron.notifiers.nova [-] Nova event response: {'name': 'network-changed', 'server_uuid': '69bac1da-45e6-478e-8099-b7a4bbf96107', 'tag': '118ac7f5-cdc1-4f60-9d6f-29a927d12839', 'status': 'completed', 'code': 200}
Jul 22 23:25:58.946245 n-d-758851-4 neutron-server[93790]: DEBUG neutron_lib.callbacks.manager [None req-b61ea33e-1396-494c-85b4-4a2082c6deda admin admin] Notify callbacks [] for security_group, precommit_create {{(pid=93790) _notify_loop /usr/local/lib/python3.8/dist-packages/neutron_lib/callbacks/manager.py:192}}
Jul 22 23:25:58.948037 n-d-758851-4 neutron-server[93790]: DEBUG neutron_lib.callbacks.manager [req-caa107f0-2357-4e4e-b3da-b26b037f640d req-5d13e9b6-1145-4bed-bfbf-cc67d8142c92 tempest-LiveMigrationNegativeTest-500754459 tempest-LiveMigrationNegativeTest-500754459-project] Notify callbacks ['neutron.plugins.ml2.ovo_rpc._ObjectChangeHandler.handle_event-782996'] for security_group, after_create {{(pid=93790) _notify_loop /usr/local/lib/python3.8/dist-packages/neutron_lib/callbacks/manager.py:192}}
Jul 22 23:25:58.958011 n-d-758851-4 neutron-server[93790]: DEBUG neutron_lib.callbacks.manager [None req-b61ea33e-1396-494c-85b4-4a2082c6deda admin admin] Notify callbacks ['neutron.plugins.ml2.ovo_rpc._ObjectChangeHandler.handle_event-782996'] for security_group, after_create {{(pid=93790) _notify_loop /usr/local/lib/python3.8/dist-packages/neutron_lib/callbacks/manager.py:192}}
Jul 22 23:25:59.035554 n-d-758851-4 neutron-server[93790]: DEBUG neutron.plugins.ml2.drivers.helpers [None req-b61ea33e-1396-494c-85b4-4a2082c6deda admin admin] vlan segment allocate from pool success with {'physical_network': 'physnet1', 'vlan_id': 170} {{(pid=93790) allocate_partially_specified_segment /opt/stack/neutron/neutron/plugins/ml2/drivers/helpers.py:153}}
Jul 22 23:25:59.052631 n-d-758851-4 neutron-server[93791]: INFO neutron.wsgi [req-e1d3681f-bd56-408a-9831-8802208edf1c req-62651d1b-8b70-4ad4-8df4-00fbe3512430 tempest-SecurityGroupRulesTestJSON-318118754 tempest-SecurityGroupRulesTestJSON-318118754-project] 10.222.0.21 "GET /v2.0/security-groups/1ef4697c-9189-47e2-bab8-270c7b2b206d HTTP/1.1" status: 200 len: 1804 time: 0.1228561
Jul 22 23:25:59.062508 n-d-758851-4 neutron-server[93790]: DEBUG neutron.api.rpc.handlers.resources_rpc [None req-5d13e9b6-1145-4bed-bfbf-cc67d8142c92 tempest-LiveMigrationNegativeTest-500754459 tempest-LiveMigrationNegativeTest-500754459-project] Pushing event updated for resources: {'SecurityGroup': ['ID=03d67994-98d2-4449-aef6-bd1e3de51a08,revision_number=1']} {{(pid=93790) push /opt/stack/neutron/neutron/api/rpc/handlers/resources_rpc.py:237}}
Jul 22 23:25:59.108040 n-d-758851-4 neutron-server[93791]: DEBUG neutron.wsgi [-] (93791) accepted ('10.222.0.21', 48426) {{(pid=93791) server /usr/local/lib/python3.8/dist-packages/eventlet/wsgi.py:982}}
Jul 22 23:25:59.120740 n-d-758851-4 neutron-server[93790]: DEBUG neutron.api.rpc.handlers.resources_rpc [None req-b61ea33e-1396-494c-85b4-4a2082c6deda admin admin] Pushing event updated for resources: {'SecurityGroup': ['ID=e4d819c7-4063-4cd8-ac86-3695a38368b1,revision_number=1']} {{(pid=93790) push /opt/stack/neutron/neutron/api/rpc/handlers/resources_rpc.py:237}}
Jul 22 23:25:59.141568 n-d-758851-4 neutron-server[93790]: DEBUG neutron_lib.callbacks.manager [None req-b61ea33e-1396-494c-85b4-4a2082c6deda admin admin] Notify callbacks ['neutron.plugins.ml2.plugin.Ml2Plugin._handle_segment_change-1786179'] for segment, precommit_create {{(pid=93790) _notify_loop /usr/local/lib/python3.8/dist-packages/neutron_lib/callbacks/manager.py:192}}
Jul 22 23:25:59.141921 n-d-758851-4 neutron-server[93790]: INFO neutron.db.segments_db [None req-b61ea33e-1396-494c-85b4-4a2082c6deda admin admin] Added segment cc29e047-2467-44ce-a44a-e24021a16bdc of type vlan for network 952126e2-db2b-44d1-b526-e310054a0789
Jul 22 23:25:59.170170 n-d-758851-4 neutron-server[93791]: DEBUG neutron.pecan_wsgi.hooks.policy_enforcement [req-3c1ba643-569f-4297-8a10-fcd213f71643 req-00704278-3ea5-4d85-a802-701ac5eca289 service neutron] Attributes excluded by policy engine: ['standard_attr_id'] {{(pid=93791) _exclude_attributes_by_policy /opt/stack/neutron/neutron/pecan_wsgi/hooks/policy_enforcement.py:255}}
Jul 22 23:25:59.171914 n-d-758851-4 neutron-server[93791]: INFO neutron.wsgi [req-3c1ba643-569f-4297-8a10-fcd213f71643 req-00704278-3ea5-4d85-a802-701ac5eca289 service neutron] 10.222.0.48 "GET /v2.0/ports?tenant_id=13343c137b514f0aabf29b5c968bf0fd&device_id=69bac1da-45e6-478e-8099-b7a4bbf96107 HTTP/1.1" status: 200 len: 1099 time: 0.2253027
Jul 22 23:25:59.237096 n-d-758851-4 neutron-server[93791]: INFO neutron.wsgi [req-e1d3681f-bd56-408a-9831-8802208edf1c req-9a6e734c-035b-4df5-afd7-235a792f1d6c tempest-SecurityGroupRulesTestJSON-318118754 tempest-SecurityGroupRulesTestJSON-318118754-project] 10.222.0.21 "GET /v2.0/security-groups/50778367-87cb-468c-8094-d9a54cf9cdfd HTTP/1.1" status: 200 len: 1804 time: 0.1719105
Jul 22 23:25:59.250412 n-d-758851-4 neutron-server[93791]: DEBUG neutron.api.v2.base [req-e1d3681f-bd56-408a-9831-8802208edf1c req-5ab454b1-2289-463d-a869-940bd6a4067b tempest-SecurityGroupRulesTestJSON-318118754 tempest-SecurityGroupRulesTestJSON-318118754-project] Request body: {'security_group_rules': [{'direction': 'ingress', 'protocol': 'tcp', 'ethertype': 'IPv4', 'remote_ip_prefix': None, 'security_group_id': '1ef4697c-9189-47e2-bab8-270c7b2b206d', 'remote_group_id': '50778367-87cb-468c-8094-d9a54cf9cdfd', 'port_range_min': 22, 'port_range_max': 22}]} {{(pid=93791) prepare_request_body /opt/stack/neutron/neutron/api/v2/base.py:729}}
Jul 22 23:25:59.250959 n-d-758851-4 neutron-server[93791]: DEBUG neutron.api.v2.base [req-e1d3681f-bd56-408a-9831-8802208edf1c req-5ab454b1-2289-463d-a869-940bd6a4067b tempest-SecurityGroupRulesTestJSON-318118754 tempest-SecurityGroupRulesTestJSON-318118754-project] Request body: {'security_group_rule': {'direction': 'ingress', 'protocol': 'tcp', 'ethertype': 'IPv4', 'remote_ip_prefix': None, 'security_group_id': '1ef4697c-9189-47e2-bab8-270c7b2b206d', 'remote_group_id': '50778367-87cb-468c-8094-d9a54cf9cdfd', 'port_range_min': 22, 'port_range_max': 22}} {{(pid=93791) prepare_request_body /opt/stack/neutron/neutron/api/v2/base.py:729}}
Jul 22 23:25:59.365119 n-d-758851-4 neutron-server[93793]: DEBUG neutron_lib.callbacks.manager [None req-0b309dfb-e721-4e55-bc3a-7ed94a26aa45 None None] Notify callbacks [] for port, precommit_update {{(pid=93793) _notify_loop /usr/local/lib/python3.8/dist-packages/neutron_lib/callbacks/manager.py:192}}
Jul 22 23:25:59.386082 n-d-758851-4 neutron-server[93791]: DEBUG neutron.pecan_wsgi.hooks.policy_enforcement [req-3c1ba643-569f-4297-8a10-fcd213f71643 req-0317d00b-3dba-43aa-b964-c8add0ea5671 service neutron] Attributes excluded by policy engine: ['standard_attr_id', 'vlan_transparent'] {{(pid=93791) _exclude_attributes_by_policy /opt/stack/neutron/neutron/pecan_wsgi/hooks/policy_enforcement.py:255}}
Jul 22 23:25:59.388125 n-d-758851-4 neutron-server[93791]: INFO neutron.wsgi [req-3c1ba643-569f-4297-8a10-fcd213f71643 req-0317d00b-3dba-43aa-b964-c8add0ea5671 service neutron] 10.222.0.48 "GET /v2.0/networks?id=dedf0601-95b2-4e0e-8580-90ac3f1fd028 HTTP/1.1" status: 200 len: 870 time: 0.2030845
Jul 22 23:25:59.398991 n-d-758851-4 neutron-server[93793]: DEBUG neutron.db.provisioning_blocks [None req-0b309dfb-e721-4e55-bc3a-7ed94a26aa45 None None] Transition to ACTIVE for port object 690e6a85-e6f9-4c8e-83e9-f9d9aca52a98 will not be triggered until provisioned by entity L2. {{(pid=93793) add_provisioning_component /opt/stack/neutron/neutron/db/provisioning_blocks.py:73}}
Jul 22 23:25:59.402370 n-d-758851-4 neutron-server[93790]: DEBUG neutron.wsgi [-] (93790) accepted ('10.222.0.21', 48444) {{(pid=93790) server /usr/local/lib/python3.8/dist-packages/eventlet/wsgi.py:982}}
Jul 22 23:25:59.414572 n-d-758851-4 neutron-server[93793]: DEBUG neutron_lib.callbacks.manager [None req-0b309dfb-e721-4e55-bc3a-7ed94a26aa45 None None] Notify callbacks ['neutron.plugins.ml2.plugin.SecurityGroupServerNotifierRpcMixin._notify_sg_on_port_change-1619374', 'neutron.plugins.ml2.ovo_rpc._ObjectChangeHandler.handle_event-19225', 'neutron.api.rpc.agentnotifiers.dhcp_rpc_agent_api.DhcpAgentNotifyAPI._native_event_send_dhcp_notification-556529', 'neutron.db.l3_db.L3RpcNotifierMixin._notify_gateway_port_ip_changed-8755826412346', 'neutron.db.l3_dvrscheduler_db._notify_l3_agent_port_update-8755826012811', 'neutron.db.l3_hascheduler_db._notify_l3_agent_ha_port_update-8755826012829'] for port, after_update {{(pid=93793) _notify_loop /usr/local/lib/python3.8/dist-packages/neutron_lib/callbacks/manager.py:192}}
Jul 22 23:25:59.437122 n-d-758851-4 neutron-server[93790]: DEBUG neutron_lib.callbacks.manager [None req-b61ea33e-1396-494c-85b4-4a2082c6deda admin admin] Notify callbacks ['neutron.services.auto_allocate.db._ensure_external_network_default_value_callback-8755825996526'] for network, precommit_create {{(pid=93790) _notify_loop /usr/local/lib/python3.8/dist-packages/neutron_lib/callbacks/manager.py:192}}
Jul 22 23:25:59.484161 n-d-758851-4 neutron-server[93793]: DEBUG neutron.plugins.ml2.managers [None req-0b309dfb-e721-4e55-bc3a-7ed94a26aa45 None None] Attempting to bind port 690e6a85-e6f9-4c8e-83e9-f9d9aca52a98 on host n-d-758851-4 for vnic_type normal with profile {{(pid=93793) bind_port /opt/stack/neutron/neutron/plugins/ml2/managers.py:790}}
Jul 22 23:25:59.484616 n-d-758851-4 neutron-server[93793]: DEBUG neutron.plugins.ml2.managers [None req-0b309dfb-e721-4e55-bc3a-7ed94a26aa45 None None] Attempting to bind port 690e6a85-e6f9-4c8e-83e9-f9d9aca52a98 by drivers openvswitch,hyperv on host n-d-758851-4 at level 0 using segments [{'id': 'ee68083e-dea8-4e11-8c0f-235e116039e0', 'network_type': 'flat', 'physical_network': 'physnet1', 'segmentation_id': None, 'network_id': 'c9b68c7d-12fc-429c-b33a-e3d1b8e635d3'}] {{(pid=93793) _bind_port_level /opt/stack/neutron/neutron/plugins/ml2/managers.py:815}}
Jul 22 23:25:59.485058 n-d-758851-4 neutron-server[93793]: DEBUG neutron.plugins.ml2.drivers.mech_agent [None req-0b309dfb-e721-4e55-bc3a-7ed94a26aa45 None None] Attempting to bind port 690e6a85-e6f9-4c8e-83e9-f9d9aca52a98 on network c9b68c7d-12fc-429c-b33a-e3d1b8e635d3 {{(pid=93793) bind_port /opt/stack/neutron/neutron/plugins/ml2/drivers/mech_agent.py:85}}
Jul 22 23:25:59.487910 n-d-758851-4 neutron-server[93793]: DEBUG neutron.api.rpc.handlers.resources_rpc [None req-2a054656-fb7b-454f-bece-9e1fe4d1232b None None] Pushing event updated for resources: {'Port': ['ID=690e6a85-e6f9-4c8e-83e9-f9d9aca52a98,revision_number=2']} {{(pid=93793) push /opt/stack/neutron/neutron/api/rpc/handlers/resources_rpc.py:237}}
Jul 22 23:25:59.488432 n-d-758851-4 neutron-server[93790]: DEBUG neutron.db.db_base_plugin_common [req-caa107f0-2357-4e4e-b3da-b26b037f640d req-5d13e9b6-1145-4bed-bfbf-cc67d8142c92 tempest-LiveMigrationNegativeTest-500754459 tempest-LiveMigrationNegativeTest-500754459-project] Allocated IP 192.168.233.205 (dedf0601-95b2-4e0e-8580-90ac3f1fd028/8fe1ca3b-1916-489e-8986-3388fc1cacc1/927d05d9-efdf-42be-8784-3bbf8297423e) {{(pid=93790) _store_ip_allocation /opt/stack/neutron/neutron/db/db_base_plugin_common.py:131}}
Jul 22 23:25:59.491843 n-d-758851-4 neutron-server[93790]: DEBUG neutron_lib.callbacks.manager [None req-50972533-c7a1-449c-9ecc-c61b62046427 admin admin] Notify callbacks ['neutron.plugins.ml2.plugin.SecurityGroupDbMixin._ensure_default_security_group_handler-1618441'] for port, before_create {{(pid=93790) _notify_loop /usr/local/lib/python3.8/dist-packages/neutron_lib/callbacks/manager.py:192}}
Jul 22 23:25:59.495646 n-d-758851-4 neutron-server[93793]: DEBUG neutron.plugins.ml2.drivers.mech_agent [None req-0b309dfb-e721-4e55-bc3a-7ed94a26aa45 None None] Checking agent: {'id': '3a8b8da8-3114-4157-a8e5-84981f270aa3', 'agent_type': 'Open vSwitch agent', 'binary': 'neutron-openvswitch-agent', 'topic': 'N/A', 'host': 'n-d-758851-4', 'admin_state_up': True, 'created_at': datetime.datetime(2021, 7, 22, 23, 14, 49), 'started_at': datetime.datetime(2021, 7, 22, 23, 15, 19), 'heartbeat_timestamp': datetime.datetime(2021, 7, 22, 23, 25, 50), 'description': None, 'resources_synced': None, 'availability_zone': None, 'alive': True, 'configurations': {'arp_responder_enabled': False, 'baremetal_smartnic': False, 'bridge_mappings': {'physnet1': 'br-data'}, 'datapath_type': 'system', 'devices': 0, 'enable_distributed_routing': False, 'extensions': [], 'in_distributed_mode': False, 'integration_bridge': 'br-int', 'l2_population': False, 'log_agent_heartbeats': False, 'ovs_capabilities': {'datapath_types': ['netdev', 'system'], 'iface_types': ['erspan', 'geneve', 'gre', 'internal', 'ip6erspan', 'ip6gre', 'lisp', 'patch', 'stt', 'system', 'tap', 'vxlan']}, 'ovs_hybrid_plug': False, 'resource_provider_bandwidths': {}, 'resource_provider_hypervisors': {'br-data': 'n-d-758851-4'}, 'resource_provider_inventory_defaults': {'allocation_ratio': 1.0, 'min_unit': 1, 'step_size': 1, 'reserved': 0}, 'tunnel_types': [], 'tunneling_ip': None, 'vhostuser_socket_dir': '/var/run/openvswitch'}, 'resource_versions': {'AddressGroup': '1.2', 'ConntrackHelper': '1.0', 'Log': '1.0', 'Network': '1.1', 'Port': '1.7', 'PortForwarding': '1.2', 'QosPolicy': '1.8', 'SecurityGroup': '1.4', 'SecurityGroupRule': '1.2', 'SubPort': '1.0', 'Subnet': '1.1', 'Trunk': '1.1'}} {{(pid=93793) bind_port /opt/stack/neutron/neutron/plugins/ml2/drivers/mech_agent.py:104}}
Jul 22 23:25:59.496154 n-d-758851-4 neutron-server[93793]: DEBUG neutron.plugins.ml2.drivers.mech_agent [None req-0b309dfb-e721-4e55-bc3a-7ed94a26aa45 None None] Checking segment: {'id': 'ee68083e-dea8-4e11-8c0f-235e116039e0', 'network_type': 'flat', 'physical_network': 'physnet1', 'segmentation_id': None, 'network_id': 'c9b68c7d-12fc-429c-b33a-e3d1b8e635d3'} for mappings: {'physnet1': 'br-data'} with network types: ['local', 'flat', 'vlan'] {{(pid=93793) check_segment_for_agent /opt/stack/neutron/neutron/plugins/ml2/drivers/mech_agent.py:352}}
Jul 22 23:25:59.496633 n-d-758851-4 neutron-server[93793]: DEBUG neutron_lib.callbacks.manager [None req-0b309dfb-e721-4e55-bc3a-7ed94a26aa45 None None] Notify callbacks [] for ovs_bridge_name, before_read {{(pid=93793) _notify_loop /usr/local/lib/python3.8/dist-packages/neutron_lib/callbacks/manager.py:192}}
Jul 22 23:25:59.497169 n-d-758851-4 neutron-server[93793]: DEBUG neutron.plugins.ml2.drivers.mech_agent [None req-0b309dfb-e721-4e55-bc3a-7ed94a26aa45 None None] Bound using segment: {'id': 'ee68083e-dea8-4e11-8c0f-235e116039e0', 'network_type': 'flat', 'physical_network': 'physnet1', 'segmentation_id': None, 'network_id': 'c9b68c7d-12fc-429c-b33a-e3d1b8e635d3'} {{(pid=93793) bind_port /opt/stack/neutron/neutron/plugins/ml2/drivers/mech_agent.py:114}}
Jul 22 23:25:59.497991 n-d-758851-4 neutron-server[93793]: DEBUG neutron.plugins.ml2.managers [None req-0b309dfb-e721-4e55-bc3a-7ed94a26aa45 None None] Bound port: 690e6a85-e6f9-4c8e-83e9-f9d9aca52a98, host: n-d-758851-4, vif_type: ovs, vif_details: {"connectivity": "l2", "port_filter": true, "ovs_hybrid_plug": false, "datapath_type": "system", "bridge_name": "br-int"}, binding_levels: [{'bound_driver': 'openvswitch', 'bound_segment': {'id': 'ee68083e-dea8-4e11-8c0f-235e116039e0', 'network_type': 'flat', 'physical_network': 'physnet1', 'segmentation_id': None, 'network_id': 'c9b68c7d-12fc-429c-b33a-e3d1b8e635d3'}}] {{(pid=93793) _bind_port_level /opt/stack/neutron/neutron/plugins/ml2/managers.py:928}}
Jul 22 23:25:59.498714 n-d-758851-4 neutron-server[93793]: DEBUG neutron_lib.callbacks.manager [None req-0b309dfb-e721-4e55-bc3a-7ed94a26aa45 None None] Notify callbacks ['neutron.plugins.ml2.plugin.SecurityGroupDbMixin._ensure_default_security_group_handler-1618441'] for port, before_update {{(pid=93793) _notify_loop /usr/local/lib/python3.8/dist-packages/neutron_lib/callbacks/manager.py:192}}
Jul 22 23:25:59.524003 n-d-758851-4 neutron-server[93791]: INFO neutron.wsgi [req-3c1ba643-569f-4297-8a10-fcd213f71643 req-60fc0b7d-eb5d-40d6-8fd2-e3e092039d69 service neutron] 10.222.0.48 "GET /v2.0/floatingips?fixed_ip_address=192.168.233.130&port_id=118ac7f5-cdc1-4f60-9d6f-29a927d12839 HTTP/1.1" status: 200 len: 217 time: 0.1277416
Jul 22 23:25:59.528845 n-d-758851-4 neutron-server[93791]: DEBUG neutron_lib.callbacks.manager [req-e1d3681f-bd56-408a-9831-8802208edf1c req-5ab454b1-2289-463d-a869-940bd6a4067b tempest-SecurityGroupRulesTestJSON-318118754 tempest-SecurityGroupRulesTestJSON-318118754-project] Notify callbacks [] for security_group_rule, before_create {{(pid=93791) _notify_loop /usr/local/lib/python3.8/dist-packages/neutron_lib/callbacks/manager.py:192}}
Jul 22 23:25:59.581208 n-d-758851-4 neutron-server[93793]: DEBUG neutron.plugins.ml2.db [None req-0b309dfb-e721-4e55-bc3a-7ed94a26aa45 None None] For port 690e6a85-e6f9-4c8e-83e9-f9d9aca52a98, host n-d-758851-4, cleared binding levels {{(pid=93793) clear_binding_levels /opt/stack/neutron/neutron/plugins/ml2/db.py:87}}
Jul 22 23:25:59.586165 n-d-758851-4 neutron-server[93793]: DEBUG neutron.plugins.ml2.db [None req-0b309dfb-e721-4e55-bc3a-7ed94a26aa45 None None] For port 690e6a85-e6f9-4c8e-83e9-f9d9aca52a98, host n-d-758851-4, set binding levels [PortBindingLevel(driver='openvswitch',host='n-d-758851-4',level=0,port_id=690e6a85-e6f9-4c8e-83e9-f9d9aca52a98,segment=NetworkSegment(ee68083e-dea8-4e11-8c0f-235e116039e0),segment_id=ee68083e-dea8-4e11-8c0f-235e116039e0)] {{(pid=93793) set_binding_levels /opt/stack/neutron/neutron/plugins/ml2/db.py:59}}
Jul 22 23:25:59.590838 n-d-758851-4 neutron-server[93791]: DEBUG neutron_lib.callbacks.manager [None req-fb602f5c-b3c2-4179-8621-c8ce719af52e admin admin] Notify callbacks [] for security_group, before_create {{(pid=93791) _notify_loop /usr/local/lib/python3.8/dist-packages/neutron_lib/callbacks/manager.py:192}}
Jul 22 23:25:59.592148 n-d-758851-4 neutron-server[93793]: DEBUG neutron_lib.callbacks.manager [None req-0b309dfb-e721-4e55-bc3a-7ed94a26aa45 None None] Notify callbacks ['neutron.plugins.ml2.plugin.SecurityGroupServerNotifierRpcMixin._notify_sg_on_port_change-1619374', 'neutron.plugins.ml2.ovo_rpc._ObjectChangeHandler.handle_event-19225', 'neutron.api.rpc.agentnotifiers.dhcp_rpc_agent_api.DhcpAgentNotifyAPI._native_event_send_dhcp_notification-556529', 'neutron.db.l3_db.L3RpcNotifierMixin._notify_gateway_port_ip_changed-8755826412346', 'neutron.db.l3_dvrscheduler_db._notify_l3_agent_port_update-8755826012811', 'neutron.db.l3_hascheduler_db._notify_l3_agent_ha_port_update-8755826012829'] for port, after_update {{(pid=93793) _notify_loop /usr/local/lib/python3.8/dist-packages/neutron_lib/callbacks/manager.py:192}}
Jul 22 23:25:59.638337 n-d-758851-4 neutron-server[93791]: DEBUG neutron_lib.callbacks.manager [req-e1d3681f-bd56-408a-9831-8802208edf1c req-5ab454b1-2289-463d-a869-940bd6a4067b tempest-SecurityGroupRulesTestJSON-318118754 tempest-SecurityGroupRulesTestJSON-318118754-project] Notify callbacks [] for security_group_rule, precommit_create {{(pid=93791) _notify_loop /usr/local/lib/python3.8/dist-packages/neutron_lib/callbacks/manager.py:192}}
Jul 22 23:25:59.661380 n-d-758851-4 neutron-server[93791]: DEBUG neutron_lib.callbacks.manager [req-e1d3681f-bd56-408a-9831-8802208edf1c req-5ab454b1-2289-463d-a869-940bd6a4067b tempest-SecurityGroupRulesTestJSON-318118754 tempest-SecurityGroupRulesTestJSON-318118754-project] Notify callbacks ['neutron.plugins.ml2.ovo_rpc._ObjectChangeHandler.handle_event-780870'] for security_group_rule, after_create {{(pid=93791) _notify_loop /usr/local/lib/python3.8/dist-packages/neutron_lib/callbacks/manager.py:192}}
Jul 22 23:25:59.672570 n-d-758851-4 neutron-server[93793]: DEBUG neutron.api.rpc.handlers.resources_rpc [None req-2a054656-fb7b-454f-bece-9e1fe4d1232b None None] Pushing event updated for resources: {'Port': ['ID=690e6a85-e6f9-4c8e-83e9-f9d9aca52a98,revision_number=3']} {{(pid=93793) push /opt/stack/neutron/neutron/api/rpc/handlers/resources_rpc.py:237}}
Jul 22 23:25:59.680813 n-d-758851-4 neutron-server[93793]: DEBUG neutron.db.l3_dvrscheduler_db [None req-0b309dfb-e721-4e55-bc3a-7ed94a26aa45 None None] Routers {'2c91b1ac-3e19-42e6-9fd4-c9e74a7b70fa'} bound to L3 agent in host n-d-758851-4 {{(pid=93793) _get_router_ids_for_agent /opt/stack/neutron/neutron/db/l3_dvrscheduler_db.py:420}}
Jul 22 23:25:59.681994 n-d-758851-4 neutron-server[93793]: DEBUG neutron.db.l3_hamode_db [None req-0b309dfb-e721-4e55-bc3a-7ed94a26aa45 None None] neutron.services.l3_router.l3_router_plugin.L3RouterPlugin method get_ha_sync_data_for_host called with arguments (, 'n-d-758851-4', Agent(admin_state_up=True,agent_type='L3 agent',availability_zone='nova',binary='neutron-l3-agent',configurations={"agent_mode": "legacy", "ex_gw_ports": 2, "extensions": [], "floating_ips": 0, "handle_internal_only_routers": true, "interface_driver": "openvswitch", "interfaces": 1, "log_agent_heartbeats": false, "routers": 2},created_at=2021-07-22T23:14:49Z,description=,heartbeat_timestamp=2021-07-22T23:25:49Z,host='n-d-758851-4',id=6d34fa7c-7c68-4d9e-b8ee-a050a06371d1,load=0,resource_versions=,resources_synced=,started_at=2021-07-22T23:14:49Z,topic='l3_agent')) {'router_ids': ['2c91b1ac-3e19-42e6-9fd4-c9e74a7b70fa'], 'active': True} {{(pid=93793) wrapper /usr/local/lib/python3.8/dist-packages/oslo_log/helpers.py:65}}
Jul 22 23:25:59.709964 n-d-758851-4 neutron-server[93790]: DEBUG neutron.db.db_base_plugin_common [None req-50972533-c7a1-449c-9ecc-c61b62046427 admin admin] Allocated IP 172.20.0.1 (c1502058-4697-4011-aa7b-81b2211c0f2d/3d6c722b-ccba-4a54-934e-7a9ef9c545ba/5467879e-2f49-42fd-830d-c74365b9cd43) {{(pid=93790) _store_ip_allocation /opt/stack/neutron/neutron/db/db_base_plugin_common.py:131}}
Jul 22 23:25:59.722707 n-d-758851-4 neutron-server[93791]: DEBUG neutron.api.rpc.handlers.resources_rpc [None req-5ab454b1-2289-463d-a869-940bd6a4067b tempest-SecurityGroupRulesTestJSON-318118754 tempest-SecurityGroupRulesTestJSON-318118754-project] Pushing event updated for resources: {'SecurityGroupRule': ['ID=d114dd9b-f6fa-4604-aff1-0142afb86fe4,revision_number=0']} {{(pid=93791) push /opt/stack/neutron/neutron/api/rpc/handlers/resources_rpc.py:237}}
Jul 22 23:25:59.726064 n-d-758851-4 neutron-server[93791]: DEBUG neutron.pecan_wsgi.hooks.policy_enforcement [req-3c1ba643-569f-4297-8a10-fcd213f71643 req-e60e8cea-dc5e-4f00-905c-d3afa7bf5356 service neutron] Attributes excluded by policy engine: ['standard_attr_id', 'shared'] {{(pid=93791) _exclude_attributes_by_policy /opt/stack/neutron/neutron/pecan_wsgi/hooks/policy_enforcement.py:255}}
Jul 22 23:25:59.727656 n-d-758851-4 neutron-server[93791]: INFO neutron.wsgi [req-3c1ba643-569f-4297-8a10-fcd213f71643 req-e60e8cea-dc5e-4f00-905c-d3afa7bf5356 service neutron] 10.222.0.48 "GET /v2.0/subnets?id=8fe1ca3b-1916-489e-8986-3388fc1cacc1 HTTP/1.1" status: 200 len: 843 time: 0.1901352
Jul 22 23:25:59.750455 n-d-758851-4 neutron-server[93790]: DEBUG neutron.api.v2.base [None req-65dff25e-280b-4a4a-b19d-02dc81074c2d admin admin] Request body: {'network': {'name': 'tempest-ServersTestBootFromVolume-1728442827-network', 'tenant_id': 'dc4550bb45a5443f9b0fa3199da16477'}} {{(pid=93790) prepare_request_body /opt/stack/neutron/neutron/api/v2/base.py:729}}
Jul 22 23:25:59.797383 n-d-758851-4 neutron-server[93790]: DEBUG neutron_lib.callbacks.manager [None req-b61ea33e-1396-494c-85b4-4a2082c6deda admin admin] Notify callbacks ['neutron.plugins.ml2.ovo_rpc._ObjectChangeHandler.handle_event-782885', 'neutron.api.rpc.agentnotifiers.dhcp_rpc_agent_api.DhcpAgentNotifyAPI._native_event_send_dhcp_notification-556529'] for network, after_create {{(pid=93790) _notify_loop /usr/local/lib/python3.8/dist-packages/neutron_lib/callbacks/manager.py:192}}
Jul 22 23:25:59.798340 n-d-758851-4 neutron-server[93790]: DEBUG neutron.pecan_wsgi.hooks.policy_enforcement [None req-b61ea33e-1396-494c-85b4-4a2082c6deda admin admin] Attributes excluded by policy engine: ['standard_attr_id', 'vlan_transparent'] {{(pid=93790) _exclude_attributes_by_policy /opt/stack/neutron/neutron/pecan_wsgi/hooks/policy_enforcement.py:255}}
Jul 22 23:25:59.799028 n-d-758851-4 neutron-server[93790]: DEBUG neutron_lib.callbacks.manager [None req-b61ea33e-1396-494c-85b4-4a2082c6deda admin admin] Notify callbacks ['neutron.api.rpc.agentnotifiers.dhcp_rpc_agent_api.DhcpAgentNotifyAPI._send_dhcp_notification-556515'] for network, before_response {{(pid=93790) _notify_loop /usr/local/lib/python3.8/dist-packages/neutron_lib/callbacks/manager.py:192}}
Jul 22 23:25:59.802136 n-d-758851-4 neutron-server[93793]: DEBUG neutron.db.l3_dvr_db [None req-0b309dfb-e721-4e55-bc3a-7ed94a26aa45 None None] Set router 2c91b1ac-3e19-42e6-9fd4-c9e74a7b70fa gateway port host: n-d-758851-4 {{(pid=93793) _build_routers_list /opt/stack/neutron/neutron/db/l3_dvr_db.py:894}}
Jul 22 23:25:59.821776 n-d-758851-4 neutron-server[93791]: DEBUG neutron.pecan_wsgi.hooks.policy_enforcement [req-df21888a-c639-4134-9c4f-2a800074596f req-411ff133-1b43-47c1-8b35-dbcfa2395f26 tempest-ServersOnMultiNodesTest-1571649007 tempest-ServersOnMultiNodesTest-1571649007-project] Attributes excluded by policy engine: ['standard_attr_id', 'binding:profile', 'binding:host_id', 'binding:vif_type', 'binding:vif_details'] {{(pid=93791) _exclude_attributes_by_policy /opt/stack/neutron/neutron/pecan_wsgi/hooks/policy_enforcement.py:255}}
Jul 22 23:25:59.823924 n-d-758851-4 neutron-server[93791]: INFO neutron.wsgi [req-df21888a-c639-4134-9c4f-2a800074596f req-411ff133-1b43-47c1-8b35-dbcfa2395f26 tempest-ServersOnMultiNodesTest-1571649007 tempest-ServersOnMultiNodesTest-1571649007-project] 10.222.0.21 "GET /v2.0/ports?device_id=69bac1da-45e6-478e-8099-b7a4bbf96107 HTTP/1.1" status: 200 len: 948 time: 0.1815338
Jul 22 23:25:59.894860 n-d-758851-4 neutron-server[93791]: DEBUG neutron.pecan_wsgi.hooks.policy_enforcement [req-3c1ba643-569f-4297-8a10-fcd213f71643 req-dedbbdbc-434c-4610-b988-8cd9eda731a0 service neutron] Attributes excluded by policy engine: ['standard_attr_id'] {{(pid=93791) _exclude_attributes_by_policy /opt/stack/neutron/neutron/pecan_wsgi/hooks/policy_enforcement.py:255}}
Jul 22 23:25:59.896277 n-d-758851-4 neutron-server[93791]: INFO neutron.wsgi [req-3c1ba643-569f-4297-8a10-fcd213f71643 req-dedbbdbc-434c-4610-b988-8cd9eda731a0 service neutron] 10.222.0.48 "GET /v2.0/ports?network_id=dedf0601-95b2-4e0e-8580-90ac3f1fd028&device_owner=network%3Adhcp HTTP/1.1" status: 200 len: 1166 time: 0.1600387
Jul 22 23:25:59.908796 n-d-758851-4 neutron-server[93791]: INFO neutron.wsgi [req-df21888a-c639-4134-9c4f-2a800074596f req-d9e89b93-10d3-4ccc-b4fd-44d5d744edca tempest-ServersOnMultiNodesTest-1571649007 tempest-ServersOnMultiNodesTest-1571649007-project] 10.222.0.21 "GET /v2.0/security-groups?id=7af42581-baff-4aa7-92c4-ce68ec9c69d9&fields=id&fields=name HTTP/1.1" status: 200 len: 286 time: 0.0760469
Jul 22 23:25:59.921099 n-d-758851-4 neutron-server[93791]: DEBUG neutron_lib.callbacks.manager [None req-fb602f5c-b3c2-4179-8621-c8ce719af52e admin admin] Notify callbacks [] for security_group, precommit_create {{(pid=93791) _notify_loop /usr/local/lib/python3.8/dist-packages/neutron_lib/callbacks/manager.py:192}}
Jul 22 23:25:59.934726 n-d-758851-4 neutron-server[93791]: DEBUG neutron_lib.callbacks.manager [None req-fb602f5c-b3c2-4179-8621-c8ce719af52e admin admin] Notify callbacks ['neutron.plugins.ml2.ovo_rpc._ObjectChangeHandler.handle_event-782996'] for security_group, after_create {{(pid=93791) _notify_loop /usr/local/lib/python3.8/dist-packages/neutron_lib/callbacks/manager.py:192}}
Jul 22 23:25:59.964645 n-d-758851-4 neutron-server[93791]: DEBUG neutron_lib.callbacks.manager [req-e1d3681f-bd56-408a-9831-8802208edf1c req-5ab454b1-2289-463d-a869-940bd6a4067b tempest-SecurityGroupRulesTestJSON-318118754 tempest-SecurityGroupRulesTestJSON-318118754-project] Notify callbacks [] for security_group_rule, before_response {{(pid=93791) _notify_loop /usr/local/lib/python3.8/dist-packages/neutron_lib/callbacks/manager.py:192}}
Jul 22 23:25:59.971675 n-d-758851-4 neutron-server[93791]: INFO neutron.wsgi [req-e1d3681f-bd56-408a-9831-8802208edf1c req-5ab454b1-2289-463d-a869-940bd6a4067b tempest-SecurityGroupRulesTestJSON-318118754 tempest-SecurityGroupRulesTestJSON-318118754-project] 10.222.0.21 "POST /v2.0/security-group-rules HTTP/1.1" status: 201 len: 806 time: 0.7328627
Jul 22 23:26:00.001070 n-d-758851-4 neutron-server[93790]: INFO neutron.wsgi [None req-b61ea33e-1396-494c-85b4-4a2082c6deda admin admin] 10.222.0.21 "POST /v2.0/networks HTTP/1.1" status: 201 len: 894 time: 1.7480242
Jul 22 23:26:00.037232 n-d-758851-4 neutron-server[93790]: DEBUG neutron.wsgi [-] (93790) accepted ('10.222.0.21', 48464) {{(pid=93790) server /usr/local/lib/python3.8/dist-packages/eventlet/wsgi.py:982}}
Jul 22 23:26:00.044591 n-d-758851-4 neutron-server[93790]: DEBUG neutron.api.rpc.handlers.resources_rpc [None req-b61ea33e-1396-494c-85b4-4a2082c6deda admin admin] Pushing event updated for resources: {'Network': ['ID=952126e2-db2b-44d1-b526-e310054a0789,revision_number=1']} {{(pid=93790) push /opt/stack/neutron/neutron/api/rpc/handlers/resources_rpc.py:237}}
Jul 22 23:26:00.052642 n-d-758851-4 neutron-server[93790]: DEBUG neutron.api.v2.base [None req-20fcf431-8294-4660-b3a0-c21a5a529baf admin admin] Request body: {'subnet': {'network_id': '952126e2-db2b-44d1-b526-e310054a0789', 'cidr': '172.20.0.0/28', 'name': 'tempest-LiveAutoBlockMigrationV225Test-1925919087-subnet', 'tenant_id': '53276da5c8204b9a8135b09df83747f1', 'enable_dhcp': False, 'ip_version': 4}} {{(pid=93790) prepare_request_body /opt/stack/neutron/neutron/api/v2/base.py:729}}
Jul 22 23:26:00.061541 n-d-758851-4 neutron-server[93793]: DEBUG neutron.db.l3_hamode_db [None req-0b309dfb-e721-4e55-bc3a-7ed94a26aa45 None None] neutron.services.l3_router.l3_router_plugin.L3RouterPlugin method _process_sync_ha_data called with arguments (, [{'id': '2c91b1ac-3e19-42e6-9fd4-c9e74a7b70fa', 'name': 'tempest-ServersWithSpecificFlavorTestJSON-354283173-router', 'tenant_id': 'e9cea8bd1f5d4905a121be7846ec435b', 'admin_state_up': True, 'status': 'ACTIVE', 'external_gateway_info': {'network_id': 'c9b68c7d-12fc-429c-b33a-e3d1b8e635d3', 'external_fixed_ips': [{'subnet_id': 'd3e105e6-b8cc-47ef-b250-cb7ddae1c1a5', 'ip_address': '172.25.5.159'}], 'enable_snat': True}, 'gw_port_id': '690e6a85-e6f9-4c8e-83e9-f9d9aca52a98', 'description': '', 'availability_zones': ['nova'], 'distributed': False, 'ha': False, 'ha_vr_id': 0, 'availability_zone_hints': [], 'routes': [], 'flavor_id': None, 'tags': [], 'created_at': '2021-07-22T23:25:49Z', 'updated_at': '2021-07-22T23:25:55Z', 'revision_number': 3, 'project_id': 'e9cea8bd1f5d4905a121be7846ec435b', 'gw_port': {'id': '690e6a85-e6f9-4c8e-83e9-f9d9aca52a98', 'name': '', 'network_id': 'c9b68c7d-12fc-429c-b33a-e3d1b8e635d3', 'tenant_id': '', 'mac_address': 'fa:16:3e:13:b5:c3', 'admin_state_up': True, 'status': 'DOWN', 'device_id': '2c91b1ac-3e19-42e6-9fd4-c9e74a7b70fa', 'device_owner': 'network:router_gateway', 'standard_attr_id': 362, 'fixed_ips': [{'subnet_id': 'd3e105e6-b8cc-47ef-b250-cb7ddae1c1a5', 'ip_address': '172.25.5.159', 'prefixlen': 24}], 'allowed_address_pairs': [], 'extra_dhcp_opts': [], 'security_groups': [], 'description': '', 'binding:vnic_type': 'normal', 'binding:profile': {}, 'binding:host_id': 'n-d-758851-4', 'binding:vif_type': 'ovs', 'binding:vif_details': {'connectivity': 'l2', 'port_filter': True, 'ovs_hybrid_plug': False, 'datapath_type': 'system', 'bridge_name': 'br-int'}, 'port_security_enabled': False, 'tags': [], 'created_at': '2021-07-22T23:25:52Z', 'updated_at': '2021-07-22T23:25:59Z', 'revision_number': 3, 'project_id': '', 'subnets': [{'id': 'd3e105e6-b8cc-47ef-b250-cb7ddae1c1a5', 'cidr': '172.25.5.0/24', 'gateway_ip': '172.25.5.1', 'dns_nameservers': [], 'ipv6_ra_mode': None, 'subnetpool_id': None}], 'extra_subnets': [], 'address_scopes': {4: None, 6: None}, 'mtu': 1500}, 'enable_snat': True, 'gw_port_host': 'n-d-758851-4'}], 'n-d-758851-4', False) {} {{(pid=93793) wrapper /usr/local/lib/python3.8/dist-packages/oslo_log/helpers.py:65}}
Jul 22 23:26:00.068035 n-d-758851-4 neutron-server[93792]: DEBUG neutron.plugins.ml2.rpc [None req-897195d5-54da-4d6f-a863-8c1fe65af8c6 None None] Network 952126e2-db2b-44d1-b526-e310054a0789 details requested by agent ovs-agent-n-d-758851-4 with host n-d-758851-4 {{(pid=93792) get_network_details /opt/stack/neutron/neutron/plugins/ml2/rpc.py:248}}
Jul 22 23:26:00.072918 n-d-758851-4 neutron-server[93791]: INFO neutron.wsgi [req-3c1ba643-569f-4297-8a10-fcd213f71643 req-cca262f0-0867-49cd-8f15-20febd794d36 service neutron] 10.222.0.48 "GET /v2.0/networks/dedf0601-95b2-4e0e-8580-90ac3f1fd028?fields=segments HTTP/1.1" status: 200 len: 212 time: 0.1661544
Jul 22 23:26:00.089691 n-d-758851-4 neutron-server[93790]: DEBUG neutron_lib.callbacks.manager [None req-50972533-c7a1-449c-9ecc-c61b62046427 admin admin] Notify callbacks [] for port, precommit_create {{(pid=93790) _notify_loop /usr/local/lib/python3.8/dist-packages/neutron_lib/callbacks/manager.py:192}}
Jul 22 23:26:00.091509 n-d-758851-4 neutron-server[93791]: DEBUG neutron.api.v2.base [req-cb5db42a-ada5-4b2f-bdef-c2ba7d5e4563 req-13c4545b-aefc-4b96-af34-e030bf69b910 tempest-SecurityGroupRulesTestJSON-318118754 tempest-SecurityGroupRulesTestJSON-318118754-project] Request body: {'security_group': {'name': 'tempest-SecurityGroupRulesTestJSON-securitygroup-826785908', 'description': 'tempest-description-1702161289'}} {{(pid=93791) prepare_request_body /opt/stack/neutron/neutron/api/v2/base.py:729}}
Jul 22 23:26:00.107637 n-d-758851-4 neutron-server[93790]: DEBUG neutron.pecan_wsgi.hooks.quota_enforcement [None req-65dff25e-280b-4a4a-b19d-02dc81074c2d admin admin] Made reservation on behalf of dc4550bb45a5443f9b0fa3199da16477 for: {'network': 1} {{(pid=93790) before /opt/stack/neutron/neutron/pecan_wsgi/hooks/quota_enforcement.py:53}}
Jul 22 23:26:00.107869 n-d-758851-4 neutron-server[93793]: DEBUG neutron.api.rpc.handlers.l3_rpc [None req-0b309dfb-e721-4e55-bc3a-7ed94a26aa45 None None] The sync data for ids ['2c91b1ac-3e19-42e6-9fd4-c9e74a7b70fa'] in n-d-758851-4 is: [{'id': '2c91b1ac-3e19-42e6-9fd4-c9e74a7b70fa', 'name': 'tempest-ServersWithSpecificFlavorTestJSON-354283173-router', 'tenant_id': 'e9cea8bd1f5d4905a121be7846ec435b', 'admin_state_up': True, 'status': 'ACTIVE', 'external_gateway_info': {'network_id': 'c9b68c7d-12fc-429c-b33a-e3d1b8e635d3', 'external_fixed_ips': [{'subnet_id': 'd3e105e6-b8cc-47ef-b250-cb7ddae1c1a5', 'ip_address': '172.25.5.159'}], 'enable_snat': True}, 'gw_port_id': '690e6a85-e6f9-4c8e-83e9-f9d9aca52a98', 'description': '', 'availability_zones': ['nova'], 'distributed': False, 'ha': False, 'ha_vr_id': 0, 'availability_zone_hints': [], 'routes': [], 'flavor_id': None, 'tags': [], 'created_at': '2021-07-22T23:25:49Z', 'updated_at': '2021-07-22T23:25:55Z', 'revision_number': 3, 'project_id': 'e9cea8bd1f5d4905a121be7846ec435b', 'gw_port': {'id': '690e6a85-e6f9-4c8e-83e9-f9d9aca52a98', 'name': '', 'network_id': 'c9b68c7d-12fc-429c-b33a-e3d1b8e635d3', 'tenant_id': '', 'mac_address': 'fa:16:3e:13:b5:c3', 'admin_state_up': True, 'status': 'DOWN', 'device_id': '2c91b1ac-3e19-42e6-9fd4-c9e74a7b70fa', 'device_owner': 'network:router_gateway', 'standard_attr_id': 362, 'fixed_ips': [{'subnet_id': 'd3e105e6-b8cc-47ef-b250-cb7ddae1c1a5', 'ip_address': '172.25.5.159', 'prefixlen': 24}], 'allowed_address_pairs': [], 'extra_dhcp_opts': [], 'security_groups': [], 'description': '', 'binding:vnic_type': 'normal', 'binding:profile': {}, 'binding:host_id': 'n-d-758851-4', 'binding:vif_type': 'ovs', 'binding:vif_details': {'connectivity': 'l2', 'port_filter': True, 'ovs_hybrid_plug': False, 'datapath_type': 'system', 'bridge_name': 'br-int'}, 'port_security_enabled': False, 'tags': [], 'created_at': '2021-07-22T23:25:52Z', 'updated_at': '2021-07-22T23:25:59Z', 'revision_number': 3, 'project_id': '', 'subnets': [{'id': 'd3e105e6-b8cc-47ef-b250-cb7ddae1c1a5', 'cidr': '172.25.5.0/24', 'gateway_ip': '172.25.5.1', 'dns_nameservers': [], 'ipv6_ra_mode': None, 'subnetpool_id': None}], 'extra_subnets': [], 'address_scopes': {4: None, 6: None}, 'mtu': 1500}, 'enable_snat': True, 'gw_port_host': 'n-d-758851-4'}] {{(pid=93793) sync_routers /opt/stack/neutron/neutron/api/rpc/handlers/l3_rpc.py:137}}
Jul 22 23:26:00.109604 n-d-758851-4 neutron-server[93790]: DEBUG neutron_lib.callbacks.manager [None req-65dff25e-280b-4a4a-b19d-02dc81074c2d admin admin] Notify callbacks ['neutron.plugins.ml2.plugin.SecurityGroupDbMixin._ensure_default_security_group_handler-1618441'] for network, before_create {{(pid=93790) _notify_loop /usr/local/lib/python3.8/dist-packages/neutron_lib/callbacks/manager.py:192}}
Jul 22 23:26:00.138515 n-d-758851-4 neutron-server[93790]: DEBUG neutron.db.provisioning_blocks [None req-50972533-c7a1-449c-9ecc-c61b62046427 admin admin] Transition to ACTIVE for port object 5467879e-2f49-42fd-830d-c74365b9cd43 will not be triggered until provisioned by entity DHCP. {{(pid=93790) add_provisioning_component /opt/stack/neutron/neutron/db/provisioning_blocks.py:73}}
Jul 22 23:26:00.142286 n-d-758851-4 neutron-server[93790]: DEBUG neutron_lib.callbacks.manager [None req-65dff25e-280b-4a4a-b19d-02dc81074c2d admin admin] Notify callbacks [] for security_group, before_create {{(pid=93790) _notify_loop /usr/local/lib/python3.8/dist-packages/neutron_lib/callbacks/manager.py:192}}
Jul 22 23:26:00.164102 n-d-758851-4 neutron-server[93791]: INFO neutron.wsgi [None req-fb602f5c-b3c2-4179-8621-c8ce719af52e admin admin] 10.222.0.21 "GET /v2.0/security-groups?tenant_id=af0b6dacc3964bae8267ccfbb9cf3850&name=default HTTP/1.1" status: 200 len: 2979 time: 1.0336411
Jul 22 23:26:00.175994 n-d-758851-4 neutron-server[93790]: DEBUG neutron.wsgi [-] (93790) accepted ('10.222.0.21', 48466) {{(pid=93790) server /usr/local/lib/python3.8/dist-packages/eventlet/wsgi.py:982}}
Jul 22 23:26:00.182502 n-d-758851-4 neutron-server[93790]: DEBUG neutron_lib.callbacks.manager [req-caa107f0-2357-4e4e-b3da-b26b037f640d req-5d13e9b6-1145-4bed-bfbf-cc67d8142c92 tempest-LiveMigrationNegativeTest-500754459 tempest-LiveMigrationNegativeTest-500754459-project] Notify callbacks [] for port, precommit_create {{(pid=93790) _notify_loop /usr/local/lib/python3.8/dist-packages/neutron_lib/callbacks/manager.py:192}}
Jul 22 23:26:00.191814 n-d-758851-4 neutron-server[93790]: DEBUG neutron.pecan_wsgi.hooks.quota_enforcement [None req-20fcf431-8294-4660-b3a0-c21a5a529baf admin admin] Made reservation on behalf of 53276da5c8204b9a8135b09df83747f1 for: {'subnet': 1} {{(pid=93790) before /opt/stack/neutron/neutron/pecan_wsgi/hooks/quota_enforcement.py:53}}
Jul 22 23:26:00.194075 n-d-758851-4 neutron-server[93790]: DEBUG neutron_lib.callbacks.manager [None req-20fcf431-8294-4660-b3a0-c21a5a529baf admin admin] Notify callbacks [] for subnet, before_create {{(pid=93790) _notify_loop /usr/local/lib/python3.8/dist-packages/neutron_lib/callbacks/manager.py:192}}
Jul 22 23:26:00.209840 n-d-758851-4 neutron-server[93791]: INFO neutron.wsgi [req-69c63e47-23fa-4937-80a4-7f46a5a42271 req-4c18a1fc-1019-4297-82fe-c7b8b00a1aab tempest-LiveMigrationNegativeTest-500754459 tempest-LiveMigrationNegativeTest-500754459-project] 10.222.0.21 "GET /v2.0/ports?device_id=f8decec8-4e2d-4d5c-bb1a-c2f39c0f8650 HTTP/1.1" status: 200 len: 210 time: 0.1247134
Jul 22 23:26:00.211611 n-d-758851-4 neutron-server[93791]: DEBUG neutron.api.rpc.handlers.resources_rpc [None req-fb602f5c-b3c2-4179-8621-c8ce719af52e admin admin] Pushing event updated for resources: {'SecurityGroup': ['ID=8e1393bd-5173-4456-989d-e4461c2ffcfc,revision_number=1']} {{(pid=93791) push /opt/stack/neutron/neutron/api/rpc/handlers/resources_rpc.py:237}}
Jul 22 23:26:00.251713 n-d-758851-4 neutron-server[93790]: DEBUG neutron.db.provisioning_blocks [req-caa107f0-2357-4e4e-b3da-b26b037f640d req-5d13e9b6-1145-4bed-bfbf-cc67d8142c92 tempest-LiveMigrationNegativeTest-500754459 tempest-LiveMigrationNegativeTest-500754459-project] Transition to ACTIVE for port object 927d05d9-efdf-42be-8784-3bbf8297423e will not be triggered until provisioned by entity DHCP. {{(pid=93790) add_provisioning_component /opt/stack/neutron/neutron/db/provisioning_blocks.py:73}}
Jul 22 23:26:00.270174 n-d-758851-4 neutron-server[93791]: DEBUG neutron_lib.callbacks.manager [req-cb5db42a-ada5-4b2f-bdef-c2ba7d5e4563 req-13c4545b-aefc-4b96-af34-e030bf69b910 tempest-SecurityGroupRulesTestJSON-318118754 tempest-SecurityGroupRulesTestJSON-318118754-project] Notify callbacks [] for security_group, before_create {{(pid=93791) _notify_loop /usr/local/lib/python3.8/dist-packages/neutron_lib/callbacks/manager.py:192}}
Jul 22 23:26:00.316585 n-d-758851-4 neutron-server[93791]: INFO neutron.wsgi [req-3c1ba643-569f-4297-8a10-fcd213f71643 req-63f83032-4323-4b40-b8b0-ed6c83e9f044 service neutron] 10.222.0.48 "GET /v2.0/networks/dedf0601-95b2-4e0e-8580-90ac3f1fd028?fields=provider%3Aphysical_network&fields=provider%3Anetwork_type HTTP/1.1" status: 200 len: 281 time: 0.2325087
Jul 22 23:26:00.332407 n-d-758851-4 neutron-server[93791]: DEBUG neutron_lib.db.api [req-cb5db42a-ada5-4b2f-bdef-c2ba7d5e4563 req-13c4545b-aefc-4b96-af34-e030bf69b910 tempest-SecurityGroupRulesTestJSON-318118754 tempest-SecurityGroupRulesTestJSON-318118754-project] Retry wrapper got retriable exception: (pymysql.err.OperationalError) (1213, 'Deadlock found when trying to get lock; try restarting transaction')
Jul 22 23:26:00.332407 n-d-758851-4 neutron-server[93791]: [SQL: DELETE FROM reservations WHERE reservations.project_id = %(project_id_1)s AND reservations.expiration < %(expiration_1)s]
Jul 22 23:26:00.332407 n-d-758851-4 neutron-server[93791]: [parameters: {'project_id_1': '447210c3fd2147c0aa39e23c275c4620', 'expiration_1': datetime.datetime(2021, 7, 22, 23, 26, 0, 293405)}]
Jul 22 23:26:00.332407 n-d-758851-4 neutron-server[93791]: (Background on this error at: http://sqlalche.me/e/14/e3q8) {{(pid=93791) wrapped /usr/local/lib/python3.8/dist-packages/neutron_lib/db/api.py:183}}
Jul 22 23:26:00.333464 n-d-758851-4 neutron-server[93791]: DEBUG oslo_db.api [req-cb5db42a-ada5-4b2f-bdef-c2ba7d5e4563 req-13c4545b-aefc-4b96-af34-e030bf69b910 tempest-SecurityGroupRulesTestJSON-318118754 tempest-SecurityGroupRulesTestJSON-318118754-project] Performing DB retry for function neutron.db.securitygroups_db.SecurityGroupDbMixin.create_security_group {{(pid=93791) wrapper /usr/local/lib/python3.8/dist-packages/oslo_db/api.py:155}}
Jul 22 23:26:00.382213 n-d-758851-4 neutron-server[93790]: DEBUG neutron_lib.callbacks.manager [req-caa107f0-2357-4e4e-b3da-b26b037f640d req-5d13e9b6-1145-4bed-bfbf-cc67d8142c92 tempest-LiveMigrationNegativeTest-500754459 tempest-LiveMigrationNegativeTest-500754459-project] Notify callbacks ['neutron.plugins.ml2.plugin.SecurityGroupServerNotifierRpcMixin._notify_sg_on_port_change-1619374', 'neutron.plugins.ml2.ovo_rpc._ObjectChangeHandler.handle_event-19225', 'neutron.api.rpc.agentnotifiers.dhcp_rpc_agent_api.DhcpAgentNotifyAPI._native_event_send_dhcp_notification-556529', 'neutron.db.l3_dvrscheduler_db._notify_l3_agent_new_port-8755826012793'] for port, after_create {{(pid=93790) _notify_loop /usr/local/lib/python3.8/dist-packages/neutron_lib/callbacks/manager.py:192}}
Jul 22 23:26:00.484240 n-d-758851-4 neutron-server[93790]: DEBUG neutron.scheduler.dhcp_agent_scheduler [req-caa107f0-2357-4e4e-b3da-b26b037f640d req-5d13e9b6-1145-4bed-bfbf-cc67d8142c92 tempest-LiveMigrationNegativeTest-500754459 tempest-LiveMigrationNegativeTest-500754459-project] Network dedf0601-95b2-4e0e-8580-90ac3f1fd028 is already hosted by enough agents. {{(pid=93790) _get_dhcp_agents_hosting_network /opt/stack/neutron/neutron/scheduler/dhcp_agent_scheduler.py:275}}
Jul 22 23:26:00.506869 n-d-758851-4 neutron-server[93790]: DEBUG neutron.scheduler.base_scheduler [req-caa107f0-2357-4e4e-b3da-b26b037f640d req-5d13e9b6-1145-4bed-bfbf-cc67d8142c92 tempest-LiveMigrationNegativeTest-500754459 tempest-LiveMigrationNegativeTest-500754459-project] Resources bound (agent type, host, resource id): {{(pid=93790) schedule /opt/stack/neutron/neutron/scheduler/base_scheduler.py:57}}
Jul 22 23:26:00.509639 n-d-758851-4 neutron-server[93790]: DEBUG neutron.db.l3_dvrscheduler_db [req-caa107f0-2357-4e4e-b3da-b26b037f640d req-5d13e9b6-1145-4bed-bfbf-cc67d8142c92 tempest-LiveMigrationNegativeTest-500754459 tempest-LiveMigrationNegativeTest-500754459-project] Received port after_create {{(pid=93790) _notify_l3_agent_new_port /opt/stack/neutron/neutron/db/l3_dvrscheduler_db.py:535}}
Jul 22 23:26:00.515784 n-d-758851-4 neutron-server[93790]: DEBUG neutron.pecan_wsgi.hooks.policy_enforcement [req-caa107f0-2357-4e4e-b3da-b26b037f640d req-5d13e9b6-1145-4bed-bfbf-cc67d8142c92 tempest-LiveMigrationNegativeTest-500754459 tempest-LiveMigrationNegativeTest-500754459-project] Attributes excluded by policy engine: ['standard_attr_id', 'binding:profile', 'binding:host_id', 'binding:vif_type', 'binding:vif_details', 'network'] {{(pid=93790) _exclude_attributes_by_policy /opt/stack/neutron/neutron/pecan_wsgi/hooks/policy_enforcement.py:255}}
Jul 22 23:26:00.516589 n-d-758851-4 neutron-server[93790]: DEBUG neutron_lib.callbacks.manager [req-caa107f0-2357-4e4e-b3da-b26b037f640d req-5d13e9b6-1145-4bed-bfbf-cc67d8142c92 tempest-LiveMigrationNegativeTest-500754459 tempest-LiveMigrationNegativeTest-500754459-project] Notify callbacks ['neutron.notifiers.nova.Notifier._send_nova_notification-66840'] for port, before_response {{(pid=93790) _notify_loop /usr/local/lib/python3.8/dist-packages/neutron_lib/callbacks/manager.py:192}}
Jul 22 23:26:00.527523 n-d-758851-4 neutron-server[93792]: DEBUG neutron.plugins.ml2.rpc [None req-bfaacaed-49c1-4ab7-ab61-f0888c3d477a None None] Device 118ac7f5-cdc1-4f60-9d6f-29a927d12839 details requested by agent hyperv_n-h2-758851-4 with host n-h2-758851-4 {{(pid=93792) get_device_details /opt/stack/neutron/neutron/plugins/ml2/rpc.py:102}}
Jul 22 23:26:00.536376 n-d-758851-4 neutron-server[93790]: DEBUG neutron_lib.callbacks.manager [None req-c79d2ad9-47de-4723-adc9-ffa4ad76458b admin admin] Notify callbacks [] for security_group, before_delete {{(pid=93790) _notify_loop /usr/local/lib/python3.8/dist-packages/neutron_lib/callbacks/manager.py:192}}
