Jul 22 11:42:02.476990 n-d-754448-4 cinder-volume[102041]: WARNING castellan.key_manager [None req-33f42d5b-998f-4903-9057-f5cbd58b953f tempest-VolumesGetTest-866540931 None] Deprecation Warning : cinder.keymgr.conf_key_mgr.ConfKeyManager is not a stevedore based driver, trying to load it as a class: stevedore.exception.NoMatches: No 'castellan.drivers' driver found, looking for 'cinder.keymgr.conf_key_mgr.ConfKeyManager'
Jul 22 11:42:02.498332 n-d-754448-4 cinder-volume[102041]: DEBUG cinder.volume.manager [None req-33f42d5b-998f-4903-9057-f5cbd58b953f tempest-VolumesGetTest-866540931 None] Flow 'volume_create_manager' (da723ac8-a34c-4b45-9bf4-c41cacadc587) transitioned into state 'RUNNING' from state 'PENDING' {{(pid=102041) _flow_receiver /usr/local/lib/python3.8/dist-packages/taskflow/listeners/logging.py:141}}
Jul 22 11:42:02.502313 n-d-754448-4 cinder-volume[102041]: DEBUG cinder.volume.manager [None req-33f42d5b-998f-4903-9057-f5cbd58b953f tempest-VolumesGetTest-866540931 None] Task 'cinder.volume.flows.manager.create_volume.ExtractVolumeRefTask;volume:create' (3e7c66ee-d237-400f-9aad-51defc18571e) transitioned into state 'RUNNING' from state 'PENDING' {{(pid=102041) _task_receiver /usr/local/lib/python3.8/dist-packages/taskflow/listeners/logging.py:190}}
Jul 22 11:42:02.511396 n-d-754448-4 cinder-volume[102041]: DEBUG oslo_db.sqlalchemy.engines [None req-33f42d5b-998f-4903-9057-f5cbd58b953f tempest-VolumesGetTest-866540931 None] MySQL server mode set to STRICT_TRANS_TABLES,STRICT_ALL_TABLES,NO_ZERO_IN_DATE,NO_ZERO_DATE,ERROR_FOR_DIVISION_BY_ZERO,TRADITIONAL,NO_ENGINE_SUBSTITUTION {{(pid=102041) _check_effective_sql_mode /usr/local/lib/python3.8/dist-packages/oslo_db/sqlalchemy/engines.py:314}}
Jul 22 11:42:02.538101 n-d-754448-4 cinder-volume[102041]: DEBUG cinder.volume.manager [None req-33f42d5b-998f-4903-9057-f5cbd58b953f tempest-VolumesGetTest-866540931 None] Task 'cinder.volume.flows.manager.create_volume.ExtractVolumeRefTask;volume:create' (3e7c66ee-d237-400f-9aad-51defc18571e) transitioned into state 'SUCCESS' from state 'RUNNING' with result 'Volume(_name_id=None,admin_metadata=,attach_status='detached',availability_zone='nova',bootable=False,cluster=,cluster_name=None,consistencygroup=,consistencygroup_id=None,created_at=2021-07-22T11:42:02Z,deleted=False,deleted_at=None,display_description=None,display_name='tempest-VolumesGetTest-Volume-1405696083',ec2_id=None,encryption_key_id=None,glance_metadata=,group=,group_id=None,host='n-d-754448-4@lvmdriver-1#lvmdriver-1',id=88550395-a2b7-4b6d-b9dd-e16ffb905304,launched_at=None,metadata={},migration_status=None,multiattach=False,previous_status=None,project_id='6d8b921dacf84fad8297b4e36bba8f06',provider_auth=None,provider_geometry=None,provider_id=None,provider_location=None,replication_driver_data=None,replication_extended_status=None,replication_status=None,scheduled_at=2021-07-22T11:42:02Z,service_uuid=None,shared_targets=True,size=1,snapshot_id=None,snapshots=,source_volid=None,status='creating',terminated_at=None,updated_at=2021-07-22T11:42:02Z,user_id='8aec3c8710144e4089b7452e39edf1c5',volume_attachment=,volume_type=VolumeType(7fe952ed-a1c4-4950-a1fe-719b9c6a6652),volume_type_id=7fe952ed-a1c4-4950-a1fe-719b9c6a6652)' {{(pid=102041) _task_receiver /usr/local/lib/python3.8/dist-packages/taskflow/listeners/logging.py:178}}
Jul 22 11:42:02.547907 n-d-754448-4 cinder-volume[102041]: DEBUG cinder.volume.manager [None req-33f42d5b-998f-4903-9057-f5cbd58b953f tempest-VolumesGetTest-866540931 None] Task 'cinder.volume.flows.manager.create_volume.OnFailureRescheduleTask;volume:create' (58ec0776-33d3-438c-9385-c210f75fc598) transitioned into state 'RUNNING' from state 'PENDING' {{(pid=102041) _task_receiver /usr/local/lib/python3.8/dist-packages/taskflow/listeners/logging.py:190}}
Jul 22 11:42:02.550087 n-d-754448-4 cinder-volume[102041]: DEBUG cinder.volume.manager [None req-33f42d5b-998f-4903-9057-f5cbd58b953f tempest-VolumesGetTest-866540931 None] Task 'cinder.volume.flows.manager.create_volume.OnFailureRescheduleTask;volume:create' (58ec0776-33d3-438c-9385-c210f75fc598) transitioned into state 'SUCCESS' from state 'RUNNING' with result 'None' {{(pid=102041) _task_receiver /usr/local/lib/python3.8/dist-packages/taskflow/listeners/logging.py:178}}
Jul 22 11:42:02.575865 n-d-754448-4 cinder-volume[102041]: DEBUG cinder.volume.manager [None req-33f42d5b-998f-4903-9057-f5cbd58b953f tempest-VolumesGetTest-866540931 None] Task 'cinder.volume.flows.manager.create_volume.ExtractVolumeSpecTask;volume:create' (72f5bf1a-41fb-42ec-90c9-b6f748a4bdd3) transitioned into state 'RUNNING' from state 'PENDING' {{(pid=102041) _task_receiver /usr/local/lib/python3.8/dist-packages/taskflow/listeners/logging.py:190}}
Jul 22 11:42:02.583603 n-d-754448-4 cinder-volume[102041]: DEBUG cinder.volume.manager [None req-33f42d5b-998f-4903-9057-f5cbd58b953f tempest-VolumesGetTest-866540931 None] Task 'cinder.volume.flows.manager.create_volume.ExtractVolumeSpecTask;volume:create' (72f5bf1a-41fb-42ec-90c9-b6f748a4bdd3) transitioned into state 'SUCCESS' from state 'RUNNING' with result '{'status': 'creating', 'type': 'raw', 'volume_id': '88550395-a2b7-4b6d-b9dd-e16ffb905304', 'volume_name': 'volume-88550395-a2b7-4b6d-b9dd-e16ffb905304', 'volume_size': 1}' {{(pid=102041) _task_receiver /usr/local/lib/python3.8/dist-packages/taskflow/listeners/logging.py:178}}
Jul 22 11:42:02.595134 n-d-754448-4 cinder-volume[102041]: DEBUG cinder.volume.manager [None req-33f42d5b-998f-4903-9057-f5cbd58b953f tempest-VolumesGetTest-866540931 None] Task 'cinder.volume.flows.manager.create_volume.NotifyVolumeActionTask;volume:create, create.start' (f3f150ba-0ca5-4999-a9af-9acfda046ed1) transitioned into state 'RUNNING' from state 'PENDING' {{(pid=102041) _task_receiver /usr/local/lib/python3.8/dist-packages/taskflow/listeners/logging.py:190}}
Jul 22 11:42:02.601729 n-d-754448-4 cinder-volume[102041]: DEBUG cinder.volume.manager [None req-33f42d5b-998f-4903-9057-f5cbd58b953f tempest-VolumesGetTest-866540931 None] Task 'cinder.volume.flows.manager.create_volume.NotifyVolumeActionTask;volume:create, create.start' (f3f150ba-0ca5-4999-a9af-9acfda046ed1) transitioned into state 'SUCCESS' from state 'RUNNING' with result 'None' {{(pid=102041) _task_receiver /usr/local/lib/python3.8/dist-packages/taskflow/listeners/logging.py:178}}
Jul 22 11:42:02.612109 n-d-754448-4 cinder-volume[102041]: DEBUG cinder.volume.manager [None req-33f42d5b-998f-4903-9057-f5cbd58b953f tempest-VolumesGetTest-866540931 None] Task 'cinder.volume.flows.manager.create_volume.CreateVolumeFromSpecTask;volume:create' (0239a2a4-8cb8-4987-aefd-72cf2317a662) transitioned into state 'RUNNING' from state 'PENDING' {{(pid=102041) _task_receiver /usr/local/lib/python3.8/dist-packages/taskflow/listeners/logging.py:190}}
Jul 22 11:42:02.614388 n-d-754448-4 cinder-volume[102041]: INFO cinder.volume.flows.manager.create_volume [None req-33f42d5b-998f-4903-9057-f5cbd58b953f tempest-VolumesGetTest-866540931 None] Volume 88550395-a2b7-4b6d-b9dd-e16ffb905304: being created as raw with specification: {'status': 'creating', 'volume_name': 'volume-88550395-a2b7-4b6d-b9dd-e16ffb905304', 'volume_size': 1}
Jul 22 11:42:02.615962 n-d-754448-4 cinder-volume[102041]: DEBUG oslo_concurrency.processutils [None req-33f42d5b-998f-4903-9057-f5cbd58b953f tempest-VolumesGetTest-866540931 None] Running cmd (subprocess): sudo cinder-rootwrap /etc/cinder/rootwrap.conf env LC_ALL=C lvcreate -n volume-88550395-a2b7-4b6d-b9dd-e16ffb905304 stack-volumes-lvmdriver-1 -L 1g {{(pid=102041) execute /usr/local/lib/python3.8/dist-packages/oslo_concurrency/processutils.py:384}}
Jul 22 11:42:02.647565 n-d-754448-4 sudo[131799]: pam_unix(sudo:session): session closed for user root
Jul 22 11:42:02.654772 n-d-754448-4 cinder-volume[102041]: DEBUG oslo_concurrency.processutils [req-e26ada75-57ef-450c-a7e1-56a96027f5ea req-7d8c5f1f-3b65-42eb-ae54-ce657e9c8291 tempest-AttachVolumeTestJSON-1019427624 None] CMD "sudo cinder-rootwrap /etc/cinder/rootwrap.conf cinder-rtstool save" returned: 0 in 1.357s {{(pid=102041) execute /usr/local/lib/python3.8/dist-packages/oslo_concurrency/processutils.py:422}}
Jul 22 11:42:02.655703 n-d-754448-4 cinder-volume[102041]: DEBUG oslo_concurrency.lockutils [req-e26ada75-57ef-450c-a7e1-56a96027f5ea req-7d8c5f1f-3b65-42eb-ae54-ce657e9c8291 tempest-AttachVolumeTestJSON-1019427624 None] Lock "lioadm" released by "cinder.volume.targets.lio.LioAdm._execute" :: held 1.360s {{(pid=102041) inner /usr/local/lib/python3.8/dist-packages/oslo_concurrency/lockutils.py:367}}
Jul 22 11:42:02.681240 n-d-754448-4 sudo[131832]: ubuntu : TTY=unknown ; PWD=/ ; USER=root ; COMMAND=/usr/local/bin/cinder-rootwrap /etc/cinder/rootwrap.conf env LC_ALL=C lvcreate -n volume-88550395-a2b7-4b6d-b9dd-e16ffb905304 stack-volumes-lvmdriver-1 -L 1g
Jul 22 11:42:02.682842 n-d-754448-4 sudo[131832]: pam_unix(sudo:session): session opened for user root by (uid=0)
Jul 22 11:42:02.807227 n-d-754448-4 cinder-volume[102041]: INFO cinder.volume.manager [req-e26ada75-57ef-450c-a7e1-56a96027f5ea req-7d8c5f1f-3b65-42eb-ae54-ce657e9c8291 tempest-AttachVolumeTestJSON-1019427624 None] attachment_update completed successfully.
Jul 22 11:42:03.293279 n-d-754448-4 sudo[131832]: pam_unix(sudo:session): session closed for user root
Jul 22 11:42:03.295851 n-d-754448-4 cinder-volume[102041]: DEBUG oslo_concurrency.processutils [None req-33f42d5b-998f-4903-9057-f5cbd58b953f tempest-VolumesGetTest-866540931 None] CMD "sudo cinder-rootwrap /etc/cinder/rootwrap.conf env LC_ALL=C lvcreate -n volume-88550395-a2b7-4b6d-b9dd-e16ffb905304 stack-volumes-lvmdriver-1 -L 1g" returned: 0 in 0.679s {{(pid=102041) execute /usr/local/lib/python3.8/dist-packages/oslo_concurrency/processutils.py:422}}
Jul 22 11:42:03.299229 n-d-754448-4 cinder-volume[102041]: DEBUG cinder.volume.manager [None req-33f42d5b-998f-4903-9057-f5cbd58b953f tempest-VolumesGetTest-866540931 None] Task 'cinder.volume.flows.manager.create_volume.CreateVolumeFromSpecTask;volume:create' (0239a2a4-8cb8-4987-aefd-72cf2317a662) transitioned into state 'SUCCESS' from state 'RUNNING' with result '{'status': 'creating', 'volume_name': 'volume-88550395-a2b7-4b6d-b9dd-e16ffb905304', 'volume_size': 1}' {{(pid=102041) _task_receiver /usr/local/lib/python3.8/dist-packages/taskflow/listeners/logging.py:178}}
Jul 22 11:42:03.301986 n-d-754448-4 cinder-volume[102041]: DEBUG cinder.volume.manager [None req-33f42d5b-998f-4903-9057-f5cbd58b953f tempest-VolumesGetTest-866540931 None] Task 'cinder.volume.flows.manager.create_volume.CreateVolumeOnFinishTask;volume:create, create.end' (dabc37eb-66de-4962-a7aa-ef6f47daa03b) transitioned into state 'RUNNING' from state 'PENDING' {{(pid=102041) _task_receiver /usr/local/lib/python3.8/dist-packages/taskflow/listeners/logging.py:190}}
Jul 22 11:42:03.317307 n-d-754448-4 cinder-volume[102041]: INFO cinder.volume.flows.manager.create_volume [None req-33f42d5b-998f-4903-9057-f5cbd58b953f tempest-VolumesGetTest-866540931 None] Volume volume-88550395-a2b7-4b6d-b9dd-e16ffb905304 (88550395-a2b7-4b6d-b9dd-e16ffb905304): created successfully
Jul 22 11:42:03.319244 n-d-754448-4 cinder-volume[102041]: DEBUG cinder.volume.manager [None req-33f42d5b-998f-4903-9057-f5cbd58b953f tempest-VolumesGetTest-866540931 None] Task 'cinder.volume.flows.manager.create_volume.CreateVolumeOnFinishTask;volume:create, create.end' (dabc37eb-66de-4962-a7aa-ef6f47daa03b) transitioned into state 'SUCCESS' from state 'RUNNING' with result 'None' {{(pid=102041) _task_receiver /usr/local/lib/python3.8/dist-packages/taskflow/listeners/logging.py:178}}
Jul 22 11:42:03.322556 n-d-754448-4 cinder-volume[102041]: DEBUG cinder.volume.manager [None req-33f42d5b-998f-4903-9057-f5cbd58b953f tempest-VolumesGetTest-866540931 None] Flow 'volume_create_manager' (da723ac8-a34c-4b45-9bf4-c41cacadc587) transitioned into state 'SUCCESS' from state 'RUNNING' {{(pid=102041) _flow_receiver /usr/local/lib/python3.8/dist-packages/taskflow/listeners/logging.py:141}}
Jul 22 11:42:03.330689 n-d-754448-4 cinder-volume[102041]: INFO cinder.volume.manager [None req-33f42d5b-998f-4903-9057-f5cbd58b953f tempest-VolumesGetTest-866540931 None] Created volume successfully.
Jul 22 11:42:04.134394 n-d-754448-4 cinder-volume[102041]: DEBUG cinder.volume.flows.manager.create_volume [None req-1199ccb5-6bbf-41dc-ab9d-5c27a4ee62bc tempest-VolumesGetTest-866540931 None] Volume reschedule parameters: True retry: {'num_attempts': 1, 'backends': ['n-d-754448-4@lvmdriver-1#lvmdriver-1'], 'hosts': ['n-d-754448-4@lvmdriver-1#lvmdriver-1']} {{(pid=102041) get_flow /opt/stack/cinder/cinder/volume/flows/manager/create_volume.py:1263}}
Jul 22 11:42:04.138429 n-d-754448-4 cinder-volume[102041]: WARNING stevedore.named [None req-1199ccb5-6bbf-41dc-ab9d-5c27a4ee62bc tempest-VolumesGetTest-866540931 None] Could not load cinder.keymgr.conf_key_mgr.ConfKeyManager
Jul 22 11:42:04.144018 n-d-754448-4 cinder-volume[102041]: WARNING castellan.key_manager [None req-1199ccb5-6bbf-41dc-ab9d-5c27a4ee62bc tempest-VolumesGetTest-866540931 None] Deprecation Warning : cinder.keymgr.conf_key_mgr.ConfKeyManager is not a stevedore based driver, trying to load it as a class: stevedore.exception.NoMatches: No 'castellan.drivers' driver found, looking for 'cinder.keymgr.conf_key_mgr.ConfKeyManager'
Jul 22 11:42:04.194431 n-d-754448-4 cinder-volume[102041]: DEBUG cinder.volume.manager [None req-1199ccb5-6bbf-41dc-ab9d-5c27a4ee62bc tempest-VolumesGetTest-866540931 None] Flow 'volume_create_manager' (17a18031-6145-43dd-ad9d-9049461bf613) transitioned into state 'RUNNING' from state 'PENDING' {{(pid=102041) _flow_receiver /usr/local/lib/python3.8/dist-packages/taskflow/listeners/logging.py:141}}
Jul 22 11:42:04.204551 n-d-754448-4 cinder-volume[102041]: DEBUG cinder.volume.manager [None req-1199ccb5-6bbf-41dc-ab9d-5c27a4ee62bc tempest-VolumesGetTest-866540931 None] Task 'cinder.volume.flows.manager.create_volume.ExtractVolumeRefTask;volume:create' (65529190-dc27-4a31-a07f-512b8544f4aa) transitioned into state 'RUNNING' from state 'PENDING' {{(pid=102041) _task_receiver /usr/local/lib/python3.8/dist-packages/taskflow/listeners/logging.py:190}}
Jul 22 11:42:04.213155 n-d-754448-4 cinder-volume[102041]: DEBUG oslo_db.sqlalchemy.engines [None req-1199ccb5-6bbf-41dc-ab9d-5c27a4ee62bc tempest-VolumesGetTest-866540931 None] MySQL server mode set to STRICT_TRANS_TABLES,STRICT_ALL_TABLES,NO_ZERO_IN_DATE,NO_ZERO_DATE,ERROR_FOR_DIVISION_BY_ZERO,TRADITIONAL,NO_ENGINE_SUBSTITUTION {{(pid=102041) _check_effective_sql_mode /usr/local/lib/python3.8/dist-packages/oslo_db/sqlalchemy/engines.py:314}}
Jul 22 11:42:04.235782 n-d-754448-4 cinder-volume[102041]: DEBUG cinder.volume.manager [None req-1199ccb5-6bbf-41dc-ab9d-5c27a4ee62bc tempest-VolumesGetTest-866540931 None] Task 'cinder.volume.flows.manager.create_volume.ExtractVolumeRefTask;volume:create' (65529190-dc27-4a31-a07f-512b8544f4aa) transitioned into state 'SUCCESS' from state 'RUNNING' with result 'Volume(_name_id=None,admin_metadata=,attach_status='detached',availability_zone='nova',bootable=False,cluster=,cluster_name=None,consistencygroup=,consistencygroup_id=None,created_at=2021-07-22T11:42:04Z,deleted=False,deleted_at=None,display_description=None,display_name='tempest-VolumesGetTest-Volume-2000031136',ec2_id=None,encryption_key_id=None,glance_metadata=,group=,group_id=None,host='n-d-754448-4@lvmdriver-1#lvmdriver-1',id=dd3fabdf-237d-4f91-b2d9-28965f273ef1,launched_at=None,metadata={Type='Test'},migration_status=None,multiattach=False,previous_status=None,project_id='6d8b921dacf84fad8297b4e36bba8f06',provider_auth=None,provider_geometry=None,provider_id=None,provider_location=None,replication_driver_data=None,replication_extended_status=None,replication_status=None,scheduled_at=2021-07-22T11:42:04Z,service_uuid=None,shared_targets=True,size=1,snapshot_id=None,snapshots=,source_volid=88550395-a2b7-4b6d-b9dd-e16ffb905304,status='creating',terminated_at=None,updated_at=2021-07-22T11:42:04Z,user_id='8aec3c8710144e4089b7452e39edf1c5',volume_attachment=,volume_type=VolumeType(7fe952ed-a1c4-4950-a1fe-719b9c6a6652),volume_type_id=7fe952ed-a1c4-4950-a1fe-719b9c6a6652)' {{(pid=102041) _task_receiver /usr/local/lib/python3.8/dist-packages/taskflow/listeners/logging.py:178}}
Jul 22 11:42:04.247283 n-d-754448-4 cinder-volume[102041]: DEBUG cinder.volume.manager [None req-1199ccb5-6bbf-41dc-ab9d-5c27a4ee62bc tempest-VolumesGetTest-866540931 None] Task 'cinder.volume.flows.manager.create_volume.OnFailureRescheduleTask;volume:create' (adbf5866-2303-48b0-9375-14dd171b4f3c) transitioned into state 'RUNNING' from state 'PENDING' {{(pid=102041) _task_receiver /usr/local/lib/python3.8/dist-packages/taskflow/listeners/logging.py:190}}
Jul 22 11:42:04.259810 n-d-754448-4 cinder-volume[102041]: DEBUG cinder.volume.manager [None req-1199ccb5-6bbf-41dc-ab9d-5c27a4ee62bc tempest-VolumesGetTest-866540931 None] Task 'cinder.volume.flows.manager.create_volume.OnFailureRescheduleTask;volume:create' (adbf5866-2303-48b0-9375-14dd171b4f3c) transitioned into state 'SUCCESS' from state 'RUNNING' with result 'None' {{(pid=102041) _task_receiver /usr/local/lib/python3.8/dist-packages/taskflow/listeners/logging.py:178}}
Jul 22 11:42:04.262262 n-d-754448-4 cinder-volume[102041]: DEBUG cinder.volume.manager [None req-1199ccb5-6bbf-41dc-ab9d-5c27a4ee62bc tempest-VolumesGetTest-866540931 None] Task 'cinder.volume.flows.manager.create_volume.ExtractVolumeSpecTask;volume:create' (2e46ab18-a97f-4d70-92a1-7f3d6b3885a9) transitioned into state 'RUNNING' from state 'PENDING' {{(pid=102041) _task_receiver /usr/local/lib/python3.8/dist-packages/taskflow/listeners/logging.py:190}}
Jul 22 11:42:04.276995 n-d-754448-4 cinder-volume[102041]: DEBUG cinder.volume.manager [None req-1199ccb5-6bbf-41dc-ab9d-5c27a4ee62bc tempest-VolumesGetTest-866540931 None] Task 'cinder.volume.flows.manager.create_volume.ExtractVolumeSpecTask;volume:create' (2e46ab18-a97f-4d70-92a1-7f3d6b3885a9) transitioned into state 'SUCCESS' from state 'RUNNING' with result '{'status': 'creating', 'type': 'source_vol', 'volume_id': 'dd3fabdf-237d-4f91-b2d9-28965f273ef1', 'volume_name': 'volume-dd3fabdf-237d-4f91-b2d9-28965f273ef1', 'volume_size': 1, 'source_volid': '88550395-a2b7-4b6d-b9dd-e16ffb905304', 'source_volstatus': 'available'}' {{(pid=102041) _task_receiver /usr/local/lib/python3.8/dist-packages/taskflow/listeners/logging.py:178}}
Jul 22 11:42:04.279223 n-d-754448-4 cinder-volume[102041]: DEBUG cinder.volume.manager [None req-1199ccb5-6bbf-41dc-ab9d-5c27a4ee62bc tempest-VolumesGetTest-866540931 None] Task 'cinder.volume.flows.manager.create_volume.NotifyVolumeActionTask;volume:create, create.start' (cee1674b-20eb-46d1-a327-fc73ade2b66f) transitioned into state 'RUNNING' from state 'PENDING' {{(pid=102041) _task_receiver /usr/local/lib/python3.8/dist-packages/taskflow/listeners/logging.py:190}}
Jul 22 11:42:04.281458 n-d-754448-4 cinder-volume[102041]: DEBUG cinder.volume.manager [None req-1199ccb5-6bbf-41dc-ab9d-5c27a4ee62bc tempest-VolumesGetTest-866540931 None] Task 'cinder.volume.flows.manager.create_volume.NotifyVolumeActionTask;volume:create, create.start' (cee1674b-20eb-46d1-a327-fc73ade2b66f) transitioned into state 'SUCCESS' from state 'RUNNING' with result 'None' {{(pid=102041) _task_receiver /usr/local/lib/python3.8/dist-packages/taskflow/listeners/logging.py:178}}
Jul 22 11:42:04.283749 n-d-754448-4 cinder-volume[102041]: DEBUG cinder.volume.manager [None req-1199ccb5-6bbf-41dc-ab9d-5c27a4ee62bc tempest-VolumesGetTest-866540931 None] Task 'cinder.volume.flows.manager.create_volume.CreateVolumeFromSpecTask;volume:create' (3581050e-9823-40e2-b9f3-2f9e52ed368e) transitioned into state 'RUNNING' from state 'PENDING' {{(pid=102041) _task_receiver /usr/local/lib/python3.8/dist-packages/taskflow/listeners/logging.py:190}}
Jul 22 11:42:04.284552 n-d-754448-4 cinder-volume[102041]: INFO cinder.volume.flows.manager.create_volume [None req-1199ccb5-6bbf-41dc-ab9d-5c27a4ee62bc tempest-VolumesGetTest-866540931 None] Volume dd3fabdf-237d-4f91-b2d9-28965f273ef1: being created as source_vol with specification: {'status': 'creating', 'volume_name': 'volume-dd3fabdf-237d-4f91-b2d9-28965f273ef1', 'volume_size': 1, 'source_volid': '88550395-a2b7-4b6d-b9dd-e16ffb905304', 'source_volstatus': 'available'}
Jul 22 11:42:04.302709 n-d-754448-4 cinder-volume[102041]: INFO cinder.volume.drivers.lvm [None req-1199ccb5-6bbf-41dc-ab9d-5c27a4ee62bc tempest-VolumesGetTest-866540931 None] Creating clone of volume: 88550395-a2b7-4b6d-b9dd-e16ffb905304
Jul 22 11:42:04.303891 n-d-754448-4 cinder-volume[102041]: DEBUG oslo_concurrency.processutils [None req-1199ccb5-6bbf-41dc-ab9d-5c27a4ee62bc tempest-VolumesGetTest-866540931 None] Running cmd (subprocess): sudo cinder-rootwrap /etc/cinder/rootwrap.conf env LC_ALL=C lvs --noheadings --unit=g -o vg_name,name,size --nosuffix --readonly stack-volumes-lvmdriver-1/volume-88550395-a2b7-4b6d-b9dd-e16ffb905304 {{(pid=102041) execute /usr/local/lib/python3.8/dist-packages/oslo_concurrency/processutils.py:384}}
Jul 22 11:42:04.334682 n-d-754448-4 sudo[131865]: ubuntu : TTY=unknown ; PWD=/ ; USER=root ; COMMAND=/usr/local/bin/cinder-rootwrap /etc/cinder/rootwrap.conf env LC_ALL=C lvs --noheadings --unit=g -o vg_name,name,size --nosuffix --readonly stack-volumes-lvmdriver-1/volume-88550395-a2b7-4b6d-b9dd-e16ffb905304
Jul 22 11:42:04.339131 n-d-754448-4 sudo[131865]: pam_unix(sudo:session): session opened for user root by (uid=0)
Jul 22 11:42:04.906257 n-d-754448-4 sudo[131865]: pam_unix(sudo:session): session closed for user root
Jul 22 11:42:04.908672 n-d-754448-4 cinder-volume[102041]: DEBUG oslo_concurrency.processutils [None req-1199ccb5-6bbf-41dc-ab9d-5c27a4ee62bc tempest-VolumesGetTest-866540931 None] CMD "sudo cinder-rootwrap /etc/cinder/rootwrap.conf env LC_ALL=C lvs --noheadings --unit=g -o vg_name,name,size --nosuffix --readonly stack-volumes-lvmdriver-1/volume-88550395-a2b7-4b6d-b9dd-e16ffb905304" returned: 0 in 0.604s {{(pid=102041) execute /usr/local/lib/python3.8/dist-packages/oslo_concurrency/processutils.py:422}}
Jul 22 11:42:04.910559 n-d-754448-4 cinder-volume[102041]: DEBUG oslo_concurrency.processutils [None req-1199ccb5-6bbf-41dc-ab9d-5c27a4ee62bc tempest-VolumesGetTest-866540931 None] Running cmd (subprocess): sudo cinder-rootwrap /etc/cinder/rootwrap.conf env LC_ALL=C lvcreate --name clone-snap-dd3fabdf-237d-4f91-b2d9-28965f273ef1 --snapshot stack-volumes-lvmdriver-1/volume-88550395-a2b7-4b6d-b9dd-e16ffb905304 -L 1.00g {{(pid=102041) execute /usr/local/lib/python3.8/dist-packages/oslo_concurrency/processutils.py:384}}
Jul 22 11:42:04.940455 n-d-754448-4 sudo[131868]: ubuntu : TTY=unknown ; PWD=/ ; USER=root ; COMMAND=/usr/local/bin/cinder-rootwrap /etc/cinder/rootwrap.conf env LC_ALL=C lvcreate --name clone-snap-dd3fabdf-237d-4f91-b2d9-28965f273ef1 --snapshot stack-volumes-lvmdriver-1/volume-88550395-a2b7-4b6d-b9dd-e16ffb905304 -L 1.00g
Jul 22 11:42:04.942141 n-d-754448-4 sudo[131868]: pam_unix(sudo:session): session opened for user root by (uid=0)
Jul 22 11:42:06.279047 n-d-754448-4 sudo[131868]: pam_unix(sudo:session): session closed for user root
Jul 22 11:42:06.281836 n-d-754448-4 cinder-volume[102041]: DEBUG oslo_concurrency.processutils [None req-1199ccb5-6bbf-41dc-ab9d-5c27a4ee62bc tempest-VolumesGetTest-866540931 None] CMD "sudo cinder-rootwrap /etc/cinder/rootwrap.conf env LC_ALL=C lvcreate --name clone-snap-dd3fabdf-237d-4f91-b2d9-28965f273ef1 --snapshot stack-volumes-lvmdriver-1/volume-88550395-a2b7-4b6d-b9dd-e16ffb905304 -L 1.00g" returned: 0 in 1.371s {{(pid=102041) execute /usr/local/lib/python3.8/dist-packages/oslo_concurrency/processutils.py:422}}
Jul 22 11:42:06.283890 n-d-754448-4 cinder-volume[102041]: DEBUG oslo_concurrency.processutils [None req-1199ccb5-6bbf-41dc-ab9d-5c27a4ee62bc tempest-VolumesGetTest-866540931 None] Running cmd (subprocess): sudo cinder-rootwrap /etc/cinder/rootwrap.conf env LC_ALL=C lvcreate -n volume-dd3fabdf-237d-4f91-b2d9-28965f273ef1 stack-volumes-lvmdriver-1 -L 1g {{(pid=102041) execute /usr/local/lib/python3.8/dist-packages/oslo_concurrency/processutils.py:384}}
Jul 22 11:42:06.349280 n-d-754448-4 sudo[131969]: ubuntu : TTY=unknown ; PWD=/ ; USER=root ; COMMAND=/usr/local/bin/cinder-rootwrap /etc/cinder/rootwrap.conf env LC_ALL=C lvcreate -n volume-dd3fabdf-237d-4f91-b2d9-28965f273ef1 stack-volumes-lvmdriver-1 -L 1g
Jul 22 11:42:06.350147 n-d-754448-4 sudo[131969]: pam_unix(sudo:session): session opened for user root by (uid=0)
Jul 22 11:42:07.207081 n-d-754448-4 sudo[131969]: pam_unix(sudo:session): session closed for user root
Jul 22 11:42:07.209858 n-d-754448-4 cinder-volume[102041]: DEBUG oslo_concurrency.processutils [None req-1199ccb5-6bbf-41dc-ab9d-5c27a4ee62bc tempest-VolumesGetTest-866540931 None] CMD "sudo cinder-rootwrap /etc/cinder/rootwrap.conf env LC_ALL=C lvcreate -n volume-dd3fabdf-237d-4f91-b2d9-28965f273ef1 stack-volumes-lvmdriver-1 -L 1g" returned: 0 in 0.926s {{(pid=102041) execute /usr/local/lib/python3.8/dist-packages/oslo_concurrency/processutils.py:422}}
Jul 22 11:42:07.212790 n-d-754448-4 cinder-volume[102041]: DEBUG oslo_concurrency.processutils [None req-1199ccb5-6bbf-41dc-ab9d-5c27a4ee62bc tempest-VolumesGetTest-866540931 None] Running cmd (subprocess): env LC_ALL=C lvm version {{(pid=102041) execute /usr/local/lib/python3.8/dist-packages/oslo_concurrency/processutils.py:384}}
Jul 22 11:42:07.250631 n-d-754448-4 cinder-volume[102041]: DEBUG oslo_concurrency.processutils [None req-1199ccb5-6bbf-41dc-ab9d-5c27a4ee62bc tempest-VolumesGetTest-866540931 None] CMD "env LC_ALL=C lvm version" returned: 0 in 0.037s {{(pid=102041) execute /usr/local/lib/python3.8/dist-packages/oslo_concurrency/processutils.py:422}}
Jul 22 11:42:07.253451 n-d-754448-4 cinder-volume[102041]: DEBUG oslo_concurrency.processutils [None req-1199ccb5-6bbf-41dc-ab9d-5c27a4ee62bc tempest-VolumesGetTest-866540931 None] Running cmd (subprocess): sudo cinder-rootwrap /etc/cinder/rootwrap.conf lvchange -a y --yes -K stack-volumes-lvmdriver-1/clone-snap-dd3fabdf-237d-4f91-b2d9-28965f273ef1 {{(pid=102041) execute /usr/local/lib/python3.8/dist-packages/oslo_concurrency/processutils.py:384}}
Jul 22 11:42:07.315240 n-d-754448-4 sudo[132002]: ubuntu : TTY=unknown ; PWD=/ ; USER=root ; COMMAND=/usr/local/bin/cinder-rootwrap /etc/cinder/rootwrap.conf lvchange -a y --yes -K stack-volumes-lvmdriver-1/clone-snap-dd3fabdf-237d-4f91-b2d9-28965f273ef1
Jul 22 11:42:07.324462 n-d-754448-4 sudo[132002]: pam_unix(sudo:session): session opened for user root by (uid=0)
Jul 22 11:42:08.176577 n-d-754448-4 sudo[132002]: pam_unix(sudo:session): session closed for user root
Jul 22 11:42:08.179386 n-d-754448-4 cinder-volume[102041]: DEBUG oslo_concurrency.processutils [None req-1199ccb5-6bbf-41dc-ab9d-5c27a4ee62bc tempest-VolumesGetTest-866540931 None] CMD "sudo cinder-rootwrap /etc/cinder/rootwrap.conf lvchange -a y --yes -K stack-volumes-lvmdriver-1/clone-snap-dd3fabdf-237d-4f91-b2d9-28965f273ef1" returned: 0 in 0.926s {{(pid=102041) execute /usr/local/lib/python3.8/dist-packages/oslo_concurrency/processutils.py:422}}
Jul 22 11:42:08.187654 n-d-754448-4 cinder-volume[102041]: DEBUG oslo_concurrency.processutils [None req-1199ccb5-6bbf-41dc-ab9d-5c27a4ee62bc tempest-VolumesGetTest-866540931 None] Running cmd (subprocess): sudo cinder-rootwrap /etc/cinder/rootwrap.conf dd count=0 if=/dev/mapper/stack--volumes--lvmdriver--1-clone--snap--dd3fabdf--237d--4f91--b2d9--28965f273ef1 of=/dev/mapper/stack--volumes--lvmdriver--1-volume--dd3fabdf--237d--4f91--b2d9--28965f273ef1 iflag=direct {{(pid=102041) execute /usr/local/lib/python3.8/dist-packages/oslo_concurrency/processutils.py:384}}
Jul 22 11:42:08.241581 n-d-754448-4 sudo[132007]: ubuntu : TTY=unknown ; PWD=/ ; USER=root ; COMMAND=/usr/local/bin/cinder-rootwrap /etc/cinder/rootwrap.conf dd count=0 if=/dev/mapper/stack--volumes--lvmdriver--1-clone--snap--dd3fabdf--237d--4f91--b2d9--28965f273ef1 of=/dev/mapper/stack--volumes--lvmdriver--1-volume--dd3fabdf--237d--4f91--b2d9--28965f273ef1 iflag=direct
Jul 22 11:42:08.243758 n-d-754448-4 sudo[132007]: pam_unix(sudo:session): session opened for user root by (uid=0)
Jul 22 11:42:08.833508 n-d-754448-4 sudo[132007]: pam_unix(sudo:session): session closed for user root
Jul 22 11:42:08.835746 n-d-754448-4 cinder-volume[102041]: DEBUG oslo_concurrency.processutils [None req-1199ccb5-6bbf-41dc-ab9d-5c27a4ee62bc tempest-VolumesGetTest-866540931 None] CMD "sudo cinder-rootwrap /etc/cinder/rootwrap.conf dd count=0 if=/dev/mapper/stack--volumes--lvmdriver--1-clone--snap--dd3fabdf--237d--4f91--b2d9--28965f273ef1 of=/dev/mapper/stack--volumes--lvmdriver--1-volume--dd3fabdf--237d--4f91--b2d9--28965f273ef1 iflag=direct" returned: 0 in 0.648s {{(pid=102041) execute /usr/local/lib/python3.8/dist-packages/oslo_concurrency/processutils.py:422}}
Jul 22 11:42:08.838384 n-d-754448-4 cinder-volume[102041]: DEBUG oslo_concurrency.processutils [None req-1199ccb5-6bbf-41dc-ab9d-5c27a4ee62bc tempest-VolumesGetTest-866540931 None] Running cmd (subprocess): sudo cinder-rootwrap /etc/cinder/rootwrap.conf dd count=0 if=/dev/mapper/stack--volumes--lvmdriver--1-clone--snap--dd3fabdf--237d--4f91--b2d9--28965f273ef1 of=/dev/mapper/stack--volumes--lvmdriver--1-volume--dd3fabdf--237d--4f91--b2d9--28965f273ef1 oflag=direct {{(pid=102041) execute /usr/local/lib/python3.8/dist-packages/oslo_concurrency/processutils.py:384}}
Jul 22 11:42:08.860813 n-d-754448-4 sudo[132019]: ubuntu : TTY=unknown ; PWD=/ ; USER=root ; COMMAND=/usr/local/bin/cinder-rootwrap /etc/cinder/rootwrap.conf dd count=0 if=/dev/mapper/stack--volumes--lvmdriver--1-clone--snap--dd3fabdf--237d--4f91--b2d9--28965f273ef1 of=/dev/mapper/stack--volumes--lvmdriver--1-volume--dd3fabdf--237d--4f91--b2d9--28965f273ef1 oflag=direct
Jul 22 11:42:08.862672 n-d-754448-4 sudo[132019]: pam_unix(sudo:session): session opened for user root by (uid=0)
Jul 22 11:42:09.312953 n-d-754448-4 sudo[132019]: pam_unix(sudo:session): session closed for user root
Jul 22 11:42:09.315521 n-d-754448-4 cinder-volume[102041]: DEBUG oslo_concurrency.processutils [None req-1199ccb5-6bbf-41dc-ab9d-5c27a4ee62bc tempest-VolumesGetTest-866540931 None] CMD "sudo cinder-rootwrap /etc/cinder/rootwrap.conf dd count=0 if=/dev/mapper/stack--volumes--lvmdriver--1-clone--snap--dd3fabdf--237d--4f91--b2d9--28965f273ef1 of=/dev/mapper/stack--volumes--lvmdriver--1-volume--dd3fabdf--237d--4f91--b2d9--28965f273ef1 oflag=direct" returned: 0 in 0.477s {{(pid=102041) execute /usr/local/lib/python3.8/dist-packages/oslo_concurrency/processutils.py:422}}
Jul 22 11:42:09.316997 n-d-754448-4 cinder-volume[102041]: DEBUG oslo_concurrency.processutils [None req-1199ccb5-6bbf-41dc-ab9d-5c27a4ee62bc tempest-VolumesGetTest-866540931 None] Running cmd (subprocess): sudo cinder-rootwrap /etc/cinder/rootwrap.conf dd if=/dev/mapper/stack--volumes--lvmdriver--1-clone--snap--dd3fabdf--237d--4f91--b2d9--28965f273ef1 of=/dev/mapper/stack--volumes--lvmdriver--1-volume--dd3fabdf--237d--4f91--b2d9--28965f273ef1 count=1073741824 bs=1M iflag=count_bytes,direct oflag=direct {{(pid=102041) execute /usr/local/lib/python3.8/dist-packages/oslo_concurrency/processutils.py:384}}
Jul 22 11:42:09.368476 n-d-754448-4 sudo[132033]: ubuntu : TTY=unknown ; PWD=/ ; USER=root ; COMMAND=/usr/local/bin/cinder-rootwrap /etc/cinder/rootwrap.conf dd if=/dev/mapper/stack--volumes--lvmdriver--1-clone--snap--dd3fabdf--237d--4f91--b2d9--28965f273ef1 of=/dev/mapper/stack--volumes--lvmdriver--1-volume--dd3fabdf--237d--4f91--b2d9--28965f273ef1 count=1073741824 bs=1M iflag=count_bytes,direct oflag=direct
Jul 22 11:42:09.377585 n-d-754448-4 sudo[132033]: pam_unix(sudo:session): session opened for user root by (uid=0)
Jul 22 11:42:10.252433 n-d-754448-4 cinder-volume[102041]: DEBUG oslo_concurrency.lockutils [req-abc3f050-e672-46f0-95ce-2e9b5d1841ad req-72ec0d74-87ec-40ff-bc9d-91f4041c21e5 tempest-AttachVolumeTestJSON-1019427624 None] Lock "lioadm" acquired by "cinder.volume.targets.lio.LioAdm._execute" :: waited 0.001s {{(pid=102041) inner /usr/local/lib/python3.8/dist-packages/oslo_concurrency/lockutils.py:355}}
Jul 22 11:42:10.255587 n-d-754448-4 cinder-volume[102041]: DEBUG oslo_concurrency.processutils [req-abc3f050-e672-46f0-95ce-2e9b5d1841ad req-72ec0d74-87ec-40ff-bc9d-91f4041c21e5 tempest-AttachVolumeTestJSON-1019427624 None] Running cmd (subprocess): sudo cinder-rootwrap /etc/cinder/rootwrap.conf cinder-rtstool delete-initiator iqn.2010-10.org.openstack:volume-62468628-de32-4e0d-8bb2-665093870ec5 iqn.1991-05.com.microsoft:n-h2-754448-4.cbci-754448-4.local {{(pid=102041) execute /usr/local/lib/python3.8/dist-packages/oslo_concurrency/processutils.py:384}}
Jul 22 11:42:10.300537 n-d-754448-4 sudo[132036]: ubuntu : TTY=unknown ; PWD=/ ; USER=root ; COMMAND=/usr/local/bin/cinder-rootwrap /etc/cinder/rootwrap.conf cinder-rtstool delete-initiator iqn.2010-10.org.openstack:volume-62468628-de32-4e0d-8bb2-665093870ec5 iqn.1991-05.com.microsoft:n-h2-754448-4.cbci-754448-4.local
Jul 22 11:42:10.302082 n-d-754448-4 sudo[132036]: pam_unix(sudo:session): session opened for user root by (uid=0)
Jul 22 11:42:11.298673 n-d-754448-4 sudo[132036]: pam_unix(sudo:session): session closed for user root
Jul 22 11:42:11.301076 n-d-754448-4 cinder-volume[102041]: DEBUG oslo_concurrency.processutils [req-abc3f050-e672-46f0-95ce-2e9b5d1841ad req-72ec0d74-87ec-40ff-bc9d-91f4041c21e5 tempest-AttachVolumeTestJSON-1019427624 None] CMD "sudo cinder-rootwrap /etc/cinder/rootwrap.conf cinder-rtstool delete-initiator iqn.2010-10.org.openstack:volume-62468628-de32-4e0d-8bb2-665093870ec5 iqn.1991-05.com.microsoft:n-h2-754448-4.cbci-754448-4.local" returned: 0 in 1.046s {{(pid=102041) execute /usr/local/lib/python3.8/dist-packages/oslo_concurrency/processutils.py:422}}
Jul 22 11:42:11.302500 n-d-754448-4 cinder-volume[102041]: DEBUG oslo_concurrency.lockutils [req-abc3f050-e672-46f0-95ce-2e9b5d1841ad req-72ec0d74-87ec-40ff-bc9d-91f4041c21e5 tempest-AttachVolumeTestJSON-1019427624 None] Lock "lioadm" released by "cinder.volume.targets.lio.LioAdm._execute" :: held 1.052s {{(pid=102041) inner /usr/local/lib/python3.8/dist-packages/oslo_concurrency/lockutils.py:367}}
Jul 22 11:42:11.303559 n-d-754448-4 cinder-volume[102041]: DEBUG oslo_concurrency.lockutils [req-abc3f050-e672-46f0-95ce-2e9b5d1841ad req-72ec0d74-87ec-40ff-bc9d-91f4041c21e5 tempest-AttachVolumeTestJSON-1019427624 None] Lock "lioadm" acquired by "cinder.volume.targets.lio.LioAdm._execute" :: waited 0.000s {{(pid=102041) inner /usr/local/lib/python3.8/dist-packages/oslo_concurrency/lockutils.py:355}}
Jul 22 11:42:11.304585 n-d-754448-4 cinder-volume[102041]: DEBUG oslo_concurrency.processutils [req-abc3f050-e672-46f0-95ce-2e9b5d1841ad req-72ec0d74-87ec-40ff-bc9d-91f4041c21e5 tempest-AttachVolumeTestJSON-1019427624 None] Running cmd (subprocess): sudo cinder-rootwrap /etc/cinder/rootwrap.conf cinder-rtstool save {{(pid=102041) execute /usr/local/lib/python3.8/dist-packages/oslo_concurrency/processutils.py:384}}
Jul 22 11:42:11.357469 n-d-754448-4 sudo[132041]: ubuntu : TTY=unknown ; PWD=/ ; USER=root ; COMMAND=/usr/local/bin/cinder-rootwrap /etc/cinder/rootwrap.conf cinder-rtstool save
Jul 22 11:42:11.362555 n-d-754448-4 sudo[132041]: pam_unix(sudo:session): session opened for user root by (uid=0)
Jul 22 11:42:12.870834 n-d-754448-4 sudo[132041]: pam_unix(sudo:session): session closed for user root
Jul 22 11:42:12.875727 n-d-754448-4 cinder-volume[102041]: DEBUG oslo_concurrency.processutils [req-abc3f050-e672-46f0-95ce-2e9b5d1841ad req-72ec0d74-87ec-40ff-bc9d-91f4041c21e5 tempest-AttachVolumeTestJSON-1019427624 None] CMD "sudo cinder-rootwrap /etc/cinder/rootwrap.conf cinder-rtstool save" returned: 0 in 1.570s {{(pid=102041) execute /usr/local/lib/python3.8/dist-packages/oslo_concurrency/processutils.py:422}}
Jul 22 11:42:12.880958 n-d-754448-4 cinder-volume[102041]: DEBUG oslo_concurrency.lockutils [req-abc3f050-e672-46f0-95ce-2e9b5d1841ad req-72ec0d74-87ec-40ff-bc9d-91f4041c21e5 tempest-AttachVolumeTestJSON-1019427624 None] Lock "lioadm" released by "cinder.volume.targets.lio.LioAdm._execute" :: held 1.577s {{(pid=102041) inner /usr/local/lib/python3.8/dist-packages/oslo_concurrency/lockutils.py:367}}
Jul 22 11:42:12.884647 n-d-754448-4 cinder-volume[102041]: INFO cinder.volume.manager [req-abc3f050-e672-46f0-95ce-2e9b5d1841ad req-72ec0d74-87ec-40ff-bc9d-91f4041c21e5 tempest-AttachVolumeTestJSON-1019427624 None] Terminate volume connection completed successfully.
Jul 22 11:42:12.885344 n-d-754448-4 cinder-volume[102041]: DEBUG cinder.volume.manager [req-abc3f050-e672-46f0-95ce-2e9b5d1841ad req-72ec0d74-87ec-40ff-bc9d-91f4041c21e5 tempest-AttachVolumeTestJSON-1019427624 None] Deleting attachment d5581399-5d50-40c4-8c9a-9bdd5e2e3b37. {{(pid=102041) attachment_delete /opt/stack/cinder/cinder/volume/manager.py:4811}}
Jul 22 11:42:12.888173 n-d-754448-4 cinder-volume[102041]: DEBUG oslo_concurrency.lockutils [req-abc3f050-e672-46f0-95ce-2e9b5d1841ad req-72ec0d74-87ec-40ff-bc9d-91f4041c21e5 tempest-AttachVolumeTestJSON-1019427624 None] Lock "lioadm" acquired by "cinder.volume.targets.lio.LioAdm._execute" :: waited 0.000s {{(pid=102041) inner /usr/local/lib/python3.8/dist-packages/oslo_concurrency/lockutils.py:355}}
Jul 22 11:42:12.891566 n-d-754448-4 cinder-volume[102041]: DEBUG oslo_concurrency.processutils [req-abc3f050-e672-46f0-95ce-2e9b5d1841ad req-72ec0d74-87ec-40ff-bc9d-91f4041c21e5 tempest-AttachVolumeTestJSON-1019427624 None] Running cmd (subprocess): sudo cinder-rootwrap /etc/cinder/rootwrap.conf cinder-rtstool get-targets {{(pid=102041) execute /usr/local/lib/python3.8/dist-packages/oslo_concurrency/processutils.py:384}}
Jul 22 11:42:12.937532 n-d-754448-4 sudo[132046]: ubuntu : TTY=unknown ; PWD=/ ; USER=root ; COMMAND=/usr/local/bin/cinder-rootwrap /etc/cinder/rootwrap.conf cinder-rtstool get-targets
Jul 22 11:42:12.940708 n-d-754448-4 sudo[132046]: pam_unix(sudo:session): session opened for user root by (uid=0)
Jul 22 11:42:14.327489 n-d-754448-4 sudo[132046]: pam_unix(sudo:session): session closed for user root
Jul 22 11:42:14.334481 n-d-754448-4 cinder-volume[102041]: DEBUG oslo_concurrency.processutils [req-abc3f050-e672-46f0-95ce-2e9b5d1841ad req-72ec0d74-87ec-40ff-bc9d-91f4041c21e5 tempest-AttachVolumeTestJSON-1019427624 None] CMD "sudo cinder-rootwrap /etc/cinder/rootwrap.conf cinder-rtstool get-targets" returned: 0 in 1.443s {{(pid=102041) execute /usr/local/lib/python3.8/dist-packages/oslo_concurrency/processutils.py:422}}
Jul 22 11:42:14.334481 n-d-754448-4 cinder-volume[102041]: DEBUG oslo_concurrency.lockutils [req-abc3f050-e672-46f0-95ce-2e9b5d1841ad req-72ec0d74-87ec-40ff-bc9d-91f4041c21e5 tempest-AttachVolumeTestJSON-1019427624 None] Lock "lioadm" released by "cinder.volume.targets.lio.LioAdm._execute" :: held 1.446s {{(pid=102041) inner /usr/local/lib/python3.8/dist-packages/oslo_concurrency/lockutils.py:367}}
Jul 22 11:42:14.337766 n-d-754448-4 cinder-volume[102041]: INFO cinder.volume.targets.lio [req-abc3f050-e672-46f0-95ce-2e9b5d1841ad req-72ec0d74-87ec-40ff-bc9d-91f4041c21e5 tempest-AttachVolumeTestJSON-1019427624 None] Removing iscsi_target: 62468628-de32-4e0d-8bb2-665093870ec5
Jul 22 11:42:14.337766 n-d-754448-4 cinder-volume[102041]: DEBUG oslo_concurrency.lockutils [req-abc3f050-e672-46f0-95ce-2e9b5d1841ad req-72ec0d74-87ec-40ff-bc9d-91f4041c21e5 tempest-AttachVolumeTestJSON-1019427624 None] Lock "lioadm" acquired by "cinder.volume.targets.lio.LioAdm._execute" :: waited 0.000s {{(pid=102041) inner /usr/local/lib/python3.8/dist-packages/oslo_concurrency/lockutils.py:355}}
Jul 22 11:42:14.337766 n-d-754448-4 cinder-volume[102041]: DEBUG oslo_concurrency.processutils [req-abc3f050-e672-46f0-95ce-2e9b5d1841ad req-72ec0d74-87ec-40ff-bc9d-91f4041c21e5 tempest-AttachVolumeTestJSON-1019427624 None] Running cmd (subprocess): sudo cinder-rootwrap /etc/cinder/rootwrap.conf cinder-rtstool delete iqn.2010-10.org.openstack:volume-62468628-de32-4e0d-8bb2-665093870ec5 {{(pid=102041) execute /usr/local/lib/python3.8/dist-packages/oslo_concurrency/processutils.py:384}}
Jul 22 11:42:14.363027 n-d-754448-4 sudo[132051]: ubuntu : TTY=unknown ; PWD=/ ; USER=root ; COMMAND=/usr/local/bin/cinder-rootwrap /etc/cinder/rootwrap.conf cinder-rtstool delete iqn.2010-10.org.openstack:volume-62468628-de32-4e0d-8bb2-665093870ec5
Jul 22 11:42:14.364150 n-d-754448-4 sudo[132051]: pam_unix(sudo:session): session opened for user root by (uid=0)
Jul 22 11:42:16.220980 n-d-754448-4 sudo[132051]: pam_unix(sudo:session): session closed for user root
Jul 22 11:42:16.225293 n-d-754448-4 cinder-volume[102041]: DEBUG oslo_concurrency.processutils [req-abc3f050-e672-46f0-95ce-2e9b5d1841ad req-72ec0d74-87ec-40ff-bc9d-91f4041c21e5 tempest-AttachVolumeTestJSON-1019427624 None] CMD "sudo cinder-rootwrap /etc/cinder/rootwrap.conf cinder-rtstool delete iqn.2010-10.org.openstack:volume-62468628-de32-4e0d-8bb2-665093870ec5" returned: 0 in 1.888s {{(pid=102041) execute /usr/local/lib/python3.8/dist-packages/oslo_concurrency/processutils.py:422}}
Jul 22 11:42:16.228109 n-d-754448-4 cinder-volume[102041]: DEBUG oslo_concurrency.lockutils [req-abc3f050-e672-46f0-95ce-2e9b5d1841ad req-72ec0d74-87ec-40ff-bc9d-91f4041c21e5 tempest-AttachVolumeTestJSON-1019427624 None] Lock "lioadm" released by "cinder.volume.targets.lio.LioAdm._execute" :: held 1.892s {{(pid=102041) inner /usr/local/lib/python3.8/dist-packages/oslo_concurrency/lockutils.py:367}}
Jul 22 11:42:16.229892 n-d-754448-4 cinder-volume[102041]: DEBUG oslo_concurrency.lockutils [req-abc3f050-e672-46f0-95ce-2e9b5d1841ad req-72ec0d74-87ec-40ff-bc9d-91f4041c21e5 tempest-AttachVolumeTestJSON-1019427624 None] Lock "lioadm" acquired by "cinder.volume.targets.lio.LioAdm._execute" :: waited 0.001s {{(pid=102041) inner /usr/local/lib/python3.8/dist-packages/oslo_concurrency/lockutils.py:355}}
Jul 22 11:42:16.231529 n-d-754448-4 cinder-volume[102041]: DEBUG oslo_concurrency.processutils [req-abc3f050-e672-46f0-95ce-2e9b5d1841ad req-72ec0d74-87ec-40ff-bc9d-91f4041c21e5 tempest-AttachVolumeTestJSON-1019427624 None] Running cmd (subprocess): sudo cinder-rootwrap /etc/cinder/rootwrap.conf cinder-rtstool save {{(pid=102041) execute /usr/local/lib/python3.8/dist-packages/oslo_concurrency/processutils.py:384}}
Jul 22 11:42:16.266502 n-d-754448-4 sudo[132057]: ubuntu : TTY=unknown ; PWD=/ ; USER=root ; COMMAND=/usr/local/bin/cinder-rootwrap /etc/cinder/rootwrap.conf cinder-rtstool save
Jul 22 11:42:16.268525 n-d-754448-4 sudo[132057]: pam_unix(sudo:session): session opened for user root by (uid=0)
Jul 22 11:42:17.286358 n-d-754448-4 sudo[132057]: pam_unix(sudo:session): session closed for user root
Jul 22 11:42:17.291583 n-d-754448-4 cinder-volume[102041]: DEBUG oslo_concurrency.processutils [req-abc3f050-e672-46f0-95ce-2e9b5d1841ad req-72ec0d74-87ec-40ff-bc9d-91f4041c21e5 tempest-AttachVolumeTestJSON-1019427624 None] CMD "sudo cinder-rootwrap /etc/cinder/rootwrap.conf cinder-rtstool save" returned: 0 in 1.058s {{(pid=102041) execute /usr/local/lib/python3.8/dist-packages/oslo_concurrency/processutils.py:422}}
Jul 22 11:42:17.293315 n-d-754448-4 cinder-volume[102041]: DEBUG oslo_concurrency.lockutils [req-abc3f050-e672-46f0-95ce-2e9b5d1841ad req-72ec0d74-87ec-40ff-bc9d-91f4041c21e5 tempest-AttachVolumeTestJSON-1019427624 None] Lock "lioadm" released by "cinder.volume.targets.lio.LioAdm._execute" :: held 1.064s {{(pid=102041) inner /usr/local/lib/python3.8/dist-packages/oslo_concurrency/lockutils.py:367}}
Jul 22 11:42:17.705106 n-d-754448-4 sudo[132033]: pam_unix(sudo:session): session closed for user root
Jul 22 11:42:17.707406 n-d-754448-4 cinder-volume[102041]: DEBUG oslo_concurrency.processutils [None req-1199ccb5-6bbf-41dc-ab9d-5c27a4ee62bc tempest-VolumesGetTest-866540931 None] CMD "sudo cinder-rootwrap /etc/cinder/rootwrap.conf dd if=/dev/mapper/stack--volumes--lvmdriver--1-clone--snap--dd3fabdf--237d--4f91--b2d9--28965f273ef1 of=/dev/mapper/stack--volumes--lvmdriver--1-volume--dd3fabdf--237d--4f91--b2d9--28965f273ef1 count=1073741824 bs=1M iflag=count_bytes,direct oflag=direct" returned: 0 in 8.391s {{(pid=102041) execute /usr/local/lib/python3.8/dist-packages/oslo_concurrency/processutils.py:422}}
Jul 22 11:42:17.708555 n-d-754448-4 cinder-volume[102041]: DEBUG cinder.volume.volume_utils [None req-1199ccb5-6bbf-41dc-ab9d-5c27a4ee62bc tempest-VolumesGetTest-866540931 None] Volume copy details: src /dev/mapper/stack--volumes--lvmdriver--1-clone--snap--dd3fabdf--237d--4f91--b2d9--28965f273ef1, dest /dev/mapper/stack--volumes--lvmdriver--1-volume--dd3fabdf--237d--4f91--b2d9--28965f273ef1, size 1024.00 MB, duration 8.39 sec {{(pid=102041) _copy_volume_with_path /opt/stack/cinder/cinder/volume/volume_utils.py:550}}
Jul 22 11:42:17.708954 n-d-754448-4 cinder-volume[102041]: INFO cinder.volume.volume_utils [None req-1199ccb5-6bbf-41dc-ab9d-5c27a4ee62bc tempest-VolumesGetTest-866540931 None] Volume copy 1024.00 MB at 122.02 MB/s
Jul 22 11:42:17.712492 n-d-754448-4 cinder-volume[102041]: DEBUG oslo_concurrency.processutils [None req-1199ccb5-6bbf-41dc-ab9d-5c27a4ee62bc tempest-VolumesGetTest-866540931 None] Running cmd (subprocess): sudo cinder-rootwrap /etc/cinder/rootwrap.conf env LC_ALL=C lvs --noheadings --unit=g -o vg_name,name,size --nosuffix --readonly stack-volumes-lvmdriver-1/clone-snap-dd3fabdf-237d-4f91-b2d9-28965f273ef1 {{(pid=102041) execute /usr/local/lib/python3.8/dist-packages/oslo_concurrency/processutils.py:384}}
Jul 22 11:42:17.738438 n-d-754448-4 sudo[132064]: ubuntu : TTY=unknown ; PWD=/ ; USER=root ; COMMAND=/usr/local/bin/cinder-rootwrap /etc/cinder/rootwrap.conf env LC_ALL=C lvs --noheadings --unit=g -o vg_name,name,size --nosuffix --readonly stack-volumes-lvmdriver-1/clone-snap-dd3fabdf-237d-4f91-b2d9-28965f273ef1
Jul 22 11:42:17.741169 n-d-754448-4 sudo[132064]: pam_unix(sudo:session): session opened for user root by (uid=0)
Jul 22 11:42:18.556102 n-d-754448-4 cinder-volume[102041]: DEBUG oslo_concurrency.processutils [None req-1199ccb5-6bbf-41dc-ab9d-5c27a4ee62bc tempest-VolumesGetTest-866540931 None] CMD "sudo cinder-rootwrap /etc/cinder/rootwrap.conf env LC_ALL=C lvs --noheadings --unit=g -o vg_name,name,size --nosuffix --readonly stack-volumes-lvmdriver-1/clone-snap-dd3fabdf-237d-4f91-b2d9-28965f273ef1" returned: 0 in 0.840s {{(pid=102041) execute /usr/local/lib/python3.8/dist-packages/oslo_concurrency/processutils.py:422}}
Jul 22 11:42:18.548305 n-d-754448-4 sudo[132064]: pam_unix(sudo:session): session closed for user root
Jul 22 11:42:18.581713 n-d-754448-4 cinder-volume[102041]: DEBUG oslo_concurrency.processutils [None req-1199ccb5-6bbf-41dc-ab9d-5c27a4ee62bc tempest-VolumesGetTest-866540931 None] Running cmd (subprocess): sudo cinder-rootwrap /etc/cinder/rootwrap.conf lvremove --config activation { retry_deactivation = 1} -f stack-volumes-lvmdriver-1/clone-snap-dd3fabdf-237d-4f91-b2d9-28965f273ef1 {{(pid=102041) execute /usr/local/lib/python3.8/dist-packages/oslo_concurrency/processutils.py:384}}
Jul 22 11:42:18.621415 n-d-754448-4 sudo[132077]: ubuntu : TTY=unknown ; PWD=/ ; USER=root ; COMMAND=/usr/local/bin/cinder-rootwrap /etc/cinder/rootwrap.conf lvremove --config activation { retry_deactivation = 1} -f stack-volumes-lvmdriver-1/clone-snap-dd3fabdf-237d-4f91-b2d9-28965f273ef1
Jul 22 11:42:18.623149 n-d-754448-4 sudo[132077]: pam_unix(sudo:session): session opened for user root by (uid=0)
Jul 22 11:42:18.997593 n-d-754448-4 cinder-volume[102041]: DEBUG oslo_concurrency.lockutils [req-5e7358b6-ec2f-4e75-a937-3774992226ef req-9532eac7-8014-4f5e-83ed-18d0be2295aa tempest-AttachVolumeTestJSON-1019427624 None] Lock "lioadm" acquired by "cinder.volume.targets.lio.LioAdm._execute" :: waited 0.000s {{(pid=102041) inner /usr/local/lib/python3.8/dist-packages/oslo_concurrency/lockutils.py:355}}
Jul 22 11:42:18.998873 n-d-754448-4 cinder-volume[102041]: DEBUG oslo_concurrency.processutils [req-5e7358b6-ec2f-4e75-a937-3774992226ef req-9532eac7-8014-4f5e-83ed-18d0be2295aa tempest-AttachVolumeTestJSON-1019427624 None] Running cmd (subprocess): sudo cinder-rootwrap /etc/cinder/rootwrap.conf cinder-rtstool delete-initiator iqn.2010-10.org.openstack:volume-e9906966-5f00-403c-be7c-27de56f7495e iqn.1991-05.com.microsoft:n-h2-754448-4.cbci-754448-4.local {{(pid=102041) execute /usr/local/lib/python3.8/dist-packages/oslo_concurrency/processutils.py:384}}
Jul 22 11:42:19.022865 n-d-754448-4 sudo[132079]: ubuntu : TTY=unknown ; PWD=/ ; USER=root ; COMMAND=/usr/local/bin/cinder-rootwrap /etc/cinder/rootwrap.conf cinder-rtstool delete-initiator iqn.2010-10.org.openstack:volume-e9906966-5f00-403c-be7c-27de56f7495e iqn.1991-05.com.microsoft:n-h2-754448-4.cbci-754448-4.local
Jul 22 11:42:19.024577 n-d-754448-4 sudo[132079]: pam_unix(sudo:session): session opened for user root by (uid=0)
Jul 22 11:42:19.732191 n-d-754448-4 sudo[132077]: pam_unix(sudo:session): session closed for user root
Jul 22 11:42:19.735904 n-d-754448-4 cinder-volume[102041]: DEBUG oslo_concurrency.processutils [None req-1199ccb5-6bbf-41dc-ab9d-5c27a4ee62bc tempest-VolumesGetTest-866540931 None] CMD "sudo cinder-rootwrap /etc/cinder/rootwrap.conf lvremove --config activation { retry_deactivation = 1} -f stack-volumes-lvmdriver-1/clone-snap-dd3fabdf-237d-4f91-b2d9-28965f273ef1" returned: 0 in 1.153s {{(pid=102041) execute /usr/local/lib/python3.8/dist-packages/oslo_concurrency/processutils.py:422}}
